The Swift Package Index logo.Swift Package Index

Build Information

Failed to build Rainmaker, reference main (0c538c), with Swift 6.2 for tvOS using Xcode 26.3 on 3 Oct 2026 12:16:02 UTC.

Build Command

No build command. This typically means the build failed at an early stage where we determine the build command.

Build Log

========================================
RunAll
========================================
Builder version: 5.1.1
Interrupt handler set up.
========================================
Checkout
========================================
Clone URL: https://github.com/i2h3/rainmaker.git
Reference: main
Initialized empty Git repository in /Users/admin/builder/spi-builder-workspace/.git/
From https://github.com/i2h3/rainmaker
 * branch            main       -> FETCH_HEAD
 * [new branch]      main       -> origin/main
HEAD is now at 0c538c6 Fixed a crash when URLSession reports a WebSocket pong more than once
Cloned https://github.com/i2h3/rainmaker.git
Revision (git rev-parse @):
0c538c6f82aca9ac91a1248808e1a15c091822b4
SUCCESS checkout https://github.com/i2h3/rainmaker.git at main
========================================
Build
========================================
Selected platform:         tvOS
Swift version:             6.2
Building package at path:  $PWD
https://github.com/i2h3/rainmaker.git
Command line invocation:
    /Applications/Xcode-26.3.0.app/Contents/Developer/usr/bin/xcodebuild -IDEClonedSourcePackagesDirPathOverride=/Users/admin/builder/spi-builder-workspace/.dependencies -resolvePackageDependencies
Resolve Package Graph
Fetching from https://github.com/nicklockwood/SwiftFormat
Fetching from https://github.com/i2h3/nextcloud-container-manager
Fetching from https://github.com/apple/swift-argument-parser
Resolve Package Graph
Updating from https://github.com/apple/swift-argument-parser
Updating from https://github.com/i2h3/nextcloud-container-manager
Updating from https://github.com/nicklockwood/SwiftFormat
Resolved source packages:
  spi-builder-workspace: (null)
2026-10-03 08:14:02.263 xcodebuild[538:3104] [MT] IDERunDestination: Supported platforms for the buildables in the current scheme is empty.
2026-10-03 08:14:09.844 xcodebuild[538:3104] [MT] IDERunDestination: Supported platforms for the buildables in the current scheme is empty.
2026-10-03 08:14:09.949 xcodebuild[538:3104] [MT] IDERunDestination: Supported platforms for the buildables in the current scheme is empty.
2026-10-03 08:15:59.506 xcodebuild[538:3104] Writing error result bundle to /var/folders/xq/y_g06wb113726d38xsyx71_h0000gn/T/ResultBundle_2026-03-10_08-15-0059.xcresult
xcodebuild: error: Could not resolve package dependencies:
  Failed to resolve dependencies Dependencies could not be resolved because 'nextcloud-container-manager' >= 1.3.0 contains incompatible tools version (6.3.0) and root depends on 'nextcloud-container-manager' 2.0.0..<3.0.0.
Command line invocation:
    /Applications/Xcode-26.3.0.app/Contents/Developer/usr/bin/xcodebuild -IDEClonedSourcePackagesDirPathOverride=/Users/admin/builder/spi-builder-workspace/.dependencies -resolvePackageDependencies
Resolve Package Graph
Updating from https://github.com/nicklockwood/SwiftFormat
Updating from https://github.com/i2h3/nextcloud-container-manager
Updating from https://github.com/apple/swift-argument-parser
Resolved source packages:
  spi-builder-workspace: (null)
2026-10-03 08:16:01.231 xcodebuild[700:4441] [MT] IDERunDestination: Supported platforms for the buildables in the current scheme is empty.
2026-10-03 08:16:01.400 xcodebuild[700:4441] [MT] IDERunDestination: Supported platforms for the buildables in the current scheme is empty.
2026-10-03 08:16:02.197 xcodebuild[700:4441] Writing error result bundle to /var/folders/xq/y_g06wb113726d38xsyx71_h0000gn/T/ResultBundle_2026-03-10_08-16-0002.xcresult
xcodebuild: error: Could not resolve package dependencies:
  Failed to resolve dependencies Dependencies could not be resolved because 'nextcloud-container-manager' >= 1.3.0 contains incompatible tools version (6.3.0) and root depends on 'nextcloud-container-manager' 2.0.0..<3.0.0.
BUILD FAILURE 6.2 tvOS