The Swift Package Index logo.Swift Package Index

Build Information

Failed to build PotentCodables, reference 3.5.3 (be0593), with Swift 6.4 for Wasm on 22 Sep 2026 19:51:01 UTC.

Build Command

bash -c docker run --pull=always --rm -v "checkouts-54344843-0":/host -w "$PWD" -e JAVA_HOME="/root/.sdkman/candidates/java/current" -e SPI_BUILD="1" -e SPI_PROCESSING="1" registry.gitlab.com/saguaro1/spi-images:wasm-6.4-latest swift build --swift-sdk swift-6.4.x-DEVELOPMENT-SNAPSHOT-2026-09-04-a_wasm 2>&1

Build Log

========================================
RunAll
========================================
Builder version: 5.1.0
Interrupt handler set up.
========================================
Checkout
========================================
Clone URL: https://github.com/outfoxx/potentcodables.git
Reference: 3.5.3
Initialized empty Git repository in /host/spi-builder-workspace/.git/
hint: Using 'master' as the name for the initial branch. This default branch name
hint: is subject to change. To configure the initial branch name to use in all
hint: of your new repositories, which will suppress this warning, call:
hint:
hint: 	git config --global init.defaultBranch <name>
hint:
hint: Names commonly chosen instead of 'master' are 'main', 'trunk' and
hint: 'development'. The just-created branch can be renamed via this command:
hint:
hint: 	git branch -m <name>
From https://github.com/outfoxx/potentcodables
 * tag               3.5.3      -> FETCH_HEAD
HEAD is now at be0593a Merge pull request #93 from outfoxx/fix/any-value-wrapping
Cloned https://github.com/outfoxx/potentcodables.git
Revision (git rev-parse @):
be0593a39fa3c8203dd10bdbad3803435517c100
SUCCESS checkout https://github.com/outfoxx/potentcodables.git at 3.5.3
========================================
Build
========================================
Selected platform:         wasm
Swift version:             6.4
Building package at path:  $PWD
https://github.com/outfoxx/potentcodables.git
Running build ...
bash -c docker run --pull=always --rm -v "checkouts-54344843-0":/host -w "$PWD" -e JAVA_HOME="/root/.sdkman/candidates/java/current" -e SPI_BUILD="1" -e SPI_PROCESSING="1" registry.gitlab.com/saguaro1/spi-images:wasm-6.4-latest swift build --swift-sdk swift-6.4.x-DEVELOPMENT-SNAPSHOT-2026-09-04-a_wasm 2>&1
wasm-6.4-latest: Pulling from saguaro1/spi-images
Digest: sha256:4328fdb43c680d205c1d6761b1e3267aa38277eefdda9ddfb17b6a0f1a77857a
Status: Image is up to date for registry.gitlab.com/saguaro1/spi-images:wasm-6.4-latest
Fetching https://github.com/SusanDoggie/Float16.git
Fetching https://github.com/sharplet/Regex.git
Fetching https://github.com/attaswift/BigInt.git
Fetching https://github.com/apple/swift-collections.git
Fetching https://github.com/swiftlang/swift-docc-plugin
[1/310] Fetching float16
[253/5249] Fetching float16, bigint
[254/7594] Fetching float16, bigint, swift-docc-plugin
[5462/35256] Fetching float16, bigint, swift-docc-plugin, swift-collections
[21980/36510] Fetching float16, bigint, swift-docc-plugin, swift-collections, regex
Fetched https://github.com/SusanDoggie/Float16.git (1.21s)
Fetched https://github.com/swiftlang/swift-docc-plugin (1.21s)
Fetched https://github.com/apple/swift-collections.git (1.22s)
[5842/6193] Fetching bigint, regex
Fetched https://github.com/attaswift/BigInt.git (1.33s)
Fetched https://github.com/sharplet/Regex.git (1.33s)
Computing version for https://github.com/sharplet/Regex.git
Computed https://github.com/sharplet/Regex.git at 2.1.1 (2.39s)
Computing version for https://github.com/SusanDoggie/Float16.git
Computed https://github.com/SusanDoggie/Float16.git at 1.1.1 (0.19s)
Fetching https://github.com/apple/swift-numerics
[1/6640] Fetching swift-numerics
Fetched https://github.com/apple/swift-numerics (1.19s)
Computing version for https://github.com/attaswift/BigInt.git
warning: 'bigint': /Package.swift:18:19: warning: 'v4' is deprecated: watchOS 9.0 is the oldest supported version [#DeprecatedDeclaration]
16 |         .iOS(.v12),
17 |         .tvOS(.v12),
18 |         .watchOS(.v4),
   |                   `- warning: 'v4' is deprecated: watchOS 9.0 is the oldest supported version [#DeprecatedDeclaration]
19 |         .macCatalyst(.v13),
20 |         .visionOS(.v1),
[#DeprecatedDeclaration]: <https://docs.swift.org/compiler/documentation/diagnostics/deprecated-declaration>
Computed https://github.com/attaswift/BigInt.git at 5.7.0 (1.35s)
Computing version for https://github.com/apple/swift-numerics
Computed https://github.com/apple/swift-numerics at 1.1.1 (0.15s)
Computing version for https://github.com/apple/swift-collections.git
Computed https://github.com/apple/swift-collections.git at 1.6.0 (0.29s)
Computing version for https://github.com/swiftlang/swift-docc-plugin
Computed https://github.com/swiftlang/swift-docc-plugin at 1.5.0 (0.19s)
Fetching https://github.com/swiftlang/swift-docc-symbolkit
[1/3829] Fetching swift-docc-symbolkit
Fetched https://github.com/swiftlang/swift-docc-symbolkit (1.37s)
Computing version for https://github.com/swiftlang/swift-docc-symbolkit
Computed https://github.com/swiftlang/swift-docc-symbolkit at 1.0.0 (1.60s)
Creating working copy for https://github.com/swiftlang/swift-docc-plugin
Working copy of https://github.com/swiftlang/swift-docc-plugin resolved at 1.5.0
Creating working copy for https://github.com/apple/swift-collections.git
Working copy of https://github.com/apple/swift-collections.git resolved at 1.6.0
Creating working copy for https://github.com/SusanDoggie/Float16.git
Working copy of https://github.com/SusanDoggie/Float16.git resolved at 1.1.1
Creating working copy for https://github.com/apple/swift-numerics
Working copy of https://github.com/apple/swift-numerics resolved at 1.1.1
Creating working copy for https://github.com/attaswift/BigInt.git
Working copy of https://github.com/attaswift/BigInt.git resolved at 5.7.0
Creating working copy for https://github.com/swiftlang/swift-docc-symbolkit
Working copy of https://github.com/swiftlang/swift-docc-symbolkit resolved at 1.0.0
Creating working copy for https://github.com/sharplet/Regex.git
Working copy of https://github.com/sharplet/Regex.git resolved at 2.1.1
warning: 'bigint': /host/spi-builder-workspace/.build/checkouts/BigInt/Package.swift:18:19: warning: 'v4' is deprecated: watchOS 9.0 is the oldest supported version [#DeprecatedDeclaration]
16 |         .iOS(.v12),
17 |         .tvOS(.v12),
18 |         .watchOS(.v4),
   |                   `- warning: 'v4' is deprecated: watchOS 9.0 is the oldest supported version [#DeprecatedDeclaration]
19 |         .macCatalyst(.v13),
20 |         .visionOS(.v1),
[#DeprecatedDeclaration]: <https://docs.swift.org/compiler/documentation/diagnostics/deprecated-declaration>
Building for debugging...
[Computing dependencies]
[Pre-planning 1 / 563]
[Planning deferred tasks]
In file included from /host/spi-builder-workspace/Sources/Cfyaml/src/util/fy-utf8.c:16:
In file included from /host/spi-builder-workspace/Sources/Cfyaml/src/util/fy-utf8.h:20:
/host/spi-builder-workspace/Sources/Cfyaml/src/util/fy-utils.h:19:10: fatal error: 'termios.h' file not found
   19 | #include <termios.h>
      |          ^~~~~~~~~~~
1 error generated.
error: CompileC /host/spi-builder-workspace/.build/out/Intermediates.noindex/PotentCodables.build/Debug-webassembly-wasm32/Cfyaml-t.build/Objects-normal/wasm32/fy-utf8.o /host/spi-builder-workspace/Sources/Cfyaml/src/util/fy-utf8.c normal wasm32 c com.apple.compilers.llvm.clang.1_0.compiler failed with a nonzero exit code. Command line:     cd /host

    Using response file: /host/spi-builder-workspace/.build/out/Intermediates.noindex/PotentCodables.build/Debug-webassembly-wasm32/Cfyaml-t.build/Objects-normal/wasm32/9f65232cb83f8421e3a495a5062eba382369c975104ee97bafc405ab795bfc5e-common-args.resp

    /usr/bin/clang -x c -target wasm32-unknown-wasip1 -fmessage-length\=0 -fdiagnostics-show-note-include-stack -fmacro-backtrace-limit\=0 -fcolor-diagnostics -Wno-trigraphs -Wno-missing-field-initializers -Wno-missing-prototypes -Wno-return-type -Wno-missing-braces -Wparentheses -Wswitch -Wno-unused-function -Wno-unused-label -Wno-unused-parameter -Wno-unused-variable -Wunused-value -Wno-empty-body -Wno-uninitialized -Wno-unknown-pragmas -Wno-shadow -Wno-four-char-constants -Wno-conversion -Wno-constant-conversion -Wno-int-conversion -Wno-bool-conversion -Wno-enum-conversion -Wno-float-conversion -Wno-non-literal-null-conversion -Wno-objc-literal-conversion -Wno-shorten-64-to-32 -Wpointer-sign -Wno-newline-eof -Wno-implicit-fallthrough -fstrict-aliasing -Wdeprecated-declarations -Wno-sign-conversion -Wno-infinite-recursion -Wno-comma -Wno-block-capture-autoreleasing -Wno-strict-prototypes -Wno-semicolon-before-method-body --sysroot /root/.swiftpm/swift-sdks/swift-6.4.x-DEVELOPMENT-SNAPSHOT-2026-09-04-a_wasm.artifactbundle/swift-6.4.x-DEVELOPMENT-SNAPSHOT-2026-09-04-a_wasm/wasm32-unknown-wasip1/WASI.sdk @/host/spi-builder-workspace/.build/out/Intermediates.noindex/PotentCodables.build/Debug-webassembly-wasm32/Cfyaml-t.build/Objects-normal/wasm32/9f65232cb83f8421e3a495a5062eba382369c975104ee97bafc405ab795bfc5e-common-args.resp -MMD -MT dependencies -MF /host/spi-builder-workspace/.build/out/Intermediates.noindex/PotentCodables.build/Debug-webassembly-wasm32/Cfyaml-t.build/Objects-normal/wasm32/fy-utf8.d --serialize-diagnostics /host/spi-builder-workspace/.build/out/Intermediates.noindex/PotentCodables.build/Debug-webassembly-wasm32/Cfyaml-t.build/Objects-normal/wasm32/fy-utf8.dia -c /host/spi-builder-workspace/Sources/Cfyaml/src/util/fy-utf8.c -o /host/spi-builder-workspace/.build/out/Intermediates.noindex/PotentCodables.build/Debug-webassembly-wasm32/Cfyaml-t.build/Objects-normal/wasm32/fy-utf8.o
/host/spi-builder-workspace/Sources/Cfyaml/src/util/fy-utils.c:18:10: fatal error: 'termios.h' file not found
   18 | #include <termios.h>
      |          ^~~~~~~~~~~
1 error generated.
error: CompileC /host/spi-builder-workspace/.build/out/Intermediates.noindex/PotentCodables.build/Debug-webassembly-wasm32/Cfyaml-t.build/Objects-normal/wasm32/fy-utils.o /host/spi-builder-workspace/Sources/Cfyaml/src/util/fy-utils.c normal wasm32 c com.apple.compilers.llvm.clang.1_0.compiler failed with a nonzero exit code. Command line:     cd /host

    Using response file: /host/spi-builder-workspace/.build/out/Intermediates.noindex/PotentCodables.build/Debug-webassembly-wasm32/Cfyaml-t.build/Objects-normal/wasm32/9f65232cb83f8421e3a495a5062eba382369c975104ee97bafc405ab795bfc5e-common-args.resp

    /usr/bin/clang -x c -target wasm32-unknown-wasip1 -fmessage-length\=0 -fdiagnostics-show-note-include-stack -fmacro-backtrace-limit\=0 -fcolor-diagnostics -Wno-trigraphs -Wno-missing-field-initializers -Wno-missing-prototypes -Wno-return-type -Wno-missing-braces -Wparentheses -Wswitch -Wno-unused-function -Wno-unused-label -Wno-unused-parameter -Wno-unused-variable -Wunused-value -Wno-empty-body -Wno-uninitialized -Wno-unknown-pragmas -Wno-shadow -Wno-four-char-constants -Wno-conversion -Wno-constant-conversion -Wno-int-conversion -Wno-bool-conversion -Wno-enum-conversion -Wno-float-conversion -Wno-non-literal-null-conversion -Wno-objc-literal-conversion -Wno-shorten-64-to-32 -Wpointer-sign -Wno-newline-eof -Wno-implicit-fallthrough -fstrict-aliasing -Wdeprecated-declarations -Wno-sign-conversion -Wno-infinite-recursion -Wno-comma -Wno-block-capture-autoreleasing -Wno-strict-prototypes -Wno-semicolon-before-method-body --sysroot /root/.swiftpm/swift-sdks/swift-6.4.x-DEVELOPMENT-SNAPSHOT-2026-09-04-a_wasm.artifactbundle/swift-6.4.x-DEVELOPMENT-SNAPSHOT-2026-09-04-a_wasm/wasm32-unknown-wasip1/WASI.sdk @/host/spi-builder-workspace/.build/out/Intermediates.noindex/PotentCodables.build/Debug-webassembly-wasm32/Cfyaml-t.build/Objects-normal/wasm32/9f65232cb83f8421e3a495a5062eba382369c975104ee97bafc405ab795bfc5e-common-args.resp -MMD -MT dependencies -MF /host/spi-builder-workspace/.build/out/Intermediates.noindex/PotentCodables.build/Debug-webassembly-wasm32/Cfyaml-t.build/Objects-normal/wasm32/fy-utils.d --serialize-diagnostics /host/spi-builder-workspace/.build/out/Intermediates.noindex/PotentCodables.build/Debug-webassembly-wasm32/Cfyaml-t.build/Objects-normal/wasm32/fy-utils.dia -c /host/spi-builder-workspace/Sources/Cfyaml/src/util/fy-utils.c -o /host/spi-builder-workspace/.build/out/Intermediates.noindex/PotentCodables.build/Debug-webassembly-wasm32/Cfyaml-t.build/Objects-normal/wasm32/fy-utils.o
error: Build failed
BUILD FAILURE 6.4 wasm