The Swift Package Index logo.Swift Package Index

Build Information

Failed to build GL, reference master (aa8ed1), with Swift 6.4 for Wasm on 19 Sep 2026 03:14:03 UTC.

Build Command

bash -c docker run --pull=always --rm -v "checkouts-54344844-0":/host -w "$PWD" -e JAVA_HOME="/root/.sdkman/candidates/java/current" -e SPI_BUILD="1" -e SPI_PROCESSING="1" registry.gitlab.com/saguaro1/spi-images:wasm-6.4-latest swift build --swift-sdk swift-6.4.x-DEVELOPMENT-SNAPSHOT-2026-09-04-a_wasm 2>&1

Build Log

========================================
RunAll
========================================
Builder version: 5.1.0
Interrupt handler set up.
========================================
Checkout
========================================
Clone URL: https://github.com/tayloraswift/swift-opengl.git
Reference: master
Initialized empty Git repository in /host/spi-builder-workspace/.git/
hint: Using 'master' as the name for the initial branch. This default branch name
hint: is subject to change. To configure the initial branch name to use in all
hint: of your new repositories, which will suppress this warning, call:
hint:
hint: 	git config --global init.defaultBranch <name>
hint:
hint: Names commonly chosen instead of 'master' are 'main', 'trunk' and
hint: 'development'. The just-created branch can be renamed via this command:
hint:
hint: 	git branch -m <name>
From https://github.com/tayloraswift/swift-opengl
 * branch            master     -> FETCH_HEAD
 * [new branch]      master     -> origin/master
HEAD is now at aa8ed1b Merge branch 'master' of https://github.com/kelvin13/swift-opengl
Cloned https://github.com/tayloraswift/swift-opengl.git
Revision (git rev-parse @):
aa8ed1bee08b87c5e200f7b42d12e491542b45dd
SUCCESS checkout https://github.com/tayloraswift/swift-opengl.git at master
========================================
Build
========================================
Selected platform:         wasm
Swift version:             6.4
Building package at path:  $PWD
https://github.com/tayloraswift/swift-opengl.git
Running build ...
bash -c docker run --pull=always --rm -v "checkouts-54344844-0":/host -w "$PWD" -e JAVA_HOME="/root/.sdkman/candidates/java/current" -e SPI_BUILD="1" -e SPI_PROCESSING="1" registry.gitlab.com/saguaro1/spi-images:wasm-6.4-latest swift build --swift-sdk swift-6.4.x-DEVELOPMENT-SNAPSHOT-2026-09-04-a_wasm 2>&1
wasm-6.4-latest: Pulling from saguaro1/spi-images
Digest: sha256:4328fdb43c680d205c1d6761b1e3267aa38277eefdda9ddfb17b6a0f1a77857a
Status: Image is up to date for registry.gitlab.com/saguaro1/spi-images:wasm-6.4-latest
Fetching https://github.com/kelvin13/swiftxml
[1/246] Fetching swiftxml
Fetched https://github.com/kelvin13/swiftxml (0.45s)
Creating working copy for https://github.com/kelvin13/swiftxml
Working copy of https://github.com/kelvin13/swiftxml resolved at master (91ae89c)
Building for debugging...
[Pre-planning 1 / 125]
[15 / 44] generator-product
[34 / 52] XML
error: SwiftCompile normal wasm32 failed with a nonzero exit code. Command line:     cd /host

/host/spi-builder-workspace/sources/generator/main.swift:769:57: error: cannot find type 'FILE' in scope
767 |
768 |
769 |     func generate_constants(stream:UnsafeMutablePointer<FILE>)
    |                                                         `- error: cannot find type 'FILE' in scope
770 |     {
771 |         fputs(LICENSE, stream)
/host/spi-builder-workspace/sources/generator/main.swift:840:54: error: cannot find type 'FILE' in scope
838 |     }
839 |
840 |     func generate_loader(stream:UnsafeMutablePointer<FILE>)
    |                                                      `- error: cannot find type 'FILE' in scope
841 |     {
842 |         fputs(LICENSE, stream)
/host/spi-builder-workspace/sources/generator/main.swift:919:49: error: cannot find type 'FILE' in scope
917 |
918 | // write constants file
919 | guard let stream_constants:UnsafeMutablePointer<FILE> = fopen("sources/opengl/constants.swift", "w")
    |                                                 `- error: cannot find type 'FILE' in scope
920 | else
921 | {
/host/spi-builder-workspace/sources/generator/main.swift:919:57: error: cannot find 'fopen' in scope
917 |
918 | // write constants file
919 | guard let stream_constants:UnsafeMutablePointer<FILE> = fopen("sources/opengl/constants.swift", "w")
    |                                                         `- error: cannot find 'fopen' in scope
920 | else
921 | {
/host/spi-builder-workspace/sources/generator/main.swift:927:46: error: cannot find type 'FILE' in scope
925 |
926 | // write loader file
927 | guard let stream_loader:UnsafeMutablePointer<FILE> = fopen("sources/opengl/loader.swift", "w")
    |                                              `- error: cannot find type 'FILE' in scope
928 | else
929 | {
/host/spi-builder-workspace/sources/generator/main.swift:927:54: error: cannot find 'fopen' in scope
925 |
926 | // write loader file
927 | guard let stream_loader:UnsafeMutablePointer<FILE> = fopen("sources/opengl/loader.swift", "w")
    |                                                      `- error: cannot find 'fopen' in scope
928 | else
929 | {
Failed frontend command:
/usr/bin/swift-frontend -frontend -emit-module -experimental-skip-non-inlinable-function-bodies-without-types /host/spi-builder-workspace/sources/generator/main.swift -target wasm32-unknown-wasip1 -disable-objc-interop -sdk /root/.swiftpm/swift-sdks/swift-6.4.x-DEVELOPMENT-SNAPSHOT-2026-09-04-a_wasm.artifactbundle/swift-6.4.x-DEVELOPMENT-SNAPSHOT-2026-09-04-a_wasm/wasm32-unknown-wasip1/WASI.sdk -sysroot /root/.swiftpm/swift-sdks/swift-6.4.x-DEVELOPMENT-SNAPSHOT-2026-09-04-a_wasm.artifactbundle/swift-6.4.x-DEVELOPMENT-SNAPSHOT-2026-09-04-a_wasm/wasm32-unknown-wasip1/WASI.sdk -I /host/spi-builder-workspace/.build/out/Products/Debug-webassembly-wasm32 -module-cache-path /host/spi-builder-workspace/.build/out/ModuleCache.noindex -color-diagnostics -Xcc -fcolor-diagnostics -enable-testing -g -debug-info-format\=dwarf -dwarf-version\=4 -swift-version 4 -Onone -D SWIFT_PACKAGE -D DEBUG -D Xcode -serialize-debugging-options -enable-experimental-feature DebugDescriptionMacro -empty-abi-descriptor -external-plugin-path /usr/lib/swift/host/plugins/testing\#/usr/bin/swift-plugin-server -validate-clang-modules-once -clang-build-session-file /host/spi-builder-workspace/.build/out/ModuleCache.noindex/Session.modulevalidation -Xcc -working-directory -Xcc /host -resource-dir /root/.swiftpm/swift-sdks/swift-6.4.x-DEVELOPMENT-SNAPSHOT-2026-09-04-a_wasm.artifactbundle/swift-6.4.x-DEVELOPMENT-SNAPSHOT-2026-09-04-a_wasm/wasm32-unknown-wasip1/swift.xctoolchain/usr/lib/swift_static -use-static-resource-dir -enable-anonymous-context-mangled-names -file-compilation-dir /host -Xcc -resource-dir -Xcc /root/.swiftpm/swift-sdks/swift-6.4.x-DEVELOPMENT-SNAPSHOT-2026-09-04-a_wasm.artifactbundle/swift-6.4.x-DEVELOPMENT-SNAPSHOT-2026-09-04-a_wasm/wasm32-unknown-wasip1/swift.xctoolchain/usr/lib/swift_static/clang -Xcc -D_LIBCPP_HARDENING_MODE\=_LIBCPP_HARDENING_MODE_DEBUG -Xcc -fmodules-prune-interval\=86400 -Xcc -fmodules-prune-after\=345600 -Xcc -I/host/spi-builder-workspace/.build/out/Products/Debug-webassembly-wasm32/include -Xcc -I/host/spi-builder-workspace/.build/out/Intermediates.noindex/GL.build/Debug-webassembly-wasm32/generator-p.build/DerivedSources-normal/wasm32 -Xcc -I/host/spi-builder-workspace/.build/out/Intermediates.noindex/GL.build/Debug-webassembly-wasm32/generator-p.build/DerivedSources/wasm32 -Xcc -I/host/spi-builder-workspace/.build/out/Intermediates.noindex/GL.build/Debug-webassembly-wasm32/generator-p.build/DerivedSources -Xcc -DSWIFT_PACKAGE -Xcc -DDEBUG\=1 -no-auto-bridging-header-chaining -module-name generator -const-gather-protocols-file /host/spi-builder-workspace/.build/out/Intermediates.noindex/GL.build/Debug-webassembly-wasm32/generator-p.build/Objects-normal/wasm32/generator_const_extract_protocols.json -in-process-plugin-server-path /usr/lib/swift/host/libSwiftInProcPluginServer.so -plugin-path /usr/lib/swift/host/plugins -plugin-path /usr/local/lib/swift/host/plugins -emit-module-doc-path /host/spi-builder-workspace/.build/out/Intermediates.noindex/GL.build/Debug-webassembly-wasm32/generator-p.build/Objects-normal/wasm32/Modules/generator.swiftdoc -emit-module-source-info-path /host/spi-builder-workspace/.build/out/Intermediates.noindex/GL.build/Debug-webassembly-wasm32/generator-p.build/Objects-normal/wasm32/Modules/generator.swiftsourceinfo -serialize-diagnostics-path /host/spi-builder-workspace/.build/out/Intermediates.noindex/GL.build/Debug-webassembly-wasm32/generator-p.build/Objects-normal/wasm32/generator-primary-emit-module.dia -emit-dependencies-path /host/spi-builder-workspace/.build/out/Intermediates.noindex/GL.build/Debug-webassembly-wasm32/generator-p.build/Objects-normal/wasm32/generator-primary-emit-module.d -o /host/spi-builder-workspace/.build/out/Intermediates.noindex/GL.build/Debug-webassembly-wasm32/generator-p.build/Objects-normal/wasm32/Modules/generator.swiftmodule
error: Build failed
BUILD FAILURE 6.4 wasm