Build Information
Failed to build VectorMath, reference master (2de258), with Swift 6.4 for watchOS using Xcode 27.0 on 15 Sep 2026 21:10:13 UTC.
Build Command
env DEVELOPER_DIR=/Applications/Xcode-27.0.0-Release.Candidate.app xcrun xcodebuild -IDEClonedSourcePackagesDirPathOverride=$PWD/.dependencies -skipMacroValidation -skipPackagePluginValidation -derivedDataPath $PWD/.derivedData build -scheme VectorMath -destination generic/platform=watchOSBuild Log
========================================
RunAll
========================================
Builder version: 5.1.0
Interrupt handler set up.
========================================
Checkout
========================================
Clone URL: https://github.com/nicklockwood/VectorMath.git
Reference: master
Initialized empty Git repository in /Users/admin/builder/spi-builder-workspace/.git/
From https://github.com/nicklockwood/VectorMath
* branch master -> FETCH_HEAD
* [new branch] master -> origin/master
HEAD is now at 2de2585 Updated for 0.4.1 release
Cloned https://github.com/nicklockwood/VectorMath.git
Revision (git rev-parse @):
2de2585f455dc8e15d642ca51b29b1917e68fd1e
SUCCESS checkout https://github.com/nicklockwood/VectorMath.git at master
========================================
Build
========================================
Selected platform: watchOS
Swift version: 6.4
Building package at path: $PWD
https://github.com/nicklockwood/VectorMath.git
Command line invocation:
/Applications/Xcode-27.0.0-Release.Candidate.app/Contents/Developer/usr/bin/xcodebuild -IDEClonedSourcePackagesDirPathOverride=/Users/admin/builder/spi-builder-workspace/.dependencies -resolvePackageDependencies
Resolve Package Graph
Resolve Package Graph
Resolved source packages:
VectorMath: /Users/admin/builder/spi-builder-workspace
resolved source packages: VectorMath
2026-09-15 17:09:22.190 xcodebuild[529:3029] [MT] IDERunDestination: Supported platforms for the buildables in the current scheme is empty.
{
"dependencies" : [
],
"manifest_display_name" : "VectorMath",
"name" : "VectorMath",
"path" : "/Users/admin/builder/spi-builder-workspace",
"platforms" : [
],
"products" : [
{
"name" : "VectorMath",
"targets" : [
"VectorMath"
],
"type" : {
"library" : [
"automatic"
]
}
}
],
"targets" : [
{
"c99name" : "VectorMathTests",
"module_type" : "SwiftTarget",
"name" : "VectorMathTests",
"path" : "Tests/VectorMathTests",
"sources" : [
"QuartzTests.swift",
"VectorMathTests.swift",
"XCTestManifests.swift"
],
"target_dependencies" : [
"VectorMath"
],
"type" : "test"
},
{
"c99name" : "VectorMath",
"module_type" : "SwiftTarget",
"name" : "VectorMath",
"path" : "VectorMath",
"product_memberships" : [
"VectorMath"
],
"sources" : [
"VectorMath+MapKit.swift",
"VectorMath+Quartz.swift",
"VectorMath+SceneKit.swift",
"VectorMath.swift"
],
"type" : "library"
}
],
"tools_version" : "4.2"
}
{
"workspace" : {
"name" : "VectorMath",
"schemes" : [
"VectorMath"
]
}
}
2026-09-15 17:10:03.514 xcodebuild[648:4140] [MT] IDERunDestination: Supported platforms for the buildables in the current scheme is empty.
Running build ...
env DEVELOPER_DIR=/Applications/Xcode-27.0.0-Release.Candidate.app xcrun xcodebuild -IDEClonedSourcePackagesDirPathOverride=$PWD/.dependencies -skipMacroValidation -skipPackagePluginValidation -derivedDataPath $PWD/.derivedData build -scheme VectorMath -destination generic/platform=watchOS
Command line invocation:
/Applications/Xcode-27.0.0-Release.Candidate.app/Contents/Developer/usr/bin/xcodebuild -IDEClonedSourcePackagesDirPathOverride=/Users/admin/builder/spi-builder-workspace/.dependencies -skipMacroValidation -skipPackagePluginValidation -derivedDataPath /Users/admin/builder/spi-builder-workspace/.derivedData build -scheme VectorMath -destination generic/platform=watchOS
Resolve Package Graph
Resolved source packages:
VectorMath: /Users/admin/builder/spi-builder-workspace
ComputePackagePrebuildTargetDependencyGraph
Prepare packages
CreateBuildRequest
SendProjectDescription
CreateBuildOperation
ComputeTargetDependencyGraph
note: Building targets in dependency order
note: Target dependency graph (2 targets)
Target 'VectorMath-product' in project 'VectorMath'
➜ Explicit dependency on target 'VectorMath' in project 'VectorMath'
Target 'VectorMath' in project 'VectorMath' (no dependencies)
GatherProvisioningInputs
CreateBuildDescription
ExecuteExternalTool /Applications/Xcode-27.0.0-Release.Candidate.app/Contents/Developer/Toolchains/XcodeDefault.xctoolchain/usr/bin/clang -v -E -dM -isysroot /Applications/Xcode-27.0.0-Release.Candidate.app/Contents/Developer/Platforms/WatchOS.platform/Developer/SDKs/WatchOS27.0.sdk -x c -c /dev/null
ExecuteExternalTool /Applications/Xcode-27.0.0-Release.Candidate.app/Contents/Developer/Toolchains/XcodeDefault.xctoolchain/usr/bin/swiftc --version
ExecuteExternalTool /Applications/Xcode-27.0.0-Release.Candidate.app/Contents/Developer/Toolchains/XcodeDefault.xctoolchain/usr/bin/ld -version_details
Build description signature: 5d9b6bc6730cec548b96b2a12574c273
Build description path: /Users/admin/builder/spi-builder-workspace/.derivedData/Build/Intermediates.noindex/XCBuildData/5d9b6bc6730cec548b96b2a12574c273.xcbuilddata
CreateBuildDirectory /Users/admin/builder/spi-builder-workspace/.derivedData/SDKExplicitPrecompiledModules
cd /Users/admin/builder/spi-builder-workspace/.swiftpm/xcode
builtin-create-build-directory /Users/admin/builder/spi-builder-workspace/.derivedData/SDKExplicitPrecompiledModules
CreateBuildDirectory /Users/admin/builder/spi-builder-workspace/.derivedData/ModuleCache.noindex
cd /Users/admin/builder/spi-builder-workspace/.swiftpm/xcode
builtin-create-build-directory /Users/admin/builder/spi-builder-workspace/.derivedData/ModuleCache.noindex
CreateBuildDirectory /Users/admin/builder/spi-builder-workspace/.derivedData/CompilationCache.noindex
cd /Users/admin/builder/spi-builder-workspace/.swiftpm/xcode
builtin-create-build-directory /Users/admin/builder/spi-builder-workspace/.derivedData/CompilationCache.noindex
CreateBuildDirectory /Users/admin/builder/spi-builder-workspace/.derivedData/Build/Intermediates.noindex
cd /Users/admin/builder/spi-builder-workspace/.swiftpm/xcode
builtin-create-build-directory /Users/admin/builder/spi-builder-workspace/.derivedData/Build/Intermediates.noindex
CreateBuildDirectory /Users/admin/builder/spi-builder-workspace/.derivedData/Build/Products
cd /Users/admin/builder/spi-builder-workspace/.swiftpm/xcode
builtin-create-build-directory /Users/admin/builder/spi-builder-workspace/.derivedData/Build/Products
ClangStatCache /Applications/Xcode-27.0.0-Release.Candidate.app/Contents/Developer/Toolchains/XcodeDefault.xctoolchain/usr/bin/clang-stat-cache /Applications/Xcode-27.0.0-Release.Candidate.app/Contents/Developer/Platforms/WatchOS.platform/Developer/SDKs/WatchOS27.0.sdk /Users/admin/builder/spi-builder-workspace/.derivedData/SDKStatCaches.noindex/watchos27.0-24R360-e829b21a6f8c9b70876ba0858053c04477534ef55a1706bf4c1112bbb242f0a2.sdkstatcache
cd /Users/admin/builder/spi-builder-workspace/.swiftpm/xcode
/Applications/Xcode-27.0.0-Release.Candidate.app/Contents/Developer/Toolchains/XcodeDefault.xctoolchain/usr/bin/clang-stat-cache /Applications/Xcode-27.0.0-Release.Candidate.app/Contents/Developer/Platforms/WatchOS.platform/Developer/SDKs/WatchOS27.0.sdk -o /Users/admin/builder/spi-builder-workspace/.derivedData/SDKStatCaches.noindex/watchos27.0-24R360-e829b21a6f8c9b70876ba0858053c04477534ef55a1706bf4c1112bbb242f0a2.sdkstatcache
CreateBuildDirectory /Users/admin/builder/spi-builder-workspace/.derivedData/Build/Intermediates.noindex/SwiftExplicitPrecompiledModules
cd /Users/admin/builder/spi-builder-workspace/.swiftpm/xcode
builtin-create-build-directory /Users/admin/builder/spi-builder-workspace/.derivedData/Build/Intermediates.noindex/SwiftExplicitPrecompiledModules
CreateBuildDirectory /Users/admin/builder/spi-builder-workspace/.derivedData/Build/Intermediates.noindex/PrecompiledHeaders
cd /Users/admin/builder/spi-builder-workspace/.swiftpm/xcode
builtin-create-build-directory /Users/admin/builder/spi-builder-workspace/.derivedData/Build/Intermediates.noindex/PrecompiledHeaders
CreateBuildDirectory /Users/admin/builder/spi-builder-workspace/.derivedData/Build/Intermediates.noindex/ExplicitPrecompiledModules
cd /Users/admin/builder/spi-builder-workspace/.swiftpm/xcode
builtin-create-build-directory /Users/admin/builder/spi-builder-workspace/.derivedData/Build/Intermediates.noindex/ExplicitPrecompiledModules
CreateBuildDirectory /Users/admin/builder/spi-builder-workspace/.derivedData/Build/Products/Debug-watchos
cd /Users/admin/builder/spi-builder-workspace/.swiftpm/xcode
builtin-create-build-directory /Users/admin/builder/spi-builder-workspace/.derivedData/Build/Products/Debug-watchos
CreateBuildDirectory /Users/admin/builder/spi-builder-workspace/.derivedData/Build/Intermediates.noindex/EagerLinkingTBDs/Debug-watchos
cd /Users/admin/builder/spi-builder-workspace/.swiftpm/xcode
builtin-create-build-directory /Users/admin/builder/spi-builder-workspace/.derivedData/Build/Intermediates.noindex/EagerLinkingTBDs/Debug-watchos
CreateBuildDirectory /Users/admin/builder/spi-builder-workspace/.derivedData/Build/Products/Debug-watchos/PackageFrameworks
cd /Users/admin/builder/spi-builder-workspace/.swiftpm/xcode
builtin-create-build-directory /Users/admin/builder/spi-builder-workspace/.derivedData/Build/Products/Debug-watchos/PackageFrameworks
WriteAuxiliaryFile /Users/admin/builder/spi-builder-workspace/.derivedData/Build/Intermediates.noindex/VectorMath.build/Debug-watchos/VectorMath-t.build/VectorMath.modulemap (in target 'VectorMath' from project 'VectorMath')
cd /Users/admin/builder/spi-builder-workspace
write-file /Users/admin/builder/spi-builder-workspace/.derivedData/Build/Intermediates.noindex/VectorMath.build/Debug-watchos/VectorMath-t.build/VectorMath.modulemap
WriteAuxiliaryFile /Users/admin/builder/spi-builder-workspace/.derivedData/Build/Intermediates.noindex/VectorMath.build/Debug-watchos/VectorMath-t.build/VectorMath.DependencyStaticMetadataFileList (in target 'VectorMath' from project 'VectorMath')
cd /Users/admin/builder/spi-builder-workspace
write-file /Users/admin/builder/spi-builder-workspace/.derivedData/Build/Intermediates.noindex/VectorMath.build/Debug-watchos/VectorMath-t.build/VectorMath.DependencyStaticMetadataFileList
WriteAuxiliaryFile /Users/admin/builder/spi-builder-workspace/.derivedData/Build/Intermediates.noindex/VectorMath.build/Debug-watchos/VectorMath-t.build/VectorMath.DependencyMetadataFileList (in target 'VectorMath' from project 'VectorMath')
cd /Users/admin/builder/spi-builder-workspace
write-file /Users/admin/builder/spi-builder-workspace/.derivedData/Build/Intermediates.noindex/VectorMath.build/Debug-watchos/VectorMath-t.build/VectorMath.DependencyMetadataFileList
WriteAuxiliaryFile /Users/admin/builder/spi-builder-workspace/.derivedData/Build/Intermediates.noindex/VectorMath.build/Debug-watchos/VectorMath-t.build/Objects-normal/arm64/VectorMath_const_extract_protocols.json (in target 'VectorMath' from project 'VectorMath')
cd /Users/admin/builder/spi-builder-workspace
write-file /Users/admin/builder/spi-builder-workspace/.derivedData/Build/Intermediates.noindex/VectorMath.build/Debug-watchos/VectorMath-t.build/Objects-normal/arm64/VectorMath_const_extract_protocols.json
WriteAuxiliaryFile /Users/admin/builder/spi-builder-workspace/.derivedData/Build/Intermediates.noindex/VectorMath.build/Debug-watchos/VectorMath-t.build/Objects-normal/arm64_32/VectorMath-OutputFileMap.json (in target 'VectorMath' from project 'VectorMath')
cd /Users/admin/builder/spi-builder-workspace
write-file /Users/admin/builder/spi-builder-workspace/.derivedData/Build/Intermediates.noindex/VectorMath.build/Debug-watchos/VectorMath-t.build/Objects-normal/arm64_32/VectorMath-OutputFileMap.json
WriteAuxiliaryFile /Users/admin/builder/spi-builder-workspace/.derivedData/Build/Intermediates.noindex/VectorMath.build/Debug-watchos/VectorMath-t.build/Objects-normal/arm64_32/VectorMath_const_extract_protocols.json (in target 'VectorMath' from project 'VectorMath')
cd /Users/admin/builder/spi-builder-workspace
write-file /Users/admin/builder/spi-builder-workspace/.derivedData/Build/Intermediates.noindex/VectorMath.build/Debug-watchos/VectorMath-t.build/Objects-normal/arm64_32/VectorMath_const_extract_protocols.json
WriteAuxiliaryFile /Users/admin/builder/spi-builder-workspace/.derivedData/Build/Intermediates.noindex/VectorMath.build/Debug-watchos/VectorMath-t.build/Objects-normal/arm64_32/VectorMath.LinkFileList (in target 'VectorMath' from project 'VectorMath')
cd /Users/admin/builder/spi-builder-workspace
write-file /Users/admin/builder/spi-builder-workspace/.derivedData/Build/Intermediates.noindex/VectorMath.build/Debug-watchos/VectorMath-t.build/Objects-normal/arm64_32/VectorMath.LinkFileList
WriteAuxiliaryFile /Users/admin/builder/spi-builder-workspace/.derivedData/Build/Intermediates.noindex/VectorMath.build/Debug-watchos/VectorMath-t.build/Objects-normal/arm64/VectorMath.LinkFileList (in target 'VectorMath' from project 'VectorMath')
cd /Users/admin/builder/spi-builder-workspace
write-file /Users/admin/builder/spi-builder-workspace/.derivedData/Build/Intermediates.noindex/VectorMath.build/Debug-watchos/VectorMath-t.build/Objects-normal/arm64/VectorMath.LinkFileList
WriteAuxiliaryFile /Users/admin/builder/spi-builder-workspace/.derivedData/Build/Intermediates.noindex/VectorMath.build/Debug-watchos/VectorMath-t.build/Objects-normal/arm64_32/VectorMath.SwiftFileList (in target 'VectorMath' from project 'VectorMath')
cd /Users/admin/builder/spi-builder-workspace
write-file /Users/admin/builder/spi-builder-workspace/.derivedData/Build/Intermediates.noindex/VectorMath.build/Debug-watchos/VectorMath-t.build/Objects-normal/arm64_32/VectorMath.SwiftFileList
WriteAuxiliaryFile /Users/admin/builder/spi-builder-workspace/.derivedData/Build/Intermediates.noindex/VectorMath.build/Debug-watchos/VectorMath-t.build/Objects-normal/arm64_32/VectorMath.SwiftConstValuesFileList (in target 'VectorMath' from project 'VectorMath')
cd /Users/admin/builder/spi-builder-workspace
write-file /Users/admin/builder/spi-builder-workspace/.derivedData/Build/Intermediates.noindex/VectorMath.build/Debug-watchos/VectorMath-t.build/Objects-normal/arm64_32/VectorMath.SwiftConstValuesFileList
WriteAuxiliaryFile /Users/admin/builder/spi-builder-workspace/.derivedData/Build/Intermediates.noindex/VectorMath.build/Debug-watchos/VectorMath-t.build/Objects-normal/arm64/VectorMath.SwiftFileList (in target 'VectorMath' from project 'VectorMath')
cd /Users/admin/builder/spi-builder-workspace
write-file /Users/admin/builder/spi-builder-workspace/.derivedData/Build/Intermediates.noindex/VectorMath.build/Debug-watchos/VectorMath-t.build/Objects-normal/arm64/VectorMath.SwiftFileList
WriteAuxiliaryFile /Users/admin/builder/spi-builder-workspace/.derivedData/Build/Intermediates.noindex/VectorMath.build/Debug-watchos/VectorMath-t.build/Objects-normal/arm64/VectorMath.SwiftConstValuesFileList (in target 'VectorMath' from project 'VectorMath')
cd /Users/admin/builder/spi-builder-workspace
write-file /Users/admin/builder/spi-builder-workspace/.derivedData/Build/Intermediates.noindex/VectorMath.build/Debug-watchos/VectorMath-t.build/Objects-normal/arm64/VectorMath.SwiftConstValuesFileList
WriteAuxiliaryFile /Users/admin/builder/spi-builder-workspace/.derivedData/Build/Intermediates.noindex/VectorMath.build/Debug-watchos/VectorMath-t.build/Objects-normal/arm64/VectorMath-OutputFileMap.json (in target 'VectorMath' from project 'VectorMath')
cd /Users/admin/builder/spi-builder-workspace
write-file /Users/admin/builder/spi-builder-workspace/.derivedData/Build/Intermediates.noindex/VectorMath.build/Debug-watchos/VectorMath-t.build/Objects-normal/arm64/VectorMath-OutputFileMap.json
Copy /Users/admin/builder/spi-builder-workspace/.derivedData/Build/Intermediates.noindex/GeneratedModuleMaps-watchos/VectorMath.modulemap /Users/admin/builder/spi-builder-workspace/.derivedData/Build/Intermediates.noindex/VectorMath.build/Debug-watchos/VectorMath-t.build/VectorMath.modulemap (in target 'VectorMath' from project 'VectorMath')
cd /Users/admin/builder/spi-builder-workspace
builtin-copy -exclude .DS_Store -exclude CVS -exclude .svn -exclude .git -exclude .hg -resolve-src-symlinks /Users/admin/builder/spi-builder-workspace/.derivedData/Build/Intermediates.noindex/VectorMath.build/Debug-watchos/VectorMath-t.build/VectorMath.modulemap /Users/admin/builder/spi-builder-workspace/.derivedData/Build/Intermediates.noindex/GeneratedModuleMaps-watchos
SwiftDriver VectorMath normal arm64_32 com.apple.xcode.tools.swift.compiler (in target 'VectorMath' from project 'VectorMath')
cd /Users/admin/builder/spi-builder-workspace/.swiftpm/xcode
builtin-SwiftDriver -- /Applications/Xcode-27.0.0-Release.Candidate.app/Contents/Developer/Toolchains/XcodeDefault.xctoolchain/usr/bin/swiftc -parse-as-library -module-name VectorMath -Onone @/Users/admin/builder/spi-builder-workspace/.derivedData/Build/Intermediates.noindex/VectorMath.build/Debug-watchos/VectorMath-t.build/Objects-normal/arm64_32/VectorMath.SwiftFileList -DSWIFT_PACKAGE -DDEBUG -DSWIFT_MODULE_RESOURCE_BUNDLE_UNAVAILABLE -DXcode -plugin-path /Applications/Xcode-27.0.0-Release.Candidate.app/Contents/Developer/Toolchains/XcodeDefault.xctoolchain/usr/lib/swift/host/plugins/testing -enable-experimental-feature DebugDescriptionMacro -sdk /Applications/Xcode-27.0.0-Release.Candidate.app/Contents/Developer/Platforms/WatchOS.platform/Developer/SDKs/WatchOS27.0.sdk -target arm64_32-apple-watchos9.0 -g -module-cache-path /Users/admin/builder/spi-builder-workspace/.derivedData/ModuleCache.noindex -Xfrontend -serialize-debugging-options -profile-coverage-mapping -profile-generate -enable-testing -index-store-path /Users/admin/builder/spi-builder-workspace/.derivedData/Index.noindex/DataStore -Xcc -D_LIBCPP_HARDENING_MODE\=_LIBCPP_HARDENING_MODE_DEBUG -swift-version 4.2 -I /Users/admin/builder/spi-builder-workspace/.derivedData/Build/Products/Debug-watchos -Isystem /Applications/Xcode-27.0.0-Release.Candidate.app/Contents/Developer/Platforms/WatchOS.platform/Developer/usr/lib -F /Users/admin/builder/spi-builder-workspace/.derivedData/Build/Products/Debug-watchos -F /Applications/Xcode-27.0.0-Release.Candidate.app/Contents/Developer/Platforms/WatchOS.platform/Developer/Library/Frameworks -F /Applications/Xcode-27.0.0-Release.Candidate.app/Contents/Developer/Platforms/WatchOS.platform/Developer/SDKs/WatchOS27.0.sdk/Developer/Library/Frameworks -c -j10 -enable-batch-mode -incremental -Xcc -ivfsstatcache -Xcc /Users/admin/builder/spi-builder-workspace/.derivedData/SDKStatCaches.noindex/watchos27.0-24R360-e829b21a6f8c9b70876ba0858053c04477534ef55a1706bf4c1112bbb242f0a2.sdkstatcache -output-file-map /Users/admin/builder/spi-builder-workspace/.derivedData/Build/Intermediates.noindex/VectorMath.build/Debug-watchos/VectorMath-t.build/Objects-normal/arm64_32/VectorMath-OutputFileMap.json -save-temps -no-color-diagnostics -emit-dependencies -emit-module -emit-module-path /Users/admin/builder/spi-builder-workspace/.derivedData/Build/Intermediates.noindex/VectorMath.build/Debug-watchos/VectorMath-t.build/Objects-normal/arm64_32/VectorMath.swiftmodule -serialize-diagnostics -validate-clang-modules-once -clang-build-session-file /Users/admin/builder/spi-builder-workspace/.derivedData/ModuleCache.noindex/Session.modulevalidation -Xcc -fmodules-prune-interval\=86400 -Xcc -fmodules-prune-after\=345600 -emit-const-values -const-gather-protocols-list /Users/admin/builder/spi-builder-workspace/.derivedData/Build/Intermediates.noindex/VectorMath.build/Debug-watchos/VectorMath-t.build/Objects-normal/arm64_32/VectorMath_const_extract_protocols.json -Xcc -I/Users/admin/builder/spi-builder-workspace/.derivedData/Build/Products/Debug-watchos/include -Xcc -I/Users/admin/builder/spi-builder-workspace/.derivedData/Build/Intermediates.noindex/VectorMath.build/Debug-watchos/VectorMath-t.build/DerivedSources-normal/arm64_32 -Xcc -I/Users/admin/builder/spi-builder-workspace/.derivedData/Build/Intermediates.noindex/VectorMath.build/Debug-watchos/VectorMath-t.build/DerivedSources/arm64_32 -Xcc -I/Users/admin/builder/spi-builder-workspace/.derivedData/Build/Intermediates.noindex/VectorMath.build/Debug-watchos/VectorMath-t.build/DerivedSources -Xcc -DSWIFT_PACKAGE -Xcc -DDEBUG\=1 -emit-objc-header -emit-objc-header-path /Users/admin/builder/spi-builder-workspace/.derivedData/Build/Intermediates.noindex/VectorMath.build/Debug-watchos/VectorMath-t.build/Objects-normal/arm64_32/VectorMath-Swift.h -working-directory /Users/admin/builder/spi-builder-workspace/.swiftpm/xcode -experimental-emit-module-separately -disable-cmo
SwiftDriver VectorMath normal arm64 com.apple.xcode.tools.swift.compiler (in target 'VectorMath' from project 'VectorMath')
cd /Users/admin/builder/spi-builder-workspace/.swiftpm/xcode
builtin-SwiftDriver -- /Applications/Xcode-27.0.0-Release.Candidate.app/Contents/Developer/Toolchains/XcodeDefault.xctoolchain/usr/bin/swiftc -parse-as-library -module-name VectorMath -Onone @/Users/admin/builder/spi-builder-workspace/.derivedData/Build/Intermediates.noindex/VectorMath.build/Debug-watchos/VectorMath-t.build/Objects-normal/arm64/VectorMath.SwiftFileList -DSWIFT_PACKAGE -DDEBUG -DSWIFT_MODULE_RESOURCE_BUNDLE_UNAVAILABLE -DXcode -plugin-path /Applications/Xcode-27.0.0-Release.Candidate.app/Contents/Developer/Toolchains/XcodeDefault.xctoolchain/usr/lib/swift/host/plugins/testing -enable-experimental-feature DebugDescriptionMacro -sdk /Applications/Xcode-27.0.0-Release.Candidate.app/Contents/Developer/Platforms/WatchOS.platform/Developer/SDKs/WatchOS27.0.sdk -target arm64-apple-watchos9.0 -g -module-cache-path /Users/admin/builder/spi-builder-workspace/.derivedData/ModuleCache.noindex -Xfrontend -serialize-debugging-options -profile-coverage-mapping -profile-generate -enable-testing -index-store-path /Users/admin/builder/spi-builder-workspace/.derivedData/Index.noindex/DataStore -Xcc -D_LIBCPP_HARDENING_MODE\=_LIBCPP_HARDENING_MODE_DEBUG -swift-version 4.2 -I /Users/admin/builder/spi-builder-workspace/.derivedData/Build/Products/Debug-watchos -Isystem /Applications/Xcode-27.0.0-Release.Candidate.app/Contents/Developer/Platforms/WatchOS.platform/Developer/usr/lib -F /Users/admin/builder/spi-builder-workspace/.derivedData/Build/Products/Debug-watchos -F /Applications/Xcode-27.0.0-Release.Candidate.app/Contents/Developer/Platforms/WatchOS.platform/Developer/Library/Frameworks -F /Applications/Xcode-27.0.0-Release.Candidate.app/Contents/Developer/Platforms/WatchOS.platform/Developer/SDKs/WatchOS27.0.sdk/Developer/Library/Frameworks -c -j10 -enable-batch-mode -incremental -Xcc -ivfsstatcache -Xcc /Users/admin/builder/spi-builder-workspace/.derivedData/SDKStatCaches.noindex/watchos27.0-24R360-e829b21a6f8c9b70876ba0858053c04477534ef55a1706bf4c1112bbb242f0a2.sdkstatcache -output-file-map /Users/admin/builder/spi-builder-workspace/.derivedData/Build/Intermediates.noindex/VectorMath.build/Debug-watchos/VectorMath-t.build/Objects-normal/arm64/VectorMath-OutputFileMap.json -save-temps -no-color-diagnostics -emit-dependencies -emit-module -emit-module-path /Users/admin/builder/spi-builder-workspace/.derivedData/Build/Intermediates.noindex/VectorMath.build/Debug-watchos/VectorMath-t.build/Objects-normal/arm64/VectorMath.swiftmodule -serialize-diagnostics -validate-clang-modules-once -clang-build-session-file /Users/admin/builder/spi-builder-workspace/.derivedData/ModuleCache.noindex/Session.modulevalidation -Xcc -fmodules-prune-interval\=86400 -Xcc -fmodules-prune-after\=345600 -emit-const-values -const-gather-protocols-list /Users/admin/builder/spi-builder-workspace/.derivedData/Build/Intermediates.noindex/VectorMath.build/Debug-watchos/VectorMath-t.build/Objects-normal/arm64/VectorMath_const_extract_protocols.json -Xcc -I/Users/admin/builder/spi-builder-workspace/.derivedData/Build/Products/Debug-watchos/include -Xcc -I/Users/admin/builder/spi-builder-workspace/.derivedData/Build/Intermediates.noindex/VectorMath.build/Debug-watchos/VectorMath-t.build/DerivedSources-normal/arm64 -Xcc -I/Users/admin/builder/spi-builder-workspace/.derivedData/Build/Intermediates.noindex/VectorMath.build/Debug-watchos/VectorMath-t.build/DerivedSources/arm64 -Xcc -I/Users/admin/builder/spi-builder-workspace/.derivedData/Build/Intermediates.noindex/VectorMath.build/Debug-watchos/VectorMath-t.build/DerivedSources -Xcc -DSWIFT_PACKAGE -Xcc -DDEBUG\=1 -emit-objc-header -emit-objc-header-path /Users/admin/builder/spi-builder-workspace/.derivedData/Build/Intermediates.noindex/VectorMath.build/Debug-watchos/VectorMath-t.build/Objects-normal/arm64/VectorMath-Swift.h -working-directory /Users/admin/builder/spi-builder-workspace/.swiftpm/xcode -experimental-emit-module-separately -disable-cmo
SwiftEmitModule normal arm64_32 Emitting\ module\ for\ VectorMath (in target 'VectorMath' from project 'VectorMath')
SwiftCompile normal arm64_32 (in target 'VectorMath' from project 'VectorMath')
cd /Users/admin/builder/spi-builder-workspace/.swiftpm/xcode
/Users/admin/builder/spi-builder-workspace/VectorMath/VectorMath+Quartz.swift:68:18: error: 'CATransform3D' is unavailable in watchOS
66 | }
67 |
68 | public extension CATransform3D {
| `- error: 'CATransform3D' is unavailable in watchOS
69 | init(_ m: Matrix4) {
70 | self.init(
/Applications/Xcode-27.0.0-Release.Candidate.app/Contents/Developer/Platforms/WatchOS.platform/Developer/SDKs/WatchOS27.0.sdk/System/Library/Frameworks/QuartzCore.framework/Headers/CATransform3D.h:17:8: note: 'CATransform3D' has been explicitly marked unavailable here
15 | /* Homogeneous three-dimensional transforms. */
16 |
17 | struct CATransform3D
| `- note: 'CATransform3D' has been explicitly marked unavailable here
18 | {
19 | CGFloat m11, m12, m13, m14;
/Users/admin/builder/spi-builder-workspace/VectorMath/VectorMath+Quartz.swift:106:15: error: 'CATransform3D' is unavailable in watchOS
104 |
105 | public extension Matrix4 {
106 | init(_ m: CATransform3D) {
| `- error: 'CATransform3D' is unavailable in watchOS
107 | self.init(
108 | m11: Scalar(m.m11), m12: Scalar(m.m12), m13: Scalar(m.m13), m14: Scalar(m.m14),
/Applications/Xcode-27.0.0-Release.Candidate.app/Contents/Developer/Platforms/WatchOS.platform/Developer/SDKs/WatchOS27.0.sdk/System/Library/Frameworks/QuartzCore.framework/Headers/CATransform3D.h:17:8: note: 'CATransform3D' has been explicitly marked unavailable here
15 | /* Homogeneous three-dimensional transforms. */
16 |
17 | struct CATransform3D
| `- note: 'CATransform3D' has been explicitly marked unavailable here
18 | {
19 | CGFloat m11, m12, m13, m14;
Failed frontend command:
/Applications/Xcode-27.0.0-Release.Candidate.app/Contents/Developer/Toolchains/XcodeDefault.xctoolchain/usr/bin/swift-frontend -frontend -emit-module -experimental-skip-non-inlinable-function-bodies-without-types /Users/admin/builder/spi-builder-workspace/VectorMath/VectorMath+MapKit.swift /Users/admin/builder/spi-builder-workspace/VectorMath/VectorMath+Quartz.swift /Users/admin/builder/spi-builder-workspace/VectorMath/VectorMath+SceneKit.swift /Users/admin/builder/spi-builder-workspace/VectorMath/VectorMath.swift -target arm64_32-apple-watchos9.0 -enable-objc-interop -sdk /Applications/Xcode-27.0.0-Release.Candidate.app/Contents/Developer/Platforms/WatchOS.platform/Developer/SDKs/WatchOS27.0.sdk -I /Users/admin/builder/spi-builder-workspace/.derivedData/Build/Products/Debug-watchos -Isystem /Applications/Xcode-27.0.0-Release.Candidate.app/Contents/Developer/Platforms/WatchOS.platform/Developer/usr/lib -F /Users/admin/builder/spi-builder-workspace/.derivedData/Build/Products/Debug-watchos -F /Applications/Xcode-27.0.0-Release.Candidate.app/Contents/Developer/Platforms/WatchOS.platform/Developer/Library/Frameworks -F /Applications/Xcode-27.0.0-Release.Candidate.app/Contents/Developer/Platforms/WatchOS.platform/Developer/SDKs/WatchOS27.0.sdk/Developer/Library/Frameworks -module-cache-path /Users/admin/builder/spi-builder-workspace/.derivedData/ModuleCache.noindex -no-color-diagnostics -Xcc -fno-color-diagnostics -enable-testing -g -debug-info-format\=dwarf -dwarf-version\=4 -profile-generate -profile-coverage-mapping -swift-version 4.2 -Onone -D SWIFT_PACKAGE -D DEBUG -D SWIFT_MODULE_RESOURCE_BUNDLE_UNAVAILABLE -D Xcode -serialize-debugging-options -enable-experimental-feature DebugDescriptionMacro -empty-abi-descriptor -plugin-path /Applications/Xcode-27.0.0-Release.Candidate.app/Contents/Developer/Toolchains/XcodeDefault.xctoolchain/usr/lib/swift/host/plugins/testing -validate-clang-modules-once -clang-build-session-file /Users/admin/builder/spi-builder-workspace/.derivedData/ModuleCache.noindex/Session.modulevalidation -Xcc -working-directory -Xcc /Users/admin/builder/spi-builder-workspace/.swiftpm/xcode -enable-anonymous-context-mangled-names -file-compilation-dir /Users/admin/builder/spi-builder-workspace/.swiftpm/xcode -Xcc -D_LIBCPP_HARDENING_MODE\=_LIBCPP_HARDENING_MODE_DEBUG -Xcc -ivfsstatcache -Xcc /Users/admin/builder/spi-builder-workspace/.derivedData/SDKStatCaches.noindex/watchos27.0-24R360-e829b21a6f8c9b70876ba0858053c04477534ef55a1706bf4c1112bbb242f0a2.sdkstatcache -Xcc -fmodules-prune-interval\=86400 -Xcc -fmodules-prune-after\=345600 -Xcc -I/Users/admin/builder/spi-builder-workspace/.derivedData/Build/Products/Debug-watchos/include -Xcc -I/Users/admin/builder/spi-builder-workspace/.derivedData/Build/Intermediates.noindex/VectorMath.build/Debug-watchos/VectorMath-t.build/DerivedSources-normal/arm64_32 -Xcc -I/Users/admin/builder/spi-builder-workspace/.derivedData/Build/Intermediates.noindex/VectorMath.build/Debug-watchos/VectorMath-t.build/DerivedSources/arm64_32 -Xcc -I/Users/admin/builder/spi-builder-workspace/.derivedData/Build/Intermediates.noindex/VectorMath.build/Debug-watchos/VectorMath-t.build/DerivedSources -Xcc -DSWIFT_PACKAGE -Xcc -DDEBUG\=1 -no-auto-bridging-header-chaining -module-name VectorMath -const-gather-protocols-file /Users/admin/builder/spi-builder-workspace/.derivedData/Build/Intermediates.noindex/VectorMath.build/Debug-watchos/VectorMath-t.build/Objects-normal/arm64_32/VectorMath_const_extract_protocols.json -disable-clang-spi -target-sdk-version 27.0 -target-sdk-name watchos27.0 -external-plugin-path /Applications/Xcode-27.0.0-Release.Candidate.app/Contents/Developer/Platforms/WatchOS.platform/Developer/usr/lib/swift/host/plugins\#/Applications/Xcode-27.0.0-Release.Candidate.app/Contents/Developer/Platforms/WatchOS.platform/Developer/usr/bin/swift-plugin-server -external-plugin-path /Applications/Xcode-27.0.0-Release.Candidate.app/Contents/Developer/Platforms/WatchOS.platform/Developer/usr/local/lib/swift/host/plugins\#/Applications/Xcode-27.0.0-Release.Candidate.app/Contents/Developer/Platforms/WatchOS.platform/Developer/usr/bin/swift-plugin-server -in-process-plugin-server-path /Applications/Xcode-27.0.0-Release.Candidate.app/Contents/Developer/Toolchains/XcodeDefault.xctoolchain/usr/lib/swift/host/libSwiftInProcPluginServer.dylib -plugin-path /Applications/Xcode-27.0.0-Release.Candidate.app/Contents/Developer/Toolchains/XcodeDefault.xctoolchain/usr/lib/swift/host/plugins -plugin-path /Applications/Xcode-27.0.0-Release.Candidate.app/Contents/Developer/Toolchains/XcodeDefault.xctoolchain/usr/local/lib/swift/host/plugins -emit-module-doc-path /Users/admin/builder/spi-builder-workspace/.derivedData/Build/Intermediates.noindex/VectorMath.build/Debug-watchos/VectorMath-t.build/Objects-normal/arm64_32/VectorMath.swiftdoc -emit-module-source-info-path /Users/admin/builder/spi-builder-workspace/.derivedData/Build/Intermediates.noindex/VectorMath.build/Debug-watchos/VectorMath-t.build/Objects-normal/arm64_32/VectorMath.swiftsourceinfo -emit-objc-header-path /Users/admin/builder/spi-builder-workspace/.derivedData/Build/Intermediates.noindex/VectorMath.build/Debug-watchos/VectorMath-t.build/Objects-normal/arm64_32/VectorMath-Swift.h -serialize-diagnostics-path /Users/admin/builder/spi-builder-workspace/.derivedData/Build/Intermediates.noindex/VectorMath.build/Debug-watchos/VectorMath-t.build/Objects-normal/arm64_32/VectorMath-primary-emit-module.dia -emit-dependencies-path /Users/admin/builder/spi-builder-workspace/.derivedData/Build/Intermediates.noindex/VectorMath.build/Debug-watchos/VectorMath-t.build/Objects-normal/arm64_32/VectorMath-primary-emit-module.d -parse-as-library -o /Users/admin/builder/spi-builder-workspace/.derivedData/Build/Intermediates.noindex/VectorMath.build/Debug-watchos/VectorMath-t.build/Objects-normal/arm64_32/VectorMath.swiftmodule -emit-abi-descriptor-path /Users/admin/builder/spi-builder-workspace/.derivedData/Build/Intermediates.noindex/VectorMath.build/Debug-watchos/VectorMath-t.build/Objects-normal/arm64_32/VectorMath.abi.json
SwiftCompile normal arm64_32 Compiling\ VectorMath+SceneKit.swift /Users/admin/builder/spi-builder-workspace/VectorMath/VectorMath+SceneKit.swift (in target 'VectorMath' from project 'VectorMath')
SwiftCompile normal arm64_32 /Users/admin/builder/spi-builder-workspace/VectorMath/VectorMath+SceneKit.swift (in target 'VectorMath' from project 'VectorMath')
cd /Users/admin/builder/spi-builder-workspace/.swiftpm/xcode
builtin-SwiftPerFileCompile VectorMath+SceneKit.swift
/Users/admin/builder/spi-builder-workspace/VectorMath/VectorMath+SceneKit.swift:48:22: error: cannot convert value of type 'CGFloat' to expected argument type 'Float'
46 | public extension SCNVector3 {
47 | init(_ v: Vector3) {
48 | self.init(x: SCNFloat(v.x), y: SCNFloat(v.y), z: SCNFloat(v.z))
| `- error: cannot convert value of type 'CGFloat' to expected argument type 'Float'
49 | }
50 | }
/Users/admin/builder/spi-builder-workspace/VectorMath/VectorMath+SceneKit.swift:48:40: error: cannot convert value of type 'CGFloat' to expected argument type 'Float'
46 | public extension SCNVector3 {
47 | init(_ v: Vector3) {
48 | self.init(x: SCNFloat(v.x), y: SCNFloat(v.y), z: SCNFloat(v.z))
| `- error: cannot convert value of type 'CGFloat' to expected argument type 'Float'
49 | }
50 | }
/Users/admin/builder/spi-builder-workspace/VectorMath/VectorMath+SceneKit.swift:48:58: error: cannot convert value of type 'CGFloat' to expected argument type 'Float'
46 | public extension SCNVector3 {
47 | init(_ v: Vector3) {
48 | self.init(x: SCNFloat(v.x), y: SCNFloat(v.y), z: SCNFloat(v.z))
| `- error: cannot convert value of type 'CGFloat' to expected argument type 'Float'
49 | }
50 | }
/Users/admin/builder/spi-builder-workspace/VectorMath/VectorMath+SceneKit.swift:54:22: error: cannot convert value of type 'CGFloat' to expected argument type 'Float'
52 | public extension SCNVector4 {
53 | init(_ v: Vector4) {
54 | self.init(x: SCNFloat(v.x), y: SCNFloat(v.y), z: SCNFloat(v.z), w: SCNFloat(v.w))
| `- error: cannot convert value of type 'CGFloat' to expected argument type 'Float'
55 | }
56 | }
/Users/admin/builder/spi-builder-workspace/VectorMath/VectorMath+SceneKit.swift:54:40: error: cannot convert value of type 'CGFloat' to expected argument type 'Float'
52 | public extension SCNVector4 {
53 | init(_ v: Vector4) {
54 | self.init(x: SCNFloat(v.x), y: SCNFloat(v.y), z: SCNFloat(v.z), w: SCNFloat(v.w))
| `- error: cannot convert value of type 'CGFloat' to expected argument type 'Float'
55 | }
56 | }
/Users/admin/builder/spi-builder-workspace/VectorMath/VectorMath+SceneKit.swift:54:58: error: cannot convert value of type 'CGFloat' to expected argument type 'Float'
52 | public extension SCNVector4 {
53 | init(_ v: Vector4) {
54 | self.init(x: SCNFloat(v.x), y: SCNFloat(v.y), z: SCNFloat(v.z), w: SCNFloat(v.w))
| `- error: cannot convert value of type 'CGFloat' to expected argument type 'Float'
55 | }
56 | }
/Users/admin/builder/spi-builder-workspace/VectorMath/VectorMath+SceneKit.swift:54:76: error: cannot convert value of type 'CGFloat' to expected argument type 'Float'
52 | public extension SCNVector4 {
53 | init(_ v: Vector4) {
54 | self.init(x: SCNFloat(v.x), y: SCNFloat(v.y), z: SCNFloat(v.z), w: SCNFloat(v.w))
| `- error: cannot convert value of type 'CGFloat' to expected argument type 'Float'
55 | }
56 | }
/Users/admin/builder/spi-builder-workspace/VectorMath/VectorMath+SceneKit.swift:75:22: error: cannot convert value of type 'CGFloat' to expected argument type 'Float'
73 | public extension SCNQuaternion {
74 | init(_ q: Quaternion) {
75 | self.init(x: SCNFloat(q.x), y: SCNFloat(q.y), z: SCNFloat(q.z), w: SCNFloat(q.w))
| `- error: cannot convert value of type 'CGFloat' to expected argument type 'Float'
76 | }
77 | }
/Users/admin/builder/spi-builder-workspace/VectorMath/VectorMath+SceneKit.swift:75:40: error: cannot convert value of type 'CGFloat' to expected argument type 'Float'
73 | public extension SCNQuaternion {
74 | init(_ q: Quaternion) {
75 | self.init(x: SCNFloat(q.x), y: SCNFloat(q.y), z: SCNFloat(q.z), w: SCNFloat(q.w))
| `- error: cannot convert value of type 'CGFloat' to expected argument type 'Float'
76 | }
77 | }
/Users/admin/builder/spi-builder-workspace/VectorMath/VectorMath+SceneKit.swift:75:58: error: cannot convert value of type 'CGFloat' to expected argument type 'Float'
73 | public extension SCNQuaternion {
74 | init(_ q: Quaternion) {
75 | self.init(x: SCNFloat(q.x), y: SCNFloat(q.y), z: SCNFloat(q.z), w: SCNFloat(q.w))
| `- error: cannot convert value of type 'CGFloat' to expected argument type 'Float'
76 | }
77 | }
SwiftCompile normal arm64_32 Compiling\ VectorMath+MapKit.swift /Users/admin/builder/spi-builder-workspace/VectorMath/VectorMath+MapKit.swift (in target 'VectorMath' from project 'VectorMath')
SwiftCompile normal arm64_32 /Users/admin/builder/spi-builder-workspace/VectorMath/VectorMath+MapKit.swift (in target 'VectorMath' from project 'VectorMath')
cd /Users/admin/builder/spi-builder-workspace/.swiftpm/xcode
builtin-SwiftPerFileCompile VectorMath+MapKit.swift
SwiftCompile normal arm64 Compiling\ VectorMath+Quartz.swift /Users/admin/builder/spi-builder-workspace/VectorMath/VectorMath+Quartz.swift (in target 'VectorMath' from project 'VectorMath')
/Users/admin/builder/spi-builder-workspace/VectorMath/VectorMath+Quartz.swift:68:18: error: 'CATransform3D' is unavailable in watchOS
66 | }
67 |
68 | public extension CATransform3D {
| `- error: 'CATransform3D' is unavailable in watchOS
69 | init(_ m: Matrix4) {
70 | self.init(
/Applications/Xcode-27.0.0-Release.Candidate.app/Contents/Developer/Platforms/WatchOS.platform/Developer/SDKs/WatchOS27.0.sdk/System/Library/Frameworks/QuartzCore.framework/Headers/CATransform3D.h:17:8: note: 'CATransform3D' has been explicitly marked unavailable here
15 | /* Homogeneous three-dimensional transforms. */
16 |
17 | struct CATransform3D
| `- note: 'CATransform3D' has been explicitly marked unavailable here
18 | {
19 | CGFloat m11, m12, m13, m14;
SwiftCompile normal arm64 /Users/admin/builder/spi-builder-workspace/VectorMath/VectorMath+Quartz.swift (in target 'VectorMath' from project 'VectorMath')
cd /Users/admin/builder/spi-builder-workspace/.swiftpm/xcode
builtin-SwiftPerFileCompile VectorMath+Quartz.swift
SwiftCompile normal arm64 Compiling\ VectorMath+SceneKit.swift /Users/admin/builder/spi-builder-workspace/VectorMath/VectorMath+SceneKit.swift (in target 'VectorMath' from project 'VectorMath')
/Users/admin/builder/spi-builder-workspace/VectorMath/VectorMath+SceneKit.swift:48:22: error: cannot convert value of type 'CGFloat' to expected argument type 'Float'
46 | public extension SCNVector3 {
47 | init(_ v: Vector3) {
48 | self.init(x: SCNFloat(v.x), y: SCNFloat(v.y), z: SCNFloat(v.z))
| `- error: cannot convert value of type 'CGFloat' to expected argument type 'Float'
49 | }
50 | }
/Users/admin/builder/spi-builder-workspace/VectorMath/VectorMath+SceneKit.swift:48:40: error: cannot convert value of type 'CGFloat' to expected argument type 'Float'
46 | public extension SCNVector3 {
47 | init(_ v: Vector3) {
48 | self.init(x: SCNFloat(v.x), y: SCNFloat(v.y), z: SCNFloat(v.z))
| `- error: cannot convert value of type 'CGFloat' to expected argument type 'Float'
49 | }
50 | }
/Users/admin/builder/spi-builder-workspace/VectorMath/VectorMath+SceneKit.swift:48:58: error: cannot convert value of type 'CGFloat' to expected argument type 'Float'
46 | public extension SCNVector3 {
47 | init(_ v: Vector3) {
48 | self.init(x: SCNFloat(v.x), y: SCNFloat(v.y), z: SCNFloat(v.z))
| `- error: cannot convert value of type 'CGFloat' to expected argument type 'Float'
49 | }
50 | }
/Users/admin/builder/spi-builder-workspace/VectorMath/VectorMath+SceneKit.swift:54:22: error: cannot convert value of type 'CGFloat' to expected argument type 'Float'
52 | public extension SCNVector4 {
53 | init(_ v: Vector4) {
54 | self.init(x: SCNFloat(v.x), y: SCNFloat(v.y), z: SCNFloat(v.z), w: SCNFloat(v.w))
| `- error: cannot convert value of type 'CGFloat' to expected argument type 'Float'
55 | }
56 | }
/Users/admin/builder/spi-builder-workspace/VectorMath/VectorMath+SceneKit.swift:54:40: error: cannot convert value of type 'CGFloat' to expected argument type 'Float'
52 | public extension SCNVector4 {
53 | init(_ v: Vector4) {
54 | self.init(x: SCNFloat(v.x), y: SCNFloat(v.y), z: SCNFloat(v.z), w: SCNFloat(v.w))
| `- error: cannot convert value of type 'CGFloat' to expected argument type 'Float'
55 | }
56 | }
/Users/admin/builder/spi-builder-workspace/VectorMath/VectorMath+SceneKit.swift:54:58: error: cannot convert value of type 'CGFloat' to expected argument type 'Float'
52 | public extension SCNVector4 {
53 | init(_ v: Vector4) {
54 | self.init(x: SCNFloat(v.x), y: SCNFloat(v.y), z: SCNFloat(v.z), w: SCNFloat(v.w))
| `- error: cannot convert value of type 'CGFloat' to expected argument type 'Float'
55 | }
56 | }
/Users/admin/builder/spi-builder-workspace/VectorMath/VectorMath+SceneKit.swift:54:76: error: cannot convert value of type 'CGFloat' to expected argument type 'Float'
52 | public extension SCNVector4 {
53 | init(_ v: Vector4) {
54 | self.init(x: SCNFloat(v.x), y: SCNFloat(v.y), z: SCNFloat(v.z), w: SCNFloat(v.w))
| `- error: cannot convert value of type 'CGFloat' to expected argument type 'Float'
55 | }
56 | }
/Users/admin/builder/spi-builder-workspace/VectorMath/VectorMath+SceneKit.swift:75:22: error: cannot convert value of type 'CGFloat' to expected argument type 'Float'
73 | public extension SCNQuaternion {
74 | init(_ q: Quaternion) {
75 | self.init(x: SCNFloat(q.x), y: SCNFloat(q.y), z: SCNFloat(q.z), w: SCNFloat(q.w))
| `- error: cannot convert value of type 'CGFloat' to expected argument type 'Float'
76 | }
77 | }
/Users/admin/builder/spi-builder-workspace/VectorMath/VectorMath+SceneKit.swift:75:40: error: cannot convert value of type 'CGFloat' to expected argument type 'Float'
73 | public extension SCNQuaternion {
74 | init(_ q: Quaternion) {
75 | self.init(x: SCNFloat(q.x), y: SCNFloat(q.y), z: SCNFloat(q.z), w: SCNFloat(q.w))
| `- error: cannot convert value of type 'CGFloat' to expected argument type 'Float'
76 | }
77 | }
/Users/admin/builder/spi-builder-workspace/VectorMath/VectorMath+SceneKit.swift:75:58: error: cannot convert value of type 'CGFloat' to expected argument type 'Float'
73 | public extension SCNQuaternion {
74 | init(_ q: Quaternion) {
75 | self.init(x: SCNFloat(q.x), y: SCNFloat(q.y), z: SCNFloat(q.z), w: SCNFloat(q.w))
| `- error: cannot convert value of type 'CGFloat' to expected argument type 'Float'
76 | }
77 | }
SwiftCompile normal arm64 /Users/admin/builder/spi-builder-workspace/VectorMath/VectorMath+SceneKit.swift (in target 'VectorMath' from project 'VectorMath')
cd /Users/admin/builder/spi-builder-workspace/.swiftpm/xcode
builtin-SwiftPerFileCompile VectorMath+SceneKit.swift
SwiftCompile normal arm64 Compiling\ VectorMath.swift /Users/admin/builder/spi-builder-workspace/VectorMath/VectorMath.swift (in target 'VectorMath' from project 'VectorMath')
SwiftCompile normal arm64 /Users/admin/builder/spi-builder-workspace/VectorMath/VectorMath.swift (in target 'VectorMath' from project 'VectorMath')
cd /Users/admin/builder/spi-builder-workspace/.swiftpm/xcode
builtin-SwiftPerFileCompile VectorMath.swift
SwiftCompile normal arm64_32 Compiling\ VectorMath.swift /Users/admin/builder/spi-builder-workspace/VectorMath/VectorMath.swift (in target 'VectorMath' from project 'VectorMath')
SwiftCompile normal arm64_32 /Users/admin/builder/spi-builder-workspace/VectorMath/VectorMath.swift (in target 'VectorMath' from project 'VectorMath')
cd /Users/admin/builder/spi-builder-workspace/.swiftpm/xcode
builtin-SwiftPerFileCompile VectorMath.swift
SwiftEmitModule normal arm64 Emitting\ module\ for\ VectorMath (in target 'VectorMath' from project 'VectorMath')
SwiftCompile normal arm64 (in target 'VectorMath' from project 'VectorMath')
cd /Users/admin/builder/spi-builder-workspace/.swiftpm/xcode
SwiftCompile normal arm64 Compiling\ VectorMath+MapKit.swift /Users/admin/builder/spi-builder-workspace/VectorMath/VectorMath+MapKit.swift (in target 'VectorMath' from project 'VectorMath')
SwiftCompile normal arm64 /Users/admin/builder/spi-builder-workspace/VectorMath/VectorMath+MapKit.swift (in target 'VectorMath' from project 'VectorMath')
cd /Users/admin/builder/spi-builder-workspace/.swiftpm/xcode
builtin-SwiftPerFileCompile VectorMath+MapKit.swift
SwiftCompile normal arm64_32 Compiling\ VectorMath+Quartz.swift /Users/admin/builder/spi-builder-workspace/VectorMath/VectorMath+Quartz.swift (in target 'VectorMath' from project 'VectorMath')
SwiftCompile normal arm64_32 /Users/admin/builder/spi-builder-workspace/VectorMath/VectorMath+Quartz.swift (in target 'VectorMath' from project 'VectorMath')
cd /Users/admin/builder/spi-builder-workspace/.swiftpm/xcode
builtin-SwiftPerFileCompile VectorMath+Quartz.swift
PruneExplicitPrecompiledModules /Users/admin/builder/spi-builder-workspace/.derivedData/Build/Intermediates.noindex/SwiftExplicitPrecompiledModules
PruneExplicitPrecompiledModules /Users/admin/builder/spi-builder-workspace/.derivedData/SDKExplicitPrecompiledModules
PruneExplicitPrecompiledModules /Users/admin/builder/spi-builder-workspace/.derivedData/Build/Intermediates.noindex/ExplicitPrecompiledModules
2026-09-15 17:10:05.068 xcodebuild[649:4183] [MT] IDERunDestination: Supported platforms for the buildables in the current scheme is empty.
** BUILD FAILED **
The following build commands failed:
SwiftCompile normal arm64_32 (in target 'VectorMath' from project 'VectorMath')
SwiftEmitModule normal arm64_32 Emitting\ module\ for\ VectorMath (in target 'VectorMath' from project 'VectorMath')
Building workspace VectorMath with scheme VectorMath
(3 failures)
Command line invocation:
/Applications/Xcode-27.0.0-Release.Candidate.app/Contents/Developer/usr/bin/xcodebuild -IDEClonedSourcePackagesDirPathOverride=/Users/admin/builder/spi-builder-workspace/.dependencies -resolvePackageDependencies
Resolve Package Graph
Resolved source packages:
VectorMath: /Users/admin/builder/spi-builder-workspace
resolved source packages: VectorMath
2026-09-15 17:10:10.801 xcodebuild[674:4449] [MT] IDERunDestination: Supported platforms for the buildables in the current scheme is empty.
{
"dependencies" : [
],
"manifest_display_name" : "VectorMath",
"name" : "VectorMath",
"path" : "/Users/admin/builder/spi-builder-workspace",
"platforms" : [
],
"products" : [
{
"name" : "VectorMath",
"targets" : [
"VectorMath"
],
"type" : {
"library" : [
"automatic"
]
}
}
],
"targets" : [
{
"c99name" : "VectorMathTests",
"module_type" : "SwiftTarget",
"name" : "VectorMathTests",
"path" : "Tests/VectorMathTests",
"sources" : [
"QuartzTests.swift",
"VectorMathTests.swift",
"XCTestManifests.swift"
],
"target_dependencies" : [
"VectorMath"
],
"type" : "test"
},
{
"c99name" : "VectorMath",
"module_type" : "SwiftTarget",
"name" : "VectorMath",
"path" : "VectorMath",
"product_memberships" : [
"VectorMath"
],
"sources" : [
"VectorMath+MapKit.swift",
"VectorMath+Quartz.swift",
"VectorMath+SceneKit.swift",
"VectorMath.swift"
],
"type" : "library"
}
],
"tools_version" : "4.2"
}
{
"workspace" : {
"name" : "VectorMath",
"schemes" : [
"VectorMath"
]
}
}
2026-09-15 17:10:12.017 xcodebuild[682:4521] [MT] IDERunDestination: Supported platforms for the buildables in the current scheme is empty.
Running build ...
env DEVELOPER_DIR=/Applications/Xcode-27.0.0-Release.Candidate.app xcrun xcodebuild -IDEClonedSourcePackagesDirPathOverride=$PWD/.dependencies -skipMacroValidation -skipPackagePluginValidation -derivedDataPath $PWD/.derivedData build -scheme VectorMath -destination generic/platform=watchOS
Command line invocation:
/Applications/Xcode-27.0.0-Release.Candidate.app/Contents/Developer/usr/bin/xcodebuild -IDEClonedSourcePackagesDirPathOverride=/Users/admin/builder/spi-builder-workspace/.dependencies -skipMacroValidation -skipPackagePluginValidation -derivedDataPath /Users/admin/builder/spi-builder-workspace/.derivedData build -scheme VectorMath -destination generic/platform=watchOS
Resolve Package Graph
Resolved source packages:
VectorMath: /Users/admin/builder/spi-builder-workspace
ComputePackagePrebuildTargetDependencyGraph
Prepare packages
CreateBuildRequest
SendProjectDescription
CreateBuildOperation
ComputeTargetDependencyGraph
note: Building targets in dependency order
note: Target dependency graph (2 targets)
Target 'VectorMath-product' in project 'VectorMath'
➜ Explicit dependency on target 'VectorMath' in project 'VectorMath'
Target 'VectorMath' in project 'VectorMath' (no dependencies)
GatherProvisioningInputs
CreateBuildDescription
ClangStatCache /Applications/Xcode-27.0.0-Release.Candidate.app/Contents/Developer/Toolchains/XcodeDefault.xctoolchain/usr/bin/clang-stat-cache /Applications/Xcode-27.0.0-Release.Candidate.app/Contents/Developer/Platforms/WatchOS.platform/Developer/SDKs/WatchOS27.0.sdk /Users/admin/builder/spi-builder-workspace/.derivedData/SDKStatCaches.noindex/watchos27.0-24R360-e829b21a6f8c9b70876ba0858053c04477534ef55a1706bf4c1112bbb242f0a2.sdkstatcache
cd /Users/admin/builder/spi-builder-workspace/.swiftpm/xcode
/Applications/Xcode-27.0.0-Release.Candidate.app/Contents/Developer/Toolchains/XcodeDefault.xctoolchain/usr/bin/clang-stat-cache /Applications/Xcode-27.0.0-Release.Candidate.app/Contents/Developer/Platforms/WatchOS.platform/Developer/SDKs/WatchOS27.0.sdk -o /Users/admin/builder/spi-builder-workspace/.derivedData/SDKStatCaches.noindex/watchos27.0-24R360-e829b21a6f8c9b70876ba0858053c04477534ef55a1706bf4c1112bbb242f0a2.sdkstatcache
SwiftDriver VectorMath normal arm64_32 com.apple.xcode.tools.swift.compiler (in target 'VectorMath' from project 'VectorMath')
cd /Users/admin/builder/spi-builder-workspace/.swiftpm/xcode
builtin-SwiftDriver -- /Applications/Xcode-27.0.0-Release.Candidate.app/Contents/Developer/Toolchains/XcodeDefault.xctoolchain/usr/bin/swiftc -parse-as-library -module-name VectorMath -Onone @/Users/admin/builder/spi-builder-workspace/.derivedData/Build/Intermediates.noindex/VectorMath.build/Debug-watchos/VectorMath-t.build/Objects-normal/arm64_32/VectorMath.SwiftFileList -DSWIFT_PACKAGE -DDEBUG -DSWIFT_MODULE_RESOURCE_BUNDLE_UNAVAILABLE -DXcode -plugin-path /Applications/Xcode-27.0.0-Release.Candidate.app/Contents/Developer/Toolchains/XcodeDefault.xctoolchain/usr/lib/swift/host/plugins/testing -enable-experimental-feature DebugDescriptionMacro -sdk /Applications/Xcode-27.0.0-Release.Candidate.app/Contents/Developer/Platforms/WatchOS.platform/Developer/SDKs/WatchOS27.0.sdk -target arm64_32-apple-watchos9.0 -g -module-cache-path /Users/admin/builder/spi-builder-workspace/.derivedData/ModuleCache.noindex -Xfrontend -serialize-debugging-options -profile-coverage-mapping -profile-generate -enable-testing -index-store-path /Users/admin/builder/spi-builder-workspace/.derivedData/Index.noindex/DataStore -Xcc -D_LIBCPP_HARDENING_MODE\=_LIBCPP_HARDENING_MODE_DEBUG -swift-version 4.2 -I /Users/admin/builder/spi-builder-workspace/.derivedData/Build/Products/Debug-watchos -Isystem /Applications/Xcode-27.0.0-Release.Candidate.app/Contents/Developer/Platforms/WatchOS.platform/Developer/usr/lib -F /Users/admin/builder/spi-builder-workspace/.derivedData/Build/Products/Debug-watchos -F /Applications/Xcode-27.0.0-Release.Candidate.app/Contents/Developer/Platforms/WatchOS.platform/Developer/Library/Frameworks -F /Applications/Xcode-27.0.0-Release.Candidate.app/Contents/Developer/Platforms/WatchOS.platform/Developer/SDKs/WatchOS27.0.sdk/Developer/Library/Frameworks -c -j10 -enable-batch-mode -incremental -Xcc -ivfsstatcache -Xcc /Users/admin/builder/spi-builder-workspace/.derivedData/SDKStatCaches.noindex/watchos27.0-24R360-e829b21a6f8c9b70876ba0858053c04477534ef55a1706bf4c1112bbb242f0a2.sdkstatcache -output-file-map /Users/admin/builder/spi-builder-workspace/.derivedData/Build/Intermediates.noindex/VectorMath.build/Debug-watchos/VectorMath-t.build/Objects-normal/arm64_32/VectorMath-OutputFileMap.json -save-temps -no-color-diagnostics -emit-dependencies -emit-module -emit-module-path /Users/admin/builder/spi-builder-workspace/.derivedData/Build/Intermediates.noindex/VectorMath.build/Debug-watchos/VectorMath-t.build/Objects-normal/arm64_32/VectorMath.swiftmodule -serialize-diagnostics -validate-clang-modules-once -clang-build-session-file /Users/admin/builder/spi-builder-workspace/.derivedData/ModuleCache.noindex/Session.modulevalidation -Xcc -fmodules-prune-interval\=86400 -Xcc -fmodules-prune-after\=345600 -emit-const-values -const-gather-protocols-list /Users/admin/builder/spi-builder-workspace/.derivedData/Build/Intermediates.noindex/VectorMath.build/Debug-watchos/VectorMath-t.build/Objects-normal/arm64_32/VectorMath_const_extract_protocols.json -Xcc -I/Users/admin/builder/spi-builder-workspace/.derivedData/Build/Products/Debug-watchos/include -Xcc -I/Users/admin/builder/spi-builder-workspace/.derivedData/Build/Intermediates.noindex/VectorMath.build/Debug-watchos/VectorMath-t.build/DerivedSources-normal/arm64_32 -Xcc -I/Users/admin/builder/spi-builder-workspace/.derivedData/Build/Intermediates.noindex/VectorMath.build/Debug-watchos/VectorMath-t.build/DerivedSources/arm64_32 -Xcc -I/Users/admin/builder/spi-builder-workspace/.derivedData/Build/Intermediates.noindex/VectorMath.build/Debug-watchos/VectorMath-t.build/DerivedSources -Xcc -DSWIFT_PACKAGE -Xcc -DDEBUG\=1 -emit-objc-header -emit-objc-header-path /Users/admin/builder/spi-builder-workspace/.derivedData/Build/Intermediates.noindex/VectorMath.build/Debug-watchos/VectorMath-t.build/Objects-normal/arm64_32/VectorMath-Swift.h -working-directory /Users/admin/builder/spi-builder-workspace/.swiftpm/xcode -experimental-emit-module-separately -disable-cmo
SwiftDriver VectorMath normal arm64 com.apple.xcode.tools.swift.compiler (in target 'VectorMath' from project 'VectorMath')
cd /Users/admin/builder/spi-builder-workspace/.swiftpm/xcode
builtin-SwiftDriver -- /Applications/Xcode-27.0.0-Release.Candidate.app/Contents/Developer/Toolchains/XcodeDefault.xctoolchain/usr/bin/swiftc -parse-as-library -module-name VectorMath -Onone @/Users/admin/builder/spi-builder-workspace/.derivedData/Build/Intermediates.noindex/VectorMath.build/Debug-watchos/VectorMath-t.build/Objects-normal/arm64/VectorMath.SwiftFileList -DSWIFT_PACKAGE -DDEBUG -DSWIFT_MODULE_RESOURCE_BUNDLE_UNAVAILABLE -DXcode -plugin-path /Applications/Xcode-27.0.0-Release.Candidate.app/Contents/Developer/Toolchains/XcodeDefault.xctoolchain/usr/lib/swift/host/plugins/testing -enable-experimental-feature DebugDescriptionMacro -sdk /Applications/Xcode-27.0.0-Release.Candidate.app/Contents/Developer/Platforms/WatchOS.platform/Developer/SDKs/WatchOS27.0.sdk -target arm64-apple-watchos9.0 -g -module-cache-path /Users/admin/builder/spi-builder-workspace/.derivedData/ModuleCache.noindex -Xfrontend -serialize-debugging-options -profile-coverage-mapping -profile-generate -enable-testing -index-store-path /Users/admin/builder/spi-builder-workspace/.derivedData/Index.noindex/DataStore -Xcc -D_LIBCPP_HARDENING_MODE\=_LIBCPP_HARDENING_MODE_DEBUG -swift-version 4.2 -I /Users/admin/builder/spi-builder-workspace/.derivedData/Build/Products/Debug-watchos -Isystem /Applications/Xcode-27.0.0-Release.Candidate.app/Contents/Developer/Platforms/WatchOS.platform/Developer/usr/lib -F /Users/admin/builder/spi-builder-workspace/.derivedData/Build/Products/Debug-watchos -F /Applications/Xcode-27.0.0-Release.Candidate.app/Contents/Developer/Platforms/WatchOS.platform/Developer/Library/Frameworks -F /Applications/Xcode-27.0.0-Release.Candidate.app/Contents/Developer/Platforms/WatchOS.platform/Developer/SDKs/WatchOS27.0.sdk/Developer/Library/Frameworks -c -j10 -enable-batch-mode -incremental -Xcc -ivfsstatcache -Xcc /Users/admin/builder/spi-builder-workspace/.derivedData/SDKStatCaches.noindex/watchos27.0-24R360-e829b21a6f8c9b70876ba0858053c04477534ef55a1706bf4c1112bbb242f0a2.sdkstatcache -output-file-map /Users/admin/builder/spi-builder-workspace/.derivedData/Build/Intermediates.noindex/VectorMath.build/Debug-watchos/VectorMath-t.build/Objects-normal/arm64/VectorMath-OutputFileMap.json -save-temps -no-color-diagnostics -emit-dependencies -emit-module -emit-module-path /Users/admin/builder/spi-builder-workspace/.derivedData/Build/Intermediates.noindex/VectorMath.build/Debug-watchos/VectorMath-t.build/Objects-normal/arm64/VectorMath.swiftmodule -serialize-diagnostics -validate-clang-modules-once -clang-build-session-file /Users/admin/builder/spi-builder-workspace/.derivedData/ModuleCache.noindex/Session.modulevalidation -Xcc -fmodules-prune-interval\=86400 -Xcc -fmodules-prune-after\=345600 -emit-const-values -const-gather-protocols-list /Users/admin/builder/spi-builder-workspace/.derivedData/Build/Intermediates.noindex/VectorMath.build/Debug-watchos/VectorMath-t.build/Objects-normal/arm64/VectorMath_const_extract_protocols.json -Xcc -I/Users/admin/builder/spi-builder-workspace/.derivedData/Build/Products/Debug-watchos/include -Xcc -I/Users/admin/builder/spi-builder-workspace/.derivedData/Build/Intermediates.noindex/VectorMath.build/Debug-watchos/VectorMath-t.build/DerivedSources-normal/arm64 -Xcc -I/Users/admin/builder/spi-builder-workspace/.derivedData/Build/Intermediates.noindex/VectorMath.build/Debug-watchos/VectorMath-t.build/DerivedSources/arm64 -Xcc -I/Users/admin/builder/spi-builder-workspace/.derivedData/Build/Intermediates.noindex/VectorMath.build/Debug-watchos/VectorMath-t.build/DerivedSources -Xcc -DSWIFT_PACKAGE -Xcc -DDEBUG\=1 -emit-objc-header -emit-objc-header-path /Users/admin/builder/spi-builder-workspace/.derivedData/Build/Intermediates.noindex/VectorMath.build/Debug-watchos/VectorMath-t.build/Objects-normal/arm64/VectorMath-Swift.h -working-directory /Users/admin/builder/spi-builder-workspace/.swiftpm/xcode -experimental-emit-module-separately -disable-cmo
SwiftCompile normal arm64 Compiling\ VectorMath+Quartz.swift /Users/admin/builder/spi-builder-workspace/VectorMath/VectorMath+Quartz.swift (in target 'VectorMath' from project 'VectorMath')
SwiftCompile normal arm64 /Users/admin/builder/spi-builder-workspace/VectorMath/VectorMath+Quartz.swift (in target 'VectorMath' from project 'VectorMath')
cd /Users/admin/builder/spi-builder-workspace/.swiftpm/xcode
builtin-SwiftPerFileCompile VectorMath+Quartz.swift
/Users/admin/builder/spi-builder-workspace/VectorMath/VectorMath+Quartz.swift:68:18: error: 'CATransform3D' is unavailable in watchOS
66 | }
67 |
68 | public extension CATransform3D {
| `- error: 'CATransform3D' is unavailable in watchOS
69 | init(_ m: Matrix4) {
70 | self.init(
/Applications/Xcode-27.0.0-Release.Candidate.app/Contents/Developer/Platforms/WatchOS.platform/Developer/SDKs/WatchOS27.0.sdk/System/Library/Frameworks/QuartzCore.framework/Headers/CATransform3D.h:17:8: note: 'CATransform3D' has been explicitly marked unavailable here
15 | /* Homogeneous three-dimensional transforms. */
16 |
17 | struct CATransform3D
| `- note: 'CATransform3D' has been explicitly marked unavailable here
18 | {
19 | CGFloat m11, m12, m13, m14;
SwiftCompile normal arm64 Compiling\ VectorMath+MapKit.swift /Users/admin/builder/spi-builder-workspace/VectorMath/VectorMath+MapKit.swift (in target 'VectorMath' from project 'VectorMath')
SwiftCompile normal arm64 /Users/admin/builder/spi-builder-workspace/VectorMath/VectorMath+MapKit.swift (in target 'VectorMath' from project 'VectorMath')
cd /Users/admin/builder/spi-builder-workspace/.swiftpm/xcode
builtin-SwiftPerFileCompile VectorMath+MapKit.swift
SwiftCompile normal arm64 Compiling\ VectorMath.swift /Users/admin/builder/spi-builder-workspace/VectorMath/VectorMath.swift (in target 'VectorMath' from project 'VectorMath')
SwiftCompile normal arm64 /Users/admin/builder/spi-builder-workspace/VectorMath/VectorMath.swift (in target 'VectorMath' from project 'VectorMath')
cd /Users/admin/builder/spi-builder-workspace/.swiftpm/xcode
builtin-SwiftPerFileCompile VectorMath.swift
SwiftCompile normal arm64 Compiling\ VectorMath+SceneKit.swift /Users/admin/builder/spi-builder-workspace/VectorMath/VectorMath+SceneKit.swift (in target 'VectorMath' from project 'VectorMath')
SwiftCompile normal arm64 /Users/admin/builder/spi-builder-workspace/VectorMath/VectorMath+SceneKit.swift (in target 'VectorMath' from project 'VectorMath')
cd /Users/admin/builder/spi-builder-workspace/.swiftpm/xcode
builtin-SwiftPerFileCompile VectorMath+SceneKit.swift
/Users/admin/builder/spi-builder-workspace/VectorMath/VectorMath+SceneKit.swift:48:22: error: cannot convert value of type 'CGFloat' to expected argument type 'Float'
46 | public extension SCNVector3 {
47 | init(_ v: Vector3) {
48 | self.init(x: SCNFloat(v.x), y: SCNFloat(v.y), z: SCNFloat(v.z))
| `- error: cannot convert value of type 'CGFloat' to expected argument type 'Float'
49 | }
50 | }
/Users/admin/builder/spi-builder-workspace/VectorMath/VectorMath+SceneKit.swift:48:40: error: cannot convert value of type 'CGFloat' to expected argument type 'Float'
46 | public extension SCNVector3 {
47 | init(_ v: Vector3) {
48 | self.init(x: SCNFloat(v.x), y: SCNFloat(v.y), z: SCNFloat(v.z))
| `- error: cannot convert value of type 'CGFloat' to expected argument type 'Float'
49 | }
50 | }
/Users/admin/builder/spi-builder-workspace/VectorMath/VectorMath+SceneKit.swift:48:58: error: cannot convert value of type 'CGFloat' to expected argument type 'Float'
46 | public extension SCNVector3 {
47 | init(_ v: Vector3) {
48 | self.init(x: SCNFloat(v.x), y: SCNFloat(v.y), z: SCNFloat(v.z))
| `- error: cannot convert value of type 'CGFloat' to expected argument type 'Float'
49 | }
50 | }
/Users/admin/builder/spi-builder-workspace/VectorMath/VectorMath+SceneKit.swift:54:22: error: cannot convert value of type 'CGFloat' to expected argument type 'Float'
52 | public extension SCNVector4 {
53 | init(_ v: Vector4) {
54 | self.init(x: SCNFloat(v.x), y: SCNFloat(v.y), z: SCNFloat(v.z), w: SCNFloat(v.w))
| `- error: cannot convert value of type 'CGFloat' to expected argument type 'Float'
55 | }
56 | }
/Users/admin/builder/spi-builder-workspace/VectorMath/VectorMath+SceneKit.swift:54:40: error: cannot convert value of type 'CGFloat' to expected argument type 'Float'
52 | public extension SCNVector4 {
53 | init(_ v: Vector4) {
54 | self.init(x: SCNFloat(v.x), y: SCNFloat(v.y), z: SCNFloat(v.z), w: SCNFloat(v.w))
| `- error: cannot convert value of type 'CGFloat' to expected argument type 'Float'
55 | }
56 | }
/Users/admin/builder/spi-builder-workspace/VectorMath/VectorMath+SceneKit.swift:54:58: error: cannot convert value of type 'CGFloat' to expected argument type 'Float'
52 | public extension SCNVector4 {
53 | init(_ v: Vector4) {
54 | self.init(x: SCNFloat(v.x), y: SCNFloat(v.y), z: SCNFloat(v.z), w: SCNFloat(v.w))
| `- error: cannot convert value of type 'CGFloat' to expected argument type 'Float'
55 | }
56 | }
/Users/admin/builder/spi-builder-workspace/VectorMath/VectorMath+SceneKit.swift:54:76: error: cannot convert value of type 'CGFloat' to expected argument type 'Float'
52 | public extension SCNVector4 {
53 | init(_ v: Vector4) {
54 | self.init(x: SCNFloat(v.x), y: SCNFloat(v.y), z: SCNFloat(v.z), w: SCNFloat(v.w))
| `- error: cannot convert value of type 'CGFloat' to expected argument type 'Float'
55 | }
56 | }
/Users/admin/builder/spi-builder-workspace/VectorMath/VectorMath+SceneKit.swift:75:22: error: cannot convert value of type 'CGFloat' to expected argument type 'Float'
73 | public extension SCNQuaternion {
74 | init(_ q: Quaternion) {
75 | self.init(x: SCNFloat(q.x), y: SCNFloat(q.y), z: SCNFloat(q.z), w: SCNFloat(q.w))
| `- error: cannot convert value of type 'CGFloat' to expected argument type 'Float'
76 | }
77 | }
/Users/admin/builder/spi-builder-workspace/VectorMath/VectorMath+SceneKit.swift:75:40: error: cannot convert value of type 'CGFloat' to expected argument type 'Float'
73 | public extension SCNQuaternion {
74 | init(_ q: Quaternion) {
75 | self.init(x: SCNFloat(q.x), y: SCNFloat(q.y), z: SCNFloat(q.z), w: SCNFloat(q.w))
| `- error: cannot convert value of type 'CGFloat' to expected argument type 'Float'
76 | }
77 | }
/Users/admin/builder/spi-builder-workspace/VectorMath/VectorMath+SceneKit.swift:75:58: error: cannot convert value of type 'CGFloat' to expected argument type 'Float'
73 | public extension SCNQuaternion {
74 | init(_ q: Quaternion) {
75 | self.init(x: SCNFloat(q.x), y: SCNFloat(q.y), z: SCNFloat(q.z), w: SCNFloat(q.w))
| `- error: cannot convert value of type 'CGFloat' to expected argument type 'Float'
76 | }
77 | }
SwiftEmitModule normal arm64 Emitting\ module\ for\ VectorMath (in target 'VectorMath' from project 'VectorMath')
/Users/admin/builder/spi-builder-workspace/VectorMath/VectorMath+Quartz.swift:68:18: error: 'CATransform3D' is unavailable in watchOS
66 | }
67 |
68 | public extension CATransform3D {
| `- error: 'CATransform3D' is unavailable in watchOS
69 | init(_ m: Matrix4) {
70 | self.init(
/Applications/Xcode-27.0.0-Release.Candidate.app/Contents/Developer/Platforms/WatchOS.platform/Developer/SDKs/WatchOS27.0.sdk/System/Library/Frameworks/QuartzCore.framework/Headers/CATransform3D.h:17:8: note: 'CATransform3D' has been explicitly marked unavailable here
15 | /* Homogeneous three-dimensional transforms. */
16 |
17 | struct CATransform3D
| `- note: 'CATransform3D' has been explicitly marked unavailable here
18 | {
19 | CGFloat m11, m12, m13, m14;
/Users/admin/builder/spi-builder-workspace/VectorMath/VectorMath+Quartz.swift:106:15: error: 'CATransform3D' is unavailable in watchOS
104 |
105 | public extension Matrix4 {
106 | init(_ m: CATransform3D) {
| `- error: 'CATransform3D' is unavailable in watchOS
107 | self.init(
108 | m11: Scalar(m.m11), m12: Scalar(m.m12), m13: Scalar(m.m13), m14: Scalar(m.m14),
/Applications/Xcode-27.0.0-Release.Candidate.app/Contents/Developer/Platforms/WatchOS.platform/Developer/SDKs/WatchOS27.0.sdk/System/Library/Frameworks/QuartzCore.framework/Headers/CATransform3D.h:17:8: note: 'CATransform3D' has been explicitly marked unavailable here
15 | /* Homogeneous three-dimensional transforms. */
16 |
17 | struct CATransform3D
| `- note: 'CATransform3D' has been explicitly marked unavailable here
18 | {
19 | CGFloat m11, m12, m13, m14;
Failed frontend command:
/Applications/Xcode-27.0.0-Release.Candidate.app/Contents/Developer/Toolchains/XcodeDefault.xctoolchain/usr/bin/swift-frontend -frontend -emit-module -experimental-skip-non-inlinable-function-bodies-without-types /Users/admin/builder/spi-builder-workspace/VectorMath/VectorMath+MapKit.swift /Users/admin/builder/spi-builder-workspace/VectorMath/VectorMath+Quartz.swift /Users/admin/builder/spi-builder-workspace/VectorMath/VectorMath+SceneKit.swift /Users/admin/builder/spi-builder-workspace/VectorMath/VectorMath.swift -target arm64-apple-watchos9.0 -Xllvm -aarch64-use-tbi -enable-objc-interop -stack-check -sdk /Applications/Xcode-27.0.0-Release.Candidate.app/Contents/Developer/Platforms/WatchOS.platform/Developer/SDKs/WatchOS27.0.sdk -I /Users/admin/builder/spi-builder-workspace/.derivedData/Build/Products/Debug-watchos -Isystem /Applications/Xcode-27.0.0-Release.Candidate.app/Contents/Developer/Platforms/WatchOS.platform/Developer/usr/lib -F /Users/admin/builder/spi-builder-workspace/.derivedData/Build/Products/Debug-watchos -F /Applications/Xcode-27.0.0-Release.Candidate.app/Contents/Developer/Platforms/WatchOS.platform/Developer/Library/Frameworks -F /Applications/Xcode-27.0.0-Release.Candidate.app/Contents/Developer/Platforms/WatchOS.platform/Developer/SDKs/WatchOS27.0.sdk/Developer/Library/Frameworks -module-cache-path /Users/admin/builder/spi-builder-workspace/.derivedData/ModuleCache.noindex -no-color-diagnostics -Xcc -fno-color-diagnostics -enable-testing -g -debug-info-format\=dwarf -dwarf-version\=4 -profile-generate -profile-coverage-mapping -swift-version 4.2 -Onone -D SWIFT_PACKAGE -D DEBUG -D SWIFT_MODULE_RESOURCE_BUNDLE_UNAVAILABLE -D Xcode -serialize-debugging-options -enable-experimental-feature DebugDescriptionMacro -empty-abi-descriptor -plugin-path /Applications/Xcode-27.0.0-Release.Candidate.app/Contents/Developer/Toolchains/XcodeDefault.xctoolchain/usr/lib/swift/host/plugins/testing -validate-clang-modules-once -clang-build-session-file /Users/admin/builder/spi-builder-workspace/.derivedData/ModuleCache.noindex/Session.modulevalidation -Xcc -working-directory -Xcc /Users/admin/builder/spi-builder-workspace/.swiftpm/xcode -enable-anonymous-context-mangled-names -file-compilation-dir /Users/admin/builder/spi-builder-workspace/.swiftpm/xcode -Xcc -D_LIBCPP_HARDENING_MODE\=_LIBCPP_HARDENING_MODE_DEBUG -Xcc -ivfsstatcache -Xcc /Users/admin/builder/spi-builder-workspace/.derivedData/SDKStatCaches.noindex/watchos27.0-24R360-e829b21a6f8c9b70876ba0858053c04477534ef55a1706bf4c1112bbb242f0a2.sdkstatcache -Xcc -fmodules-prune-interval\=86400 -Xcc -fmodules-prune-after\=345600 -Xcc -I/Users/admin/builder/spi-builder-workspace/.derivedData/Build/Products/Debug-watchos/include -Xcc -I/Users/admin/builder/spi-builder-workspace/.derivedData/Build/Intermediates.noindex/VectorMath.build/Debug-watchos/VectorMath-t.build/DerivedSources-normal/arm64 -Xcc -I/Users/admin/builder/spi-builder-workspace/.derivedData/Build/Intermediates.noindex/VectorMath.build/Debug-watchos/VectorMath-t.build/DerivedSources/arm64 -Xcc -I/Users/admin/builder/spi-builder-workspace/.derivedData/Build/Intermediates.noindex/VectorMath.build/Debug-watchos/VectorMath-t.build/DerivedSources -Xcc -DSWIFT_PACKAGE -Xcc -DDEBUG\=1 -no-auto-bridging-header-chaining -module-name VectorMath -const-gather-protocols-file /Users/admin/builder/spi-builder-workspace/.derivedData/Build/Intermediates.noindex/VectorMath.build/Debug-watchos/VectorMath-t.build/Objects-normal/arm64/VectorMath_const_extract_protocols.json -disable-clang-spi -target-sdk-version 27.0 -target-sdk-name watchos27.0 -external-plugin-path /Applications/Xcode-27.0.0-Release.Candidate.app/Contents/Developer/Platforms/WatchOS.platform/Developer/usr/lib/swift/host/plugins\#/Applications/Xcode-27.0.0-Release.Candidate.app/Contents/Developer/Platforms/WatchOS.platform/Developer/usr/bin/swift-plugin-server -external-plugin-path /Applications/Xcode-27.0.0-Release.Candidate.app/Contents/Developer/Platforms/WatchOS.platform/Developer/usr/local/lib/swift/host/plugins\#/Applications/Xcode-27.0.0-Release.Candidate.app/Contents/Developer/Platforms/WatchOS.platform/Developer/usr/bin/swift-plugin-server -in-process-plugin-server-path /Applications/Xcode-27.0.0-Release.Candidate.app/Contents/Developer/Toolchains/XcodeDefault.xctoolchain/usr/lib/swift/host/libSwiftInProcPluginServer.dylib -plugin-path /Applications/Xcode-27.0.0-Release.Candidate.app/Contents/Developer/Toolchains/XcodeDefault.xctoolchain/usr/lib/swift/host/plugins -plugin-path /Applications/Xcode-27.0.0-Release.Candidate.app/Contents/Developer/Toolchains/XcodeDefault.xctoolchain/usr/local/lib/swift/host/plugins -emit-module-doc-path /Users/admin/builder/spi-builder-workspace/.derivedData/Build/Intermediates.noindex/VectorMath.build/Debug-watchos/VectorMath-t.build/Objects-normal/arm64/VectorMath.swiftdoc -emit-module-source-info-path /Users/admin/builder/spi-builder-workspace/.derivedData/Build/Intermediates.noindex/VectorMath.build/Debug-watchos/VectorMath-t.build/Objects-normal/arm64/VectorMath.swiftsourceinfo -emit-objc-header-path /Users/admin/builder/spi-builder-workspace/.derivedData/Build/Intermediates.noindex/VectorMath.build/Debug-watchos/VectorMath-t.build/Objects-normal/arm64/VectorMath-Swift.h -serialize-diagnostics-path /Users/admin/builder/spi-builder-workspace/.derivedData/Build/Intermediates.noindex/VectorMath.build/Debug-watchos/VectorMath-t.build/Objects-normal/arm64/VectorMath-primary-emit-module.dia -emit-dependencies-path /Users/admin/builder/spi-builder-workspace/.derivedData/Build/Intermediates.noindex/VectorMath.build/Debug-watchos/VectorMath-t.build/Objects-normal/arm64/VectorMath-primary-emit-module.d -parse-as-library -o /Users/admin/builder/spi-builder-workspace/.derivedData/Build/Intermediates.noindex/VectorMath.build/Debug-watchos/VectorMath-t.build/Objects-normal/arm64/VectorMath.swiftmodule -emit-abi-descriptor-path /Users/admin/builder/spi-builder-workspace/.derivedData/Build/Intermediates.noindex/VectorMath.build/Debug-watchos/VectorMath-t.build/Objects-normal/arm64/VectorMath.abi.json
SwiftCompile normal arm64 (in target 'VectorMath' from project 'VectorMath')
cd /Users/admin/builder/spi-builder-workspace/.swiftpm/xcode
SwiftEmitModule normal arm64_32 Emitting\ module\ for\ VectorMath (in target 'VectorMath' from project 'VectorMath')
/Users/admin/builder/spi-builder-workspace/VectorMath/VectorMath+Quartz.swift:68:18: error: 'CATransform3D' is unavailable in watchOS
66 | }
67 |
68 | public extension CATransform3D {
| `- error: 'CATransform3D' is unavailable in watchOS
69 | init(_ m: Matrix4) {
70 | self.init(
/Applications/Xcode-27.0.0-Release.Candidate.app/Contents/Developer/Platforms/WatchOS.platform/Developer/SDKs/WatchOS27.0.sdk/System/Library/Frameworks/QuartzCore.framework/Headers/CATransform3D.h:17:8: note: 'CATransform3D' has been explicitly marked unavailable here
15 | /* Homogeneous three-dimensional transforms. */
16 |
17 | struct CATransform3D
| `- note: 'CATransform3D' has been explicitly marked unavailable here
18 | {
19 | CGFloat m11, m12, m13, m14;
/Users/admin/builder/spi-builder-workspace/VectorMath/VectorMath+Quartz.swift:106:15: error: 'CATransform3D' is unavailable in watchOS
104 |
105 | public extension Matrix4 {
106 | init(_ m: CATransform3D) {
| `- error: 'CATransform3D' is unavailable in watchOS
107 | self.init(
108 | m11: Scalar(m.m11), m12: Scalar(m.m12), m13: Scalar(m.m13), m14: Scalar(m.m14),
/Applications/Xcode-27.0.0-Release.Candidate.app/Contents/Developer/Platforms/WatchOS.platform/Developer/SDKs/WatchOS27.0.sdk/System/Library/Frameworks/QuartzCore.framework/Headers/CATransform3D.h:17:8: note: 'CATransform3D' has been explicitly marked unavailable here
15 | /* Homogeneous three-dimensional transforms. */
16 |
17 | struct CATransform3D
| `- note: 'CATransform3D' has been explicitly marked unavailable here
18 | {
19 | CGFloat m11, m12, m13, m14;
Failed frontend command:
/Applications/Xcode-27.0.0-Release.Candidate.app/Contents/Developer/Toolchains/XcodeDefault.xctoolchain/usr/bin/swift-frontend -frontend -emit-module -experimental-skip-non-inlinable-function-bodies-without-types /Users/admin/builder/spi-builder-workspace/VectorMath/VectorMath+MapKit.swift /Users/admin/builder/spi-builder-workspace/VectorMath/VectorMath+Quartz.swift /Users/admin/builder/spi-builder-workspace/VectorMath/VectorMath+SceneKit.swift /Users/admin/builder/spi-builder-workspace/VectorMath/VectorMath.swift -target arm64_32-apple-watchos9.0 -enable-objc-interop -sdk /Applications/Xcode-27.0.0-Release.Candidate.app/Contents/Developer/Platforms/WatchOS.platform/Developer/SDKs/WatchOS27.0.sdk -I /Users/admin/builder/spi-builder-workspace/.derivedData/Build/Products/Debug-watchos -Isystem /Applications/Xcode-27.0.0-Release.Candidate.app/Contents/Developer/Platforms/WatchOS.platform/Developer/usr/lib -F /Users/admin/builder/spi-builder-workspace/.derivedData/Build/Products/Debug-watchos -F /Applications/Xcode-27.0.0-Release.Candidate.app/Contents/Developer/Platforms/WatchOS.platform/Developer/Library/Frameworks -F /Applications/Xcode-27.0.0-Release.Candidate.app/Contents/Developer/Platforms/WatchOS.platform/Developer/SDKs/WatchOS27.0.sdk/Developer/Library/Frameworks -module-cache-path /Users/admin/builder/spi-builder-workspace/.derivedData/ModuleCache.noindex -no-color-diagnostics -Xcc -fno-color-diagnostics -enable-testing -g -debug-info-format\=dwarf -dwarf-version\=4 -profile-generate -profile-coverage-mapping -swift-version 4.2 -Onone -D SWIFT_PACKAGE -D DEBUG -D SWIFT_MODULE_RESOURCE_BUNDLE_UNAVAILABLE -D Xcode -serialize-debugging-options -enable-experimental-feature DebugDescriptionMacro -empty-abi-descriptor -plugin-path /Applications/Xcode-27.0.0-Release.Candidate.app/Contents/Developer/Toolchains/XcodeDefault.xctoolchain/usr/lib/swift/host/plugins/testing -validate-clang-modules-once -clang-build-session-file /Users/admin/builder/spi-builder-workspace/.derivedData/ModuleCache.noindex/Session.modulevalidation -Xcc -working-directory -Xcc /Users/admin/builder/spi-builder-workspace/.swiftpm/xcode -enable-anonymous-context-mangled-names -file-compilation-dir /Users/admin/builder/spi-builder-workspace/.swiftpm/xcode -Xcc -D_LIBCPP_HARDENING_MODE\=_LIBCPP_HARDENING_MODE_DEBUG -Xcc -ivfsstatcache -Xcc /Users/admin/builder/spi-builder-workspace/.derivedData/SDKStatCaches.noindex/watchos27.0-24R360-e829b21a6f8c9b70876ba0858053c04477534ef55a1706bf4c1112bbb242f0a2.sdkstatcache -Xcc -fmodules-prune-interval\=86400 -Xcc -fmodules-prune-after\=345600 -Xcc -I/Users/admin/builder/spi-builder-workspace/.derivedData/Build/Products/Debug-watchos/include -Xcc -I/Users/admin/builder/spi-builder-workspace/.derivedData/Build/Intermediates.noindex/VectorMath.build/Debug-watchos/VectorMath-t.build/DerivedSources-normal/arm64_32 -Xcc -I/Users/admin/builder/spi-builder-workspace/.derivedData/Build/Intermediates.noindex/VectorMath.build/Debug-watchos/VectorMath-t.build/DerivedSources/arm64_32 -Xcc -I/Users/admin/builder/spi-builder-workspace/.derivedData/Build/Intermediates.noindex/VectorMath.build/Debug-watchos/VectorMath-t.build/DerivedSources -Xcc -DSWIFT_PACKAGE -Xcc -DDEBUG\=1 -no-auto-bridging-header-chaining -module-name VectorMath -const-gather-protocols-file /Users/admin/builder/spi-builder-workspace/.derivedData/Build/Intermediates.noindex/VectorMath.build/Debug-watchos/VectorMath-t.build/Objects-normal/arm64_32/VectorMath_const_extract_protocols.json -disable-clang-spi -target-sdk-version 27.0 -target-sdk-name watchos27.0 -external-plugin-path /Applications/Xcode-27.0.0-Release.Candidate.app/Contents/Developer/Platforms/WatchOS.platform/Developer/usr/lib/swift/host/plugins\#/Applications/Xcode-27.0.0-Release.Candidate.app/Contents/Developer/Platforms/WatchOS.platform/Developer/usr/bin/swift-plugin-server -external-plugin-path /Applications/Xcode-27.0.0-Release.Candidate.app/Contents/Developer/Platforms/WatchOS.platform/Developer/usr/local/lib/swift/host/plugins\#/Applications/Xcode-27.0.0-Release.Candidate.app/Contents/Developer/Platforms/WatchOS.platform/Developer/usr/bin/swift-plugin-server -in-process-plugin-server-path /Applications/Xcode-27.0.0-Release.Candidate.app/Contents/Developer/Toolchains/XcodeDefault.xctoolchain/usr/lib/swift/host/libSwiftInProcPluginServer.dylib -plugin-path /Applications/Xcode-27.0.0-Release.Candidate.app/Contents/Developer/Toolchains/XcodeDefault.xctoolchain/usr/lib/swift/host/plugins -plugin-path /Applications/Xcode-27.0.0-Release.Candidate.app/Contents/Developer/Toolchains/XcodeDefault.xctoolchain/usr/local/lib/swift/host/plugins -emit-module-doc-path /Users/admin/builder/spi-builder-workspace/.derivedData/Build/Intermediates.noindex/VectorMath.build/Debug-watchos/VectorMath-t.build/Objects-normal/arm64_32/VectorMath.swiftdoc -emit-module-source-info-path /Users/admin/builder/spi-builder-workspace/.derivedData/Build/Intermediates.noindex/VectorMath.build/Debug-watchos/VectorMath-t.build/Objects-normal/arm64_32/VectorMath.swiftsourceinfo -emit-objc-header-path /Users/admin/builder/spi-builder-workspace/.derivedData/Build/Intermediates.noindex/VectorMath.build/Debug-watchos/VectorMath-t.build/Objects-normal/arm64_32/VectorMath-Swift.h -serialize-diagnostics-path /Users/admin/builder/spi-builder-workspace/.derivedData/Build/Intermediates.noindex/VectorMath.build/Debug-watchos/VectorMath-t.build/Objects-normal/arm64_32/VectorMath-primary-emit-module.dia -emit-dependencies-path /Users/admin/builder/spi-builder-workspace/.derivedData/Build/Intermediates.noindex/VectorMath.build/Debug-watchos/VectorMath-t.build/Objects-normal/arm64_32/VectorMath-primary-emit-module.d -parse-as-library -o /Users/admin/builder/spi-builder-workspace/.derivedData/Build/Intermediates.noindex/VectorMath.build/Debug-watchos/VectorMath-t.build/Objects-normal/arm64_32/VectorMath.swiftmodule -emit-abi-descriptor-path /Users/admin/builder/spi-builder-workspace/.derivedData/Build/Intermediates.noindex/VectorMath.build/Debug-watchos/VectorMath-t.build/Objects-normal/arm64_32/VectorMath.abi.json
SwiftCompile normal arm64_32 (in target 'VectorMath' from project 'VectorMath')
cd /Users/admin/builder/spi-builder-workspace/.swiftpm/xcode
SwiftCompile normal arm64_32 Compiling\ VectorMath+MapKit.swift /Users/admin/builder/spi-builder-workspace/VectorMath/VectorMath+MapKit.swift (in target 'VectorMath' from project 'VectorMath')
SwiftCompile normal arm64_32 /Users/admin/builder/spi-builder-workspace/VectorMath/VectorMath+MapKit.swift (in target 'VectorMath' from project 'VectorMath')
cd /Users/admin/builder/spi-builder-workspace/.swiftpm/xcode
builtin-SwiftPerFileCompile VectorMath+MapKit.swift
SwiftCompile normal arm64_32 Compiling\ VectorMath.swift /Users/admin/builder/spi-builder-workspace/VectorMath/VectorMath.swift (in target 'VectorMath' from project 'VectorMath')
SwiftCompile normal arm64_32 /Users/admin/builder/spi-builder-workspace/VectorMath/VectorMath.swift (in target 'VectorMath' from project 'VectorMath')
cd /Users/admin/builder/spi-builder-workspace/.swiftpm/xcode
builtin-SwiftPerFileCompile VectorMath.swift
SwiftCompile normal arm64_32 Compiling\ VectorMath+SceneKit.swift /Users/admin/builder/spi-builder-workspace/VectorMath/VectorMath+SceneKit.swift (in target 'VectorMath' from project 'VectorMath')
/Users/admin/builder/spi-builder-workspace/VectorMath/VectorMath+SceneKit.swift:48:22: error: cannot convert value of type 'CGFloat' to expected argument type 'Float'
46 | public extension SCNVector3 {
47 | init(_ v: Vector3) {
48 | self.init(x: SCNFloat(v.x), y: SCNFloat(v.y), z: SCNFloat(v.z))
| `- error: cannot convert value of type 'CGFloat' to expected argument type 'Float'
49 | }
50 | }
/Users/admin/builder/spi-builder-workspace/VectorMath/VectorMath+SceneKit.swift:48:40: error: cannot convert value of type 'CGFloat' to expected argument type 'Float'
46 | public extension SCNVector3 {
47 | init(_ v: Vector3) {
48 | self.init(x: SCNFloat(v.x), y: SCNFloat(v.y), z: SCNFloat(v.z))
| `- error: cannot convert value of type 'CGFloat' to expected argument type 'Float'
49 | }
50 | }
/Users/admin/builder/spi-builder-workspace/VectorMath/VectorMath+SceneKit.swift:48:58: error: cannot convert value of type 'CGFloat' to expected argument type 'Float'
46 | public extension SCNVector3 {
47 | init(_ v: Vector3) {
48 | self.init(x: SCNFloat(v.x), y: SCNFloat(v.y), z: SCNFloat(v.z))
| `- error: cannot convert value of type 'CGFloat' to expected argument type 'Float'
49 | }
50 | }
/Users/admin/builder/spi-builder-workspace/VectorMath/VectorMath+SceneKit.swift:54:22: error: cannot convert value of type 'CGFloat' to expected argument type 'Float'
52 | public extension SCNVector4 {
53 | init(_ v: Vector4) {
54 | self.init(x: SCNFloat(v.x), y: SCNFloat(v.y), z: SCNFloat(v.z), w: SCNFloat(v.w))
| `- error: cannot convert value of type 'CGFloat' to expected argument type 'Float'
55 | }
56 | }
/Users/admin/builder/spi-builder-workspace/VectorMath/VectorMath+SceneKit.swift:54:40: error: cannot convert value of type 'CGFloat' to expected argument type 'Float'
52 | public extension SCNVector4 {
53 | init(_ v: Vector4) {
54 | self.init(x: SCNFloat(v.x), y: SCNFloat(v.y), z: SCNFloat(v.z), w: SCNFloat(v.w))
| `- error: cannot convert value of type 'CGFloat' to expected argument type 'Float'
55 | }
56 | }
/Users/admin/builder/spi-builder-workspace/VectorMath/VectorMath+SceneKit.swift:54:58: error: cannot convert value of type 'CGFloat' to expected argument type 'Float'
52 | public extension SCNVector4 {
53 | init(_ v: Vector4) {
54 | self.init(x: SCNFloat(v.x), y: SCNFloat(v.y), z: SCNFloat(v.z), w: SCNFloat(v.w))
| `- error: cannot convert value of type 'CGFloat' to expected argument type 'Float'
55 | }
56 | }
/Users/admin/builder/spi-builder-workspace/VectorMath/VectorMath+SceneKit.swift:54:76: error: cannot convert value of type 'CGFloat' to expected argument type 'Float'
52 | public extension SCNVector4 {
53 | init(_ v: Vector4) {
54 | self.init(x: SCNFloat(v.x), y: SCNFloat(v.y), z: SCNFloat(v.z), w: SCNFloat(v.w))
| `- error: cannot convert value of type 'CGFloat' to expected argument type 'Float'
55 | }
56 | }
/Users/admin/builder/spi-builder-workspace/VectorMath/VectorMath+SceneKit.swift:75:22: error: cannot convert value of type 'CGFloat' to expected argument type 'Float'
73 | public extension SCNQuaternion {
74 | init(_ q: Quaternion) {
75 | self.init(x: SCNFloat(q.x), y: SCNFloat(q.y), z: SCNFloat(q.z), w: SCNFloat(q.w))
| `- error: cannot convert value of type 'CGFloat' to expected argument type 'Float'
76 | }
77 | }
/Users/admin/builder/spi-builder-workspace/VectorMath/VectorMath+SceneKit.swift:75:40: error: cannot convert value of type 'CGFloat' to expected argument type 'Float'
73 | public extension SCNQuaternion {
74 | init(_ q: Quaternion) {
75 | self.init(x: SCNFloat(q.x), y: SCNFloat(q.y), z: SCNFloat(q.z), w: SCNFloat(q.w))
| `- error: cannot convert value of type 'CGFloat' to expected argument type 'Float'
76 | }
77 | }
/Users/admin/builder/spi-builder-workspace/VectorMath/VectorMath+SceneKit.swift:75:58: error: cannot convert value of type 'CGFloat' to expected argument type 'Float'
73 | public extension SCNQuaternion {
74 | init(_ q: Quaternion) {
75 | self.init(x: SCNFloat(q.x), y: SCNFloat(q.y), z: SCNFloat(q.z), w: SCNFloat(q.w))
| `- error: cannot convert value of type 'CGFloat' to expected argument type 'Float'
76 | }
77 | }
SwiftCompile normal arm64_32 /Users/admin/builder/spi-builder-workspace/VectorMath/VectorMath+SceneKit.swift (in target 'VectorMath' from project 'VectorMath')
cd /Users/admin/builder/spi-builder-workspace/.swiftpm/xcode
builtin-SwiftPerFileCompile VectorMath+SceneKit.swift
SwiftCompile normal arm64_32 Compiling\ VectorMath+Quartz.swift /Users/admin/builder/spi-builder-workspace/VectorMath/VectorMath+Quartz.swift (in target 'VectorMath' from project 'VectorMath')
/Users/admin/builder/spi-builder-workspace/VectorMath/VectorMath+Quartz.swift:68:18: error: 'CATransform3D' is unavailable in watchOS
66 | }
67 |
68 | public extension CATransform3D {
| `- error: 'CATransform3D' is unavailable in watchOS
69 | init(_ m: Matrix4) {
70 | self.init(
/Applications/Xcode-27.0.0-Release.Candidate.app/Contents/Developer/Platforms/WatchOS.platform/Developer/SDKs/WatchOS27.0.sdk/System/Library/Frameworks/QuartzCore.framework/Headers/CATransform3D.h:17:8: note: 'CATransform3D' has been explicitly marked unavailable here
15 | /* Homogeneous three-dimensional transforms. */
16 |
17 | struct CATransform3D
| `- note: 'CATransform3D' has been explicitly marked unavailable here
18 | {
19 | CGFloat m11, m12, m13, m14;
SwiftCompile normal arm64_32 /Users/admin/builder/spi-builder-workspace/VectorMath/VectorMath+Quartz.swift (in target 'VectorMath' from project 'VectorMath')
cd /Users/admin/builder/spi-builder-workspace/.swiftpm/xcode
builtin-SwiftPerFileCompile VectorMath+Quartz.swift
PruneExplicitPrecompiledModules /Users/admin/builder/spi-builder-workspace/.derivedData/Build/Intermediates.noindex/ExplicitPrecompiledModules
PruneExplicitPrecompiledModules /Users/admin/builder/spi-builder-workspace/.derivedData/Build/Intermediates.noindex/SwiftExplicitPrecompiledModules
PruneExplicitPrecompiledModules /Users/admin/builder/spi-builder-workspace/.derivedData/SDKExplicitPrecompiledModules
2026-09-15 17:10:12.988 xcodebuild[683:4547] [MT] IDERunDestination: Supported platforms for the buildables in the current scheme is empty.
** BUILD FAILED **
The following build commands failed:
SwiftEmitModule normal arm64 Emitting\ module\ for\ VectorMath (in target 'VectorMath' from project 'VectorMath')
SwiftCompile normal arm64 (in target 'VectorMath' from project 'VectorMath')
SwiftEmitModule normal arm64_32 Emitting\ module\ for\ VectorMath (in target 'VectorMath' from project 'VectorMath')
SwiftCompile normal arm64_32 (in target 'VectorMath' from project 'VectorMath')
Building workspace VectorMath with scheme VectorMath
(5 failures)
BUILD FAILURE 6.4 watchOS