The Swift Package Index logo.Swift Package Index

Build Information

Failed to build SLTools, reference master (9dffa6), with Swift 6.4 for watchOS using Xcode 27.0 on 16 Sep 2026 21:56:37 UTC.

Build Command

No build command. This typically means the build failed at an early stage where we determine the build command.

Build Log

========================================
RunAll
========================================
Builder version: 5.1.0
Interrupt handler set up.
========================================
Checkout
========================================
Clone URL: https://github.com/shial4/sltools.git
Reference: master
Initialized empty Git repository in /Users/admin/builder/spi-builder-workspace/.git/
From https://github.com/shial4/sltools
 * branch            master     -> FETCH_HEAD
 * [new branch]      master     -> origin/master
HEAD is now at 9dffa6e Update to Kitura 2.0
Cloned https://github.com/shial4/sltools.git
Revision (git rev-parse @):
9dffa6e33d2d32d3517c683fc408d630141c5c5e
SUCCESS checkout https://github.com/shial4/sltools.git at master
========================================
Build
========================================
Selected platform:         watchOS
Swift version:             6.4
Building package at path:  $PWD
https://github.com/shial4/sltools.git
Command line invocation:
    /Applications/Xcode-27.0.0-Release.Candidate.app/Contents/Developer/usr/bin/xcodebuild -IDEClonedSourcePackagesDirPathOverride=/Users/admin/builder/spi-builder-workspace/.dependencies -resolvePackageDependencies
Resolve Package Graph
Fetching from https://github.com/IBM-Swift/Kitura.git
Fetching from https://github.com/IBM-Swift/BlueCryptor.git
the Swift tools version specification is missing a label; consider inserting 'swift-tools-version:' between the comment marker and the version specifierResolve Package Graph
Updating from https://github.com/IBM-Swift/BlueCryptor.git
Updating from https://github.com/IBM-Swift/Kitura.git
the Swift tools version specification is missing a label; consider inserting 'swift-tools-version:' between the comment marker and the version specifierResolve Package Graph
Updating from https://github.com/IBM-Swift/Kitura.git
Updating from https://github.com/IBM-Swift/BlueCryptor.git
the Swift tools version specification is missing a label; consider inserting 'swift-tools-version:' between the comment marker and the version specifierResolve Package Graph
Updating from https://github.com/IBM-Swift/Kitura.git
Updating from https://github.com/IBM-Swift/BlueCryptor.git
the Swift tools version specification is missing a label; consider inserting 'swift-tools-version:' between the comment marker and the version specifier
Resolved source packages:
  spi-builder-workspace: (null)
2026-09-16 17:56:34.675 xcodebuild[529:3032] Writing error result bundle to /var/folders/xq/y_g06wb113726d38xsyx71_h0000gn/T/ResultBundle_2026-16-09_17-56-0034.xcresult
xcodebuild: error: Could not resolve package dependencies:
  the Swift tools version specification is missing a label; consider inserting 'swift-tools-version:' between the comment marker and the version specifier
Command line invocation:
    /Applications/Xcode-27.0.0-Release.Candidate.app/Contents/Developer/usr/bin/xcodebuild -IDEClonedSourcePackagesDirPathOverride=/Users/admin/builder/spi-builder-workspace/.dependencies -resolvePackageDependencies
Resolve Package Graph
Updating from https://github.com/IBM-Swift/Kitura.git
Updating from https://github.com/IBM-Swift/BlueCryptor.git
the Swift tools version specification is missing a label; consider inserting 'swift-tools-version:' between the comment marker and the version specifier
Resolved source packages:
  spi-builder-workspace: (null)
2026-09-16 17:56:37.362 xcodebuild[808:4296] Writing error result bundle to /var/folders/xq/y_g06wb113726d38xsyx71_h0000gn/T/ResultBundle_2026-16-09_17-56-0037.xcresult
xcodebuild: error: Could not resolve package dependencies:
  the Swift tools version specification is missing a label; consider inserting 'swift-tools-version:' between the comment marker and the version specifier
BUILD FAILURE 6.4 watchOS