The Swift Package Index logo.Swift Package Index

Build Information

Failed to build SymbolPicker, reference 1.0 (edf85b), with Swift 6.4 for tvOS using Xcode 27.0 on 23 Sep 2026 03:47:26 UTC.

Build Command

env DEVELOPER_DIR=/Applications/Xcode-27.0.0-Release.Candidate.app xcrun xcodebuild -IDEClonedSourcePackagesDirPathOverride=$PWD/.dependencies -skipMacroValidation -skipPackagePluginValidation -derivedDataPath $PWD/.derivedData build -scheme SymbolPicker -destination generic/platform=tvOS

Build Log

CopyStringsFile /Users/admin/builder/spi-builder-workspace/.derivedData/Build/Products/Debug-appletvos/SearchBar_SearchBar.bundle/ko.lproj/Localizable.strings /Users/admin/builder/spi-builder-workspace/.derivedData/Build/Intermediates.noindex/SearchBar.build/Debug-appletvos/SearchBar_SearchBar-b.build/ko.lproj/Localizable.strings (in target 'SearchBar_SearchBar' from project 'SearchBar')
    cd /Users/admin/builder/spi-builder-workspace/.dependencies/checkouts/SearchBar
    builtin-copyStrings --validate --outputencoding binary --outfilename Localizable.strings --outdir /Users/admin/builder/spi-builder-workspace/.derivedData/Build/Products/Debug-appletvos/SearchBar_SearchBar.bundle/ko.lproj -- /Users/admin/builder/spi-builder-workspace/.derivedData/Build/Intermediates.noindex/SearchBar.build/Debug-appletvos/SearchBar_SearchBar-b.build/ko.lproj/Localizable.strings
/Users/admin/builder/spi-builder-workspace/.derivedData/Build/Intermediates.noindex/SearchBar.build/Debug-appletvos/SearchBar_SearchBar-b.build/ko.lproj/Localizable.strings:1:1: note: detected encoding of input file as Unicode (UTF-8) (in target 'SearchBar_SearchBar' from project 'SearchBar')
CopyStringsFile /Users/admin/builder/spi-builder-workspace/.derivedData/Build/Products/Debug-appletvos/SearchBar_SearchBar.bundle/kn.lproj/Localizable.strings /Users/admin/builder/spi-builder-workspace/.derivedData/Build/Intermediates.noindex/SearchBar.build/Debug-appletvos/SearchBar_SearchBar-b.build/kn.lproj/Localizable.strings (in target 'SearchBar_SearchBar' from project 'SearchBar')
    cd /Users/admin/builder/spi-builder-workspace/.dependencies/checkouts/SearchBar
    builtin-copyStrings --validate --outputencoding binary --outfilename Localizable.strings --outdir /Users/admin/builder/spi-builder-workspace/.derivedData/Build/Products/Debug-appletvos/SearchBar_SearchBar.bundle/kn.lproj -- /Users/admin/builder/spi-builder-workspace/.derivedData/Build/Intermediates.noindex/SearchBar.build/Debug-appletvos/SearchBar_SearchBar-b.build/kn.lproj/Localizable.strings
/Users/admin/builder/spi-builder-workspace/.derivedData/Build/Intermediates.noindex/SearchBar.build/Debug-appletvos/SearchBar_SearchBar-b.build/kn.lproj/Localizable.strings:1:1: note: detected encoding of input file as Unicode (UTF-8) (in target 'SearchBar_SearchBar' from project 'SearchBar')
CopyStringsFile /Users/admin/builder/spi-builder-workspace/.derivedData/Build/Products/Debug-appletvos/SearchBar_SearchBar.bundle/km.lproj/Localizable.strings /Users/admin/builder/spi-builder-workspace/.derivedData/Build/Intermediates.noindex/SearchBar.build/Debug-appletvos/SearchBar_SearchBar-b.build/km.lproj/Localizable.strings (in target 'SearchBar_SearchBar' from project 'SearchBar')
    cd /Users/admin/builder/spi-builder-workspace/.dependencies/checkouts/SearchBar
    builtin-copyStrings --validate --outputencoding binary --outfilename Localizable.strings --outdir /Users/admin/builder/spi-builder-workspace/.derivedData/Build/Products/Debug-appletvos/SearchBar_SearchBar.bundle/km.lproj -- /Users/admin/builder/spi-builder-workspace/.derivedData/Build/Intermediates.noindex/SearchBar.build/Debug-appletvos/SearchBar_SearchBar-b.build/km.lproj/Localizable.strings
/Users/admin/builder/spi-builder-workspace/.derivedData/Build/Intermediates.noindex/SearchBar.build/Debug-appletvos/SearchBar_SearchBar-b.build/km.lproj/Localizable.strings:1:1: note: detected encoding of input file as Unicode (UTF-8) (in target 'SearchBar_SearchBar' from project 'SearchBar')
CopyStringsFile /Users/admin/builder/spi-builder-workspace/.derivedData/Build/Products/Debug-appletvos/SearchBar_SearchBar.bundle/kk.lproj/Localizable.strings /Users/admin/builder/spi-builder-workspace/.derivedData/Build/Intermediates.noindex/SearchBar.build/Debug-appletvos/SearchBar_SearchBar-b.build/kk.lproj/Localizable.strings (in target 'SearchBar_SearchBar' from project 'SearchBar')
    cd /Users/admin/builder/spi-builder-workspace/.dependencies/checkouts/SearchBar
    builtin-copyStrings --validate --outputencoding binary --outfilename Localizable.strings --outdir /Users/admin/builder/spi-builder-workspace/.derivedData/Build/Products/Debug-appletvos/SearchBar_SearchBar.bundle/kk.lproj -- /Users/admin/builder/spi-builder-workspace/.derivedData/Build/Intermediates.noindex/SearchBar.build/Debug-appletvos/SearchBar_SearchBar-b.build/kk.lproj/Localizable.strings
/Users/admin/builder/spi-builder-workspace/.derivedData/Build/Intermediates.noindex/SearchBar.build/Debug-appletvos/SearchBar_SearchBar-b.build/kk.lproj/Localizable.strings:1:1: note: detected encoding of input file as Unicode (UTF-8) (in target 'SearchBar_SearchBar' from project 'SearchBar')
CopyStringsFile /Users/admin/builder/spi-builder-workspace/.derivedData/Build/Products/Debug-appletvos/SearchBar_SearchBar.bundle/ka.lproj/Localizable.strings /Users/admin/builder/spi-builder-workspace/.derivedData/Build/Intermediates.noindex/SearchBar.build/Debug-appletvos/SearchBar_SearchBar-b.build/ka.lproj/Localizable.strings (in target 'SearchBar_SearchBar' from project 'SearchBar')
    cd /Users/admin/builder/spi-builder-workspace/.dependencies/checkouts/SearchBar
    builtin-copyStrings --validate --outputencoding binary --outfilename Localizable.strings --outdir /Users/admin/builder/spi-builder-workspace/.derivedData/Build/Products/Debug-appletvos/SearchBar_SearchBar.bundle/ka.lproj -- /Users/admin/builder/spi-builder-workspace/.derivedData/Build/Intermediates.noindex/SearchBar.build/Debug-appletvos/SearchBar_SearchBar-b.build/ka.lproj/Localizable.strings
/Users/admin/builder/spi-builder-workspace/.derivedData/Build/Intermediates.noindex/SearchBar.build/Debug-appletvos/SearchBar_SearchBar-b.build/ka.lproj/Localizable.strings:1:1: note: detected encoding of input file as Unicode (UTF-8) (in target 'SearchBar_SearchBar' from project 'SearchBar')
CopyStringsFile /Users/admin/builder/spi-builder-workspace/.derivedData/Build/Products/Debug-appletvos/SearchBar_SearchBar.bundle/jv.lproj/Localizable.strings /Users/admin/builder/spi-builder-workspace/.derivedData/Build/Intermediates.noindex/SearchBar.build/Debug-appletvos/SearchBar_SearchBar-b.build/jv.lproj/Localizable.strings (in target 'SearchBar_SearchBar' from project 'SearchBar')
    cd /Users/admin/builder/spi-builder-workspace/.dependencies/checkouts/SearchBar
    builtin-copyStrings --validate --outputencoding binary --outfilename Localizable.strings --outdir /Users/admin/builder/spi-builder-workspace/.derivedData/Build/Products/Debug-appletvos/SearchBar_SearchBar.bundle/jv.lproj -- /Users/admin/builder/spi-builder-workspace/.derivedData/Build/Intermediates.noindex/SearchBar.build/Debug-appletvos/SearchBar_SearchBar-b.build/jv.lproj/Localizable.strings
/Users/admin/builder/spi-builder-workspace/.derivedData/Build/Intermediates.noindex/SearchBar.build/Debug-appletvos/SearchBar_SearchBar-b.build/jv.lproj/Localizable.strings:1:1: note: detected encoding of input file as Unicode (UTF-8) (in target 'SearchBar_SearchBar' from project 'SearchBar')
CopyStringsFile /Users/admin/builder/spi-builder-workspace/.derivedData/Build/Products/Debug-appletvos/SearchBar_SearchBar.bundle/ja.lproj/Localizable.strings /Users/admin/builder/spi-builder-workspace/.derivedData/Build/Intermediates.noindex/SearchBar.build/Debug-appletvos/SearchBar_SearchBar-b.build/ja.lproj/Localizable.strings (in target 'SearchBar_SearchBar' from project 'SearchBar')
    cd /Users/admin/builder/spi-builder-workspace/.dependencies/checkouts/SearchBar
    builtin-copyStrings --validate --outputencoding binary --outfilename Localizable.strings --outdir /Users/admin/builder/spi-builder-workspace/.derivedData/Build/Products/Debug-appletvos/SearchBar_SearchBar.bundle/ja.lproj -- /Users/admin/builder/spi-builder-workspace/.derivedData/Build/Intermediates.noindex/SearchBar.build/Debug-appletvos/SearchBar_SearchBar-b.build/ja.lproj/Localizable.strings
/Users/admin/builder/spi-builder-workspace/.derivedData/Build/Intermediates.noindex/SearchBar.build/Debug-appletvos/SearchBar_SearchBar-b.build/ja.lproj/Localizable.strings:1:1: note: detected encoding of input file as Unicode (UTF-8) (in target 'SearchBar_SearchBar' from project 'SearchBar')
CopyStringsFile /Users/admin/builder/spi-builder-workspace/.derivedData/Build/Products/Debug-appletvos/SearchBar_SearchBar.bundle/it.lproj/Localizable.strings /Users/admin/builder/spi-builder-workspace/.derivedData/Build/Intermediates.noindex/SearchBar.build/Debug-appletvos/SearchBar_SearchBar-b.build/it.lproj/Localizable.strings (in target 'SearchBar_SearchBar' from project 'SearchBar')
    cd /Users/admin/builder/spi-builder-workspace/.dependencies/checkouts/SearchBar
    builtin-copyStrings --validate --outputencoding binary --outfilename Localizable.strings --outdir /Users/admin/builder/spi-builder-workspace/.derivedData/Build/Products/Debug-appletvos/SearchBar_SearchBar.bundle/it.lproj -- /Users/admin/builder/spi-builder-workspace/.derivedData/Build/Intermediates.noindex/SearchBar.build/Debug-appletvos/SearchBar_SearchBar-b.build/it.lproj/Localizable.strings
/Users/admin/builder/spi-builder-workspace/.derivedData/Build/Intermediates.noindex/SearchBar.build/Debug-appletvos/SearchBar_SearchBar-b.build/it.lproj/Localizable.strings:1:1: note: detected encoding of input file as Unicode (UTF-8) (in target 'SearchBar_SearchBar' from project 'SearchBar')
CopyStringsFile /Users/admin/builder/spi-builder-workspace/.derivedData/Build/Products/Debug-appletvos/SearchBar_SearchBar.bundle/is.lproj/Localizable.strings /Users/admin/builder/spi-builder-workspace/.derivedData/Build/Intermediates.noindex/SearchBar.build/Debug-appletvos/SearchBar_SearchBar-b.build/is.lproj/Localizable.strings (in target 'SearchBar_SearchBar' from project 'SearchBar')
    cd /Users/admin/builder/spi-builder-workspace/.dependencies/checkouts/SearchBar
    builtin-copyStrings --validate --outputencoding binary --outfilename Localizable.strings --outdir /Users/admin/builder/spi-builder-workspace/.derivedData/Build/Products/Debug-appletvos/SearchBar_SearchBar.bundle/is.lproj -- /Users/admin/builder/spi-builder-workspace/.derivedData/Build/Intermediates.noindex/SearchBar.build/Debug-appletvos/SearchBar_SearchBar-b.build/is.lproj/Localizable.strings
/Users/admin/builder/spi-builder-workspace/.derivedData/Build/Intermediates.noindex/SearchBar.build/Debug-appletvos/SearchBar_SearchBar-b.build/is.lproj/Localizable.strings:1:1: note: detected encoding of input file as Unicode (UTF-8) (in target 'SearchBar_SearchBar' from project 'SearchBar')
CopyStringsFile /Users/admin/builder/spi-builder-workspace/.derivedData/Build/Products/Debug-appletvos/SearchBar_SearchBar.bundle/ilo.lproj/Localizable.strings /Users/admin/builder/spi-builder-workspace/.derivedData/Build/Intermediates.noindex/SearchBar.build/Debug-appletvos/SearchBar_SearchBar-b.build/ilo.lproj/Localizable.strings (in target 'SearchBar_SearchBar' from project 'SearchBar')
    cd /Users/admin/builder/spi-builder-workspace/.dependencies/checkouts/SearchBar
    builtin-copyStrings --validate --outputencoding binary --outfilename Localizable.strings --outdir /Users/admin/builder/spi-builder-workspace/.derivedData/Build/Products/Debug-appletvos/SearchBar_SearchBar.bundle/ilo.lproj -- /Users/admin/builder/spi-builder-workspace/.derivedData/Build/Intermediates.noindex/SearchBar.build/Debug-appletvos/SearchBar_SearchBar-b.build/ilo.lproj/Localizable.strings
/Users/admin/builder/spi-builder-workspace/.derivedData/Build/Intermediates.noindex/SearchBar.build/Debug-appletvos/SearchBar_SearchBar-b.build/ilo.lproj/Localizable.strings:1:1: note: detected encoding of input file as Unicode (UTF-8) (in target 'SearchBar_SearchBar' from project 'SearchBar')
CopyStringsFile /Users/admin/builder/spi-builder-workspace/.derivedData/Build/Products/Debug-appletvos/SearchBar_SearchBar.bundle/ig.lproj/Localizable.strings /Users/admin/builder/spi-builder-workspace/.derivedData/Build/Intermediates.noindex/SearchBar.build/Debug-appletvos/SearchBar_SearchBar-b.build/ig.lproj/Localizable.strings (in target 'SearchBar_SearchBar' from project 'SearchBar')
    cd /Users/admin/builder/spi-builder-workspace/.dependencies/checkouts/SearchBar
    builtin-copyStrings --validate --outputencoding binary --outfilename Localizable.strings --outdir /Users/admin/builder/spi-builder-workspace/.derivedData/Build/Products/Debug-appletvos/SearchBar_SearchBar.bundle/ig.lproj -- /Users/admin/builder/spi-builder-workspace/.derivedData/Build/Intermediates.noindex/SearchBar.build/Debug-appletvos/SearchBar_SearchBar-b.build/ig.lproj/Localizable.strings
/Users/admin/builder/spi-builder-workspace/.derivedData/Build/Intermediates.noindex/SearchBar.build/Debug-appletvos/SearchBar_SearchBar-b.build/ig.lproj/Localizable.strings:1:1: note: detected encoding of input file as Unicode (UTF-8) (in target 'SearchBar_SearchBar' from project 'SearchBar')
CopyStringsFile /Users/admin/builder/spi-builder-workspace/.derivedData/Build/Products/Debug-appletvos/SearchBar_SearchBar.bundle/id.lproj/Localizable.strings /Users/admin/builder/spi-builder-workspace/.derivedData/Build/Intermediates.noindex/SearchBar.build/Debug-appletvos/SearchBar_SearchBar-b.build/id.lproj/Localizable.strings (in target 'SearchBar_SearchBar' from project 'SearchBar')
    cd /Users/admin/builder/spi-builder-workspace/.dependencies/checkouts/SearchBar
    builtin-copyStrings --validate --outputencoding binary --outfilename Localizable.strings --outdir /Users/admin/builder/spi-builder-workspace/.derivedData/Build/Products/Debug-appletvos/SearchBar_SearchBar.bundle/id.lproj -- /Users/admin/builder/spi-builder-workspace/.derivedData/Build/Intermediates.noindex/SearchBar.build/Debug-appletvos/SearchBar_SearchBar-b.build/id.lproj/Localizable.strings
/Users/admin/builder/spi-builder-workspace/.derivedData/Build/Intermediates.noindex/SearchBar.build/Debug-appletvos/SearchBar_SearchBar-b.build/id.lproj/Localizable.strings:1:1: note: detected encoding of input file as Unicode (UTF-8) (in target 'SearchBar_SearchBar' from project 'SearchBar')
CopyStringsFile /Users/admin/builder/spi-builder-workspace/.derivedData/Build/Products/Debug-appletvos/SearchBar_SearchBar.bundle/hy.lproj/Localizable.strings /Users/admin/builder/spi-builder-workspace/.derivedData/Build/Intermediates.noindex/SearchBar.build/Debug-appletvos/SearchBar_SearchBar-b.build/hy.lproj/Localizable.strings (in target 'SearchBar_SearchBar' from project 'SearchBar')
    cd /Users/admin/builder/spi-builder-workspace/.dependencies/checkouts/SearchBar
    builtin-copyStrings --validate --outputencoding binary --outfilename Localizable.strings --outdir /Users/admin/builder/spi-builder-workspace/.derivedData/Build/Products/Debug-appletvos/SearchBar_SearchBar.bundle/hy.lproj -- /Users/admin/builder/spi-builder-workspace/.derivedData/Build/Intermediates.noindex/SearchBar.build/Debug-appletvos/SearchBar_SearchBar-b.build/hy.lproj/Localizable.strings
/Users/admin/builder/spi-builder-workspace/.derivedData/Build/Intermediates.noindex/SearchBar.build/Debug-appletvos/SearchBar_SearchBar-b.build/hy.lproj/Localizable.strings:1:1: note: detected encoding of input file as Unicode (UTF-8) (in target 'SearchBar_SearchBar' from project 'SearchBar')
CopyStringsFile /Users/admin/builder/spi-builder-workspace/.derivedData/Build/Products/Debug-appletvos/SearchBar_SearchBar.bundle/hu.lproj/Localizable.strings /Users/admin/builder/spi-builder-workspace/.derivedData/Build/Intermediates.noindex/SearchBar.build/Debug-appletvos/SearchBar_SearchBar-b.build/hu.lproj/Localizable.strings (in target 'SearchBar_SearchBar' from project 'SearchBar')
    cd /Users/admin/builder/spi-builder-workspace/.dependencies/checkouts/SearchBar
    builtin-copyStrings --validate --outputencoding binary --outfilename Localizable.strings --outdir /Users/admin/builder/spi-builder-workspace/.derivedData/Build/Products/Debug-appletvos/SearchBar_SearchBar.bundle/hu.lproj -- /Users/admin/builder/spi-builder-workspace/.derivedData/Build/Intermediates.noindex/SearchBar.build/Debug-appletvos/SearchBar_SearchBar-b.build/hu.lproj/Localizable.strings
/Users/admin/builder/spi-builder-workspace/.derivedData/Build/Intermediates.noindex/SearchBar.build/Debug-appletvos/SearchBar_SearchBar-b.build/hu.lproj/Localizable.strings:1:1: note: detected encoding of input file as Unicode (UTF-8) (in target 'SearchBar_SearchBar' from project 'SearchBar')
CopyStringsFile /Users/admin/builder/spi-builder-workspace/.derivedData/Build/Products/Debug-appletvos/SearchBar_SearchBar.bundle/ht.lproj/Localizable.strings /Users/admin/builder/spi-builder-workspace/.derivedData/Build/Intermediates.noindex/SearchBar.build/Debug-appletvos/SearchBar_SearchBar-b.build/ht.lproj/Localizable.strings (in target 'SearchBar_SearchBar' from project 'SearchBar')
    cd /Users/admin/builder/spi-builder-workspace/.dependencies/checkouts/SearchBar
    builtin-copyStrings --validate --outputencoding binary --outfilename Localizable.strings --outdir /Users/admin/builder/spi-builder-workspace/.derivedData/Build/Products/Debug-appletvos/SearchBar_SearchBar.bundle/ht.lproj -- /Users/admin/builder/spi-builder-workspace/.derivedData/Build/Intermediates.noindex/SearchBar.build/Debug-appletvos/SearchBar_SearchBar-b.build/ht.lproj/Localizable.strings
/Users/admin/builder/spi-builder-workspace/.derivedData/Build/Intermediates.noindex/SearchBar.build/Debug-appletvos/SearchBar_SearchBar-b.build/ht.lproj/Localizable.strings:1:1: note: detected encoding of input file as Unicode (UTF-8) (in target 'SearchBar_SearchBar' from project 'SearchBar')
CopyStringsFile /Users/admin/builder/spi-builder-workspace/.derivedData/Build/Products/Debug-appletvos/SearchBar_SearchBar.bundle/hr.lproj/Localizable.strings /Users/admin/builder/spi-builder-workspace/.derivedData/Build/Intermediates.noindex/SearchBar.build/Debug-appletvos/SearchBar_SearchBar-b.build/hr.lproj/Localizable.strings (in target 'SearchBar_SearchBar' from project 'SearchBar')
    cd /Users/admin/builder/spi-builder-workspace/.dependencies/checkouts/SearchBar
    builtin-copyStrings --validate --outputencoding binary --outfilename Localizable.strings --outdir /Users/admin/builder/spi-builder-workspace/.derivedData/Build/Products/Debug-appletvos/SearchBar_SearchBar.bundle/hr.lproj -- /Users/admin/builder/spi-builder-workspace/.derivedData/Build/Intermediates.noindex/SearchBar.build/Debug-appletvos/SearchBar_SearchBar-b.build/hr.lproj/Localizable.strings
/Users/admin/builder/spi-builder-workspace/.derivedData/Build/Intermediates.noindex/SearchBar.build/Debug-appletvos/SearchBar_SearchBar-b.build/hr.lproj/Localizable.strings:1:1: note: detected encoding of input file as Unicode (UTF-8) (in target 'SearchBar_SearchBar' from project 'SearchBar')
CopyStringsFile /Users/admin/builder/spi-builder-workspace/.derivedData/Build/Products/Debug-appletvos/SearchBar_SearchBar.bundle/hmn.lproj/Localizable.strings /Users/admin/builder/spi-builder-workspace/.derivedData/Build/Intermediates.noindex/SearchBar.build/Debug-appletvos/SearchBar_SearchBar-b.build/hmn.lproj/Localizable.strings (in target 'SearchBar_SearchBar' from project 'SearchBar')
    cd /Users/admin/builder/spi-builder-workspace/.dependencies/checkouts/SearchBar
    builtin-copyStrings --validate --outputencoding binary --outfilename Localizable.strings --outdir /Users/admin/builder/spi-builder-workspace/.derivedData/Build/Products/Debug-appletvos/SearchBar_SearchBar.bundle/hmn.lproj -- /Users/admin/builder/spi-builder-workspace/.derivedData/Build/Intermediates.noindex/SearchBar.build/Debug-appletvos/SearchBar_SearchBar-b.build/hmn.lproj/Localizable.strings
/Users/admin/builder/spi-builder-workspace/.derivedData/Build/Intermediates.noindex/SearchBar.build/Debug-appletvos/SearchBar_SearchBar-b.build/hmn.lproj/Localizable.strings:1:1: note: detected encoding of input file as Unicode (UTF-8) (in target 'SearchBar_SearchBar' from project 'SearchBar')
CopyStringsFile /Users/admin/builder/spi-builder-workspace/.derivedData/Build/Products/Debug-appletvos/SearchBar_SearchBar.bundle/hi.lproj/Localizable.strings /Users/admin/builder/spi-builder-workspace/.derivedData/Build/Intermediates.noindex/SearchBar.build/Debug-appletvos/SearchBar_SearchBar-b.build/hi.lproj/Localizable.strings (in target 'SearchBar_SearchBar' from project 'SearchBar')
    cd /Users/admin/builder/spi-builder-workspace/.dependencies/checkouts/SearchBar
    builtin-copyStrings --validate --outputencoding binary --outfilename Localizable.strings --outdir /Users/admin/builder/spi-builder-workspace/.derivedData/Build/Products/Debug-appletvos/SearchBar_SearchBar.bundle/hi.lproj -- /Users/admin/builder/spi-builder-workspace/.derivedData/Build/Intermediates.noindex/SearchBar.build/Debug-appletvos/SearchBar_SearchBar-b.build/hi.lproj/Localizable.strings
/Users/admin/builder/spi-builder-workspace/.derivedData/Build/Intermediates.noindex/SearchBar.build/Debug-appletvos/SearchBar_SearchBar-b.build/hi.lproj/Localizable.strings:1:1: note: detected encoding of input file as Unicode (UTF-8) (in target 'SearchBar_SearchBar' from project 'SearchBar')
CopyStringsFile /Users/admin/builder/spi-builder-workspace/.derivedData/Build/Products/Debug-appletvos/SearchBar_SearchBar.bundle/he.lproj/Localizable.strings /Users/admin/builder/spi-builder-workspace/.derivedData/Build/Intermediates.noindex/SearchBar.build/Debug-appletvos/SearchBar_SearchBar-b.build/he.lproj/Localizable.strings (in target 'SearchBar_SearchBar' from project 'SearchBar')
    cd /Users/admin/builder/spi-builder-workspace/.dependencies/checkouts/SearchBar
    builtin-copyStrings --validate --outputencoding binary --outfilename Localizable.strings --outdir /Users/admin/builder/spi-builder-workspace/.derivedData/Build/Products/Debug-appletvos/SearchBar_SearchBar.bundle/he.lproj -- /Users/admin/builder/spi-builder-workspace/.derivedData/Build/Intermediates.noindex/SearchBar.build/Debug-appletvos/SearchBar_SearchBar-b.build/he.lproj/Localizable.strings
/Users/admin/builder/spi-builder-workspace/.derivedData/Build/Intermediates.noindex/SearchBar.build/Debug-appletvos/SearchBar_SearchBar-b.build/he.lproj/Localizable.strings:1:1: note: detected encoding of input file as Unicode (UTF-8) (in target 'SearchBar_SearchBar' from project 'SearchBar')
CopyStringsFile /Users/admin/builder/spi-builder-workspace/.derivedData/Build/Products/Debug-appletvos/SearchBar_SearchBar.bundle/ha.lproj/Localizable.strings /Users/admin/builder/spi-builder-workspace/.derivedData/Build/Intermediates.noindex/SearchBar.build/Debug-appletvos/SearchBar_SearchBar-b.build/ha.lproj/Localizable.strings (in target 'SearchBar_SearchBar' from project 'SearchBar')
    cd /Users/admin/builder/spi-builder-workspace/.dependencies/checkouts/SearchBar
    builtin-copyStrings --validate --outputencoding binary --outfilename Localizable.strings --outdir /Users/admin/builder/spi-builder-workspace/.derivedData/Build/Products/Debug-appletvos/SearchBar_SearchBar.bundle/ha.lproj -- /Users/admin/builder/spi-builder-workspace/.derivedData/Build/Intermediates.noindex/SearchBar.build/Debug-appletvos/SearchBar_SearchBar-b.build/ha.lproj/Localizable.strings
/Users/admin/builder/spi-builder-workspace/.derivedData/Build/Intermediates.noindex/SearchBar.build/Debug-appletvos/SearchBar_SearchBar-b.build/ha.lproj/Localizable.strings:1:1: note: detected encoding of input file as Unicode (UTF-8) (in target 'SearchBar_SearchBar' from project 'SearchBar')
CopyStringsFile /Users/admin/builder/spi-builder-workspace/.derivedData/Build/Products/Debug-appletvos/SearchBar_SearchBar.bundle/gu.lproj/Localizable.strings /Users/admin/builder/spi-builder-workspace/.derivedData/Build/Intermediates.noindex/SearchBar.build/Debug-appletvos/SearchBar_SearchBar-b.build/gu.lproj/Localizable.strings (in target 'SearchBar_SearchBar' from project 'SearchBar')
    cd /Users/admin/builder/spi-builder-workspace/.dependencies/checkouts/SearchBar
    builtin-copyStrings --validate --outputencoding binary --outfilename Localizable.strings --outdir /Users/admin/builder/spi-builder-workspace/.derivedData/Build/Products/Debug-appletvos/SearchBar_SearchBar.bundle/gu.lproj -- /Users/admin/builder/spi-builder-workspace/.derivedData/Build/Intermediates.noindex/SearchBar.build/Debug-appletvos/SearchBar_SearchBar-b.build/gu.lproj/Localizable.strings
/Users/admin/builder/spi-builder-workspace/.derivedData/Build/Intermediates.noindex/SearchBar.build/Debug-appletvos/SearchBar_SearchBar-b.build/gu.lproj/Localizable.strings:1:1: note: detected encoding of input file as Unicode (UTF-8) (in target 'SearchBar_SearchBar' from project 'SearchBar')
CopyStringsFile /Users/admin/builder/spi-builder-workspace/.derivedData/Build/Products/Debug-appletvos/SearchBar_SearchBar.bundle/gom.lproj/Localizable.strings /Users/admin/builder/spi-builder-workspace/.derivedData/Build/Intermediates.noindex/SearchBar.build/Debug-appletvos/SearchBar_SearchBar-b.build/gom.lproj/Localizable.strings (in target 'SearchBar_SearchBar' from project 'SearchBar')
    cd /Users/admin/builder/spi-builder-workspace/.dependencies/checkouts/SearchBar
    builtin-copyStrings --validate --outputencoding binary --outfilename Localizable.strings --outdir /Users/admin/builder/spi-builder-workspace/.derivedData/Build/Products/Debug-appletvos/SearchBar_SearchBar.bundle/gom.lproj -- /Users/admin/builder/spi-builder-workspace/.derivedData/Build/Intermediates.noindex/SearchBar.build/Debug-appletvos/SearchBar_SearchBar-b.build/gom.lproj/Localizable.strings
/Users/admin/builder/spi-builder-workspace/.derivedData/Build/Intermediates.noindex/SearchBar.build/Debug-appletvos/SearchBar_SearchBar-b.build/gom.lproj/Localizable.strings:1:1: note: detected encoding of input file as Unicode (UTF-8) (in target 'SearchBar_SearchBar' from project 'SearchBar')
CopyStringsFile /Users/admin/builder/spi-builder-workspace/.derivedData/Build/Products/Debug-appletvos/SearchBar_SearchBar.bundle/gn.lproj/Localizable.strings /Users/admin/builder/spi-builder-workspace/.derivedData/Build/Intermediates.noindex/SearchBar.build/Debug-appletvos/SearchBar_SearchBar-b.build/gn.lproj/Localizable.strings (in target 'SearchBar_SearchBar' from project 'SearchBar')
    cd /Users/admin/builder/spi-builder-workspace/.dependencies/checkouts/SearchBar
    builtin-copyStrings --validate --outputencoding binary --outfilename Localizable.strings --outdir /Users/admin/builder/spi-builder-workspace/.derivedData/Build/Products/Debug-appletvos/SearchBar_SearchBar.bundle/gn.lproj -- /Users/admin/builder/spi-builder-workspace/.derivedData/Build/Intermediates.noindex/SearchBar.build/Debug-appletvos/SearchBar_SearchBar-b.build/gn.lproj/Localizable.strings
/Users/admin/builder/spi-builder-workspace/.derivedData/Build/Intermediates.noindex/SearchBar.build/Debug-appletvos/SearchBar_SearchBar-b.build/gn.lproj/Localizable.strings:1:1: note: detected encoding of input file as Unicode (UTF-8) (in target 'SearchBar_SearchBar' from project 'SearchBar')
CopyStringsFile /Users/admin/builder/spi-builder-workspace/.derivedData/Build/Products/Debug-appletvos/SearchBar_SearchBar.bundle/gl.lproj/Localizable.strings /Users/admin/builder/spi-builder-workspace/.derivedData/Build/Intermediates.noindex/SearchBar.build/Debug-appletvos/SearchBar_SearchBar-b.build/gl.lproj/Localizable.strings (in target 'SearchBar_SearchBar' from project 'SearchBar')
    cd /Users/admin/builder/spi-builder-workspace/.dependencies/checkouts/SearchBar
    builtin-copyStrings --validate --outputencoding binary --outfilename Localizable.strings --outdir /Users/admin/builder/spi-builder-workspace/.derivedData/Build/Products/Debug-appletvos/SearchBar_SearchBar.bundle/gl.lproj -- /Users/admin/builder/spi-builder-workspace/.derivedData/Build/Intermediates.noindex/SearchBar.build/Debug-appletvos/SearchBar_SearchBar-b.build/gl.lproj/Localizable.strings
/Users/admin/builder/spi-builder-workspace/.derivedData/Build/Intermediates.noindex/SearchBar.build/Debug-appletvos/SearchBar_SearchBar-b.build/gl.lproj/Localizable.strings:1:1: note: detected encoding of input file as Unicode (UTF-8) (in target 'SearchBar_SearchBar' from project 'SearchBar')
CopyStringsFile /Users/admin/builder/spi-builder-workspace/.derivedData/Build/Products/Debug-appletvos/SearchBar_SearchBar.bundle/ga.lproj/Localizable.strings /Users/admin/builder/spi-builder-workspace/.derivedData/Build/Intermediates.noindex/SearchBar.build/Debug-appletvos/SearchBar_SearchBar-b.build/ga.lproj/Localizable.strings (in target 'SearchBar_SearchBar' from project 'SearchBar')
    cd /Users/admin/builder/spi-builder-workspace/.dependencies/checkouts/SearchBar
    builtin-copyStrings --validate --outputencoding binary --outfilename Localizable.strings --outdir /Users/admin/builder/spi-builder-workspace/.derivedData/Build/Products/Debug-appletvos/SearchBar_SearchBar.bundle/ga.lproj -- /Users/admin/builder/spi-builder-workspace/.derivedData/Build/Intermediates.noindex/SearchBar.build/Debug-appletvos/SearchBar_SearchBar-b.build/ga.lproj/Localizable.strings
/Users/admin/builder/spi-builder-workspace/.derivedData/Build/Intermediates.noindex/SearchBar.build/Debug-appletvos/SearchBar_SearchBar-b.build/ga.lproj/Localizable.strings:1:1: note: detected encoding of input file as Unicode (UTF-8) (in target 'SearchBar_SearchBar' from project 'SearchBar')
CopyStringsFile /Users/admin/builder/spi-builder-workspace/.derivedData/Build/Products/Debug-appletvos/SearchBar_SearchBar.bundle/fr.lproj/Localizable.strings /Users/admin/builder/spi-builder-workspace/.derivedData/Build/Intermediates.noindex/SearchBar.build/Debug-appletvos/SearchBar_SearchBar-b.build/fr.lproj/Localizable.strings (in target 'SearchBar_SearchBar' from project 'SearchBar')
    cd /Users/admin/builder/spi-builder-workspace/.dependencies/checkouts/SearchBar
    builtin-copyStrings --validate --outputencoding binary --outfilename Localizable.strings --outdir /Users/admin/builder/spi-builder-workspace/.derivedData/Build/Products/Debug-appletvos/SearchBar_SearchBar.bundle/fr.lproj -- /Users/admin/builder/spi-builder-workspace/.derivedData/Build/Intermediates.noindex/SearchBar.build/Debug-appletvos/SearchBar_SearchBar-b.build/fr.lproj/Localizable.strings
/Users/admin/builder/spi-builder-workspace/.derivedData/Build/Intermediates.noindex/SearchBar.build/Debug-appletvos/SearchBar_SearchBar-b.build/fr.lproj/Localizable.strings:1:1: note: detected encoding of input file as Unicode (UTF-8) (in target 'SearchBar_SearchBar' from project 'SearchBar')
CopyStringsFile /Users/admin/builder/spi-builder-workspace/.derivedData/Build/Products/Debug-appletvos/SearchBar_SearchBar.bundle/fr-CA.lproj/Localizable.strings /Users/admin/builder/spi-builder-workspace/.derivedData/Build/Intermediates.noindex/SearchBar.build/Debug-appletvos/SearchBar_SearchBar-b.build/fr-CA.lproj/Localizable.strings (in target 'SearchBar_SearchBar' from project 'SearchBar')
    cd /Users/admin/builder/spi-builder-workspace/.dependencies/checkouts/SearchBar
    builtin-copyStrings --validate --outputencoding binary --outfilename Localizable.strings --outdir /Users/admin/builder/spi-builder-workspace/.derivedData/Build/Products/Debug-appletvos/SearchBar_SearchBar.bundle/fr-CA.lproj -- /Users/admin/builder/spi-builder-workspace/.derivedData/Build/Intermediates.noindex/SearchBar.build/Debug-appletvos/SearchBar_SearchBar-b.build/fr-CA.lproj/Localizable.strings
/Users/admin/builder/spi-builder-workspace/.derivedData/Build/Intermediates.noindex/SearchBar.build/Debug-appletvos/SearchBar_SearchBar-b.build/fr-CA.lproj/Localizable.strings:1:1: note: detected encoding of input file as Unicode (UTF-8) (in target 'SearchBar_SearchBar' from project 'SearchBar')
CopyStringsFile /Users/admin/builder/spi-builder-workspace/.derivedData/Build/Products/Debug-appletvos/SearchBar_SearchBar.bundle/fil.lproj/Localizable.strings /Users/admin/builder/spi-builder-workspace/.derivedData/Build/Intermediates.noindex/SearchBar.build/Debug-appletvos/SearchBar_SearchBar-b.build/fil.lproj/Localizable.strings (in target 'SearchBar_SearchBar' from project 'SearchBar')
    cd /Users/admin/builder/spi-builder-workspace/.dependencies/checkouts/SearchBar
    builtin-copyStrings --validate --outputencoding binary --outfilename Localizable.strings --outdir /Users/admin/builder/spi-builder-workspace/.derivedData/Build/Products/Debug-appletvos/SearchBar_SearchBar.bundle/fil.lproj -- /Users/admin/builder/spi-builder-workspace/.derivedData/Build/Intermediates.noindex/SearchBar.build/Debug-appletvos/SearchBar_SearchBar-b.build/fil.lproj/Localizable.strings
/Users/admin/builder/spi-builder-workspace/.derivedData/Build/Intermediates.noindex/SearchBar.build/Debug-appletvos/SearchBar_SearchBar-b.build/fil.lproj/Localizable.strings:1:1: note: detected encoding of input file as Unicode (UTF-8) (in target 'SearchBar_SearchBar' from project 'SearchBar')
CopyStringsFile /Users/admin/builder/spi-builder-workspace/.derivedData/Build/Products/Debug-appletvos/SearchBar_SearchBar.bundle/fi.lproj/Localizable.strings /Users/admin/builder/spi-builder-workspace/.derivedData/Build/Intermediates.noindex/SearchBar.build/Debug-appletvos/SearchBar_SearchBar-b.build/fi.lproj/Localizable.strings (in target 'SearchBar_SearchBar' from project 'SearchBar')
    cd /Users/admin/builder/spi-builder-workspace/.dependencies/checkouts/SearchBar
    builtin-copyStrings --validate --outputencoding binary --outfilename Localizable.strings --outdir /Users/admin/builder/spi-builder-workspace/.derivedData/Build/Products/Debug-appletvos/SearchBar_SearchBar.bundle/fi.lproj -- /Users/admin/builder/spi-builder-workspace/.derivedData/Build/Intermediates.noindex/SearchBar.build/Debug-appletvos/SearchBar_SearchBar-b.build/fi.lproj/Localizable.strings
/Users/admin/builder/spi-builder-workspace/.derivedData/Build/Intermediates.noindex/SearchBar.build/Debug-appletvos/SearchBar_SearchBar-b.build/fi.lproj/Localizable.strings:1:1: note: detected encoding of input file as Unicode (UTF-8) (in target 'SearchBar_SearchBar' from project 'SearchBar')
CopyStringsFile /Users/admin/builder/spi-builder-workspace/.derivedData/Build/Products/Debug-appletvos/SearchBar_SearchBar.bundle/fa.lproj/Localizable.strings /Users/admin/builder/spi-builder-workspace/.derivedData/Build/Intermediates.noindex/SearchBar.build/Debug-appletvos/SearchBar_SearchBar-b.build/fa.lproj/Localizable.strings (in target 'SearchBar_SearchBar' from project 'SearchBar')
    cd /Users/admin/builder/spi-builder-workspace/.dependencies/checkouts/SearchBar
    builtin-copyStrings --validate --outputencoding binary --outfilename Localizable.strings --outdir /Users/admin/builder/spi-builder-workspace/.derivedData/Build/Products/Debug-appletvos/SearchBar_SearchBar.bundle/fa.lproj -- /Users/admin/builder/spi-builder-workspace/.derivedData/Build/Intermediates.noindex/SearchBar.build/Debug-appletvos/SearchBar_SearchBar-b.build/fa.lproj/Localizable.strings
/Users/admin/builder/spi-builder-workspace/.derivedData/Build/Intermediates.noindex/SearchBar.build/Debug-appletvos/SearchBar_SearchBar-b.build/fa.lproj/Localizable.strings:1:1: note: detected encoding of input file as Unicode (UTF-8) (in target 'SearchBar_SearchBar' from project 'SearchBar')
CopyStringsFile /Users/admin/builder/spi-builder-workspace/.derivedData/Build/Products/Debug-appletvos/SearchBar_SearchBar.bundle/fa-AF.lproj/Localizable.strings /Users/admin/builder/spi-builder-workspace/.derivedData/Build/Intermediates.noindex/SearchBar.build/Debug-appletvos/SearchBar_SearchBar-b.build/fa-AF.lproj/Localizable.strings (in target 'SearchBar_SearchBar' from project 'SearchBar')
    cd /Users/admin/builder/spi-builder-workspace/.dependencies/checkouts/SearchBar
    builtin-copyStrings --validate --outputencoding binary --outfilename Localizable.strings --outdir /Users/admin/builder/spi-builder-workspace/.derivedData/Build/Products/Debug-appletvos/SearchBar_SearchBar.bundle/fa-AF.lproj -- /Users/admin/builder/spi-builder-workspace/.derivedData/Build/Intermediates.noindex/SearchBar.build/Debug-appletvos/SearchBar_SearchBar-b.build/fa-AF.lproj/Localizable.strings
/Users/admin/builder/spi-builder-workspace/.derivedData/Build/Intermediates.noindex/SearchBar.build/Debug-appletvos/SearchBar_SearchBar-b.build/fa-AF.lproj/Localizable.strings:1:1: note: detected encoding of input file as Unicode (UTF-8) (in target 'SearchBar_SearchBar' from project 'SearchBar')
CopyStringsFile /Users/admin/builder/spi-builder-workspace/.derivedData/Build/Products/Debug-appletvos/SearchBar_SearchBar.bundle/eu.lproj/Localizable.strings /Users/admin/builder/spi-builder-workspace/.derivedData/Build/Intermediates.noindex/SearchBar.build/Debug-appletvos/SearchBar_SearchBar-b.build/eu.lproj/Localizable.strings (in target 'SearchBar_SearchBar' from project 'SearchBar')
    cd /Users/admin/builder/spi-builder-workspace/.dependencies/checkouts/SearchBar
    builtin-copyStrings --validate --outputencoding binary --outfilename Localizable.strings --outdir /Users/admin/builder/spi-builder-workspace/.derivedData/Build/Products/Debug-appletvos/SearchBar_SearchBar.bundle/eu.lproj -- /Users/admin/builder/spi-builder-workspace/.derivedData/Build/Intermediates.noindex/SearchBar.build/Debug-appletvos/SearchBar_SearchBar-b.build/eu.lproj/Localizable.strings
/Users/admin/builder/spi-builder-workspace/.derivedData/Build/Intermediates.noindex/SearchBar.build/Debug-appletvos/SearchBar_SearchBar-b.build/eu.lproj/Localizable.strings:1:1: note: detected encoding of input file as Unicode (UTF-8) (in target 'SearchBar_SearchBar' from project 'SearchBar')
CopyStringsFile /Users/admin/builder/spi-builder-workspace/.derivedData/Build/Products/Debug-appletvos/SearchBar_SearchBar.bundle/et.lproj/Localizable.strings /Users/admin/builder/spi-builder-workspace/.derivedData/Build/Intermediates.noindex/SearchBar.build/Debug-appletvos/SearchBar_SearchBar-b.build/et.lproj/Localizable.strings (in target 'SearchBar_SearchBar' from project 'SearchBar')
    cd /Users/admin/builder/spi-builder-workspace/.dependencies/checkouts/SearchBar
    builtin-copyStrings --validate --outputencoding binary --outfilename Localizable.strings --outdir /Users/admin/builder/spi-builder-workspace/.derivedData/Build/Products/Debug-appletvos/SearchBar_SearchBar.bundle/et.lproj -- /Users/admin/builder/spi-builder-workspace/.derivedData/Build/Intermediates.noindex/SearchBar.build/Debug-appletvos/SearchBar_SearchBar-b.build/et.lproj/Localizable.strings
/Users/admin/builder/spi-builder-workspace/.derivedData/Build/Intermediates.noindex/SearchBar.build/Debug-appletvos/SearchBar_SearchBar-b.build/et.lproj/Localizable.strings:1:1: note: detected encoding of input file as Unicode (UTF-8) (in target 'SearchBar_SearchBar' from project 'SearchBar')
CopyStringsFile /Users/admin/builder/spi-builder-workspace/.derivedData/Build/Products/Debug-appletvos/SearchBar_SearchBar.bundle/es.lproj/Localizable.strings /Users/admin/builder/spi-builder-workspace/.derivedData/Build/Intermediates.noindex/SearchBar.build/Debug-appletvos/SearchBar_SearchBar-b.build/es.lproj/Localizable.strings (in target 'SearchBar_SearchBar' from project 'SearchBar')
    cd /Users/admin/builder/spi-builder-workspace/.dependencies/checkouts/SearchBar
    builtin-copyStrings --validate --outputencoding binary --outfilename Localizable.strings --outdir /Users/admin/builder/spi-builder-workspace/.derivedData/Build/Products/Debug-appletvos/SearchBar_SearchBar.bundle/es.lproj -- /Users/admin/builder/spi-builder-workspace/.derivedData/Build/Intermediates.noindex/SearchBar.build/Debug-appletvos/SearchBar_SearchBar-b.build/es.lproj/Localizable.strings
/Users/admin/builder/spi-builder-workspace/.derivedData/Build/Intermediates.noindex/SearchBar.build/Debug-appletvos/SearchBar_SearchBar-b.build/es.lproj/Localizable.strings:1:1: note: detected encoding of input file as Unicode (UTF-8) (in target 'SearchBar_SearchBar' from project 'SearchBar')
CopyStringsFile /Users/admin/builder/spi-builder-workspace/.derivedData/Build/Products/Debug-appletvos/SearchBar_SearchBar.bundle/es-US.lproj/Localizable.strings /Users/admin/builder/spi-builder-workspace/.derivedData/Build/Intermediates.noindex/SearchBar.build/Debug-appletvos/SearchBar_SearchBar-b.build/es-US.lproj/Localizable.strings (in target 'SearchBar_SearchBar' from project 'SearchBar')
    cd /Users/admin/builder/spi-builder-workspace/.dependencies/checkouts/SearchBar
    builtin-copyStrings --validate --outputencoding binary --outfilename Localizable.strings --outdir /Users/admin/builder/spi-builder-workspace/.derivedData/Build/Products/Debug-appletvos/SearchBar_SearchBar.bundle/es-US.lproj -- /Users/admin/builder/spi-builder-workspace/.derivedData/Build/Intermediates.noindex/SearchBar.build/Debug-appletvos/SearchBar_SearchBar-b.build/es-US.lproj/Localizable.strings
/Users/admin/builder/spi-builder-workspace/.derivedData/Build/Intermediates.noindex/SearchBar.build/Debug-appletvos/SearchBar_SearchBar-b.build/es-US.lproj/Localizable.strings:1:1: note: detected encoding of input file as Unicode (UTF-8) (in target 'SearchBar_SearchBar' from project 'SearchBar')
CopyStringsFile /Users/admin/builder/spi-builder-workspace/.derivedData/Build/Products/Debug-appletvos/SearchBar_SearchBar.bundle/es-419.lproj/Localizable.strings /Users/admin/builder/spi-builder-workspace/.derivedData/Build/Intermediates.noindex/SearchBar.build/Debug-appletvos/SearchBar_SearchBar-b.build/es-419.lproj/Localizable.strings (in target 'SearchBar_SearchBar' from project 'SearchBar')
    cd /Users/admin/builder/spi-builder-workspace/.dependencies/checkouts/SearchBar
    builtin-copyStrings --validate --outputencoding binary --outfilename Localizable.strings --outdir /Users/admin/builder/spi-builder-workspace/.derivedData/Build/Products/Debug-appletvos/SearchBar_SearchBar.bundle/es-419.lproj -- /Users/admin/builder/spi-builder-workspace/.derivedData/Build/Intermediates.noindex/SearchBar.build/Debug-appletvos/SearchBar_SearchBar-b.build/es-419.lproj/Localizable.strings
/Users/admin/builder/spi-builder-workspace/.derivedData/Build/Intermediates.noindex/SearchBar.build/Debug-appletvos/SearchBar_SearchBar-b.build/es-419.lproj/Localizable.strings:1:1: note: detected encoding of input file as Unicode (UTF-8) (in target 'SearchBar_SearchBar' from project 'SearchBar')
CopyStringsFile /Users/admin/builder/spi-builder-workspace/.derivedData/Build/Products/Debug-appletvos/SearchBar_SearchBar.bundle/en-IN.lproj/Localizable.strings /Users/admin/builder/spi-builder-workspace/.derivedData/Build/Intermediates.noindex/SearchBar.build/Debug-appletvos/SearchBar_SearchBar-b.build/en-IN.lproj/Localizable.strings (in target 'SearchBar_SearchBar' from project 'SearchBar')
    cd /Users/admin/builder/spi-builder-workspace/.dependencies/checkouts/SearchBar
    builtin-copyStrings --validate --outputencoding binary --outfilename Localizable.strings --outdir /Users/admin/builder/spi-builder-workspace/.derivedData/Build/Products/Debug-appletvos/SearchBar_SearchBar.bundle/en-IN.lproj -- /Users/admin/builder/spi-builder-workspace/.derivedData/Build/Intermediates.noindex/SearchBar.build/Debug-appletvos/SearchBar_SearchBar-b.build/en-IN.lproj/Localizable.strings
/Users/admin/builder/spi-builder-workspace/.derivedData/Build/Intermediates.noindex/SearchBar.build/Debug-appletvos/SearchBar_SearchBar-b.build/en-IN.lproj/Localizable.strings:1:1: note: detected encoding of input file as Unicode (UTF-8) (in target 'SearchBar_SearchBar' from project 'SearchBar')
CopyStringsFile /Users/admin/builder/spi-builder-workspace/.derivedData/Build/Products/Debug-appletvos/SearchBar_SearchBar.bundle/en.lproj/Localizable.strings /Users/admin/builder/spi-builder-workspace/.derivedData/Build/Intermediates.noindex/SearchBar.build/Debug-appletvos/SearchBar_SearchBar-b.build/en.lproj/Localizable.strings (in target 'SearchBar_SearchBar' from project 'SearchBar')
    cd /Users/admin/builder/spi-builder-workspace/.dependencies/checkouts/SearchBar
    builtin-copyStrings --validate --outputencoding binary --outfilename Localizable.strings --outdir /Users/admin/builder/spi-builder-workspace/.derivedData/Build/Products/Debug-appletvos/SearchBar_SearchBar.bundle/en.lproj -- /Users/admin/builder/spi-builder-workspace/.derivedData/Build/Intermediates.noindex/SearchBar.build/Debug-appletvos/SearchBar_SearchBar-b.build/en.lproj/Localizable.strings
/Users/admin/builder/spi-builder-workspace/.derivedData/Build/Intermediates.noindex/SearchBar.build/Debug-appletvos/SearchBar_SearchBar-b.build/en.lproj/Localizable.strings:1:1: note: detected encoding of input file as Unicode (UTF-8) (in target 'SearchBar_SearchBar' from project 'SearchBar')
CopyStringsFile /Users/admin/builder/spi-builder-workspace/.derivedData/Build/Products/Debug-appletvos/SearchBar_SearchBar.bundle/en-GB.lproj/Localizable.strings /Users/admin/builder/spi-builder-workspace/.derivedData/Build/Intermediates.noindex/SearchBar.build/Debug-appletvos/SearchBar_SearchBar-b.build/en-GB.lproj/Localizable.strings (in target 'SearchBar_SearchBar' from project 'SearchBar')
    cd /Users/admin/builder/spi-builder-workspace/.dependencies/checkouts/SearchBar
    builtin-copyStrings --validate --outputencoding binary --outfilename Localizable.strings --outdir /Users/admin/builder/spi-builder-workspace/.derivedData/Build/Products/Debug-appletvos/SearchBar_SearchBar.bundle/en-GB.lproj -- /Users/admin/builder/spi-builder-workspace/.derivedData/Build/Intermediates.noindex/SearchBar.build/Debug-appletvos/SearchBar_SearchBar-b.build/en-GB.lproj/Localizable.strings
/Users/admin/builder/spi-builder-workspace/.derivedData/Build/Intermediates.noindex/SearchBar.build/Debug-appletvos/SearchBar_SearchBar-b.build/en-GB.lproj/Localizable.strings:1:1: note: detected encoding of input file as Unicode (UTF-8) (in target 'SearchBar_SearchBar' from project 'SearchBar')
CopyStringsFile /Users/admin/builder/spi-builder-workspace/.derivedData/Build/Products/Debug-appletvos/SearchBar_SearchBar.bundle/en-AU.lproj/Localizable.strings /Users/admin/builder/spi-builder-workspace/.derivedData/Build/Intermediates.noindex/SearchBar.build/Debug-appletvos/SearchBar_SearchBar-b.build/en-AU.lproj/Localizable.strings (in target 'SearchBar_SearchBar' from project 'SearchBar')
    cd /Users/admin/builder/spi-builder-workspace/.dependencies/checkouts/SearchBar
    builtin-copyStrings --validate --outputencoding binary --outfilename Localizable.strings --outdir /Users/admin/builder/spi-builder-workspace/.derivedData/Build/Products/Debug-appletvos/SearchBar_SearchBar.bundle/en-AU.lproj -- /Users/admin/builder/spi-builder-workspace/.derivedData/Build/Intermediates.noindex/SearchBar.build/Debug-appletvos/SearchBar_SearchBar-b.build/en-AU.lproj/Localizable.strings
/Users/admin/builder/spi-builder-workspace/.derivedData/Build/Intermediates.noindex/SearchBar.build/Debug-appletvos/SearchBar_SearchBar-b.build/en-AU.lproj/Localizable.strings:1:1: note: detected encoding of input file as Unicode (UTF-8) (in target 'SearchBar_SearchBar' from project 'SearchBar')
CopyStringsFile /Users/admin/builder/spi-builder-workspace/.derivedData/Build/Products/Debug-appletvos/SearchBar_SearchBar.bundle/el.lproj/Localizable.strings /Users/admin/builder/spi-builder-workspace/.derivedData/Build/Intermediates.noindex/SearchBar.build/Debug-appletvos/SearchBar_SearchBar-b.build/el.lproj/Localizable.strings (in target 'SearchBar_SearchBar' from project 'SearchBar')
    cd /Users/admin/builder/spi-builder-workspace/.dependencies/checkouts/SearchBar
    builtin-copyStrings --validate --outputencoding binary --outfilename Localizable.strings --outdir /Users/admin/builder/spi-builder-workspace/.derivedData/Build/Products/Debug-appletvos/SearchBar_SearchBar.bundle/el.lproj -- /Users/admin/builder/spi-builder-workspace/.derivedData/Build/Intermediates.noindex/SearchBar.build/Debug-appletvos/SearchBar_SearchBar-b.build/el.lproj/Localizable.strings
/Users/admin/builder/spi-builder-workspace/.derivedData/Build/Intermediates.noindex/SearchBar.build/Debug-appletvos/SearchBar_SearchBar-b.build/el.lproj/Localizable.strings:1:1: note: detected encoding of input file as Unicode (UTF-8) (in target 'SearchBar_SearchBar' from project 'SearchBar')
CopyStringsFile /Users/admin/builder/spi-builder-workspace/.derivedData/Build/Products/Debug-appletvos/SearchBar_SearchBar.bundle/de.lproj/Localizable.strings /Users/admin/builder/spi-builder-workspace/.derivedData/Build/Intermediates.noindex/SearchBar.build/Debug-appletvos/SearchBar_SearchBar-b.build/de.lproj/Localizable.strings (in target 'SearchBar_SearchBar' from project 'SearchBar')
    cd /Users/admin/builder/spi-builder-workspace/.dependencies/checkouts/SearchBar
    builtin-copyStrings --validate --outputencoding binary --outfilename Localizable.strings --outdir /Users/admin/builder/spi-builder-workspace/.derivedData/Build/Products/Debug-appletvos/SearchBar_SearchBar.bundle/de.lproj -- /Users/admin/builder/spi-builder-workspace/.derivedData/Build/Intermediates.noindex/SearchBar.build/Debug-appletvos/SearchBar_SearchBar-b.build/de.lproj/Localizable.strings
/Users/admin/builder/spi-builder-workspace/.derivedData/Build/Intermediates.noindex/SearchBar.build/Debug-appletvos/SearchBar_SearchBar-b.build/de.lproj/Localizable.strings:1:1: note: detected encoding of input file as Unicode (UTF-8) (in target 'SearchBar_SearchBar' from project 'SearchBar')
CopyStringsFile /Users/admin/builder/spi-builder-workspace/.derivedData/Build/Products/Debug-appletvos/SearchBar_SearchBar.bundle/da.lproj/Localizable.strings /Users/admin/builder/spi-builder-workspace/.derivedData/Build/Intermediates.noindex/SearchBar.build/Debug-appletvos/SearchBar_SearchBar-b.build/da.lproj/Localizable.strings (in target 'SearchBar_SearchBar' from project 'SearchBar')
    cd /Users/admin/builder/spi-builder-workspace/.dependencies/checkouts/SearchBar
    builtin-copyStrings --validate --outputencoding binary --outfilename Localizable.strings --outdir /Users/admin/builder/spi-builder-workspace/.derivedData/Build/Products/Debug-appletvos/SearchBar_SearchBar.bundle/da.lproj -- /Users/admin/builder/spi-builder-workspace/.derivedData/Build/Intermediates.noindex/SearchBar.build/Debug-appletvos/SearchBar_SearchBar-b.build/da.lproj/Localizable.strings
/Users/admin/builder/spi-builder-workspace/.derivedData/Build/Intermediates.noindex/SearchBar.build/Debug-appletvos/SearchBar_SearchBar-b.build/da.lproj/Localizable.strings:1:1: note: detected encoding of input file as Unicode (UTF-8) (in target 'SearchBar_SearchBar' from project 'SearchBar')
CopyStringsFile /Users/admin/builder/spi-builder-workspace/.derivedData/Build/Products/Debug-appletvos/SearchBar_SearchBar.bundle/cy.lproj/Localizable.strings /Users/admin/builder/spi-builder-workspace/.derivedData/Build/Intermediates.noindex/SearchBar.build/Debug-appletvos/SearchBar_SearchBar-b.build/cy.lproj/Localizable.strings (in target 'SearchBar_SearchBar' from project 'SearchBar')
    cd /Users/admin/builder/spi-builder-workspace/.dependencies/checkouts/SearchBar
    builtin-copyStrings --validate --outputencoding binary --outfilename Localizable.strings --outdir /Users/admin/builder/spi-builder-workspace/.derivedData/Build/Products/Debug-appletvos/SearchBar_SearchBar.bundle/cy.lproj -- /Users/admin/builder/spi-builder-workspace/.derivedData/Build/Intermediates.noindex/SearchBar.build/Debug-appletvos/SearchBar_SearchBar-b.build/cy.lproj/Localizable.strings
/Users/admin/builder/spi-builder-workspace/.derivedData/Build/Intermediates.noindex/SearchBar.build/Debug-appletvos/SearchBar_SearchBar-b.build/cy.lproj/Localizable.strings:1:1: note: detected encoding of input file as Unicode (UTF-8) (in target 'SearchBar_SearchBar' from project 'SearchBar')
CopyStringsFile /Users/admin/builder/spi-builder-workspace/.derivedData/Build/Products/Debug-appletvos/SearchBar_SearchBar.bundle/cs.lproj/Localizable.strings /Users/admin/builder/spi-builder-workspace/.derivedData/Build/Intermediates.noindex/SearchBar.build/Debug-appletvos/SearchBar_SearchBar-b.build/cs.lproj/Localizable.strings (in target 'SearchBar_SearchBar' from project 'SearchBar')
    cd /Users/admin/builder/spi-builder-workspace/.dependencies/checkouts/SearchBar
    builtin-copyStrings --validate --outputencoding binary --outfilename Localizable.strings --outdir /Users/admin/builder/spi-builder-workspace/.derivedData/Build/Products/Debug-appletvos/SearchBar_SearchBar.bundle/cs.lproj -- /Users/admin/builder/spi-builder-workspace/.derivedData/Build/Intermediates.noindex/SearchBar.build/Debug-appletvos/SearchBar_SearchBar-b.build/cs.lproj/Localizable.strings
/Users/admin/builder/spi-builder-workspace/.derivedData/Build/Intermediates.noindex/SearchBar.build/Debug-appletvos/SearchBar_SearchBar-b.build/cs.lproj/Localizable.strings:1:1: note: detected encoding of input file as Unicode (UTF-8) (in target 'SearchBar_SearchBar' from project 'SearchBar')
CopyStringsFile /Users/admin/builder/spi-builder-workspace/.derivedData/Build/Products/Debug-appletvos/SearchBar_SearchBar.bundle/ckb.lproj/Localizable.strings /Users/admin/builder/spi-builder-workspace/.derivedData/Build/Intermediates.noindex/SearchBar.build/Debug-appletvos/SearchBar_SearchBar-b.build/ckb.lproj/Localizable.strings (in target 'SearchBar_SearchBar' from project 'SearchBar')
    cd /Users/admin/builder/spi-builder-workspace/.dependencies/checkouts/SearchBar
    builtin-copyStrings --validate --outputencoding binary --outfilename Localizable.strings --outdir /Users/admin/builder/spi-builder-workspace/.derivedData/Build/Products/Debug-appletvos/SearchBar_SearchBar.bundle/ckb.lproj -- /Users/admin/builder/spi-builder-workspace/.derivedData/Build/Intermediates.noindex/SearchBar.build/Debug-appletvos/SearchBar_SearchBar-b.build/ckb.lproj/Localizable.strings
/Users/admin/builder/spi-builder-workspace/.derivedData/Build/Intermediates.noindex/SearchBar.build/Debug-appletvos/SearchBar_SearchBar-b.build/ckb.lproj/Localizable.strings:1:1: note: detected encoding of input file as Unicode (UTF-8) (in target 'SearchBar_SearchBar' from project 'SearchBar')
CopyStringsFile /Users/admin/builder/spi-builder-workspace/.derivedData/Build/Products/Debug-appletvos/SearchBar_SearchBar.bundle/ceb.lproj/Localizable.strings /Users/admin/builder/spi-builder-workspace/.derivedData/Build/Intermediates.noindex/SearchBar.build/Debug-appletvos/SearchBar_SearchBar-b.build/ceb.lproj/Localizable.strings (in target 'SearchBar_SearchBar' from project 'SearchBar')
    cd /Users/admin/builder/spi-builder-workspace/.dependencies/checkouts/SearchBar
    builtin-copyStrings --validate --outputencoding binary --outfilename Localizable.strings --outdir /Users/admin/builder/spi-builder-workspace/.derivedData/Build/Products/Debug-appletvos/SearchBar_SearchBar.bundle/ceb.lproj -- /Users/admin/builder/spi-builder-workspace/.derivedData/Build/Intermediates.noindex/SearchBar.build/Debug-appletvos/SearchBar_SearchBar-b.build/ceb.lproj/Localizable.strings
/Users/admin/builder/spi-builder-workspace/.derivedData/Build/Intermediates.noindex/SearchBar.build/Debug-appletvos/SearchBar_SearchBar-b.build/ceb.lproj/Localizable.strings:1:1: note: detected encoding of input file as Unicode (UTF-8) (in target 'SearchBar_SearchBar' from project 'SearchBar')
CopyStringsFile /Users/admin/builder/spi-builder-workspace/.derivedData/Build/Products/Debug-appletvos/SearchBar_SearchBar.bundle/ca.lproj/Localizable.strings /Users/admin/builder/spi-builder-workspace/.derivedData/Build/Intermediates.noindex/SearchBar.build/Debug-appletvos/SearchBar_SearchBar-b.build/ca.lproj/Localizable.strings (in target 'SearchBar_SearchBar' from project 'SearchBar')
    cd /Users/admin/builder/spi-builder-workspace/.dependencies/checkouts/SearchBar
    builtin-copyStrings --validate --outputencoding binary --outfilename Localizable.strings --outdir /Users/admin/builder/spi-builder-workspace/.derivedData/Build/Products/Debug-appletvos/SearchBar_SearchBar.bundle/ca.lproj -- /Users/admin/builder/spi-builder-workspace/.derivedData/Build/Intermediates.noindex/SearchBar.build/Debug-appletvos/SearchBar_SearchBar-b.build/ca.lproj/Localizable.strings
/Users/admin/builder/spi-builder-workspace/.derivedData/Build/Intermediates.noindex/SearchBar.build/Debug-appletvos/SearchBar_SearchBar-b.build/ca.lproj/Localizable.strings:1:1: note: detected encoding of input file as Unicode (UTF-8) (in target 'SearchBar_SearchBar' from project 'SearchBar')
CopyStringsFile /Users/admin/builder/spi-builder-workspace/.derivedData/Build/Products/Debug-appletvos/SearchBar_SearchBar.bundle/bs.lproj/Localizable.strings /Users/admin/builder/spi-builder-workspace/.derivedData/Build/Intermediates.noindex/SearchBar.build/Debug-appletvos/SearchBar_SearchBar-b.build/bs.lproj/Localizable.strings (in target 'SearchBar_SearchBar' from project 'SearchBar')
    cd /Users/admin/builder/spi-builder-workspace/.dependencies/checkouts/SearchBar
    builtin-copyStrings --validate --outputencoding binary --outfilename Localizable.strings --outdir /Users/admin/builder/spi-builder-workspace/.derivedData/Build/Products/Debug-appletvos/SearchBar_SearchBar.bundle/bs.lproj -- /Users/admin/builder/spi-builder-workspace/.derivedData/Build/Intermediates.noindex/SearchBar.build/Debug-appletvos/SearchBar_SearchBar-b.build/bs.lproj/Localizable.strings
/Users/admin/builder/spi-builder-workspace/.derivedData/Build/Intermediates.noindex/SearchBar.build/Debug-appletvos/SearchBar_SearchBar-b.build/bs.lproj/Localizable.strings:1:1: note: detected encoding of input file as Unicode (UTF-8) (in target 'SearchBar_SearchBar' from project 'SearchBar')
CopyStringsFile /Users/admin/builder/spi-builder-workspace/.derivedData/Build/Products/Debug-appletvos/SearchBar_SearchBar.bundle/bo.lproj/Localizable.strings /Users/admin/builder/spi-builder-workspace/.derivedData/Build/Intermediates.noindex/SearchBar.build/Debug-appletvos/SearchBar_SearchBar-b.build/bo.lproj/Localizable.strings (in target 'SearchBar_SearchBar' from project 'SearchBar')
    cd /Users/admin/builder/spi-builder-workspace/.dependencies/checkouts/SearchBar
    builtin-copyStrings --validate --outputencoding binary --outfilename Localizable.strings --outdir /Users/admin/builder/spi-builder-workspace/.derivedData/Build/Products/Debug-appletvos/SearchBar_SearchBar.bundle/bo.lproj -- /Users/admin/builder/spi-builder-workspace/.derivedData/Build/Intermediates.noindex/SearchBar.build/Debug-appletvos/SearchBar_SearchBar-b.build/bo.lproj/Localizable.strings
/Users/admin/builder/spi-builder-workspace/.derivedData/Build/Intermediates.noindex/SearchBar.build/Debug-appletvos/SearchBar_SearchBar-b.build/bo.lproj/Localizable.strings:1:1: note: detected encoding of input file as Unicode (UTF-8) (in target 'SearchBar_SearchBar' from project 'SearchBar')
CopyStringsFile /Users/admin/builder/spi-builder-workspace/.derivedData/Build/Products/Debug-appletvos/SearchBar_SearchBar.bundle/bn.lproj/Localizable.strings /Users/admin/builder/spi-builder-workspace/.derivedData/Build/Intermediates.noindex/SearchBar.build/Debug-appletvos/SearchBar_SearchBar-b.build/bn.lproj/Localizable.strings (in target 'SearchBar_SearchBar' from project 'SearchBar')
    cd /Users/admin/builder/spi-builder-workspace/.dependencies/checkouts/SearchBar
    builtin-copyStrings --validate --outputencoding binary --outfilename Localizable.strings --outdir /Users/admin/builder/spi-builder-workspace/.derivedData/Build/Products/Debug-appletvos/SearchBar_SearchBar.bundle/bn.lproj -- /Users/admin/builder/spi-builder-workspace/.derivedData/Build/Intermediates.noindex/SearchBar.build/Debug-appletvos/SearchBar_SearchBar-b.build/bn.lproj/Localizable.strings
/Users/admin/builder/spi-builder-workspace/.derivedData/Build/Intermediates.noindex/SearchBar.build/Debug-appletvos/SearchBar_SearchBar-b.build/bn.lproj/Localizable.strings:1:1: note: detected encoding of input file as Unicode (UTF-8) (in target 'SearchBar_SearchBar' from project 'SearchBar')
CopyStringsFile /Users/admin/builder/spi-builder-workspace/.derivedData/Build/Products/Debug-appletvos/SearchBar_SearchBar.bundle/bm.lproj/Localizable.strings /Users/admin/builder/spi-builder-workspace/.derivedData/Build/Intermediates.noindex/SearchBar.build/Debug-appletvos/SearchBar_SearchBar-b.build/bm.lproj/Localizable.strings (in target 'SearchBar_SearchBar' from project 'SearchBar')
    cd /Users/admin/builder/spi-builder-workspace/.dependencies/checkouts/SearchBar
    builtin-copyStrings --validate --outputencoding binary --outfilename Localizable.strings --outdir /Users/admin/builder/spi-builder-workspace/.derivedData/Build/Products/Debug-appletvos/SearchBar_SearchBar.bundle/bm.lproj -- /Users/admin/builder/spi-builder-workspace/.derivedData/Build/Intermediates.noindex/SearchBar.build/Debug-appletvos/SearchBar_SearchBar-b.build/bm.lproj/Localizable.strings
/Users/admin/builder/spi-builder-workspace/.derivedData/Build/Intermediates.noindex/SearchBar.build/Debug-appletvos/SearchBar_SearchBar-b.build/bm.lproj/Localizable.strings:1:1: note: detected encoding of input file as Unicode (UTF-8) (in target 'SearchBar_SearchBar' from project 'SearchBar')
CopyStringsFile /Users/admin/builder/spi-builder-workspace/.derivedData/Build/Products/Debug-appletvos/SearchBar_SearchBar.bundle/bg.lproj/Localizable.strings /Users/admin/builder/spi-builder-workspace/.derivedData/Build/Intermediates.noindex/SearchBar.build/Debug-appletvos/SearchBar_SearchBar-b.build/bg.lproj/Localizable.strings (in target 'SearchBar_SearchBar' from project 'SearchBar')
    cd /Users/admin/builder/spi-builder-workspace/.dependencies/checkouts/SearchBar
    builtin-copyStrings --validate --outputencoding binary --outfilename Localizable.strings --outdir /Users/admin/builder/spi-builder-workspace/.derivedData/Build/Products/Debug-appletvos/SearchBar_SearchBar.bundle/bg.lproj -- /Users/admin/builder/spi-builder-workspace/.derivedData/Build/Intermediates.noindex/SearchBar.build/Debug-appletvos/SearchBar_SearchBar-b.build/bg.lproj/Localizable.strings
/Users/admin/builder/spi-builder-workspace/.derivedData/Build/Intermediates.noindex/SearchBar.build/Debug-appletvos/SearchBar_SearchBar-b.build/bg.lproj/Localizable.strings:1:1: note: detected encoding of input file as Unicode (UTF-8) (in target 'SearchBar_SearchBar' from project 'SearchBar')
CopyStringsFile /Users/admin/builder/spi-builder-workspace/.derivedData/Build/Products/Debug-appletvos/SearchBar_SearchBar.bundle/be.lproj/Localizable.strings /Users/admin/builder/spi-builder-workspace/.derivedData/Build/Intermediates.noindex/SearchBar.build/Debug-appletvos/SearchBar_SearchBar-b.build/be.lproj/Localizable.strings (in target 'SearchBar_SearchBar' from project 'SearchBar')
    cd /Users/admin/builder/spi-builder-workspace/.dependencies/checkouts/SearchBar
    builtin-copyStrings --validate --outputencoding binary --outfilename Localizable.strings --outdir /Users/admin/builder/spi-builder-workspace/.derivedData/Build/Products/Debug-appletvos/SearchBar_SearchBar.bundle/be.lproj -- /Users/admin/builder/spi-builder-workspace/.derivedData/Build/Intermediates.noindex/SearchBar.build/Debug-appletvos/SearchBar_SearchBar-b.build/be.lproj/Localizable.strings
/Users/admin/builder/spi-builder-workspace/.derivedData/Build/Intermediates.noindex/SearchBar.build/Debug-appletvos/SearchBar_SearchBar-b.build/be.lproj/Localizable.strings:1:1: note: detected encoding of input file as Unicode (UTF-8) (in target 'SearchBar_SearchBar' from project 'SearchBar')
CopyStringsFile /Users/admin/builder/spi-builder-workspace/.derivedData/Build/Products/Debug-appletvos/SearchBar_SearchBar.bundle/az.lproj/Localizable.strings /Users/admin/builder/spi-builder-workspace/.derivedData/Build/Intermediates.noindex/SearchBar.build/Debug-appletvos/SearchBar_SearchBar-b.build/az.lproj/Localizable.strings (in target 'SearchBar_SearchBar' from project 'SearchBar')
    cd /Users/admin/builder/spi-builder-workspace/.dependencies/checkouts/SearchBar
    builtin-copyStrings --validate --outputencoding binary --outfilename Localizable.strings --outdir /Users/admin/builder/spi-builder-workspace/.derivedData/Build/Products/Debug-appletvos/SearchBar_SearchBar.bundle/az.lproj -- /Users/admin/builder/spi-builder-workspace/.derivedData/Build/Intermediates.noindex/SearchBar.build/Debug-appletvos/SearchBar_SearchBar-b.build/az.lproj/Localizable.strings
/Users/admin/builder/spi-builder-workspace/.derivedData/Build/Intermediates.noindex/SearchBar.build/Debug-appletvos/SearchBar_SearchBar-b.build/az.lproj/Localizable.strings:1:1: note: detected encoding of input file as Unicode (UTF-8) (in target 'SearchBar_SearchBar' from project 'SearchBar')
CopyStringsFile /Users/admin/builder/spi-builder-workspace/.derivedData/Build/Products/Debug-appletvos/SearchBar_SearchBar.bundle/ay.lproj/Localizable.strings /Users/admin/builder/spi-builder-workspace/.derivedData/Build/Intermediates.noindex/SearchBar.build/Debug-appletvos/SearchBar_SearchBar-b.build/ay.lproj/Localizable.strings (in target 'SearchBar_SearchBar' from project 'SearchBar')
    cd /Users/admin/builder/spi-builder-workspace/.dependencies/checkouts/SearchBar
    builtin-copyStrings --validate --outputencoding binary --outfilename Localizable.strings --outdir /Users/admin/builder/spi-builder-workspace/.derivedData/Build/Products/Debug-appletvos/SearchBar_SearchBar.bundle/ay.lproj -- /Users/admin/builder/spi-builder-workspace/.derivedData/Build/Intermediates.noindex/SearchBar.build/Debug-appletvos/SearchBar_SearchBar-b.build/ay.lproj/Localizable.strings
/Users/admin/builder/spi-builder-workspace/.derivedData/Build/Intermediates.noindex/SearchBar.build/Debug-appletvos/SearchBar_SearchBar-b.build/ay.lproj/Localizable.strings:1:1: note: detected encoding of input file as Unicode (UTF-8) (in target 'SearchBar_SearchBar' from project 'SearchBar')
CopyStringsFile /Users/admin/builder/spi-builder-workspace/.derivedData/Build/Products/Debug-appletvos/SearchBar_SearchBar.bundle/as.lproj/Localizable.strings /Users/admin/builder/spi-builder-workspace/.derivedData/Build/Intermediates.noindex/SearchBar.build/Debug-appletvos/SearchBar_SearchBar-b.build/as.lproj/Localizable.strings (in target 'SearchBar_SearchBar' from project 'SearchBar')
    cd /Users/admin/builder/spi-builder-workspace/.dependencies/checkouts/SearchBar
    builtin-copyStrings --validate --outputencoding binary --outfilename Localizable.strings --outdir /Users/admin/builder/spi-builder-workspace/.derivedData/Build/Products/Debug-appletvos/SearchBar_SearchBar.bundle/as.lproj -- /Users/admin/builder/spi-builder-workspace/.derivedData/Build/Intermediates.noindex/SearchBar.build/Debug-appletvos/SearchBar_SearchBar-b.build/as.lproj/Localizable.strings
/Users/admin/builder/spi-builder-workspace/.derivedData/Build/Intermediates.noindex/SearchBar.build/Debug-appletvos/SearchBar_SearchBar-b.build/as.lproj/Localizable.strings:1:1: note: detected encoding of input file as Unicode (UTF-8) (in target 'SearchBar_SearchBar' from project 'SearchBar')
CopyStringsFile /Users/admin/builder/spi-builder-workspace/.derivedData/Build/Products/Debug-appletvos/SearchBar_SearchBar.bundle/ar.lproj/Localizable.strings /Users/admin/builder/spi-builder-workspace/.derivedData/Build/Intermediates.noindex/SearchBar.build/Debug-appletvos/SearchBar_SearchBar-b.build/ar.lproj/Localizable.strings (in target 'SearchBar_SearchBar' from project 'SearchBar')
    cd /Users/admin/builder/spi-builder-workspace/.dependencies/checkouts/SearchBar
    builtin-copyStrings --validate --outputencoding binary --outfilename Localizable.strings --outdir /Users/admin/builder/spi-builder-workspace/.derivedData/Build/Products/Debug-appletvos/SearchBar_SearchBar.bundle/ar.lproj -- /Users/admin/builder/spi-builder-workspace/.derivedData/Build/Intermediates.noindex/SearchBar.build/Debug-appletvos/SearchBar_SearchBar-b.build/ar.lproj/Localizable.strings
/Users/admin/builder/spi-builder-workspace/.derivedData/Build/Intermediates.noindex/SearchBar.build/Debug-appletvos/SearchBar_SearchBar-b.build/ar.lproj/Localizable.strings:1:1: note: detected encoding of input file as Unicode (UTF-8) (in target 'SearchBar_SearchBar' from project 'SearchBar')
CopyStringsFile /Users/admin/builder/spi-builder-workspace/.derivedData/Build/Products/Debug-appletvos/SearchBar_SearchBar.bundle/am.lproj/Localizable.strings /Users/admin/builder/spi-builder-workspace/.derivedData/Build/Intermediates.noindex/SearchBar.build/Debug-appletvos/SearchBar_SearchBar-b.build/am.lproj/Localizable.strings (in target 'SearchBar_SearchBar' from project 'SearchBar')
    cd /Users/admin/builder/spi-builder-workspace/.dependencies/checkouts/SearchBar
    builtin-copyStrings --validate --outputencoding binary --outfilename Localizable.strings --outdir /Users/admin/builder/spi-builder-workspace/.derivedData/Build/Products/Debug-appletvos/SearchBar_SearchBar.bundle/am.lproj -- /Users/admin/builder/spi-builder-workspace/.derivedData/Build/Intermediates.noindex/SearchBar.build/Debug-appletvos/SearchBar_SearchBar-b.build/am.lproj/Localizable.strings
/Users/admin/builder/spi-builder-workspace/.derivedData/Build/Intermediates.noindex/SearchBar.build/Debug-appletvos/SearchBar_SearchBar-b.build/am.lproj/Localizable.strings:1:1: note: detected encoding of input file as Unicode (UTF-8) (in target 'SearchBar_SearchBar' from project 'SearchBar')
CopyStringsFile /Users/admin/builder/spi-builder-workspace/.derivedData/Build/Products/Debug-appletvos/SearchBar_SearchBar.bundle/ak.lproj/Localizable.strings /Users/admin/builder/spi-builder-workspace/.derivedData/Build/Intermediates.noindex/SearchBar.build/Debug-appletvos/SearchBar_SearchBar-b.build/ak.lproj/Localizable.strings (in target 'SearchBar_SearchBar' from project 'SearchBar')
    cd /Users/admin/builder/spi-builder-workspace/.dependencies/checkouts/SearchBar
    builtin-copyStrings --validate --outputencoding binary --outfilename Localizable.strings --outdir /Users/admin/builder/spi-builder-workspace/.derivedData/Build/Products/Debug-appletvos/SearchBar_SearchBar.bundle/ak.lproj -- /Users/admin/builder/spi-builder-workspace/.derivedData/Build/Intermediates.noindex/SearchBar.build/Debug-appletvos/SearchBar_SearchBar-b.build/ak.lproj/Localizable.strings
/Users/admin/builder/spi-builder-workspace/.derivedData/Build/Intermediates.noindex/SearchBar.build/Debug-appletvos/SearchBar_SearchBar-b.build/ak.lproj/Localizable.strings:1:1: note: detected encoding of input file as Unicode (UTF-8) (in target 'SearchBar_SearchBar' from project 'SearchBar')
CopyStringsFile /Users/admin/builder/spi-builder-workspace/.derivedData/Build/Products/Debug-appletvos/SearchBar_SearchBar.bundle/af.lproj/Localizable.strings /Users/admin/builder/spi-builder-workspace/.derivedData/Build/Intermediates.noindex/SearchBar.build/Debug-appletvos/SearchBar_SearchBar-b.build/af.lproj/Localizable.strings (in target 'SearchBar_SearchBar' from project 'SearchBar')
    cd /Users/admin/builder/spi-builder-workspace/.dependencies/checkouts/SearchBar
    builtin-copyStrings --validate --outputencoding binary --outfilename Localizable.strings --outdir /Users/admin/builder/spi-builder-workspace/.derivedData/Build/Products/Debug-appletvos/SearchBar_SearchBar.bundle/af.lproj -- /Users/admin/builder/spi-builder-workspace/.derivedData/Build/Intermediates.noindex/SearchBar.build/Debug-appletvos/SearchBar_SearchBar-b.build/af.lproj/Localizable.strings
/Users/admin/builder/spi-builder-workspace/.derivedData/Build/Intermediates.noindex/SearchBar.build/Debug-appletvos/SearchBar_SearchBar-b.build/af.lproj/Localizable.strings:1:1: note: detected encoding of input file as Unicode (UTF-8) (in target 'SearchBar_SearchBar' from project 'SearchBar')
RegisterExecutionPolicyException /Users/admin/builder/spi-builder-workspace/.derivedData/Build/Products/Debug-appletvos/SymbolPicker_SymbolPicker.bundle (in target 'SymbolPicker_SymbolPicker' from project 'SymbolPicker')
    cd /Users/admin/builder/spi-builder-workspace
    builtin-RegisterExecutionPolicyException /Users/admin/builder/spi-builder-workspace/.derivedData/Build/Products/Debug-appletvos/SymbolPicker_SymbolPicker.bundle
RegisterExecutionPolicyException /Users/admin/builder/spi-builder-workspace/.derivedData/Build/Products/Debug-appletvos/SearchBar_SearchBar.bundle (in target 'SearchBar_SearchBar' from project 'SearchBar')
    cd /Users/admin/builder/spi-builder-workspace/.dependencies/checkouts/SearchBar
    builtin-RegisterExecutionPolicyException /Users/admin/builder/spi-builder-workspace/.derivedData/Build/Products/Debug-appletvos/SearchBar_SearchBar.bundle
Touch /Users/admin/builder/spi-builder-workspace/.derivedData/Build/Products/Debug-appletvos/SearchBar_SearchBar.bundle (in target 'SearchBar_SearchBar' from project 'SearchBar')
    cd /Users/admin/builder/spi-builder-workspace/.dependencies/checkouts/SearchBar
    /usr/bin/touch -c /Users/admin/builder/spi-builder-workspace/.derivedData/Build/Products/Debug-appletvos/SearchBar_SearchBar.bundle
Touch /Users/admin/builder/spi-builder-workspace/.derivedData/Build/Products/Debug-appletvos/SymbolPicker_SymbolPicker.bundle (in target 'SymbolPicker_SymbolPicker' from project 'SymbolPicker')
    cd /Users/admin/builder/spi-builder-workspace
    /usr/bin/touch -c /Users/admin/builder/spi-builder-workspace/.derivedData/Build/Products/Debug-appletvos/SymbolPicker_SymbolPicker.bundle
SwiftDriver SearchBar normal arm64 com.apple.xcode.tools.swift.compiler (in target 'SearchBar' from project 'SearchBar')
    cd /Users/admin/builder/spi-builder-workspace/.swiftpm/xcode
    builtin-SwiftDriver -- /Applications/Xcode-27.0.0-Release.Candidate.app/Contents/Developer/Toolchains/XcodeDefault.xctoolchain/usr/bin/swiftc -parse-as-library -module-name SearchBar -Onone @/Users/admin/builder/spi-builder-workspace/.derivedData/Build/Intermediates.noindex/SearchBar.build/Debug-appletvos/SearchBar-t.build/Objects-normal/arm64/SearchBar.SwiftFileList -DSWIFT_PACKAGE -DDEBUG -DSWIFT_MODULE_RESOURCE_BUNDLE_AVAILABLE -DXcode -plugin-path /Applications/Xcode-27.0.0-Release.Candidate.app/Contents/Developer/Toolchains/XcodeDefault.xctoolchain/usr/lib/swift/host/plugins/testing -enable-experimental-feature DebugDescriptionMacro -sdk /Applications/Xcode-27.0.0-Release.Candidate.app/Contents/Developer/Platforms/AppleTVOS.platform/Developer/SDKs/AppleTVOS27.0.sdk -target arm64-apple-tvos15.0 -g -module-cache-path /Users/admin/builder/spi-builder-workspace/.derivedData/ModuleCache.noindex -Xfrontend -serialize-debugging-options -enable-testing -suppress-warnings -index-store-path /Users/admin/builder/spi-builder-workspace/.derivedData/Index.noindex/DataStore -Xcc -D_LIBCPP_HARDENING_MODE\=_LIBCPP_HARDENING_MODE_DEBUG -swift-version 5 -I /Users/admin/builder/spi-builder-workspace/.derivedData/Build/Products/Debug-appletvos -Isystem /Applications/Xcode-27.0.0-Release.Candidate.app/Contents/Developer/Platforms/AppleTVOS.platform/Developer/usr/lib -F /Users/admin/builder/spi-builder-workspace/.derivedData/Build/Products/Debug-appletvos -F /Applications/Xcode-27.0.0-Release.Candidate.app/Contents/Developer/Platforms/AppleTVOS.platform/Developer/Library/Frameworks -F /Applications/Xcode-27.0.0-Release.Candidate.app/Contents/Developer/Platforms/AppleTVOS.platform/Developer/SDKs/AppleTVOS27.0.sdk/Developer/Library/Frameworks -emit-localized-strings -emit-localized-strings-path /Users/admin/builder/spi-builder-workspace/.derivedData/Build/Intermediates.noindex/SearchBar.build/Debug-appletvos/SearchBar-t.build/Objects-normal/arm64 -c -j10 -enable-batch-mode -incremental -Xcc -ivfsstatcache -Xcc /Users/admin/builder/spi-builder-workspace/.derivedData/SDKStatCaches.noindex/appletvos27.0-24J360-e829b21a6f8c9b70876ba0858053c044b32bfd8d43560033f8d89884cdb90028.sdkstatcache -output-file-map /Users/admin/builder/spi-builder-workspace/.derivedData/Build/Intermediates.noindex/SearchBar.build/Debug-appletvos/SearchBar-t.build/Objects-normal/arm64/SearchBar-OutputFileMap.json -save-temps -no-color-diagnostics -explicit-module-build -module-cache-path /Users/admin/builder/spi-builder-workspace/.derivedData/Build/Intermediates.noindex/SwiftExplicitPrecompiledModules -clang-scanner-module-cache-path /Users/admin/builder/spi-builder-workspace/.derivedData/ModuleCache.noindex -sdk-module-cache-path /Users/admin/builder/spi-builder-workspace/.derivedData/SDKExplicitPrecompiledModules -emit-dependencies -emit-module -emit-module-path /Users/admin/builder/spi-builder-workspace/.derivedData/Build/Intermediates.noindex/SearchBar.build/Debug-appletvos/SearchBar-t.build/Objects-normal/arm64/SearchBar.swiftmodule -serialize-diagnostics -dependency-scan-serialize-diagnostics-path /Users/admin/builder/spi-builder-workspace/.derivedData/Build/Intermediates.noindex/SearchBar.build/Debug-appletvos/SearchBar-t.build/Objects-normal/arm64/SearchBar-dependency-scan.dia -validate-clang-modules-once -clang-build-session-file /Users/admin/builder/spi-builder-workspace/.derivedData/ModuleCache.noindex/Session.modulevalidation -Xcc -fmodules-prune-interval\=86400 -Xcc -fmodules-prune-after\=345600 -package-name searchbar -emit-const-values -const-gather-protocols-list /Users/admin/builder/spi-builder-workspace/.derivedData/Build/Intermediates.noindex/SearchBar.build/Debug-appletvos/SearchBar-t.build/Objects-normal/arm64/SearchBar_const_extract_protocols.json -Xcc -I/Users/admin/builder/spi-builder-workspace/.derivedData/Build/Products/Debug-appletvos/include -Xcc -I/Users/admin/builder/spi-builder-workspace/.derivedData/Build/Intermediates.noindex/SearchBar.build/Debug-appletvos/SearchBar-t.build/DerivedSources-normal/arm64 -Xcc -I/Users/admin/builder/spi-builder-workspace/.derivedData/Build/Intermediates.noindex/SearchBar.build/Debug-appletvos/SearchBar-t.build/DerivedSources/arm64 -Xcc -I/Users/admin/builder/spi-builder-workspace/.derivedData/Build/Intermediates.noindex/SearchBar.build/Debug-appletvos/SearchBar-t.build/DerivedSources -Xcc -DSWIFT_PACKAGE -Xcc -DDEBUG\=1 -emit-objc-header -emit-objc-header-path /Users/admin/builder/spi-builder-workspace/.derivedData/Build/Intermediates.noindex/SearchBar.build/Debug-appletvos/SearchBar-t.build/Objects-normal/arm64/SearchBar-Swift.h -working-directory /Users/admin/builder/spi-builder-workspace/.swiftpm/xcode -experimental-emit-module-separately -disable-cmo
SwiftExplicitDependencyGeneratePcm arm64 /Users/admin/builder/spi-builder-workspace/.derivedData/SDKExplicitPrecompiledModules/SwiftShims-8N4EXJ4RUJTR8K9OO3CMOH1EP.pcm
SwiftExplicitDependencyGeneratePcm arm64 /Users/admin/builder/spi-builder-workspace/.derivedData/SDKExplicitPrecompiledModules/_Builtin_float-8ZJAYZ85YBOAOP52Y9H6IUNP3.pcm
SwiftExplicitDependencyGeneratePcm arm64 /Users/admin/builder/spi-builder-workspace/.derivedData/SDKExplicitPrecompiledModules/_Builtin_stdbool-AHRDH5EKLY6D04C5E42F3VCQI.pcm
SwiftExplicitDependencyGeneratePcm arm64 /Users/admin/builder/spi-builder-workspace/.derivedData/SDKExplicitPrecompiledModules/ptrcheck-2AZ6B5IBYD3RRRTFWN2ONASY3.pcm
SwiftExplicitDependencyGeneratePcm arm64 /Users/admin/builder/spi-builder-workspace/.derivedData/SDKExplicitPrecompiledModules/_Builtin_stddef-9ZJZ6FDEZNKTZU8YLPMFT9RAQ.pcm
SwiftExplicitDependencyGeneratePcm arm64 /Users/admin/builder/spi-builder-workspace/.derivedData/SDKExplicitPrecompiledModules/ptrauth-8X2KEPL7CTRPS40TUB9APHPK6.pcm
SwiftExplicitDependencyGeneratePcm arm64 /Users/admin/builder/spi-builder-workspace/.derivedData/SDKExplicitPrecompiledModules/_Builtin_stdarg-BO2OCAUYVAXDRVQWQ8ISKGNUQ.pcm
SwiftExplicitDependencyGeneratePcm arm64 /Users/admin/builder/spi-builder-workspace/.derivedData/SDKExplicitPrecompiledModules/_AvailabilityInternal-BV2EDDP0MI5QJDDPEEV4D9D3V.pcm
SwiftExplicitDependencyGeneratePcm arm64 /Users/admin/builder/spi-builder-workspace/.derivedData/SDKExplicitPrecompiledModules/DeveloperToolsSupport-B1X8RI63V48AJRTH2RK6JAARV.pcm
SwiftExplicitDependencyGeneratePcm arm64 /Users/admin/builder/spi-builder-workspace/.derivedData/SDKExplicitPrecompiledModules/_SwiftConcurrencyShims-BY5PD8KF1L5KF6F4Q69HE3TJ4.pcm
SwiftExplicitDependencyGeneratePcm arm64 /Users/admin/builder/spi-builder-workspace/.derivedData/SDKExplicitPrecompiledModules/_DarwinFoundation1-JOTYMOA1YZCIJ2NON6FQ848O.pcm
SwiftExplicitDependencyGeneratePcm arm64 /Users/admin/builder/spi-builder-workspace/.derivedData/SDKExplicitPrecompiledModules/_Builtin_limits-7JU2HP127LIT1X9E2V3D8WZ1.pcm
SwiftExplicitDependencyGeneratePcm arm64 /Users/admin/builder/spi-builder-workspace/.derivedData/SDKExplicitPrecompiledModules/_DarwinFoundation2-AOGAN1O02NKXRJN5V73AV3V3M.pcm
SwiftExplicitDependencyGeneratePcm arm64 /Users/admin/builder/spi-builder-workspace/.derivedData/SDKExplicitPrecompiledModules/string_h-6EVHP7A717OUS5DMC78F79HWO.pcm
SwiftExplicitDependencyGeneratePcm arm64 /Users/admin/builder/spi-builder-workspace/.derivedData/SDKExplicitPrecompiledModules/sys_types-8GCAV1YMG5UUGHUID3CA20TCH.pcm
SwiftExplicitDependencyGeneratePcm arm64 /Users/admin/builder/spi-builder-workspace/.derivedData/SDKExplicitPrecompiledModules/_Builtin_tgmath-7ULT1EUHDHW4OZPSTT33H6QGE.pcm
SwiftExplicitDependencyGeneratePcm arm64 /Users/admin/builder/spi-builder-workspace/.derivedData/SDKExplicitPrecompiledModules/_Builtin_stdint-6NFTB6IBKS143IVPGT1EKB7HO.pcm
SwiftExplicitDependencyGeneratePcm arm64 /Users/admin/builder/spi-builder-workspace/.derivedData/SDKExplicitPrecompiledModules/_Builtin_stdatomic-3YXHN678NGYM3NL9POJ2HVEIF.pcm
SwiftExplicitDependencyGeneratePcm arm64 /Users/admin/builder/spi-builder-workspace/.derivedData/SDKExplicitPrecompiledModules/_Builtin_intrinsics-437O2R2NID4WAQVENR63GR82C.pcm
SwiftExplicitDependencyGeneratePcm arm64 /Users/admin/builder/spi-builder-workspace/.derivedData/SDKExplicitPrecompiledModules/_DarwinFoundation3-8SR3855WDFHQPR6G9GHOI2C07.pcm
SwiftExplicitDependencyGeneratePcm arm64 /Users/admin/builder/spi-builder-workspace/.derivedData/SDKExplicitPrecompiledModules/_Builtin_inttypes-6X1IQ3QK9KEVKXOK9Y79EW7J3.pcm
SwiftExplicitDependencyGeneratePcm arm64 /Users/admin/builder/spi-builder-workspace/.derivedData/SDKExplicitPrecompiledModules/Darwin-DBSQAVBBPC3D2OMU5ZI2RXMST.pcm
SwiftExplicitDependencyGeneratePcm arm64 /Users/admin/builder/spi-builder-workspace/.derivedData/SDKExplicitPrecompiledModules/simd-117QUXEUT3Z7UQCUYWV2UA228.pcm
SwiftExplicitDependencyGeneratePcm arm64 /Users/admin/builder/spi-builder-workspace/.derivedData/SDKExplicitPrecompiledModules/MachO-EH3F5PJCIZG05NO51CEFSZYPW.pcm
SwiftExplicitDependencyGeneratePcm arm64 /Users/admin/builder/spi-builder-workspace/.derivedData/SDKExplicitPrecompiledModules/ObjectiveC-5250FDCE56N8508OR6XUYDKZM.pcm
SwiftExplicitDependencyGeneratePcm arm64 /Users/admin/builder/spi-builder-workspace/.derivedData/SDKExplicitPrecompiledModules/os_object-E2DGZ0SX0TULQHULZRPO6OKNW.pcm
SwiftExplicitDependencyGeneratePcm arm64 /Users/admin/builder/spi-builder-workspace/.derivedData/SDKExplicitPrecompiledModules/os_workgroup-DBUFF7811DKMX7VPBOJPGGF1U.pcm
SwiftExplicitDependencyGeneratePcm arm64 /Users/admin/builder/spi-builder-workspace/.derivedData/SDKExplicitPrecompiledModules/Spatial-7U8NLEFXSB8BR7PJQGVMF5A4Q.pcm
SwiftExplicitDependencyGeneratePcm arm64 /Users/admin/builder/spi-builder-workspace/.derivedData/SDKExplicitPrecompiledModules/Dispatch-1QL58A0V50C39KVAIC6C38SHL.pcm
SwiftExplicitDependencyGeneratePcm arm64 /Users/admin/builder/spi-builder-workspace/.derivedData/SDKExplicitPrecompiledModules/CoreFoundation-7TPJ7ENDC4L1A1ESHYI9TXS0D.pcm
SwiftExplicitDependencyGeneratePcm arm64 /Users/admin/builder/spi-builder-workspace/.derivedData/SDKExplicitPrecompiledModules/XPC-6O2DJFT3QUJ7QKTD3SNUB6PCR.pcm
SwiftExplicitDependencyGeneratePcm arm64 /Users/admin/builder/spi-builder-workspace/.derivedData/SDKExplicitPrecompiledModules/os-3GJI8H0BNAEZPQPQ1V0VVY3FY.pcm
SwiftExplicitDependencyGeneratePcm arm64 /Users/admin/builder/spi-builder-workspace/.derivedData/SDKExplicitPrecompiledModules/Security-8VMXEKVDA3MHUH9AOTP905DID.pcm
SwiftExplicitDependencyGeneratePcm arm64 /Users/admin/builder/spi-builder-workspace/.derivedData/SDKExplicitPrecompiledModules/CoreGraphics-CWSP3J98S2658BYCVL6RP99T3.pcm
SwiftExplicitDependencyGeneratePcm arm64 /Users/admin/builder/spi-builder-workspace/.derivedData/SDKExplicitPrecompiledModules/CoreAudioTypes-E7EH96HAL3G83QSWLT7VWYIP4.pcm
SwiftExplicitDependencyGeneratePcm arm64 /Users/admin/builder/spi-builder-workspace/.derivedData/SDKExplicitPrecompiledModules/CFNetwork-2CUR2VK9S3S3WPFXPNXNUWYGN.pcm
SwiftExplicitDependencyGeneratePcm arm64 /Users/admin/builder/spi-builder-workspace/.derivedData/SDKExplicitPrecompiledModules/CoreAudio-6IR1XRM0Q9YQZMFW89F3H4V3X.pcm
SwiftExplicitDependencyGeneratePcm arm64 /Users/admin/builder/spi-builder-workspace/.derivedData/SDKExplicitPrecompiledModules/Foundation-BSSIP64DIGUKMAYJOG1WPQ78X.pcm
SwiftExplicitDependencyGeneratePcm arm64 /Users/admin/builder/spi-builder-workspace/.derivedData/SDKExplicitPrecompiledModules/CoreText-59NY7PABM0I4V978161FOC04A.pcm
SwiftExplicitDependencyGeneratePcm arm64 /Users/admin/builder/spi-builder-workspace/.derivedData/SDKExplicitPrecompiledModules/ImageIO-88D4CLEBD4CLWQKT78PZ6H1O8.pcm
SwiftExplicitDependencyGeneratePcm arm64 /Users/admin/builder/spi-builder-workspace/.derivedData/SDKExplicitPrecompiledModules/_LocationEssentials-ETSJ65FELPWR8WH8G49R1DF2E.pcm
SwiftExplicitDependencyGeneratePcm arm64 /Users/admin/builder/spi-builder-workspace/.derivedData/SDKExplicitPrecompiledModules/UniformTypeIdentifiers-95CC8U42ZA9STP5K6GP9ZVJS5.pcm
SwiftExplicitDependencyGeneratePcm arm64 /Users/admin/builder/spi-builder-workspace/.derivedData/SDKExplicitPrecompiledModules/CoreTransferable-7V4O8DATEQ9F7SDNTCW8YWLG3.pcm
SwiftExplicitDependencyGeneratePcm arm64 /Users/admin/builder/spi-builder-workspace/.derivedData/SDKExplicitPrecompiledModules/UserNotifications-E9ZW5TH066WIJWH9080RC5NG4.pcm
SwiftExplicitDependencyGeneratePcm arm64 /Users/admin/builder/spi-builder-workspace/.derivedData/SDKExplicitPrecompiledModules/CoreData-DYMPHH3PH8AX9I1FHA4VFJ675.pcm
SwiftExplicitDependencyGeneratePcm arm64 /Users/admin/builder/spi-builder-workspace/.derivedData/SDKExplicitPrecompiledModules/Accessibility-B6BODGZ4MQQTY0PBC4SHRP009.pcm
SwiftExplicitDependencyGeneratePcm arm64 /Users/admin/builder/spi-builder-workspace/.derivedData/SDKExplicitPrecompiledModules/OSLog-7OT6HHTMY0ZFEQJ095LJZ6NLC.pcm
SwiftExplicitDependencyGeneratePcm arm64 /Users/admin/builder/spi-builder-workspace/.derivedData/SDKExplicitPrecompiledModules/DataDetection-37JIYZ2GWDA1L166PP1D9JKAF.pcm
SwiftExplicitDependencyGeneratePcm arm64 /Users/admin/builder/spi-builder-workspace/.derivedData/SDKExplicitPrecompiledModules/UIUtilities-6ZFJ1AK4H8IBGEBMYQBWGBYLK.pcm
SwiftExplicitDependencyGeneratePcm arm64 /Users/admin/builder/spi-builder-workspace/.derivedData/SDKExplicitPrecompiledModules/IOSurface-38FJ1CKX9FV2RD97O64Z7QB17.pcm
SwiftExplicitDependencyGeneratePcm arm64 /Users/admin/builder/spi-builder-workspace/.derivedData/SDKExplicitPrecompiledModules/Symbols-B5AU9VM9Y7NU79RLMH13Z4IFM.pcm
SwiftExplicitDependencyGeneratePcm arm64 /Users/admin/builder/spi-builder-workspace/.derivedData/SDKExplicitPrecompiledModules/CoreLocation-YVXXAOMVX0JH2KO1XTTKTY51.pcm
SwiftExplicitDependencyGeneratePcm arm64 /Users/admin/builder/spi-builder-workspace/.derivedData/SDKExplicitPrecompiledModules/Metal-2KYBS7IML1SD788M91YV7Q0CC.pcm
SwiftExplicitDependencyGeneratePcm arm64 /Users/admin/builder/spi-builder-workspace/.derivedData/SDKExplicitPrecompiledModules/OpenGLES-4NY99CNDU9WUNUYEIXSS1QFGE.pcm
SwiftExplicitDependencyGeneratePcm arm64 /Users/admin/builder/spi-builder-workspace/.derivedData/SDKExplicitPrecompiledModules/CoreVideo-DPU0PB5X0XLSVA2ETRGI6FJBM.pcm
SwiftExplicitDependencyGeneratePcm arm64 /Users/admin/builder/spi-builder-workspace/.derivedData/SDKExplicitPrecompiledModules/QuartzCore-DJSYAWKXFGVSAK5CQMOB3JSR.pcm
SwiftExplicitDependencyGeneratePcm arm64 /Users/admin/builder/spi-builder-workspace/.derivedData/SDKExplicitPrecompiledModules/CoreImage-7S2AFJ8EIY3DUFYLEAX1JR1QV.pcm
SwiftExplicitDependencyGeneratePcm arm64 /Users/admin/builder/spi-builder-workspace/.derivedData/SDKExplicitPrecompiledModules/CoreMedia-4OUKVT03LV547KZJDPPJRJ4F8.pcm
SwiftExplicitDependencyGeneratePcm arm64 /Users/admin/builder/spi-builder-workspace/.derivedData/SDKExplicitPrecompiledModules/SwiftUICore-543QU5V2NHKUFCYFJDKUJ7NYG.pcm
SwiftExplicitDependencyGeneratePcm arm64 /Users/admin/builder/spi-builder-workspace/.derivedData/SDKExplicitPrecompiledModules/UIKit-1TKWN7VC2X6N3ITMRVA2G0EB2.pcm
SwiftExplicitDependencyGeneratePcm arm64 /Users/admin/builder/spi-builder-workspace/.derivedData/SDKExplicitPrecompiledModules/SwiftUI-7BV1YDT6IZWW6B8OC6ENV0Y0F.pcm
SwiftCompile normal arm64 Compiling\ GeneratedStringSymbols_Localizable.swift /Users/admin/builder/spi-builder-workspace/.derivedData/Build/Intermediates.noindex/SearchBar.build/Debug-appletvos/SearchBar-t.build/DerivedSources/GeneratedStringSymbols_Localizable.swift (in target 'SearchBar' from project 'SearchBar')
SwiftCompile normal arm64 /Users/admin/builder/spi-builder-workspace/.derivedData/Build/Intermediates.noindex/SearchBar.build/Debug-appletvos/SearchBar-t.build/DerivedSources/GeneratedStringSymbols_Localizable.swift (in target 'SearchBar' from project 'SearchBar')
    cd /Users/admin/builder/spi-builder-workspace/.swiftpm/xcode
    builtin-SwiftPerFileCompile GeneratedStringSymbols_Localizable.swift
SwiftEmitModule normal arm64 Emitting\ module\ for\ SearchBar (in target 'SearchBar' from project 'SearchBar')
SwiftCompile normal arm64 (in target 'SearchBar' from project 'SearchBar')
    cd /Users/admin/builder/spi-builder-workspace/.swiftpm/xcode

SwiftCompile normal arm64 Compiling\ SearchFieldClearButton.swift,\ SearchFieldView.swift /Users/admin/builder/spi-builder-workspace/.dependencies/checkouts/SearchBar/Sources/SearchBar/Views/SearchFieldClearButton.swift /Users/admin/builder/spi-builder-workspace/.dependencies/checkouts/SearchBar/Sources/SearchBar/Views/SearchFieldView.swift (in target 'SearchBar' from project 'SearchBar')
SwiftCompile normal arm64 /Users/admin/builder/spi-builder-workspace/.dependencies/checkouts/SearchBar/Sources/SearchBar/Views/SearchFieldClearButton.swift (in target 'SearchBar' from project 'SearchBar')
    cd /Users/admin/builder/spi-builder-workspace/.swiftpm/xcode
    builtin-SwiftPerFileCompile SearchFieldClearButton.swift
SwiftCompile normal arm64 /Users/admin/builder/spi-builder-workspace/.dependencies/checkouts/SearchBar/Sources/SearchBar/Views/SearchFieldView.swift (in target 'SearchBar' from project 'SearchBar')
    cd /Users/admin/builder/spi-builder-workspace/.swiftpm/xcode
    builtin-SwiftPerFileCompile SearchFieldView.swift
SwiftCompile normal arm64 Compiling\ SearchBarTvOS.swift,\ SearchBarWatchOS.swift /Users/admin/builder/spi-builder-workspace/.dependencies/checkouts/SearchBar/Sources/SearchBar/Platforms/TvOS/SearchBarTvOS.swift /Users/admin/builder/spi-builder-workspace/.dependencies/checkouts/SearchBar/Sources/SearchBar/Platforms/WatchOS/SearchBarWatchOS.swift (in target 'SearchBar' from project 'SearchBar')
SwiftCompile normal arm64 /Users/admin/builder/spi-builder-workspace/.dependencies/checkouts/SearchBar/Sources/SearchBar/Platforms/TvOS/SearchBarTvOS.swift (in target 'SearchBar' from project 'SearchBar')
    cd /Users/admin/builder/spi-builder-workspace/.swiftpm/xcode
    builtin-SwiftPerFileCompile SearchBarTvOS.swift
SwiftCompile normal arm64 /Users/admin/builder/spi-builder-workspace/.dependencies/checkouts/SearchBar/Sources/SearchBar/Platforms/WatchOS/SearchBarWatchOS.swift (in target 'SearchBar' from project 'SearchBar')
    cd /Users/admin/builder/spi-builder-workspace/.swiftpm/xcode
    builtin-SwiftPerFileCompile SearchBarWatchOS.swift
SwiftCompile normal arm64 Compiling\ SearchBarIOSVisionOS.swift,\ IfModifier.swift /Users/admin/builder/spi-builder-workspace/.dependencies/checkouts/SearchBar/Sources/SearchBar/Platforms/iOSVisionOS/SearchBarIOSVisionOS.swift /Users/admin/builder/spi-builder-workspace/.dependencies/checkouts/SearchBar/Sources/SearchBar/Views/IfModifier.swift (in target 'SearchBar' from project 'SearchBar')
SwiftCompile normal arm64 /Users/admin/builder/spi-builder-workspace/.dependencies/checkouts/SearchBar/Sources/SearchBar/Platforms/iOSVisionOS/SearchBarIOSVisionOS.swift (in target 'SearchBar' from project 'SearchBar')
    cd /Users/admin/builder/spi-builder-workspace/.swiftpm/xcode
    builtin-SwiftPerFileCompile SearchBarIOSVisionOS.swift
SwiftCompile normal arm64 /Users/admin/builder/spi-builder-workspace/.dependencies/checkouts/SearchBar/Sources/SearchBar/Views/IfModifier.swift (in target 'SearchBar' from project 'SearchBar')
    cd /Users/admin/builder/spi-builder-workspace/.swiftpm/xcode
    builtin-SwiftPerFileCompile IfModifier.swift
SwiftCompile normal arm64 Compiling\ SearchBarMacOS.swift,\ KeyboardTrigger.swift /Users/admin/builder/spi-builder-workspace/.dependencies/checkouts/SearchBar/Sources/SearchBar/Platforms/MacOS/SearchBarMacOS.swift /Users/admin/builder/spi-builder-workspace/.dependencies/checkouts/SearchBar/Sources/SearchBar/Platforms/TvOS/KeyboardTrigger.swift (in target 'SearchBar' from project 'SearchBar')
SwiftCompile normal arm64 /Users/admin/builder/spi-builder-workspace/.dependencies/checkouts/SearchBar/Sources/SearchBar/Platforms/MacOS/SearchBarMacOS.swift (in target 'SearchBar' from project 'SearchBar')
    cd /Users/admin/builder/spi-builder-workspace/.swiftpm/xcode
    builtin-SwiftPerFileCompile SearchBarMacOS.swift
SwiftCompile normal arm64 /Users/admin/builder/spi-builder-workspace/.dependencies/checkouts/SearchBar/Sources/SearchBar/Platforms/TvOS/KeyboardTrigger.swift (in target 'SearchBar' from project 'SearchBar')
    cd /Users/admin/builder/spi-builder-workspace/.swiftpm/xcode
    builtin-SwiftPerFileCompile KeyboardTrigger.swift
SwiftCompile normal arm64 Compiling\ SearchBarTranslation.swift,\ Modifiers.swift /Users/admin/builder/spi-builder-workspace/.dependencies/checkouts/SearchBar/Sources/SearchBar/DataTypes/SearchBarTranslation.swift /Users/admin/builder/spi-builder-workspace/.dependencies/checkouts/SearchBar/Sources/SearchBar/Modifiers.swift (in target 'SearchBar' from project 'SearchBar')
SwiftCompile normal arm64 /Users/admin/builder/spi-builder-workspace/.dependencies/checkouts/SearchBar/Sources/SearchBar/DataTypes/SearchBarTranslation.swift (in target 'SearchBar' from project 'SearchBar')
    cd /Users/admin/builder/spi-builder-workspace/.swiftpm/xcode
    builtin-SwiftPerFileCompile SearchBarTranslation.swift
SwiftCompile normal arm64 /Users/admin/builder/spi-builder-workspace/.dependencies/checkouts/SearchBar/Sources/SearchBar/Modifiers.swift (in target 'SearchBar' from project 'SearchBar')
    cd /Users/admin/builder/spi-builder-workspace/.swiftpm/xcode
    builtin-SwiftPerFileCompile Modifiers.swift
SwiftCompile normal arm64 Compiling\ SearchBarSuggestion.swift,\ SearchBarToken.swift /Users/admin/builder/spi-builder-workspace/.dependencies/checkouts/SearchBar/Sources/SearchBar/DataTypes/SearchBarSuggestion.swift /Users/admin/builder/spi-builder-workspace/.dependencies/checkouts/SearchBar/Sources/SearchBar/DataTypes/SearchBarToken.swift (in target 'SearchBar' from project 'SearchBar')
SwiftCompile normal arm64 /Users/admin/builder/spi-builder-workspace/.dependencies/checkouts/SearchBar/Sources/SearchBar/DataTypes/SearchBarSuggestion.swift (in target 'SearchBar' from project 'SearchBar')
    cd /Users/admin/builder/spi-builder-workspace/.swiftpm/xcode
    builtin-SwiftPerFileCompile SearchBarSuggestion.swift
SwiftCompile normal arm64 /Users/admin/builder/spi-builder-workspace/.dependencies/checkouts/SearchBar/Sources/SearchBar/DataTypes/SearchBarToken.swift (in target 'SearchBar' from project 'SearchBar')
    cd /Users/admin/builder/spi-builder-workspace/.swiftpm/xcode
    builtin-SwiftPerFileCompile SearchBarToken.swift
SwiftCompile normal arm64 Compiling\ SearchBarClearButtonDisplayMode.swift,\ SearchBarMaterial.swift /Users/admin/builder/spi-builder-workspace/.dependencies/checkouts/SearchBar/Sources/SearchBar/DataTypes/SearchBarClearButtonDisplayMode.swift /Users/admin/builder/spi-builder-workspace/.dependencies/checkouts/SearchBar/Sources/SearchBar/DataTypes/SearchBarMaterial.swift (in target 'SearchBar' from project 'SearchBar')
SwiftCompile normal arm64 /Users/admin/builder/spi-builder-workspace/.dependencies/checkouts/SearchBar/Sources/SearchBar/DataTypes/SearchBarClearButtonDisplayMode.swift (in target 'SearchBar' from project 'SearchBar')
    cd /Users/admin/builder/spi-builder-workspace/.swiftpm/xcode
    builtin-SwiftPerFileCompile SearchBarClearButtonDisplayMode.swift
SwiftCompile normal arm64 /Users/admin/builder/spi-builder-workspace/.dependencies/checkouts/SearchBar/Sources/SearchBar/DataTypes/SearchBarMaterial.swift (in target 'SearchBar' from project 'SearchBar')
    cd /Users/admin/builder/spi-builder-workspace/.swiftpm/xcode
    builtin-SwiftPerFileCompile SearchBarMaterial.swift
SwiftCompile normal arm64 Compiling\ SearchBarScale.swift,\ SearchBarStyle.swift /Users/admin/builder/spi-builder-workspace/.dependencies/checkouts/SearchBar/Sources/SearchBar/DataTypes/SearchBarScale.swift /Users/admin/builder/spi-builder-workspace/.dependencies/checkouts/SearchBar/Sources/SearchBar/DataTypes/SearchBarStyle.swift (in target 'SearchBar' from project 'SearchBar')
SwiftCompile normal arm64 /Users/admin/builder/spi-builder-workspace/.dependencies/checkouts/SearchBar/Sources/SearchBar/DataTypes/SearchBarScale.swift (in target 'SearchBar' from project 'SearchBar')
    cd /Users/admin/builder/spi-builder-workspace/.swiftpm/xcode
    builtin-SwiftPerFileCompile SearchBarScale.swift
SwiftCompile normal arm64 /Users/admin/builder/spi-builder-workspace/.dependencies/checkouts/SearchBar/Sources/SearchBar/DataTypes/SearchBarStyle.swift (in target 'SearchBar' from project 'SearchBar')
    cd /Users/admin/builder/spi-builder-workspace/.swiftpm/xcode
    builtin-SwiftPerFileCompile SearchBarStyle.swift
SwiftCompile normal arm64 Compiling\ resource_bundle_accessor.swift,\ SearchBarCancelButtonDisplayMode.swift /Users/admin/builder/spi-builder-workspace/.derivedData/Build/Intermediates.noindex/SearchBar.build/Debug-appletvos/SearchBar-t.build/DerivedSources/resource_bundle_accessor.swift /Users/admin/builder/spi-builder-workspace/.dependencies/checkouts/SearchBar/Sources/SearchBar/DataTypes/SearchBarCancelButtonDisplayMode.swift (in target 'SearchBar' from project 'SearchBar')
SwiftCompile normal arm64 /Users/admin/builder/spi-builder-workspace/.derivedData/Build/Intermediates.noindex/SearchBar.build/Debug-appletvos/SearchBar-t.build/DerivedSources/resource_bundle_accessor.swift (in target 'SearchBar' from project 'SearchBar')
    cd /Users/admin/builder/spi-builder-workspace/.swiftpm/xcode
    builtin-SwiftPerFileCompile resource_bundle_accessor.swift
SwiftCompile normal arm64 /Users/admin/builder/spi-builder-workspace/.dependencies/checkouts/SearchBar/Sources/SearchBar/DataTypes/SearchBarCancelButtonDisplayMode.swift (in target 'SearchBar' from project 'SearchBar')
    cd /Users/admin/builder/spi-builder-workspace/.swiftpm/xcode
    builtin-SwiftPerFileCompile SearchBarCancelButtonDisplayMode.swift
SwiftDriverJobDiscovery normal arm64 Emitting module for SearchBar (in target 'SearchBar' from project 'SearchBar')
SwiftDriver\ Compilation\ Requirements SearchBar normal arm64 com.apple.xcode.tools.swift.compiler (in target 'SearchBar' from project 'SearchBar')
    cd /Users/admin/builder/spi-builder-workspace/.swiftpm/xcode
    builtin-Swift-Compilation-Requirements -- /Applications/Xcode-27.0.0-Release.Candidate.app/Contents/Developer/Toolchains/XcodeDefault.xctoolchain/usr/bin/swiftc -parse-as-library -module-name SearchBar -Onone @/Users/admin/builder/spi-builder-workspace/.derivedData/Build/Intermediates.noindex/SearchBar.build/Debug-appletvos/SearchBar-t.build/Objects-normal/arm64/SearchBar.SwiftFileList -DSWIFT_PACKAGE -DDEBUG -DSWIFT_MODULE_RESOURCE_BUNDLE_AVAILABLE -DXcode -plugin-path /Applications/Xcode-27.0.0-Release.Candidate.app/Contents/Developer/Toolchains/XcodeDefault.xctoolchain/usr/lib/swift/host/plugins/testing -enable-experimental-feature DebugDescriptionMacro -sdk /Applications/Xcode-27.0.0-Release.Candidate.app/Contents/Developer/Platforms/AppleTVOS.platform/Developer/SDKs/AppleTVOS27.0.sdk -target arm64-apple-tvos15.0 -g -module-cache-path /Users/admin/builder/spi-builder-workspace/.derivedData/ModuleCache.noindex -Xfrontend -serialize-debugging-options -enable-testing -suppress-warnings -index-store-path /Users/admin/builder/spi-builder-workspace/.derivedData/Index.noindex/DataStore -Xcc -D_LIBCPP_HARDENING_MODE\=_LIBCPP_HARDENING_MODE_DEBUG -swift-version 5 -I /Users/admin/builder/spi-builder-workspace/.derivedData/Build/Products/Debug-appletvos -Isystem /Applications/Xcode-27.0.0-Release.Candidate.app/Contents/Developer/Platforms/AppleTVOS.platform/Developer/usr/lib -F /Users/admin/builder/spi-builder-workspace/.derivedData/Build/Products/Debug-appletvos -F /Applications/Xcode-27.0.0-Release.Candidate.app/Contents/Developer/Platforms/AppleTVOS.platform/Developer/Library/Frameworks -F /Applications/Xcode-27.0.0-Release.Candidate.app/Contents/Developer/Platforms/AppleTVOS.platform/Developer/SDKs/AppleTVOS27.0.sdk/Developer/Library/Frameworks -emit-localized-strings -emit-localized-strings-path /Users/admin/builder/spi-builder-workspace/.derivedData/Build/Intermediates.noindex/SearchBar.build/Debug-appletvos/SearchBar-t.build/Objects-normal/arm64 -c -j10 -enable-batch-mode -incremental -Xcc -ivfsstatcache -Xcc /Users/admin/builder/spi-builder-workspace/.derivedData/SDKStatCaches.noindex/appletvos27.0-24J360-e829b21a6f8c9b70876ba0858053c044b32bfd8d43560033f8d89884cdb90028.sdkstatcache -output-file-map /Users/admin/builder/spi-builder-workspace/.derivedData/Build/Intermediates.noindex/SearchBar.build/Debug-appletvos/SearchBar-t.build/Objects-normal/arm64/SearchBar-OutputFileMap.json -save-temps -no-color-diagnostics -explicit-module-build -module-cache-path /Users/admin/builder/spi-builder-workspace/.derivedData/Build/Intermediates.noindex/SwiftExplicitPrecompiledModules -clang-scanner-module-cache-path /Users/admin/builder/spi-builder-workspace/.derivedData/ModuleCache.noindex -sdk-module-cache-path /Users/admin/builder/spi-builder-workspace/.derivedData/SDKExplicitPrecompiledModules -emit-dependencies -emit-module -emit-module-path /Users/admin/builder/spi-builder-workspace/.derivedData/Build/Intermediates.noindex/SearchBar.build/Debug-appletvos/SearchBar-t.build/Objects-normal/arm64/SearchBar.swiftmodule -serialize-diagnostics -dependency-scan-serialize-diagnostics-path /Users/admin/builder/spi-builder-workspace/.derivedData/Build/Intermediates.noindex/SearchBar.build/Debug-appletvos/SearchBar-t.build/Objects-normal/arm64/SearchBar-dependency-scan.dia -validate-clang-modules-once -clang-build-session-file /Users/admin/builder/spi-builder-workspace/.derivedData/ModuleCache.noindex/Session.modulevalidation -Xcc -fmodules-prune-interval\=86400 -Xcc -fmodules-prune-after\=345600 -package-name searchbar -emit-const-values -const-gather-protocols-list /Users/admin/builder/spi-builder-workspace/.derivedData/Build/Intermediates.noindex/SearchBar.build/Debug-appletvos/SearchBar-t.build/Objects-normal/arm64/SearchBar_const_extract_protocols.json -Xcc -I/Users/admin/builder/spi-builder-workspace/.derivedData/Build/Products/Debug-appletvos/include -Xcc -I/Users/admin/builder/spi-builder-workspace/.derivedData/Build/Intermediates.noindex/SearchBar.build/Debug-appletvos/SearchBar-t.build/DerivedSources-normal/arm64 -Xcc -I/Users/admin/builder/spi-builder-workspace/.derivedData/Build/Intermediates.noindex/SearchBar.build/Debug-appletvos/SearchBar-t.build/DerivedSources/arm64 -Xcc -I/Users/admin/builder/spi-builder-workspace/.derivedData/Build/Intermediates.noindex/SearchBar.build/Debug-appletvos/SearchBar-t.build/DerivedSources -Xcc -DSWIFT_PACKAGE -Xcc -DDEBUG\=1 -emit-objc-header -emit-objc-header-path /Users/admin/builder/spi-builder-workspace/.derivedData/Build/Intermediates.noindex/SearchBar.build/Debug-appletvos/SearchBar-t.build/Objects-normal/arm64/SearchBar-Swift.h -working-directory /Users/admin/builder/spi-builder-workspace/.swiftpm/xcode -experimental-emit-module-separately -disable-cmo
SwiftDriverJobDiscovery normal arm64 Compiling GeneratedStringSymbols_Localizable.swift (in target 'SearchBar' from project 'SearchBar')
SwiftMergeGeneratedHeaders /Users/admin/builder/spi-builder-workspace/.derivedData/Build/Intermediates.noindex/GeneratedModuleMaps-appletvos/SearchBar-Swift.h /Users/admin/builder/spi-builder-workspace/.derivedData/Build/Intermediates.noindex/SearchBar.build/Debug-appletvos/SearchBar-t.build/Objects-normal/arm64/SearchBar-Swift.h (in target 'SearchBar' from project 'SearchBar')
    cd /Users/admin/builder/spi-builder-workspace/.dependencies/checkouts/SearchBar
    builtin-swiftHeaderTool -arch arm64 /Users/admin/builder/spi-builder-workspace/.derivedData/Build/Intermediates.noindex/SearchBar.build/Debug-appletvos/SearchBar-t.build/Objects-normal/arm64/SearchBar-Swift.h -o /Users/admin/builder/spi-builder-workspace/.derivedData/Build/Intermediates.noindex/GeneratedModuleMaps-appletvos/SearchBar-Swift.h
Copy /Users/admin/builder/spi-builder-workspace/.derivedData/Build/Products/Debug-appletvos/SearchBar.swiftmodule/arm64-apple-tvos.swiftmodule /Users/admin/builder/spi-builder-workspace/.derivedData/Build/Intermediates.noindex/SearchBar.build/Debug-appletvos/SearchBar-t.build/Objects-normal/arm64/SearchBar.swiftmodule (in target 'SearchBar' from project 'SearchBar')
    cd /Users/admin/builder/spi-builder-workspace/.dependencies/checkouts/SearchBar
    builtin-copy -exclude .DS_Store -exclude CVS -exclude .svn -exclude .git -exclude .hg -resolve-src-symlinks -rename /Users/admin/builder/spi-builder-workspace/.derivedData/Build/Intermediates.noindex/SearchBar.build/Debug-appletvos/SearchBar-t.build/Objects-normal/arm64/SearchBar.swiftmodule /Users/admin/builder/spi-builder-workspace/.derivedData/Build/Products/Debug-appletvos/SearchBar.swiftmodule/arm64-apple-tvos.swiftmodule
Copy /Users/admin/builder/spi-builder-workspace/.derivedData/Build/Products/Debug-appletvos/SearchBar.swiftmodule/arm64-apple-tvos.swiftdoc /Users/admin/builder/spi-builder-workspace/.derivedData/Build/Intermediates.noindex/SearchBar.build/Debug-appletvos/SearchBar-t.build/Objects-normal/arm64/SearchBar.swiftdoc (in target 'SearchBar' from project 'SearchBar')
    cd /Users/admin/builder/spi-builder-workspace/.dependencies/checkouts/SearchBar
    builtin-copy -exclude .DS_Store -exclude CVS -exclude .svn -exclude .git -exclude .hg -resolve-src-symlinks -rename /Users/admin/builder/spi-builder-workspace/.derivedData/Build/Intermediates.noindex/SearchBar.build/Debug-appletvos/SearchBar-t.build/Objects-normal/arm64/SearchBar.swiftdoc /Users/admin/builder/spi-builder-workspace/.derivedData/Build/Products/Debug-appletvos/SearchBar.swiftmodule/arm64-apple-tvos.swiftdoc
Copy /Users/admin/builder/spi-builder-workspace/.derivedData/Build/Products/Debug-appletvos/SearchBar.swiftmodule/arm64-apple-tvos.abi.json /Users/admin/builder/spi-builder-workspace/.derivedData/Build/Intermediates.noindex/SearchBar.build/Debug-appletvos/SearchBar-t.build/Objects-normal/arm64/SearchBar.abi.json (in target 'SearchBar' from project 'SearchBar')
    cd /Users/admin/builder/spi-builder-workspace/.dependencies/checkouts/SearchBar
    builtin-copy -exclude .DS_Store -exclude CVS -exclude .svn -exclude .git -exclude .hg -resolve-src-symlinks -rename /Users/admin/builder/spi-builder-workspace/.derivedData/Build/Intermediates.noindex/SearchBar.build/Debug-appletvos/SearchBar-t.build/Objects-normal/arm64/SearchBar.abi.json /Users/admin/builder/spi-builder-workspace/.derivedData/Build/Products/Debug-appletvos/SearchBar.swiftmodule/arm64-apple-tvos.abi.json
Copy /Users/admin/builder/spi-builder-workspace/.derivedData/Build/Products/Debug-appletvos/SearchBar.swiftmodule/Project/arm64-apple-tvos.swiftsourceinfo /Users/admin/builder/spi-builder-workspace/.derivedData/Build/Intermediates.noindex/SearchBar.build/Debug-appletvos/SearchBar-t.build/Objects-normal/arm64/SearchBar.swiftsourceinfo (in target 'SearchBar' from project 'SearchBar')
    cd /Users/admin/builder/spi-builder-workspace/.dependencies/checkouts/SearchBar
    builtin-copy -exclude .DS_Store -exclude CVS -exclude .svn -exclude .git -exclude .hg -resolve-src-symlinks -rename /Users/admin/builder/spi-builder-workspace/.derivedData/Build/Intermediates.noindex/SearchBar.build/Debug-appletvos/SearchBar-t.build/Objects-normal/arm64/SearchBar.swiftsourceinfo /Users/admin/builder/spi-builder-workspace/.derivedData/Build/Products/Debug-appletvos/SearchBar.swiftmodule/Project/arm64-apple-tvos.swiftsourceinfo
GenerateStringSymbols /Users/admin/builder/spi-builder-workspace/.derivedData/Build/Intermediates.noindex/SymbolPicker.build/Debug-appletvos/SymbolPicker-t.build/DerivedSources/GeneratedStringSymbols_Localizable.swift /Users/admin/builder/spi-builder-workspace/Sources/SymbolPicker/Resources/Localizable.xcstrings (in target 'SymbolPicker' from project 'SymbolPicker')
    cd /Users/admin/builder/spi-builder-workspace
    /Applications/Xcode-27.0.0-Release.Candidate.app/Contents/Developer/usr/bin/xcstringstool generate-symbols --language swift --output-directory /Users/admin/builder/spi-builder-workspace/.derivedData/Build/Intermediates.noindex/SymbolPicker.build/Debug-appletvos/SymbolPicker-t.build/DerivedSources /Users/admin/builder/spi-builder-workspace/Sources/SymbolPicker/Resources/Localizable.xcstrings
SwiftDriver SymbolPicker normal arm64 com.apple.xcode.tools.swift.compiler (in target 'SymbolPicker' from project 'SymbolPicker')
    cd /Users/admin/builder/spi-builder-workspace/.swiftpm/xcode
    builtin-SwiftDriver -- /Applications/Xcode-27.0.0-Release.Candidate.app/Contents/Developer/Toolchains/XcodeDefault.xctoolchain/usr/bin/swiftc -parse-as-library -module-name SymbolPicker -Onone @/Users/admin/builder/spi-builder-workspace/.derivedData/Build/Intermediates.noindex/SymbolPicker.build/Debug-appletvos/SymbolPicker-t.build/Objects-normal/arm64/SymbolPicker.SwiftFileList -DSWIFT_PACKAGE -DDEBUG -DSWIFT_MODULE_RESOURCE_BUNDLE_AVAILABLE -DXcode -plugin-path /Applications/Xcode-27.0.0-Release.Candidate.app/Contents/Developer/Toolchains/XcodeDefault.xctoolchain/usr/lib/swift/host/plugins/testing -enable-experimental-feature DebugDescriptionMacro -sdk /Applications/Xcode-27.0.0-Release.Candidate.app/Contents/Developer/Platforms/AppleTVOS.platform/Developer/SDKs/AppleTVOS27.0.sdk -target arm64-apple-tvos15.0 -g -module-cache-path /Users/admin/builder/spi-builder-workspace/.derivedData/ModuleCache.noindex -Xfrontend -serialize-debugging-options -enable-testing -index-store-path /Users/admin/builder/spi-builder-workspace/.derivedData/Index.noindex/DataStore -Xcc -D_LIBCPP_HARDENING_MODE\=_LIBCPP_HARDENING_MODE_DEBUG -swift-version 5 -I /Users/admin/builder/spi-builder-workspace/.derivedData/Build/Products/Debug-appletvos -Isystem /Applications/Xcode-27.0.0-Release.Candidate.app/Contents/Developer/Platforms/AppleTVOS.platform/Developer/usr/lib -F /Users/admin/builder/spi-builder-workspace/.derivedData/Build/Products/Debug-appletvos/PackageFrameworks -F /Users/admin/builder/spi-builder-workspace/.derivedData/Build/Products/Debug-appletvos -F /Applications/Xcode-27.0.0-Release.Candidate.app/Contents/Developer/Platforms/AppleTVOS.platform/Developer/Library/Frameworks -F /Applications/Xcode-27.0.0-Release.Candidate.app/Contents/Developer/Platforms/AppleTVOS.platform/Developer/SDKs/AppleTVOS27.0.sdk/Developer/Library/Frameworks -emit-localized-strings -emit-localized-strings-path /Users/admin/builder/spi-builder-workspace/.derivedData/Build/Intermediates.noindex/SymbolPicker.build/Debug-appletvos/SymbolPicker-t.build/Objects-normal/arm64 -c -j10 -enable-batch-mode -incremental -Xcc -ivfsstatcache -Xcc /Users/admin/builder/spi-builder-workspace/.derivedData/SDKStatCaches.noindex/appletvos27.0-24J360-e829b21a6f8c9b70876ba0858053c044b32bfd8d43560033f8d89884cdb90028.sdkstatcache -output-file-map /Users/admin/builder/spi-builder-workspace/.derivedData/Build/Intermediates.noindex/SymbolPicker.build/Debug-appletvos/SymbolPicker-t.build/Objects-normal/arm64/SymbolPicker-OutputFileMap.json -save-temps -no-color-diagnostics -explicit-module-build -module-cache-path /Users/admin/builder/spi-builder-workspace/.derivedData/Build/Intermediates.noindex/SwiftExplicitPrecompiledModules -clang-scanner-module-cache-path /Users/admin/builder/spi-builder-workspace/.derivedData/ModuleCache.noindex -sdk-module-cache-path /Users/admin/builder/spi-builder-workspace/.derivedData/SDKExplicitPrecompiledModules -emit-dependencies -emit-module -emit-module-path /Users/admin/builder/spi-builder-workspace/.derivedData/Build/Intermediates.noindex/SymbolPicker.build/Debug-appletvos/SymbolPicker-t.build/Objects-normal/arm64/SymbolPicker.swiftmodule -serialize-diagnostics -dependency-scan-serialize-diagnostics-path /Users/admin/builder/spi-builder-workspace/.derivedData/Build/Intermediates.noindex/SymbolPicker.build/Debug-appletvos/SymbolPicker-t.build/Objects-normal/arm64/SymbolPicker-dependency-scan.dia -validate-clang-modules-once -clang-build-session-file /Users/admin/builder/spi-builder-workspace/.derivedData/ModuleCache.noindex/Session.modulevalidation -Xcc -fmodules-prune-interval\=86400 -Xcc -fmodules-prune-after\=345600 -package-name spi_builder_workspace -emit-const-values -const-gather-protocols-list /Users/admin/builder/spi-builder-workspace/.derivedData/Build/Intermediates.noindex/SymbolPicker.build/Debug-appletvos/SymbolPicker-t.build/Objects-normal/arm64/SymbolPicker_const_extract_protocols.json -Xcc -I/Users/admin/builder/spi-builder-workspace/.derivedData/Build/Products/Debug-appletvos/include -Xcc -I/Users/admin/builder/spi-builder-workspace/.derivedData/Build/Intermediates.noindex/SymbolPicker.build/Debug-appletvos/SymbolPicker-t.build/DerivedSources-normal/arm64 -Xcc -I/Users/admin/builder/spi-builder-workspace/.derivedData/Build/Intermediates.noindex/SymbolPicker.build/Debug-appletvos/SymbolPicker-t.build/DerivedSources/arm64 -Xcc -I/Users/admin/builder/spi-builder-workspace/.derivedData/Build/Intermediates.noindex/SymbolPicker.build/Debug-appletvos/SymbolPicker-t.build/DerivedSources -Xcc -DSWIFT_PACKAGE -Xcc -DDEBUG\=1 -emit-objc-header -emit-objc-header-path /Users/admin/builder/spi-builder-workspace/.derivedData/Build/Intermediates.noindex/SymbolPicker.build/Debug-appletvos/SymbolPicker-t.build/Objects-normal/arm64/SymbolPicker-Swift.h -working-directory /Users/admin/builder/spi-builder-workspace/.swiftpm/xcode -experimental-emit-module-separately -disable-cmo
SwiftEmitModule normal arm64 Emitting\ module\ for\ SymbolPicker (in target 'SymbolPicker' from project 'SymbolPicker')
SwiftCompile normal arm64 (in target 'SymbolPicker' from project 'SymbolPicker')
    cd /Users/admin/builder/spi-builder-workspace/.swiftpm/xcode

SwiftCompile normal arm64 Compiling\ SPForegroundStyleModifier.swift,\ SymbolPicker.swift /Users/admin/builder/spi-builder-workspace/Sources/SymbolPicker/SPForegroundStyleModifier.swift /Users/admin/builder/spi-builder-workspace/Sources/SymbolPicker/SymbolPicker.swift (in target 'SymbolPicker' from project 'SymbolPicker')
/Users/admin/builder/spi-builder-workspace/Sources/SymbolPicker/SymbolPicker.swift:42:13: error: cannot find 'contentIOS' in scope
 40 |             contentMacOS
 41 |             #else
 42 |             contentIOS
    |             `- error: cannot find 'contentIOS' in scope
 43 |             #endif
 44 |         }
/Users/admin/builder/spi-builder-workspace/Sources/SymbolPicker/SymbolPicker.swift:67:100: error: 'vision' is only available in tvOS 17.0 or newer
 10 | import SearchBar
 11 |
 12 | public struct SymbolPicker: View {
    |               `- note: add '@available' attribute to enclosing struct
 13 |     @Environment(\.horizontalSizeClass) var horizontalSizeClass
 14 |     @Environment(\.colorScheme) var colorScheme
    :
 63 |     #if !os(macOS)
 64 |     @_documentation(visibility: internal)
 65 |     var usePopover: Bool{
    |         `- note: add '@available' attribute to enclosing property
 66 |         if #available(iOS 17.0, *) {
 67 |             UIDevice.current.userInterfaceIdiom == .pad || UIDevice.current.userInterfaceIdiom == .vision
    |                                                                                                    |- error: 'vision' is only available in tvOS 17.0 or newer
    |                                                                                                    `- note: add 'if #available' version check
 68 |         } else {
 69 |             UIDevice.current.userInterfaceIdiom == .pad
Failed frontend command:
/Applications/Xcode-27.0.0-Release.Candidate.app/Contents/Developer/Toolchains/XcodeDefault.xctoolchain/usr/bin/swift-frontend -frontend -c /Users/admin/builder/spi-builder-workspace/.derivedData/Build/Intermediates.noindex/SymbolPicker.build/Debug-appletvos/SymbolPicker-t.build/DerivedSources/resource_bundle_accessor.swift /Users/admin/builder/spi-builder-workspace/Sources/SymbolPicker/ArrayFromColor.swift /Users/admin/builder/spi-builder-workspace/Sources/SymbolPicker/Components/Blur.swift /Users/admin/builder/spi-builder-workspace/Sources/SymbolPicker/Components/SPColorPicker.swift /Users/admin/builder/spi-builder-workspace/Sources/SymbolPicker/Components/SPDismissButton.swift /Users/admin/builder/spi-builder-workspace/Sources/SymbolPicker/Components/SPSelectedSymbol.swift /Users/admin/builder/spi-builder-workspace/Sources/SymbolPicker/Components/SPSymbolsList.swift /Users/admin/builder/spi-builder-workspace/Sources/SymbolPicker/DataTypes/SymbolColor.swift /Users/admin/builder/spi-builder-workspace/Sources/SymbolPicker/DataTypes/SymbolLists.swift /Users/admin/builder/spi-builder-workspace/Sources/SymbolPicker/DataTypes/SymbolModel.swift /Users/admin/builder/spi-builder-workspace/Sources/SymbolPicker/DataTypes/SymbolPickerDismissType.swift /Users/admin/builder/spi-builder-workspace/Sources/SymbolPicker/DataTypes/SymbolPickerSymbolsStyle.swift /Users/admin/builder/spi-builder-workspace/Sources/SymbolPicker/DataTypes/SymbolPickerTranslation.swift /Users/admin/builder/spi-builder-workspace/Sources/SymbolPicker/DataTypes/SymbolSection.swift /Users/admin/builder/spi-builder-workspace/Sources/SymbolPicker/IfModifier.swift /Users/admin/builder/spi-builder-workspace/Sources/SymbolPicker/LuminanceForColor.swift -primary-file /Users/admin/builder/spi-builder-workspace/Sources/SymbolPicker/SPForegroundStyleModifier.swift -primary-file /Users/admin/builder/spi-builder-workspace/Sources/SymbolPicker/SymbolPicker.swift /Users/admin/builder/spi-builder-workspace/Sources/SymbolPicker/SymbolPickerModifier.swift /Users/admin/builder/spi-builder-workspace/.derivedData/Build/Intermediates.noindex/SymbolPicker.build/Debug-appletvos/SymbolPicker-t.build/DerivedSources/GeneratedStringSymbols_Localizable.swift -emit-dependencies-path /Users/admin/builder/spi-builder-workspace/.derivedData/Build/Intermediates.noindex/SymbolPicker.build/Debug-appletvos/SymbolPicker-t.build/Objects-normal/arm64/SPForegroundStyleModifier.d -emit-const-values-path /Users/admin/builder/spi-builder-workspace/.derivedData/Build/Intermediates.noindex/SymbolPicker.build/Debug-appletvos/SymbolPicker-t.build/Objects-normal/arm64/SPForegroundStyleModifier.swiftconstvalues -emit-reference-dependencies-path /Users/admin/builder/spi-builder-workspace/.derivedData/Build/Intermediates.noindex/SymbolPicker.build/Debug-appletvos/SymbolPicker-t.build/Objects-normal/arm64/SPForegroundStyleModifier.swiftdeps -serialize-diagnostics-path /Users/admin/builder/spi-builder-workspace/.derivedData/Build/Intermediates.noindex/SymbolPicker.build/Debug-appletvos/SymbolPicker-t.build/Objects-normal/arm64/SPForegroundStyleModifier.dia -emit-dependencies-path /Users/admin/builder/spi-builder-workspace/.derivedData/Build/Intermediates.noindex/SymbolPicker.build/Debug-appletvos/SymbolPicker-t.build/Objects-normal/arm64/SymbolPicker-4fe958036b5bedd28bc6f4e2a442fe94.d -emit-const-values-path /Users/admin/builder/spi-builder-workspace/.derivedData/Build/Intermediates.noindex/SymbolPicker.build/Debug-appletvos/SymbolPicker-t.build/Objects-normal/arm64/SymbolPicker-4fe958036b5bedd28bc6f4e2a442fe94.swiftconstvalues -emit-reference-dependencies-path /Users/admin/builder/spi-builder-workspace/.derivedData/Build/Intermediates.noindex/SymbolPicker.build/Debug-appletvos/SymbolPicker-t.build/Objects-normal/arm64/SymbolPicker-4fe958036b5bedd28bc6f4e2a442fe94.swiftdeps -serialize-diagnostics-path /Users/admin/builder/spi-builder-workspace/.derivedData/Build/Intermediates.noindex/SymbolPicker.build/Debug-appletvos/SymbolPicker-t.build/Objects-normal/arm64/SymbolPicker-4fe958036b5bedd28bc6f4e2a442fe94.dia -emit-localized-strings -emit-localized-strings-path /Users/admin/builder/spi-builder-workspace/.derivedData/Build/Intermediates.noindex/SymbolPicker.build/Debug-appletvos/SymbolPicker-t.build/Objects-normal/arm64 -target arm64-apple-tvos15.0 -module-can-import-version UIKit 9127.0.84.1 9127.0.84 -disable-cross-import-overlay-search -load-resolved-plugin /Applications/Xcode-27.0.0-Release.Candidate.app/Contents/Developer/Platforms/AppleTVOS.platform/Developer/usr/lib/swift/host/plugins/libFoundationMacros.dylib\#/Applications/Xcode-27.0.0-Release.Candidate.app/Contents/Developer/Platforms/AppleTVOS.platform/Developer/usr/bin/swift-plugin-server\#FoundationMacros -load-resolved-plugin /Applications/Xcode-27.0.0-Release.Candidate.app/Contents/Developer/Platforms/AppleTVOS.platform/Developer/usr/lib/swift/host/plugins/libObservationMacros.dylib\#/Applications/Xcode-27.0.0-Release.Candidate.app/Contents/Developer/Platforms/AppleTVOS.platform/Developer/usr/bin/swift-plugin-server\#ObservationMacros -load-resolved-plugin /Applications/Xcode-27.0.0-Release.Candidate.app/Contents/Developer/Platforms/AppleTVOS.platform/Developer/usr/lib/swift/host/plugins/libPreviewsMacros.dylib\#/Applications/Xcode-27.0.0-Release.Candidate.app/Contents/Developer/Platforms/AppleTVOS.platform/Developer/usr/bin/swift-plugin-server\#PreviewsMacros -load-resolved-plugin /Applications/Xcode-27.0.0-Release.Candidate.app/Contents/Developer/Platforms/AppleTVOS.platform/Developer/usr/lib/swift/host/plugins/libSwiftMacros.dylib\#/Applications/Xcode-27.0.0-Release.Candidate.app/Contents/Developer/Platforms/AppleTVOS.platform/Developer/usr/bin/swift-plugin-server\#SwiftMacros -load-resolved-plugin /Applications/Xcode-27.0.0-Release.Candidate.app/Contents/Developer/Platforms/AppleTVOS.platform/Developer/usr/lib/swift/host/plugins/libSwiftUIMacros.dylib\#/Applications/Xcode-27.0.0-Release.Candidate.app/Contents/Developer/Platforms/AppleTVOS.platform/Developer/usr/bin/swift-plugin-server\#SwiftUIMacros -disable-implicit-swift-modules -Xcc -fno-implicit-modules -Xcc -fno-implicit-module-maps -explicit-swift-module-map-file /Users/admin/builder/spi-builder-workspace/.derivedData/Build/Intermediates.noindex/SymbolPicker.build/Debug-appletvos/SymbolPicker-t.build/Objects-normal/arm64/SymbolPicker-dependencies-1.json -Xllvm -aarch64-use-tbi -enable-objc-interop -stack-check -sdk /Applications/Xcode-27.0.0-Release.Candidate.app/Contents/Developer/Platforms/AppleTVOS.platform/Developer/SDKs/AppleTVOS27.0.sdk -I /Users/admin/builder/spi-builder-workspace/.derivedData/Build/Products/Debug-appletvos -Isystem /Applications/Xcode-27.0.0-Release.Candidate.app/Contents/Developer/Platforms/AppleTVOS.platform/Developer/usr/lib -F /Users/admin/builder/spi-builder-workspace/.derivedData/Build/Products/Debug-appletvos/PackageFrameworks -F /Users/admin/builder/spi-builder-workspace/.derivedData/Build/Products/Debug-appletvos -F /Applications/Xcode-27.0.0-Release.Candidate.app/Contents/Developer/Platforms/AppleTVOS.platform/Developer/Library/Frameworks -F /Applications/Xcode-27.0.0-Release.Candidate.app/Contents/Developer/Platforms/AppleTVOS.platform/Developer/SDKs/AppleTVOS27.0.sdk/Developer/Library/Frameworks -module-cache-path /Users/admin/builder/spi-builder-workspace/.derivedData/Build/Intermediates.noindex/SwiftExplicitPrecompiledModules -no-color-diagnostics -Xcc -fno-color-diagnostics -enable-testing -g -debug-info-format\=dwarf -dwarf-version\=4 -swift-version 5 -Onone -D SWIFT_PACKAGE -D DEBUG -D SWIFT_MODULE_RESOURCE_BUNDLE_AVAILABLE -D Xcode -serialize-debugging-options -enable-experimental-feature DebugDescriptionMacro -empty-abi-descriptor -validate-clang-modules-once -clang-build-session-file /Users/admin/builder/spi-builder-workspace/.derivedData/ModuleCache.noindex/Session.modulevalidation -Xcc -working-directory -Xcc /Users/admin/builder/spi-builder-workspace/.swiftpm/xcode -enable-anonymous-context-mangled-names -file-compilation-dir /Users/admin/builder/spi-builder-workspace/.swiftpm/xcode -Xcc -D_LIBCPP_HARDENING_MODE\=_LIBCPP_HARDENING_MODE_DEBUG -Xcc -ivfsstatcache -Xcc /Users/admin/builder/spi-builder-workspace/.derivedData/SDKStatCaches.noindex/appletvos27.0-24J360-e829b21a6f8c9b70876ba0858053c044b32bfd8d43560033f8d89884cdb90028.sdkstatcache -Xcc -fmodules-prune-interval\=86400 -Xcc -fmodules-prune-after\=345600 -Xcc -I/Users/admin/builder/spi-builder-workspace/.derivedData/Build/Products/Debug-appletvos/include -Xcc -I/Users/admin/builder/spi-builder-workspace/.derivedData/Build/Intermediates.noindex/SymbolPicker.build/Debug-appletvos/SymbolPicker-t.build/DerivedSources-normal/arm64 -Xcc -I/Users/admin/builder/spi-builder-workspace/.derivedData/Build/Intermediates.noindex/SymbolPicker.build/Debug-appletvos/SymbolPicker-t.build/DerivedSources/arm64 -Xcc -I/Users/admin/builder/spi-builder-workspace/.derivedData/Build/Intermediates.noindex/SymbolPicker.build/Debug-appletvos/SymbolPicker-t.build/DerivedSources -Xcc -DSWIFT_PACKAGE -Xcc -DDEBUG\=1 -no-auto-bridging-header-chaining -module-name SymbolPicker -package-name spi_builder_workspace -const-gather-protocols-file /Users/admin/builder/spi-builder-workspace/.derivedData/Build/Intermediates.noindex/SymbolPicker.build/Debug-appletvos/SymbolPicker-t.build/Objects-normal/arm64/SymbolPicker_const_extract_protocols.json -disable-clang-spi -clang-target arm64-apple-tvos27.0 -target-sdk-version 27.0 -target-sdk-name appletvos27.0 -in-process-plugin-server-path /Applications/Xcode-27.0.0-Release.Candidate.app/Contents/Developer/Toolchains/XcodeDefault.xctoolchain/usr/lib/swift/host/libSwiftInProcPluginServer.dylib -parse-as-library -o /Users/admin/builder/spi-builder-workspace/.derivedData/Build/Intermediates.noindex/SymbolPicker.build/Debug-appletvos/SymbolPicker-t.build/Objects-normal/arm64/SPForegroundStyleModifier.o -o /Users/admin/builder/spi-builder-workspace/.derivedData/Build/Intermediates.noindex/SymbolPicker.build/Debug-appletvos/SymbolPicker-t.build/Objects-normal/arm64/SymbolPicker-4fe958036b5bedd28bc6f4e2a442fe94.o -debug-module-path /Users/admin/builder/spi-builder-workspace/.derivedData/Build/Intermediates.noindex/SymbolPicker.build/Debug-appletvos/SymbolPicker-t.build/Objects-normal/arm64/SymbolPicker.swiftmodule -index-unit-output-path /SymbolPicker.build/Debug-appletvos/SymbolPicker-t.build/Objects-normal/arm64/SPForegroundStyleModifier.o -index-unit-output-path /SymbolPicker.build/Debug-appletvos/SymbolPicker-t.build/Objects-normal/arm64/SymbolPicker-4fe958036b5bedd28bc6f4e2a442fe94.o -index-store-path /Users/admin/builder/spi-builder-workspace/.derivedData/Index.noindex/DataStore -index-system-modules
SwiftCompile normal arm64 /Users/admin/builder/spi-builder-workspace/Sources/SymbolPicker/SPForegroundStyleModifier.swift (in target 'SymbolPicker' from project 'SymbolPicker')
    cd /Users/admin/builder/spi-builder-workspace/.swiftpm/xcode
    builtin-SwiftPerFileCompile SPForegroundStyleModifier.swift
SwiftCompile normal arm64 (in target 'SymbolPicker' from project 'SymbolPicker')
    cd /Users/admin/builder/spi-builder-workspace/.swiftpm/xcode

SwiftDriverJobDiscovery normal arm64 Compiling resource_bundle_accessor.swift, SearchBarCancelButtonDisplayMode.swift (in target 'SearchBar' from project 'SearchBar')
SwiftCompile normal arm64 Compiling\ Blur.swift,\ SPColorPicker.swift /Users/admin/builder/spi-builder-workspace/Sources/SymbolPicker/Components/Blur.swift /Users/admin/builder/spi-builder-workspace/Sources/SymbolPicker/Components/SPColorPicker.swift (in target 'SymbolPicker' from project 'SymbolPicker')
/Users/admin/builder/spi-builder-workspace/Sources/SymbolPicker/Components/SPColorPicker.swift:182:13: error: 'ColorPicker' is unavailable in tvOS
180 |     var body: some View {
181 |         if #available(iOS 17.0, *) {
182 |             ColorPicker(SymbolPickerTranslation.colorPicker.value, selection: $color, supportsOpacity: false)
    |             `- error: 'ColorPicker' is unavailable in tvOS
183 |                 .labelsHidden()
184 |                 .scaleEffect(scale * 1.15)
SwiftUI.ColorPicker:4:27: note: 'ColorPicker' has been explicitly marked unavailable here
 2 | @available(tvOS, unavailable)
 3 | @available(watchOS, unavailable)
 4 | nonisolated public struct ColorPicker<Label> : View, ~Sendable where Label : View {
   |                           `- note: 'ColorPicker' has been explicitly marked unavailable here
 5 |     nonisolated public init(selection: Binding<Color>, supportsOpacity: Bool = true, @ContentBuilder label: () -> Label)
 6 |     nonisolated public init(selection: Binding<CGColor>, supportsOpacity: Bool = true, @ContentBuilder label: () -> Label)
/Users/admin/builder/spi-builder-workspace/Sources/SymbolPicker/Components/SPColorPicker.swift:182:13: error: 'init(_:selection:supportsOpacity:)' is unavailable in tvOS
180 |     var body: some View {
181 |         if #available(iOS 17.0, *) {
182 |             ColorPicker(SymbolPickerTranslation.colorPicker.value, selection: $color, supportsOpacity: false)
    |             `- error: 'init(_:selection:supportsOpacity:)' is unavailable in tvOS
183 |                 .labelsHidden()
184 |                 .scaleEffect(scale * 1.15)
SwiftUI.ColorPicker.init:2:20: note: 'init(_:selection:supportsOpacity:)' has been explicitly marked unavailable here
1 | generic struct ColorPicker {
2 | nonisolated public init<S>(_ title: S, selection: Binding<Color>, supportsOpacity: Bool = true) where S : StringProtocol}
  |                    `- note: 'init(_:selection:supportsOpacity:)' has been explicitly marked unavailable here
3 |
/Users/admin/builder/spi-builder-workspace/Sources/SymbolPicker/Components/SPColorPicker.swift:186:13: error: 'ColorPicker' is unavailable in tvOS
184 |                 .scaleEffect(scale * 1.15)
185 |         } else {
186 |             ColorPicker(SymbolPickerTranslation.colorPicker.value, selection: $color, supportsOpacity: false)
    |             `- error: 'ColorPicker' is unavailable in tvOS
187 |                 .labelsHidden()
188 |                 .scaleEffect(scale)
SwiftUI.ColorPicker:4:27: note: 'ColorPicker' has been explicitly marked unavailable here
 2 | @available(tvOS, unavailable)
 3 | @available(watchOS, unavailable)
 4 | nonisolated public struct ColorPicker<Label> : View, ~Sendable where Label : View {
   |                           `- note: 'ColorPicker' has been explicitly marked unavailable here
 5 |     nonisolated public init(selection: Binding<Color>, supportsOpacity: Bool = true, @ContentBuilder label: () -> Label)
 6 |     nonisolated public init(selection: Binding<CGColor>, supportsOpacity: Bool = true, @ContentBuilder label: () -> Label)
/Users/admin/builder/spi-builder-workspace/Sources/SymbolPicker/Components/SPColorPicker.swift:186:13: error: 'init(_:selection:supportsOpacity:)' is unavailable in tvOS
184 |                 .scaleEffect(scale * 1.15)
185 |         } else {
186 |             ColorPicker(SymbolPickerTranslation.colorPicker.value, selection: $color, supportsOpacity: false)
    |             `- error: 'init(_:selection:supportsOpacity:)' is unavailable in tvOS
187 |                 .labelsHidden()
188 |                 .scaleEffect(scale)
SwiftUI.ColorPicker.init:2:20: note: 'init(_:selection:supportsOpacity:)' has been explicitly marked unavailable here
1 | generic struct ColorPicker {
2 | nonisolated public init<S>(_ title: S, selection: Binding<Color>, supportsOpacity: Bool = true) where S : StringProtocol}
  |                    `- note: 'init(_:selection:supportsOpacity:)' has been explicitly marked unavailable here
3 |
/Users/admin/builder/spi-builder-workspace/Sources/SymbolPicker/Components/SPColorPicker.swift:219:9: error: 'ColorPicker' is unavailable in tvOS
217 |
218 |     var body: some View {
219 |         ColorPicker(SymbolPickerTranslation.colorPicker.value, selection: $color, supportsOpacity: false)
    |         `- error: 'ColorPicker' is unavailable in tvOS
220 |             .labelsHidden()
221 |             .scaleEffect(scale)
SwiftUI.ColorPicker:4:27: note: 'ColorPicker' has been explicitly marked unavailable here
 2 | @available(tvOS, unavailable)
 3 | @available(watchOS, unavailable)
 4 | nonisolated public struct ColorPicker<Label> : View, ~Sendable where Label : View {
   |                           `- note: 'ColorPicker' has been explicitly marked unavailable here
 5 |     nonisolated public init(selection: Binding<Color>, supportsOpacity: Bool = true, @ContentBuilder label: () -> Label)
 6 |     nonisolated public init(selection: Binding<CGColor>, supportsOpacity: Bool = true, @ContentBuilder label: () -> Label)
/Users/admin/builder/spi-builder-workspace/Sources/SymbolPicker/Components/SPColorPicker.swift:219:9: error: 'init(_:selection:supportsOpacity:)' is unavailable in tvOS
217 |
218 |     var body: some View {
219 |         ColorPicker(SymbolPickerTranslation.colorPicker.value, selection: $color, supportsOpacity: false)
    |         `- error: 'init(_:selection:supportsOpacity:)' is unavailable in tvOS
220 |             .labelsHidden()
221 |             .scaleEffect(scale)
SwiftUI.ColorPicker.init:2:20: note: 'init(_:selection:supportsOpacity:)' has been explicitly marked unavailable here
1 | generic struct ColorPicker {
2 | nonisolated public init<S>(_ title: S, selection: Binding<Color>, supportsOpacity: Bool = true) where S : StringProtocol}
  |                    `- note: 'init(_:selection:supportsOpacity:)' has been explicitly marked unavailable here
3 |
Failed frontend command:
/Applications/Xcode-27.0.0-Release.Candidate.app/Contents/Developer/Toolchains/XcodeDefault.xctoolchain/usr/bin/swift-frontend -frontend -c /Users/admin/builder/spi-builder-workspace/.derivedData/Build/Intermediates.noindex/SymbolPicker.build/Debug-appletvos/SymbolPicker-t.build/DerivedSources/resource_bundle_accessor.swift /Users/admin/builder/spi-builder-workspace/Sources/SymbolPicker/ArrayFromColor.swift -primary-file /Users/admin/builder/spi-builder-workspace/Sources/SymbolPicker/Components/Blur.swift -primary-file /Users/admin/builder/spi-builder-workspace/Sources/SymbolPicker/Components/SPColorPicker.swift /Users/admin/builder/spi-builder-workspace/Sources/SymbolPicker/Components/SPDismissButton.swift /Users/admin/builder/spi-builder-workspace/Sources/SymbolPicker/Components/SPSelectedSymbol.swift /Users/admin/builder/spi-builder-workspace/Sources/SymbolPicker/Components/SPSymbolsList.swift /Users/admin/builder/spi-builder-workspace/Sources/SymbolPicker/DataTypes/SymbolColor.swift /Users/admin/builder/spi-builder-workspace/Sources/SymbolPicker/DataTypes/SymbolLists.swift /Users/admin/builder/spi-builder-workspace/Sources/SymbolPicker/DataTypes/SymbolModel.swift /Users/admin/builder/spi-builder-workspace/Sources/SymbolPicker/DataTypes/SymbolPickerDismissType.swift /Users/admin/builder/spi-builder-workspace/Sources/SymbolPicker/DataTypes/SymbolPickerSymbolsStyle.swift /Users/admin/builder/spi-builder-workspace/Sources/SymbolPicker/DataTypes/SymbolPickerTranslation.swift /Users/admin/builder/spi-builder-workspace/Sources/SymbolPicker/DataTypes/SymbolSection.swift /Users/admin/builder/spi-builder-workspace/Sources/SymbolPicker/IfModifier.swift /Users/admin/builder/spi-builder-workspace/Sources/SymbolPicker/LuminanceForColor.swift /Users/admin/builder/spi-builder-workspace/Sources/SymbolPicker/SPForegroundStyleModifier.swift /Users/admin/builder/spi-builder-workspace/Sources/SymbolPicker/SymbolPicker.swift /Users/admin/builder/spi-builder-workspace/Sources/SymbolPicker/SymbolPickerModifier.swift /Users/admin/builder/spi-builder-workspace/.derivedData/Build/Intermediates.noindex/SymbolPicker.build/Debug-appletvos/SymbolPicker-t.build/DerivedSources/GeneratedStringSymbols_Localizable.swift -emit-dependencies-path /Users/admin/builder/spi-builder-workspace/.derivedData/Build/Intermediates.noindex/SymbolPicker.build/Debug-appletvos/SymbolPicker-t.build/Objects-normal/arm64/Blur.d -emit-const-values-path /Users/admin/builder/spi-builder-workspace/.derivedData/Build/Intermediates.noindex/SymbolPicker.build/Debug-appletvos/SymbolPicker-t.build/Objects-normal/arm64/Blur.swiftconstvalues -emit-reference-dependencies-path /Users/admin/builder/spi-builder-workspace/.derivedData/Build/Intermediates.noindex/SymbolPicker.build/Debug-appletvos/SymbolPicker-t.build/Objects-normal/arm64/Blur.swiftdeps -serialize-diagnostics-path /Users/admin/builder/spi-builder-workspace/.derivedData/Build/Intermediates.noindex/SymbolPicker.build/Debug-appletvos/SymbolPicker-t.build/Objects-normal/arm64/Blur.dia -emit-dependencies-path /Users/admin/builder/spi-builder-workspace/.derivedData/Build/Intermediates.noindex/SymbolPicker.build/Debug-appletvos/SymbolPicker-t.build/Objects-normal/arm64/SPColorPicker.d -emit-const-values-path /Users/admin/builder/spi-builder-workspace/.derivedData/Build/Intermediates.noindex/SymbolPicker.build/Debug-appletvos/SymbolPicker-t.build/Objects-normal/arm64/SPColorPicker.swiftconstvalues -emit-reference-dependencies-path /Users/admin/builder/spi-builder-workspace/.derivedData/Build/Intermediates.noindex/SymbolPicker.build/Debug-appletvos/SymbolPicker-t.build/Objects-normal/arm64/SPColorPicker.swiftdeps -serialize-diagnostics-path /Users/admin/builder/spi-builder-workspace/.derivedData/Build/Intermediates.noindex/SymbolPicker.build/Debug-appletvos/SymbolPicker-t.build/Objects-normal/arm64/SPColorPicker.dia -emit-localized-strings -emit-localized-strings-path /Users/admin/builder/spi-builder-workspace/.derivedData/Build/Intermediates.noindex/SymbolPicker.build/Debug-appletvos/SymbolPicker-t.build/Objects-normal/arm64 -target arm64-apple-tvos15.0 -module-can-import-version UIKit 9127.0.84.1 9127.0.84 -disable-cross-import-overlay-search -load-resolved-plugin /Applications/Xcode-27.0.0-Release.Candidate.app/Contents/Developer/Platforms/AppleTVOS.platform/Developer/usr/lib/swift/host/plugins/libFoundationMacros.dylib\#/Applications/Xcode-27.0.0-Release.Candidate.app/Contents/Developer/Platforms/AppleTVOS.platform/Developer/usr/bin/swift-plugin-server\#FoundationMacros -load-resolved-plugin /Applications/Xcode-27.0.0-Release.Candidate.app/Contents/Developer/Platforms/AppleTVOS.platform/Developer/usr/lib/swift/host/plugins/libObservationMacros.dylib\#/Applications/Xcode-27.0.0-Release.Candidate.app/Contents/Developer/Platforms/AppleTVOS.platform/Developer/usr/bin/swift-plugin-server\#ObservationMacros -load-resolved-plugin /Applications/Xcode-27.0.0-Release.Candidate.app/Contents/Developer/Platforms/AppleTVOS.platform/Developer/usr/lib/swift/host/plugins/libPreviewsMacros.dylib\#/Applications/Xcode-27.0.0-Release.Candidate.app/Contents/Developer/Platforms/AppleTVOS.platform/Developer/usr/bin/swift-plugin-server\#PreviewsMacros -load-resolved-plugin /Applications/Xcode-27.0.0-Release.Candidate.app/Contents/Developer/Platforms/AppleTVOS.platform/Developer/usr/lib/swift/host/plugins/libSwiftMacros.dylib\#/Applications/Xcode-27.0.0-Release.Candidate.app/Contents/Developer/Platforms/AppleTVOS.platform/Developer/usr/bin/swift-plugin-server\#SwiftMacros -load-resolved-plugin /Applications/Xcode-27.0.0-Release.Candidate.app/Contents/Developer/Platforms/AppleTVOS.platform/Developer/usr/lib/swift/host/plugins/libSwiftUIMacros.dylib\#/Applications/Xcode-27.0.0-Release.Candidate.app/Contents/Developer/Platforms/AppleTVOS.platform/Developer/usr/bin/swift-plugin-server\#SwiftUIMacros -disable-implicit-swift-modules -Xcc -fno-implicit-modules -Xcc -fno-implicit-module-maps -explicit-swift-module-map-file /Users/admin/builder/spi-builder-workspace/.derivedData/Build/Intermediates.noindex/SymbolPicker.build/Debug-appletvos/SymbolPicker-t.build/Objects-normal/arm64/SymbolPicker-dependencies-1.json -Xllvm -aarch64-use-tbi -enable-objc-interop -stack-check -sdk /Applications/Xcode-27.0.0-Release.Candidate.app/Contents/Developer/Platforms/AppleTVOS.platform/Developer/SDKs/AppleTVOS27.0.sdk -I /Users/admin/builder/spi-builder-workspace/.derivedData/Build/Products/Debug-appletvos -Isystem /Applications/Xcode-27.0.0-Release.Candidate.app/Contents/Developer/Platforms/AppleTVOS.platform/Developer/usr/lib -F /Users/admin/builder/spi-builder-workspace/.derivedData/Build/Products/Debug-appletvos/PackageFrameworks -F /Users/admin/builder/spi-builder-workspace/.derivedData/Build/Products/Debug-appletvos -F /Applications/Xcode-27.0.0-Release.Candidate.app/Contents/Developer/Platforms/AppleTVOS.platform/Developer/Library/Frameworks -F /Applications/Xcode-27.0.0-Release.Candidate.app/Contents/Developer/Platforms/AppleTVOS.platform/Developer/SDKs/AppleTVOS27.0.sdk/Developer/Library/Frameworks -module-cache-path /Users/admin/builder/spi-builder-workspace/.derivedData/Build/Intermediates.noindex/SwiftExplicitPrecompiledModules -no-color-diagnostics -Xcc -fno-color-diagnostics -enable-testing -g -debug-info-format\=dwarf -dwarf-version\=4 -swift-version 5 -Onone -D SWIFT_PACKAGE -D DEBUG -D SWIFT_MODULE_RESOURCE_BUNDLE_AVAILABLE -D Xcode -serialize-debugging-options -enable-experimental-feature DebugDescriptionMacro -empty-abi-descriptor -validate-clang-modules-once -clang-build-session-file /Users/admin/builder/spi-builder-workspace/.derivedData/ModuleCache.noindex/Session.modulevalidation -Xcc -working-directory -Xcc /Users/admin/builder/spi-builder-workspace/.swiftpm/xcode -enable-anonymous-context-mangled-names -file-compilation-dir /Users/admin/builder/spi-builder-workspace/.swiftpm/xcode -Xcc -D_LIBCPP_HARDENING_MODE\=_LIBCPP_HARDENING_MODE_DEBUG -Xcc -ivfsstatcache -Xcc /Users/admin/builder/spi-builder-workspace/.derivedData/SDKStatCaches.noindex/appletvos27.0-24J360-e829b21a6f8c9b70876ba0858053c044b32bfd8d43560033f8d89884cdb90028.sdkstatcache -Xcc -fmodules-prune-interval\=86400 -Xcc -fmodules-prune-after\=345600 -Xcc -I/Users/admin/builder/spi-builder-workspace/.derivedData/Build/Products/Debug-appletvos/include -Xcc -I/Users/admin/builder/spi-builder-workspace/.derivedData/Build/Intermediates.noindex/SymbolPicker.build/Debug-appletvos/SymbolPicker-t.build/DerivedSources-normal/arm64 -Xcc -I/Users/admin/builder/spi-builder-workspace/.derivedData/Build/Intermediates.noindex/SymbolPicker.build/Debug-appletvos/SymbolPicker-t.build/DerivedSources/arm64 -Xcc -I/Users/admin/builder/spi-builder-workspace/.derivedData/Build/Intermediates.noindex/SymbolPicker.build/Debug-appletvos/SymbolPicker-t.build/DerivedSources -Xcc -DSWIFT_PACKAGE -Xcc -DDEBUG\=1 -no-auto-bridging-header-chaining -module-name SymbolPicker -package-name spi_builder_workspace -const-gather-protocols-file /Users/admin/builder/spi-builder-workspace/.derivedData/Build/Intermediates.noindex/SymbolPicker.build/Debug-appletvos/SymbolPicker-t.build/Objects-normal/arm64/SymbolPicker_const_extract_protocols.json -disable-clang-spi -clang-target arm64-apple-tvos27.0 -target-sdk-version 27.0 -target-sdk-name appletvos27.0 -in-process-plugin-server-path /Applications/Xcode-27.0.0-Release.Candidate.app/Contents/Developer/Toolchains/XcodeDefault.xctoolchain/usr/lib/swift/host/libSwiftInProcPluginServer.dylib -parse-as-library -o /Users/admin/builder/spi-builder-workspace/.derivedData/Build/Intermediates.noindex/SymbolPicker.build/Debug-appletvos/SymbolPicker-t.build/Objects-normal/arm64/Blur.o -o /Users/admin/builder/spi-builder-workspace/.derivedData/Build/Intermediates.noindex/SymbolPicker.build/Debug-appletvos/SymbolPicker-t.build/Objects-normal/arm64/SPColorPicker.o -debug-module-path /Users/admin/builder/spi-builder-workspace/.derivedData/Build/Intermediates.noindex/SymbolPicker.build/Debug-appletvos/SymbolPicker-t.build/Objects-normal/arm64/SymbolPicker.swiftmodule -index-unit-output-path /SymbolPicker.build/Debug-appletvos/SymbolPicker-t.build/Objects-normal/arm64/Blur.o -index-unit-output-path /SymbolPicker.build/Debug-appletvos/SymbolPicker-t.build/Objects-normal/arm64/SPColorPicker.o -index-store-path /Users/admin/builder/spi-builder-workspace/.derivedData/Index.noindex/DataStore -index-system-modules
SwiftCompile normal arm64 /Users/admin/builder/spi-builder-workspace/Sources/SymbolPicker/Components/Blur.swift (in target 'SymbolPicker' from project 'SymbolPicker')
    cd /Users/admin/builder/spi-builder-workspace/.swiftpm/xcode
    builtin-SwiftPerFileCompile Blur.swift
SwiftCompile normal arm64 /Users/admin/builder/spi-builder-workspace/Sources/SymbolPicker/Components/SPColorPicker.swift (in target 'SymbolPicker' from project 'SymbolPicker')
    cd /Users/admin/builder/spi-builder-workspace/.swiftpm/xcode
    builtin-SwiftPerFileCompile SPColorPicker.swift
SwiftDriverJobDiscovery normal arm64 Emitting module for SymbolPicker (in target 'SymbolPicker' from project 'SymbolPicker')
SwiftDriver\ Compilation\ Requirements SymbolPicker normal arm64 com.apple.xcode.tools.swift.compiler (in target 'SymbolPicker' from project 'SymbolPicker')
    cd /Users/admin/builder/spi-builder-workspace/.swiftpm/xcode
    builtin-Swift-Compilation-Requirements -- /Applications/Xcode-27.0.0-Release.Candidate.app/Contents/Developer/Toolchains/XcodeDefault.xctoolchain/usr/bin/swiftc -parse-as-library -module-name SymbolPicker -Onone @/Users/admin/builder/spi-builder-workspace/.derivedData/Build/Intermediates.noindex/SymbolPicker.build/Debug-appletvos/SymbolPicker-t.build/Objects-normal/arm64/SymbolPicker.SwiftFileList -DSWIFT_PACKAGE -DDEBUG -DSWIFT_MODULE_RESOURCE_BUNDLE_AVAILABLE -DXcode -plugin-path /Applications/Xcode-27.0.0-Release.Candidate.app/Contents/Developer/Toolchains/XcodeDefault.xctoolchain/usr/lib/swift/host/plugins/testing -enable-experimental-feature DebugDescriptionMacro -sdk /Applications/Xcode-27.0.0-Release.Candidate.app/Contents/Developer/Platforms/AppleTVOS.platform/Developer/SDKs/AppleTVOS27.0.sdk -target arm64-apple-tvos15.0 -g -module-cache-path /Users/admin/builder/spi-builder-workspace/.derivedData/ModuleCache.noindex -Xfrontend -serialize-debugging-options -enable-testing -index-store-path /Users/admin/builder/spi-builder-workspace/.derivedData/Index.noindex/DataStore -Xcc -D_LIBCPP_HARDENING_MODE\=_LIBCPP_HARDENING_MODE_DEBUG -swift-version 5 -I /Users/admin/builder/spi-builder-workspace/.derivedData/Build/Products/Debug-appletvos -Isystem /Applications/Xcode-27.0.0-Release.Candidate.app/Contents/Developer/Platforms/AppleTVOS.platform/Developer/usr/lib -F /Users/admin/builder/spi-builder-workspace/.derivedData/Build/Products/Debug-appletvos/PackageFrameworks -F /Users/admin/builder/spi-builder-workspace/.derivedData/Build/Products/Debug-appletvos -F /Applications/Xcode-27.0.0-Release.Candidate.app/Contents/Developer/Platforms/AppleTVOS.platform/Developer/Library/Frameworks -F /Applications/Xcode-27.0.0-Release.Candidate.app/Contents/Developer/Platforms/AppleTVOS.platform/Developer/SDKs/AppleTVOS27.0.sdk/Developer/Library/Frameworks -emit-localized-strings -emit-localized-strings-path /Users/admin/builder/spi-builder-workspace/.derivedData/Build/Intermediates.noindex/SymbolPicker.build/Debug-appletvos/SymbolPicker-t.build/Objects-normal/arm64 -c -j10 -enable-batch-mode -incremental -Xcc -ivfsstatcache -Xcc /Users/admin/builder/spi-builder-workspace/.derivedData/SDKStatCaches.noindex/appletvos27.0-24J360-e829b21a6f8c9b70876ba0858053c044b32bfd8d43560033f8d89884cdb90028.sdkstatcache -output-file-map /Users/admin/builder/spi-builder-workspace/.derivedData/Build/Intermediates.noindex/SymbolPicker.build/Debug-appletvos/SymbolPicker-t.build/Objects-normal/arm64/SymbolPicker-OutputFileMap.json -save-temps -no-color-diagnostics -explicit-module-build -module-cache-path /Users/admin/builder/spi-builder-workspace/.derivedData/Build/Intermediates.noindex/SwiftExplicitPrecompiledModules -clang-scanner-module-cache-path /Users/admin/builder/spi-builder-workspace/.derivedData/ModuleCache.noindex -sdk-module-cache-path /Users/admin/builder/spi-builder-workspace/.derivedData/SDKExplicitPrecompiledModules -emit-dependencies -emit-module -emit-module-path /Users/admin/builder/spi-builder-workspace/.derivedData/Build/Intermediates.noindex/SymbolPicker.build/Debug-appletvos/SymbolPicker-t.build/Objects-normal/arm64/SymbolPicker.swiftmodule -serialize-diagnostics -dependency-scan-serialize-diagnostics-path /Users/admin/builder/spi-builder-workspace/.derivedData/Build/Intermediates.noindex/SymbolPicker.build/Debug-appletvos/SymbolPicker-t.build/Objects-normal/arm64/SymbolPicker-dependency-scan.dia -validate-clang-modules-once -clang-build-session-file /Users/admin/builder/spi-builder-workspace/.derivedData/ModuleCache.noindex/Session.modulevalidation -Xcc -fmodules-prune-interval\=86400 -Xcc -fmodules-prune-after\=345600 -package-name spi_builder_workspace -emit-const-values -const-gather-protocols-list /Users/admin/builder/spi-builder-workspace/.derivedData/Build/Intermediates.noindex/SymbolPicker.build/Debug-appletvos/SymbolPicker-t.build/Objects-normal/arm64/SymbolPicker_const_extract_protocols.json -Xcc -I/Users/admin/builder/spi-builder-workspace/.derivedData/Build/Products/Debug-appletvos/include -Xcc -I/Users/admin/builder/spi-builder-workspace/.derivedData/Build/Intermediates.noindex/SymbolPicker.build/Debug-appletvos/SymbolPicker-t.build/DerivedSources-normal/arm64 -Xcc -I/Users/admin/builder/spi-builder-workspace/.derivedData/Build/Intermediates.noindex/SymbolPicker.build/Debug-appletvos/SymbolPicker-t.build/DerivedSources/arm64 -Xcc -I/Users/admin/builder/spi-builder-workspace/.derivedData/Build/Intermediates.noindex/SymbolPicker.build/Debug-appletvos/SymbolPicker-t.build/DerivedSources -Xcc -DSWIFT_PACKAGE -Xcc -DDEBUG\=1 -emit-objc-header -emit-objc-header-path /Users/admin/builder/spi-builder-workspace/.derivedData/Build/Intermediates.noindex/SymbolPicker.build/Debug-appletvos/SymbolPicker-t.build/Objects-normal/arm64/SymbolPicker-Swift.h -working-directory /Users/admin/builder/spi-builder-workspace/.swiftpm/xcode -experimental-emit-module-separately -disable-cmo
PruneExplicitPrecompiledModules /Users/admin/builder/spi-builder-workspace/.derivedData/SDKExplicitPrecompiledModules
PruneExplicitPrecompiledModules /Users/admin/builder/spi-builder-workspace/.derivedData/Build/Intermediates.noindex/ExplicitPrecompiledModules
PruneExplicitPrecompiledModules /Users/admin/builder/spi-builder-workspace/.derivedData/Build/Intermediates.noindex/SwiftExplicitPrecompiledModules
2026-09-22 23:47:10.973 xcodebuild[802:5628] [MT] IDERunDestination: Supported platforms for the buildables in the current scheme is empty.
** BUILD FAILED **
The following build commands failed:
	SwiftCompile normal arm64 Compiling\ SPForegroundStyleModifier.swift,\ SymbolPicker.swift /Users/admin/builder/spi-builder-workspace/Sources/SymbolPicker/SPForegroundStyleModifier.swift /Users/admin/builder/spi-builder-workspace/Sources/SymbolPicker/SymbolPicker.swift (in target 'SymbolPicker' from project 'SymbolPicker')
	SwiftCompile normal arm64 (in target 'SymbolPicker' from project 'SymbolPicker')
	SwiftCompile normal arm64 Compiling\ Blur.swift,\ SPColorPicker.swift /Users/admin/builder/spi-builder-workspace/Sources/SymbolPicker/Components/Blur.swift /Users/admin/builder/spi-builder-workspace/Sources/SymbolPicker/Components/SPColorPicker.swift (in target 'SymbolPicker' from project 'SymbolPicker')
	SwiftCompile normal arm64 /Users/admin/builder/spi-builder-workspace/Sources/SymbolPicker/Components/SPColorPicker.swift (in target 'SymbolPicker' from project 'SymbolPicker')
	Building workspace SymbolPicker with scheme SymbolPicker
(5 failures)
Command line invocation:
    /Applications/Xcode-27.0.0-Release.Candidate.app/Contents/Developer/usr/bin/xcodebuild -IDEClonedSourcePackagesDirPathOverride=/Users/admin/builder/spi-builder-workspace/.dependencies -resolvePackageDependencies
Resolve Package Graph
Resolved source packages:
  SearchBar: https://github.com/SzpakKamil/SearchBar.git @ 2.1.7
  SymbolPicker: /Users/admin/builder/spi-builder-workspace
resolved source packages: SearchBar, SymbolPicker
2026-09-22 23:47:21.740 xcodebuild[915:6170] [MT] IDERunDestination: Supported platforms for the buildables in the current scheme is empty.
{
  "default_localization" : "en",
  "dependencies" : [
    {
      "identity" : "searchbar",
      "requirement" : {
        "range" : [
          {
            "lower_bound" : "2.1.0",
            "upper_bound" : "3.0.0"
          }
        ]
      },
      "type" : "sourceControl",
      "url" : "https://github.com/SzpakKamil/SearchBar.git"
    }
  ],
  "manifest_display_name" : "SymbolPicker",
  "name" : "SymbolPicker",
  "path" : "/Users/admin/builder/spi-builder-workspace",
  "platforms" : [
    {
      "name" : "macos",
      "version" : "11.0"
    },
    {
      "name" : "ios",
      "version" : "14.0"
    },
    {
      "name" : "visionos",
      "version" : "1.0"
    }
  ],
  "products" : [
    {
      "name" : "SymbolPicker",
      "targets" : [
        "SymbolPicker"
      ],
      "type" : {
        "library" : [
          "automatic"
        ]
      }
    }
  ],
  "targets" : [
    {
      "c99name" : "SymbolPicker",
      "module_type" : "SwiftTarget",
      "name" : "SymbolPicker",
      "path" : "Sources/SymbolPicker",
      "product_dependencies" : [
        "SearchBar"
      ],
      "product_memberships" : [
        "SymbolPicker"
      ],
      "resources" : [
        {
          "path" : "/Users/admin/builder/spi-builder-workspace/Sources/SymbolPicker/Resources/Localizable.xcstrings",
          "rule" : {
            "process" : {
            }
          }
        }
      ],
      "sources" : [
        "ArrayFromColor.swift",
        "Components/Blur.swift",
        "Components/SPColorPicker.swift",
        "Components/SPDismissButton.swift",
        "Components/SPSelectedSymbol.swift",
        "Components/SPSymbolsList.swift",
        "DataTypes/SymbolColor.swift",
        "DataTypes/SymbolLists.swift",
        "DataTypes/SymbolModel.swift",
        "DataTypes/SymbolPickerDismissType.swift",
        "DataTypes/SymbolPickerSymbolsStyle.swift",
        "DataTypes/SymbolPickerTranslation.swift",
        "DataTypes/SymbolSection.swift",
        "IfModifier.swift",
        "LuminanceForColor.swift",
        "SPForegroundStyleModifier.swift",
        "SymbolPicker.swift",
        "SymbolPickerModifier.swift"
      ],
      "type" : "library"
    }
  ],
  "tools_version" : "5.9"
}
{
  "workspace" : {
    "name" : "SymbolPicker",
    "schemes" : [
      "SearchBar",
      "SearchBarTests",
      "SymbolPicker"
    ]
  }
}
2026-09-22 23:47:23.109 xcodebuild[925:6273] [MT] IDERunDestination: Supported platforms for the buildables in the current scheme is empty.
{
  "workspace" : {
    "name" : "SymbolPicker",
    "schemes" : [
      "SearchBar",
      "SearchBarTests",
      "SymbolPicker"
    ]
  }
}
2026-09-22 23:47:24.259 xcodebuild[929:6325] [MT] IDERunDestination: Supported platforms for the buildables in the current scheme is empty.
Running build ...
env DEVELOPER_DIR=/Applications/Xcode-27.0.0-Release.Candidate.app xcrun xcodebuild -IDEClonedSourcePackagesDirPathOverride=$PWD/.dependencies -skipMacroValidation -skipPackagePluginValidation -derivedDataPath $PWD/.derivedData build -scheme SymbolPicker -destination generic/platform=tvOS
Command line invocation:
    /Applications/Xcode-27.0.0-Release.Candidate.app/Contents/Developer/usr/bin/xcodebuild -IDEClonedSourcePackagesDirPathOverride=/Users/admin/builder/spi-builder-workspace/.dependencies -skipMacroValidation -skipPackagePluginValidation -derivedDataPath /Users/admin/builder/spi-builder-workspace/.derivedData build -scheme SymbolPicker -destination generic/platform=tvOS
Resolve Package Graph
Resolved source packages:
  SearchBar: https://github.com/SzpakKamil/SearchBar.git @ 2.1.7
  SymbolPicker: /Users/admin/builder/spi-builder-workspace
ComputePackagePrebuildTargetDependencyGraph
Prepare packages
CreateBuildRequest
SendProjectDescription
CreateBuildOperation
ComputeTargetDependencyGraph
note: Building targets in dependency order
note: Target dependency graph (6 targets)
    Target 'SymbolPicker-product' in project 'SymbolPicker'
        ➜ Explicit dependency on target 'SymbolPicker' in project 'SymbolPicker'
        ➜ Explicit dependency on target 'SymbolPicker_SymbolPicker' in project 'SymbolPicker'
        ➜ Explicit dependency on target 'SearchBar-product' in project 'SearchBar'
    Target 'SymbolPicker' in project 'SymbolPicker'
        ➜ Explicit dependency on target 'SymbolPicker_SymbolPicker' in project 'SymbolPicker'
        ➜ Explicit dependency on target 'SearchBar-product' in project 'SearchBar'
    Target 'SearchBar-product' in project 'SearchBar'
        ➜ Explicit dependency on target 'SearchBar' in project 'SearchBar'
        ➜ Explicit dependency on target 'SearchBar_SearchBar' in project 'SearchBar'
    Target 'SearchBar' in project 'SearchBar'
        ➜ Explicit dependency on target 'SearchBar_SearchBar' in project 'SearchBar'
    Target 'SearchBar_SearchBar' in project 'SearchBar' (no dependencies)
    Target 'SymbolPicker_SymbolPicker' in project 'SymbolPicker' (no dependencies)
GatherProvisioningInputs
CreateBuildDescription
ClangStatCache /Applications/Xcode-27.0.0-Release.Candidate.app/Contents/Developer/Toolchains/XcodeDefault.xctoolchain/usr/bin/clang-stat-cache /Applications/Xcode-27.0.0-Release.Candidate.app/Contents/Developer/Platforms/AppleTVOS.platform/Developer/SDKs/AppleTVOS27.0.sdk /Users/admin/builder/spi-builder-workspace/.derivedData/SDKStatCaches.noindex/appletvos27.0-24J360-e829b21a6f8c9b70876ba0858053c044b32bfd8d43560033f8d89884cdb90028.sdkstatcache
    cd /Users/admin/builder/spi-builder-workspace/.swiftpm/xcode
    /Applications/Xcode-27.0.0-Release.Candidate.app/Contents/Developer/Toolchains/XcodeDefault.xctoolchain/usr/bin/clang-stat-cache /Applications/Xcode-27.0.0-Release.Candidate.app/Contents/Developer/Platforms/AppleTVOS.platform/Developer/SDKs/AppleTVOS27.0.sdk -o /Users/admin/builder/spi-builder-workspace/.derivedData/SDKStatCaches.noindex/appletvos27.0-24J360-e829b21a6f8c9b70876ba0858053c044b32bfd8d43560033f8d89884cdb90028.sdkstatcache
SwiftDriver SymbolPicker normal arm64 com.apple.xcode.tools.swift.compiler (in target 'SymbolPicker' from project 'SymbolPicker')
    cd /Users/admin/builder/spi-builder-workspace/.swiftpm/xcode
    builtin-SwiftDriver -- /Applications/Xcode-27.0.0-Release.Candidate.app/Contents/Developer/Toolchains/XcodeDefault.xctoolchain/usr/bin/swiftc -parse-as-library -module-name SymbolPicker -Onone @/Users/admin/builder/spi-builder-workspace/.derivedData/Build/Intermediates.noindex/SymbolPicker.build/Debug-appletvos/SymbolPicker-t.build/Objects-normal/arm64/SymbolPicker.SwiftFileList -DSWIFT_PACKAGE -DDEBUG -DSWIFT_MODULE_RESOURCE_BUNDLE_AVAILABLE -DXcode -plugin-path /Applications/Xcode-27.0.0-Release.Candidate.app/Contents/Developer/Toolchains/XcodeDefault.xctoolchain/usr/lib/swift/host/plugins/testing -enable-experimental-feature DebugDescriptionMacro -sdk /Applications/Xcode-27.0.0-Release.Candidate.app/Contents/Developer/Platforms/AppleTVOS.platform/Developer/SDKs/AppleTVOS27.0.sdk -target arm64-apple-tvos15.0 -g -module-cache-path /Users/admin/builder/spi-builder-workspace/.derivedData/ModuleCache.noindex -Xfrontend -serialize-debugging-options -enable-testing -index-store-path /Users/admin/builder/spi-builder-workspace/.derivedData/Index.noindex/DataStore -Xcc -D_LIBCPP_HARDENING_MODE\=_LIBCPP_HARDENING_MODE_DEBUG -swift-version 5 -I /Users/admin/builder/spi-builder-workspace/.derivedData/Build/Products/Debug-appletvos -Isystem /Applications/Xcode-27.0.0-Release.Candidate.app/Contents/Developer/Platforms/AppleTVOS.platform/Developer/usr/lib -F /Users/admin/builder/spi-builder-workspace/.derivedData/Build/Products/Debug-appletvos/PackageFrameworks -F /Users/admin/builder/spi-builder-workspace/.derivedData/Build/Products/Debug-appletvos -F /Applications/Xcode-27.0.0-Release.Candidate.app/Contents/Developer/Platforms/AppleTVOS.platform/Developer/Library/Frameworks -F /Applications/Xcode-27.0.0-Release.Candidate.app/Contents/Developer/Platforms/AppleTVOS.platform/Developer/SDKs/AppleTVOS27.0.sdk/Developer/Library/Frameworks -emit-localized-strings -emit-localized-strings-path /Users/admin/builder/spi-builder-workspace/.derivedData/Build/Intermediates.noindex/SymbolPicker.build/Debug-appletvos/SymbolPicker-t.build/Objects-normal/arm64 -c -j10 -enable-batch-mode -incremental -Xcc -ivfsstatcache -Xcc /Users/admin/builder/spi-builder-workspace/.derivedData/SDKStatCaches.noindex/appletvos27.0-24J360-e829b21a6f8c9b70876ba0858053c044b32bfd8d43560033f8d89884cdb90028.sdkstatcache -output-file-map /Users/admin/builder/spi-builder-workspace/.derivedData/Build/Intermediates.noindex/SymbolPicker.build/Debug-appletvos/SymbolPicker-t.build/Objects-normal/arm64/SymbolPicker-OutputFileMap.json -save-temps -no-color-diagnostics -explicit-module-build -module-cache-path /Users/admin/builder/spi-builder-workspace/.derivedData/Build/Intermediates.noindex/SwiftExplicitPrecompiledModules -clang-scanner-module-cache-path /Users/admin/builder/spi-builder-workspace/.derivedData/ModuleCache.noindex -sdk-module-cache-path /Users/admin/builder/spi-builder-workspace/.derivedData/SDKExplicitPrecompiledModules -emit-dependencies -emit-module -emit-module-path /Users/admin/builder/spi-builder-workspace/.derivedData/Build/Intermediates.noindex/SymbolPicker.build/Debug-appletvos/SymbolPicker-t.build/Objects-normal/arm64/SymbolPicker.swiftmodule -serialize-diagnostics -dependency-scan-serialize-diagnostics-path /Users/admin/builder/spi-builder-workspace/.derivedData/Build/Intermediates.noindex/SymbolPicker.build/Debug-appletvos/SymbolPicker-t.build/Objects-normal/arm64/SymbolPicker-dependency-scan.dia -validate-clang-modules-once -clang-build-session-file /Users/admin/builder/spi-builder-workspace/.derivedData/ModuleCache.noindex/Session.modulevalidation -Xcc -fmodules-prune-interval\=86400 -Xcc -fmodules-prune-after\=345600 -package-name spi_builder_workspace -emit-const-values -const-gather-protocols-list /Users/admin/builder/spi-builder-workspace/.derivedData/Build/Intermediates.noindex/SymbolPicker.build/Debug-appletvos/SymbolPicker-t.build/Objects-normal/arm64/SymbolPicker_const_extract_protocols.json -Xcc -I/Users/admin/builder/spi-builder-workspace/.derivedData/Build/Products/Debug-appletvos/include -Xcc -I/Users/admin/builder/spi-builder-workspace/.derivedData/Build/Intermediates.noindex/SymbolPicker.build/Debug-appletvos/SymbolPicker-t.build/DerivedSources-normal/arm64 -Xcc -I/Users/admin/builder/spi-builder-workspace/.derivedData/Build/Intermediates.noindex/SymbolPicker.build/Debug-appletvos/SymbolPicker-t.build/DerivedSources/arm64 -Xcc -I/Users/admin/builder/spi-builder-workspace/.derivedData/Build/Intermediates.noindex/SymbolPicker.build/Debug-appletvos/SymbolPicker-t.build/DerivedSources -Xcc -DSWIFT_PACKAGE -Xcc -DDEBUG\=1 -emit-objc-header -emit-objc-header-path /Users/admin/builder/spi-builder-workspace/.derivedData/Build/Intermediates.noindex/SymbolPicker.build/Debug-appletvos/SymbolPicker-t.build/Objects-normal/arm64/SymbolPicker-Swift.h -working-directory /Users/admin/builder/spi-builder-workspace/.swiftpm/xcode -experimental-emit-module-separately -disable-cmo
SwiftDriver SearchBar normal arm64 com.apple.xcode.tools.swift.compiler (in target 'SearchBar' from project 'SearchBar')
    cd /Users/admin/builder/spi-builder-workspace/.swiftpm/xcode
    builtin-SwiftDriver -- /Applications/Xcode-27.0.0-Release.Candidate.app/Contents/Developer/Toolchains/XcodeDefault.xctoolchain/usr/bin/swiftc -parse-as-library -module-name SearchBar -Onone @/Users/admin/builder/spi-builder-workspace/.derivedData/Build/Intermediates.noindex/SearchBar.build/Debug-appletvos/SearchBar-t.build/Objects-normal/arm64/SearchBar.SwiftFileList -DSWIFT_PACKAGE -DDEBUG -DSWIFT_MODULE_RESOURCE_BUNDLE_AVAILABLE -DXcode -plugin-path /Applications/Xcode-27.0.0-Release.Candidate.app/Contents/Developer/Toolchains/XcodeDefault.xctoolchain/usr/lib/swift/host/plugins/testing -enable-experimental-feature DebugDescriptionMacro -sdk /Applications/Xcode-27.0.0-Release.Candidate.app/Contents/Developer/Platforms/AppleTVOS.platform/Developer/SDKs/AppleTVOS27.0.sdk -target arm64-apple-tvos15.0 -g -module-cache-path /Users/admin/builder/spi-builder-workspace/.derivedData/ModuleCache.noindex -Xfrontend -serialize-debugging-options -enable-testing -suppress-warnings -index-store-path /Users/admin/builder/spi-builder-workspace/.derivedData/Index.noindex/DataStore -Xcc -D_LIBCPP_HARDENING_MODE\=_LIBCPP_HARDENING_MODE_DEBUG -swift-version 5 -I /Users/admin/builder/spi-builder-workspace/.derivedData/Build/Products/Debug-appletvos -Isystem /Applications/Xcode-27.0.0-Release.Candidate.app/Contents/Developer/Platforms/AppleTVOS.platform/Developer/usr/lib -F /Users/admin/builder/spi-builder-workspace/.derivedData/Build/Products/Debug-appletvos -F /Applications/Xcode-27.0.0-Release.Candidate.app/Contents/Developer/Platforms/AppleTVOS.platform/Developer/Library/Frameworks -F /Applications/Xcode-27.0.0-Release.Candidate.app/Contents/Developer/Platforms/AppleTVOS.platform/Developer/SDKs/AppleTVOS27.0.sdk/Developer/Library/Frameworks -emit-localized-strings -emit-localized-strings-path /Users/admin/builder/spi-builder-workspace/.derivedData/Build/Intermediates.noindex/SearchBar.build/Debug-appletvos/SearchBar-t.build/Objects-normal/arm64 -c -j10 -enable-batch-mode -incremental -Xcc -ivfsstatcache -Xcc /Users/admin/builder/spi-builder-workspace/.derivedData/SDKStatCaches.noindex/appletvos27.0-24J360-e829b21a6f8c9b70876ba0858053c044b32bfd8d43560033f8d89884cdb90028.sdkstatcache -output-file-map /Users/admin/builder/spi-builder-workspace/.derivedData/Build/Intermediates.noindex/SearchBar.build/Debug-appletvos/SearchBar-t.build/Objects-normal/arm64/SearchBar-OutputFileMap.json -save-temps -no-color-diagnostics -explicit-module-build -module-cache-path /Users/admin/builder/spi-builder-workspace/.derivedData/Build/Intermediates.noindex/SwiftExplicitPrecompiledModules -clang-scanner-module-cache-path /Users/admin/builder/spi-builder-workspace/.derivedData/ModuleCache.noindex -sdk-module-cache-path /Users/admin/builder/spi-builder-workspace/.derivedData/SDKExplicitPrecompiledModules -emit-dependencies -emit-module -emit-module-path /Users/admin/builder/spi-builder-workspace/.derivedData/Build/Intermediates.noindex/SearchBar.build/Debug-appletvos/SearchBar-t.build/Objects-normal/arm64/SearchBar.swiftmodule -serialize-diagnostics -dependency-scan-serialize-diagnostics-path /Users/admin/builder/spi-builder-workspace/.derivedData/Build/Intermediates.noindex/SearchBar.build/Debug-appletvos/SearchBar-t.build/Objects-normal/arm64/SearchBar-dependency-scan.dia -validate-clang-modules-once -clang-build-session-file /Users/admin/builder/spi-builder-workspace/.derivedData/ModuleCache.noindex/Session.modulevalidation -Xcc -fmodules-prune-interval\=86400 -Xcc -fmodules-prune-after\=345600 -package-name searchbar -emit-const-values -const-gather-protocols-list /Users/admin/builder/spi-builder-workspace/.derivedData/Build/Intermediates.noindex/SearchBar.build/Debug-appletvos/SearchBar-t.build/Objects-normal/arm64/SearchBar_const_extract_protocols.json -Xcc -I/Users/admin/builder/spi-builder-workspace/.derivedData/Build/Products/Debug-appletvos/include -Xcc -I/Users/admin/builder/spi-builder-workspace/.derivedData/Build/Intermediates.noindex/SearchBar.build/Debug-appletvos/SearchBar-t.build/DerivedSources-normal/arm64 -Xcc -I/Users/admin/builder/spi-builder-workspace/.derivedData/Build/Intermediates.noindex/SearchBar.build/Debug-appletvos/SearchBar-t.build/DerivedSources/arm64 -Xcc -I/Users/admin/builder/spi-builder-workspace/.derivedData/Build/Intermediates.noindex/SearchBar.build/Debug-appletvos/SearchBar-t.build/DerivedSources -Xcc -DSWIFT_PACKAGE -Xcc -DDEBUG\=1 -emit-objc-header -emit-objc-header-path /Users/admin/builder/spi-builder-workspace/.derivedData/Build/Intermediates.noindex/SearchBar.build/Debug-appletvos/SearchBar-t.build/Objects-normal/arm64/SearchBar-Swift.h -working-directory /Users/admin/builder/spi-builder-workspace/.swiftpm/xcode -experimental-emit-module-separately -disable-cmo
SwiftCompile normal arm64 Compiling\ SearchBarSuggestion.swift,\ SearchBarToken.swift /Users/admin/builder/spi-builder-workspace/.dependencies/checkouts/SearchBar/Sources/SearchBar/DataTypes/SearchBarSuggestion.swift /Users/admin/builder/spi-builder-workspace/.dependencies/checkouts/SearchBar/Sources/SearchBar/DataTypes/SearchBarToken.swift (in target 'SearchBar' from project 'SearchBar')
SwiftCompile normal arm64 /Users/admin/builder/spi-builder-workspace/.dependencies/checkouts/SearchBar/Sources/SearchBar/DataTypes/SearchBarSuggestion.swift (in target 'SearchBar' from project 'SearchBar')
    cd /Users/admin/builder/spi-builder-workspace/.swiftpm/xcode
    builtin-SwiftPerFileCompile SearchBarSuggestion.swift
SwiftCompile normal arm64 /Users/admin/builder/spi-builder-workspace/.dependencies/checkouts/SearchBar/Sources/SearchBar/DataTypes/SearchBarToken.swift (in target 'SearchBar' from project 'SearchBar')
    cd /Users/admin/builder/spi-builder-workspace/.swiftpm/xcode
    builtin-SwiftPerFileCompile SearchBarToken.swift
SwiftCompile normal arm64 Compiling\ SearchBarTranslation.swift,\ Modifiers.swift /Users/admin/builder/spi-builder-workspace/.dependencies/checkouts/SearchBar/Sources/SearchBar/DataTypes/SearchBarTranslation.swift /Users/admin/builder/spi-builder-workspace/.dependencies/checkouts/SearchBar/Sources/SearchBar/Modifiers.swift (in target 'SearchBar' from project 'SearchBar')
SwiftCompile normal arm64 /Users/admin/builder/spi-builder-workspace/.dependencies/checkouts/SearchBar/Sources/SearchBar/DataTypes/SearchBarTranslation.swift (in target 'SearchBar' from project 'SearchBar')
    cd /Users/admin/builder/spi-builder-workspace/.swiftpm/xcode
    builtin-SwiftPerFileCompile SearchBarTranslation.swift
SwiftCompile normal arm64 /Users/admin/builder/spi-builder-workspace/.dependencies/checkouts/SearchBar/Sources/SearchBar/Modifiers.swift (in target 'SearchBar' from project 'SearchBar')
    cd /Users/admin/builder/spi-builder-workspace/.swiftpm/xcode
    builtin-SwiftPerFileCompile Modifiers.swift
SwiftEmitModule normal arm64 Emitting\ module\ for\ SearchBar (in target 'SearchBar' from project 'SearchBar')
SwiftCompile normal arm64 (in target 'SearchBar' from project 'SearchBar')
    cd /Users/admin/builder/spi-builder-workspace/.swiftpm/xcode

SwiftCompile normal arm64 Compiling\ SearchFieldClearButton.swift /Users/admin/builder/spi-builder-workspace/.dependencies/checkouts/SearchBar/Sources/SearchBar/Views/SearchFieldClearButton.swift (in target 'SearchBar' from project 'SearchBar')
SwiftCompile normal arm64 /Users/admin/builder/spi-builder-workspace/.dependencies/checkouts/SearchBar/Sources/SearchBar/Views/SearchFieldClearButton.swift (in target 'SearchBar' from project 'SearchBar')
    cd /Users/admin/builder/spi-builder-workspace/.swiftpm/xcode
    builtin-SwiftPerFileCompile SearchFieldClearButton.swift
SwiftCompile normal arm64 Compiling\ SearchFieldView.swift /Users/admin/builder/spi-builder-workspace/.dependencies/checkouts/SearchBar/Sources/SearchBar/Views/SearchFieldView.swift (in target 'SearchBar' from project 'SearchBar')
SwiftCompile normal arm64 /Users/admin/builder/spi-builder-workspace/.dependencies/checkouts/SearchBar/Sources/SearchBar/Views/SearchFieldView.swift (in target 'SearchBar' from project 'SearchBar')
    cd /Users/admin/builder/spi-builder-workspace/.swiftpm/xcode
    builtin-SwiftPerFileCompile SearchFieldView.swift
SwiftCompile normal arm64 Compiling\ SearchBarIOSVisionOS.swift /Users/admin/builder/spi-builder-workspace/.dependencies/checkouts/SearchBar/Sources/SearchBar/Platforms/iOSVisionOS/SearchBarIOSVisionOS.swift (in target 'SearchBar' from project 'SearchBar')
SwiftCompile normal arm64 /Users/admin/builder/spi-builder-workspace/.dependencies/checkouts/SearchBar/Sources/SearchBar/Platforms/iOSVisionOS/SearchBarIOSVisionOS.swift (in target 'SearchBar' from project 'SearchBar')
    cd /Users/admin/builder/spi-builder-workspace/.swiftpm/xcode
    builtin-SwiftPerFileCompile SearchBarIOSVisionOS.swift
SwiftCompile normal arm64 Compiling\ IfModifier.swift /Users/admin/builder/spi-builder-workspace/.dependencies/checkouts/SearchBar/Sources/SearchBar/Views/IfModifier.swift (in target 'SearchBar' from project 'SearchBar')
SwiftCompile normal arm64 /Users/admin/builder/spi-builder-workspace/.dependencies/checkouts/SearchBar/Sources/SearchBar/Views/IfModifier.swift (in target 'SearchBar' from project 'SearchBar')
    cd /Users/admin/builder/spi-builder-workspace/.swiftpm/xcode
    builtin-SwiftPerFileCompile IfModifier.swift
SwiftCompile normal arm64 Compiling\ SearchBarTvOS.swift,\ SearchBarWatchOS.swift /Users/admin/builder/spi-builder-workspace/.dependencies/checkouts/SearchBar/Sources/SearchBar/Platforms/TvOS/SearchBarTvOS.swift /Users/admin/builder/spi-builder-workspace/.dependencies/checkouts/SearchBar/Sources/SearchBar/Platforms/WatchOS/SearchBarWatchOS.swift (in target 'SearchBar' from project 'SearchBar')
SwiftCompile normal arm64 /Users/admin/builder/spi-builder-workspace/.dependencies/checkouts/SearchBar/Sources/SearchBar/Platforms/TvOS/SearchBarTvOS.swift (in target 'SearchBar' from project 'SearchBar')
    cd /Users/admin/builder/spi-builder-workspace/.swiftpm/xcode
    builtin-SwiftPerFileCompile SearchBarTvOS.swift
SwiftCompile normal arm64 /Users/admin/builder/spi-builder-workspace/.dependencies/checkouts/SearchBar/Sources/SearchBar/Platforms/WatchOS/SearchBarWatchOS.swift (in target 'SearchBar' from project 'SearchBar')
    cd /Users/admin/builder/spi-builder-workspace/.swiftpm/xcode
    builtin-SwiftPerFileCompile SearchBarWatchOS.swift
SwiftCompile normal arm64 Compiling\ SearchBarClearButtonDisplayMode.swift,\ SearchBarMaterial.swift /Users/admin/builder/spi-builder-workspace/.dependencies/checkouts/SearchBar/Sources/SearchBar/DataTypes/SearchBarClearButtonDisplayMode.swift /Users/admin/builder/spi-builder-workspace/.dependencies/checkouts/SearchBar/Sources/SearchBar/DataTypes/SearchBarMaterial.swift (in target 'SearchBar' from project 'SearchBar')
SwiftCompile normal arm64 /Users/admin/builder/spi-builder-workspace/.dependencies/checkouts/SearchBar/Sources/SearchBar/DataTypes/SearchBarClearButtonDisplayMode.swift (in target 'SearchBar' from project 'SearchBar')
    cd /Users/admin/builder/spi-builder-workspace/.swiftpm/xcode
    builtin-SwiftPerFileCompile SearchBarClearButtonDisplayMode.swift
SwiftCompile normal arm64 /Users/admin/builder/spi-builder-workspace/.dependencies/checkouts/SearchBar/Sources/SearchBar/DataTypes/SearchBarMaterial.swift (in target 'SearchBar' from project 'SearchBar')
    cd /Users/admin/builder/spi-builder-workspace/.swiftpm/xcode
    builtin-SwiftPerFileCompile SearchBarMaterial.swift
SwiftCompile normal arm64 Compiling\ SearchBarMacOS.swift,\ KeyboardTrigger.swift /Users/admin/builder/spi-builder-workspace/.dependencies/checkouts/SearchBar/Sources/SearchBar/Platforms/MacOS/SearchBarMacOS.swift /Users/admin/builder/spi-builder-workspace/.dependencies/checkouts/SearchBar/Sources/SearchBar/Platforms/TvOS/KeyboardTrigger.swift (in target 'SearchBar' from project 'SearchBar')
SwiftCompile normal arm64 /Users/admin/builder/spi-builder-workspace/.dependencies/checkouts/SearchBar/Sources/SearchBar/Platforms/MacOS/SearchBarMacOS.swift (in target 'SearchBar' from project 'SearchBar')
    cd /Users/admin/builder/spi-builder-workspace/.swiftpm/xcode
    builtin-SwiftPerFileCompile SearchBarMacOS.swift
SwiftCompile normal arm64 /Users/admin/builder/spi-builder-workspace/.dependencies/checkouts/SearchBar/Sources/SearchBar/Platforms/TvOS/KeyboardTrigger.swift (in target 'SearchBar' from project 'SearchBar')
    cd /Users/admin/builder/spi-builder-workspace/.swiftpm/xcode
    builtin-SwiftPerFileCompile KeyboardTrigger.swift
SwiftEmitModule normal arm64 Emitting\ module\ for\ SymbolPicker (in target 'SymbolPicker' from project 'SymbolPicker')
SwiftCompile normal arm64 (in target 'SymbolPicker' from project 'SymbolPicker')
    cd /Users/admin/builder/spi-builder-workspace/.swiftpm/xcode

SwiftDriverJobDiscovery normal arm64 Compiling SearchFieldView.swift (in target 'SearchBar' from project 'SearchBar')
SwiftCompile normal arm64 Compiling\ SymbolPickerModifier.swift,\ GeneratedStringSymbols_Localizable.swift /Users/admin/builder/spi-builder-workspace/Sources/SymbolPicker/SymbolPickerModifier.swift /Users/admin/builder/spi-builder-workspace/.derivedData/Build/Intermediates.noindex/SymbolPicker.build/Debug-appletvos/SymbolPicker-t.build/DerivedSources/GeneratedStringSymbols_Localizable.swift (in target 'SymbolPicker' from project 'SymbolPicker')
/Users/admin/builder/spi-builder-workspace/Sources/SymbolPicker/SymbolPickerModifier.swift:25:100: error: 'vision' is only available in tvOS 17.0 or newer
  9 |
 10 | @_documentation(visibility: internal)
 11 | public struct SymbolPickerModifier<Content: View>: View {
    |               `- note: add '@available' attribute to enclosing generic struct
 12 |     let content: () -> Content
 13 |     @Binding var isPresented: Bool
    :
 21 |
 22 |     #if !os(macOS)
 23 |     var usePopover: Bool{
    |         `- note: add '@available' attribute to enclosing property
 24 |         if #available(iOS 17.0, *) {
 25 |             UIDevice.current.userInterfaceIdiom == .pad || UIDevice.current.userInterfaceIdiom == .vision
    |                                                                                                    |- error: 'vision' is only available in tvOS 17.0 or newer
    |                                                                                                    `- note: add 'if #available' version check
 26 |         } else {
 27 |             UIDevice.current.userInterfaceIdiom == .pad
/Users/admin/builder/spi-builder-workspace/Sources/SymbolPicker/SymbolPickerModifier.swift:49:18: error: 'popover(isPresented:attachmentAnchor:arrowEdge:content:)' is unavailable in tvOS
 47 |         if usePopover{
 48 |             content()
 49 |                 .popover(isPresented: $isPresented){
    |                  `- error: 'popover(isPresented:attachmentAnchor:arrowEdge:content:)' is unavailable in tvOS
 50 |                     if isUsingColorPicker{
 51 |                         SymbolPicker(isPresented: $isPresented, symbolName: $symbolName, color: $colorValue)
SwiftUI.View.popover:4:51: note: 'popover(isPresented:attachmentAnchor:arrowEdge:content:)' has been explicitly marked unavailable here
2 | @available(tvOS, unavailable)
3 |   @available(watchOS, unavailable)
4 |   @export(implementation) nonisolated public func popover<Content>(isPresented: Binding<Bool>, attachmentAnchor: PopoverAttachmentAnchor = .rect(.bounds), arrowEdge: Edge? = nil, @ContentBuilder content: @escaping () -> Content) -> some View where Content : View
  |                                                   `- note: 'popover(isPresented:attachmentAnchor:arrowEdge:content:)' has been explicitly marked unavailable here
5 |   }
6 |
Failed frontend command:
/Applications/Xcode-27.0.0-Release.Candidate.app/Contents/Developer/Toolchains/XcodeDefault.xctoolchain/usr/bin/swift-frontend -frontend -c /Users/admin/builder/spi-builder-workspace/.derivedData/Build/Intermediates.noindex/SymbolPicker.build/Debug-appletvos/SymbolPicker-t.build/DerivedSources/resource_bundle_accessor.swift /Users/admin/builder/spi-builder-workspace/Sources/SymbolPicker/ArrayFromColor.swift /Users/admin/builder/spi-builder-workspace/Sources/SymbolPicker/Components/Blur.swift /Users/admin/builder/spi-builder-workspace/Sources/SymbolPicker/Components/SPColorPicker.swift /Users/admin/builder/spi-builder-workspace/Sources/SymbolPicker/Components/SPDismissButton.swift /Users/admin/builder/spi-builder-workspace/Sources/SymbolPicker/Components/SPSelectedSymbol.swift /Users/admin/builder/spi-builder-workspace/Sources/SymbolPicker/Components/SPSymbolsList.swift /Users/admin/builder/spi-builder-workspace/Sources/SymbolPicker/DataTypes/SymbolColor.swift /Users/admin/builder/spi-builder-workspace/Sources/SymbolPicker/DataTypes/SymbolLists.swift /Users/admin/builder/spi-builder-workspace/Sources/SymbolPicker/DataTypes/SymbolModel.swift /Users/admin/builder/spi-builder-workspace/Sources/SymbolPicker/DataTypes/SymbolPickerDismissType.swift /Users/admin/builder/spi-builder-workspace/Sources/SymbolPicker/DataTypes/SymbolPickerSymbolsStyle.swift /Users/admin/builder/spi-builder-workspace/Sources/SymbolPicker/DataTypes/SymbolPickerTranslation.swift /Users/admin/builder/spi-builder-workspace/Sources/SymbolPicker/DataTypes/SymbolSection.swift /Users/admin/builder/spi-builder-workspace/Sources/SymbolPicker/IfModifier.swift /Users/admin/builder/spi-builder-workspace/Sources/SymbolPicker/LuminanceForColor.swift /Users/admin/builder/spi-builder-workspace/Sources/SymbolPicker/SPForegroundStyleModifier.swift /Users/admin/builder/spi-builder-workspace/Sources/SymbolPicker/SymbolPicker.swift -primary-file /Users/admin/builder/spi-builder-workspace/Sources/SymbolPicker/SymbolPickerModifier.swift -primary-file /Users/admin/builder/spi-builder-workspace/.derivedData/Build/Intermediates.noindex/SymbolPicker.build/Debug-appletvos/SymbolPicker-t.build/DerivedSources/GeneratedStringSymbols_Localizable.swift -emit-dependencies-path /Users/admin/builder/spi-builder-workspace/.derivedData/Build/Intermediates.noindex/SymbolPicker.build/Debug-appletvos/SymbolPicker-t.build/Objects-normal/arm64/SymbolPickerModifier.d -emit-const-values-path /Users/admin/builder/spi-builder-workspace/.derivedData/Build/Intermediates.noindex/SymbolPicker.build/Debug-appletvos/SymbolPicker-t.build/Objects-normal/arm64/SymbolPickerModifier.swiftconstvalues -emit-reference-dependencies-path /Users/admin/builder/spi-builder-workspace/.derivedData/Build/Intermediates.noindex/SymbolPicker.build/Debug-appletvos/SymbolPicker-t.build/Objects-normal/arm64/SymbolPickerModifier.swiftdeps -serialize-diagnostics-path /Users/admin/builder/spi-builder-workspace/.derivedData/Build/Intermediates.noindex/SymbolPicker.build/Debug-appletvos/SymbolPicker-t.build/Objects-normal/arm64/SymbolPickerModifier.dia -emit-dependencies-path /Users/admin/builder/spi-builder-workspace/.derivedData/Build/Intermediates.noindex/SymbolPicker.build/Debug-appletvos/SymbolPicker-t.build/Objects-normal/arm64/GeneratedStringSymbols_Localizable.d -emit-const-values-path /Users/admin/builder/spi-builder-workspace/.derivedData/Build/Intermediates.noindex/SymbolPicker.build/Debug-appletvos/SymbolPicker-t.build/Objects-normal/arm64/GeneratedStringSymbols_Localizable.swiftconstvalues -emit-reference-dependencies-path /Users/admin/builder/spi-builder-workspace/.derivedData/Build/Intermediates.noindex/SymbolPicker.build/Debug-appletvos/SymbolPicker-t.build/Objects-normal/arm64/GeneratedStringSymbols_Localizable.swiftdeps -serialize-diagnostics-path /Users/admin/builder/spi-builder-workspace/.derivedData/Build/Intermediates.noindex/SymbolPicker.build/Debug-appletvos/SymbolPicker-t.build/Objects-normal/arm64/GeneratedStringSymbols_Localizable.dia -emit-localized-strings -emit-localized-strings-path /Users/admin/builder/spi-builder-workspace/.derivedData/Build/Intermediates.noindex/SymbolPicker.build/Debug-appletvos/SymbolPicker-t.build/Objects-normal/arm64 -target arm64-apple-tvos15.0 -module-can-import-version UIKit 9127.0.84.1 9127.0.84 -disable-cross-import-overlay-search -load-resolved-plugin /Applications/Xcode-27.0.0-Release.Candidate.app/Contents/Developer/Platforms/AppleTVOS.platform/Developer/usr/lib/swift/host/plugins/libFoundationMacros.dylib\#/Applications/Xcode-27.0.0-Release.Candidate.app/Contents/Developer/Platforms/AppleTVOS.platform/Developer/usr/bin/swift-plugin-server\#FoundationMacros -load-resolved-plugin /Applications/Xcode-27.0.0-Release.Candidate.app/Contents/Developer/Platforms/AppleTVOS.platform/Developer/usr/lib/swift/host/plugins/libObservationMacros.dylib\#/Applications/Xcode-27.0.0-Release.Candidate.app/Contents/Developer/Platforms/AppleTVOS.platform/Developer/usr/bin/swift-plugin-server\#ObservationMacros -load-resolved-plugin /Applications/Xcode-27.0.0-Release.Candidate.app/Contents/Developer/Platforms/AppleTVOS.platform/Developer/usr/lib/swift/host/plugins/libPreviewsMacros.dylib\#/Applications/Xcode-27.0.0-Release.Candidate.app/Contents/Developer/Platforms/AppleTVOS.platform/Developer/usr/bin/swift-plugin-server\#PreviewsMacros -load-resolved-plugin /Applications/Xcode-27.0.0-Release.Candidate.app/Contents/Developer/Platforms/AppleTVOS.platform/Developer/usr/lib/swift/host/plugins/libSwiftMacros.dylib\#/Applications/Xcode-27.0.0-Release.Candidate.app/Contents/Developer/Platforms/AppleTVOS.platform/Developer/usr/bin/swift-plugin-server\#SwiftMacros -load-resolved-plugin /Applications/Xcode-27.0.0-Release.Candidate.app/Contents/Developer/Platforms/AppleTVOS.platform/Developer/usr/lib/swift/host/plugins/libSwiftUIMacros.dylib\#/Applications/Xcode-27.0.0-Release.Candidate.app/Contents/Developer/Platforms/AppleTVOS.platform/Developer/usr/bin/swift-plugin-server\#SwiftUIMacros -disable-implicit-swift-modules -Xcc -fno-implicit-modules -Xcc -fno-implicit-module-maps -explicit-swift-module-map-file /Users/admin/builder/spi-builder-workspace/.derivedData/Build/Intermediates.noindex/SymbolPicker.build/Debug-appletvos/SymbolPicker-t.build/Objects-normal/arm64/SymbolPicker-dependencies-1.json -Xllvm -aarch64-use-tbi -enable-objc-interop -stack-check -sdk /Applications/Xcode-27.0.0-Release.Candidate.app/Contents/Developer/Platforms/AppleTVOS.platform/Developer/SDKs/AppleTVOS27.0.sdk -I /Users/admin/builder/spi-builder-workspace/.derivedData/Build/Products/Debug-appletvos -Isystem /Applications/Xcode-27.0.0-Release.Candidate.app/Contents/Developer/Platforms/AppleTVOS.platform/Developer/usr/lib -F /Users/admin/builder/spi-builder-workspace/.derivedData/Build/Products/Debug-appletvos/PackageFrameworks -F /Users/admin/builder/spi-builder-workspace/.derivedData/Build/Products/Debug-appletvos -F /Applications/Xcode-27.0.0-Release.Candidate.app/Contents/Developer/Platforms/AppleTVOS.platform/Developer/Library/Frameworks -F /Applications/Xcode-27.0.0-Release.Candidate.app/Contents/Developer/Platforms/AppleTVOS.platform/Developer/SDKs/AppleTVOS27.0.sdk/Developer/Library/Frameworks -module-cache-path /Users/admin/builder/spi-builder-workspace/.derivedData/Build/Intermediates.noindex/SwiftExplicitPrecompiledModules -no-color-diagnostics -Xcc -fno-color-diagnostics -enable-testing -g -debug-info-format\=dwarf -dwarf-version\=4 -swift-version 5 -Onone -D SWIFT_PACKAGE -D DEBUG -D SWIFT_MODULE_RESOURCE_BUNDLE_AVAILABLE -D Xcode -serialize-debugging-options -enable-experimental-feature DebugDescriptionMacro -empty-abi-descriptor -validate-clang-modules-once -clang-build-session-file /Users/admin/builder/spi-builder-workspace/.derivedData/ModuleCache.noindex/Session.modulevalidation -Xcc -working-directory -Xcc /Users/admin/builder/spi-builder-workspace/.swiftpm/xcode -enable-anonymous-context-mangled-names -file-compilation-dir /Users/admin/builder/spi-builder-workspace/.swiftpm/xcode -Xcc -D_LIBCPP_HARDENING_MODE\=_LIBCPP_HARDENING_MODE_DEBUG -Xcc -ivfsstatcache -Xcc /Users/admin/builder/spi-builder-workspace/.derivedData/SDKStatCaches.noindex/appletvos27.0-24J360-e829b21a6f8c9b70876ba0858053c044b32bfd8d43560033f8d89884cdb90028.sdkstatcache -Xcc -fmodules-prune-interval\=86400 -Xcc -fmodules-prune-after\=345600 -Xcc -I/Users/admin/builder/spi-builder-workspace/.derivedData/Build/Products/Debug-appletvos/include -Xcc -I/Users/admin/builder/spi-builder-workspace/.derivedData/Build/Intermediates.noindex/SymbolPicker.build/Debug-appletvos/SymbolPicker-t.build/DerivedSources-normal/arm64 -Xcc -I/Users/admin/builder/spi-builder-workspace/.derivedData/Build/Intermediates.noindex/SymbolPicker.build/Debug-appletvos/SymbolPicker-t.build/DerivedSources/arm64 -Xcc -I/Users/admin/builder/spi-builder-workspace/.derivedData/Build/Intermediates.noindex/SymbolPicker.build/Debug-appletvos/SymbolPicker-t.build/DerivedSources -Xcc -DSWIFT_PACKAGE -Xcc -DDEBUG\=1 -no-auto-bridging-header-chaining -module-name SymbolPicker -package-name spi_builder_workspace -const-gather-protocols-file /Users/admin/builder/spi-builder-workspace/.derivedData/Build/Intermediates.noindex/SymbolPicker.build/Debug-appletvos/SymbolPicker-t.build/Objects-normal/arm64/SymbolPicker_const_extract_protocols.json -disable-clang-spi -clang-target arm64-apple-tvos27.0 -target-sdk-version 27.0 -target-sdk-name appletvos27.0 -in-process-plugin-server-path /Applications/Xcode-27.0.0-Release.Candidate.app/Contents/Developer/Toolchains/XcodeDefault.xctoolchain/usr/lib/swift/host/libSwiftInProcPluginServer.dylib -parse-as-library -o /Users/admin/builder/spi-builder-workspace/.derivedData/Build/Intermediates.noindex/SymbolPicker.build/Debug-appletvos/SymbolPicker-t.build/Objects-normal/arm64/SymbolPickerModifier.o -o /Users/admin/builder/spi-builder-workspace/.derivedData/Build/Intermediates.noindex/SymbolPicker.build/Debug-appletvos/SymbolPicker-t.build/Objects-normal/arm64/GeneratedStringSymbols_Localizable.o -debug-module-path /Users/admin/builder/spi-builder-workspace/.derivedData/Build/Intermediates.noindex/SymbolPicker.build/Debug-appletvos/SymbolPicker-t.build/Objects-normal/arm64/SymbolPicker.swiftmodule -index-unit-output-path /SymbolPicker.build/Debug-appletvos/SymbolPicker-t.build/Objects-normal/arm64/SymbolPickerModifier.o -index-unit-output-path /SymbolPicker.build/Debug-appletvos/SymbolPicker-t.build/Objects-normal/arm64/GeneratedStringSymbols_Localizable.o -index-store-path /Users/admin/builder/spi-builder-workspace/.derivedData/Index.noindex/DataStore -index-system-modules
SwiftCompile normal arm64 /Users/admin/builder/spi-builder-workspace/Sources/SymbolPicker/SymbolPickerModifier.swift (in target 'SymbolPicker' from project 'SymbolPicker')
    cd /Users/admin/builder/spi-builder-workspace/.swiftpm/xcode
    builtin-SwiftPerFileCompile SymbolPickerModifier.swift
SwiftCompile normal arm64 /Users/admin/builder/spi-builder-workspace/.derivedData/Build/Intermediates.noindex/SymbolPicker.build/Debug-appletvos/SymbolPicker-t.build/DerivedSources/GeneratedStringSymbols_Localizable.swift (in target 'SymbolPicker' from project 'SymbolPicker')
    cd /Users/admin/builder/spi-builder-workspace/.swiftpm/xcode
    builtin-SwiftPerFileCompile GeneratedStringSymbols_Localizable.swift
SwiftDriverJobDiscovery normal arm64 Compiling SearchBarIOSVisionOS.swift (in target 'SearchBar' from project 'SearchBar')
SwiftCompile normal arm64 Compiling\ Blur.swift,\ SPColorPicker.swift /Users/admin/builder/spi-builder-workspace/Sources/SymbolPicker/Components/Blur.swift /Users/admin/builder/spi-builder-workspace/Sources/SymbolPicker/Components/SPColorPicker.swift (in target 'SymbolPicker' from project 'SymbolPicker')
SwiftCompile normal arm64 /Users/admin/builder/spi-builder-workspace/Sources/SymbolPicker/Components/Blur.swift (in target 'SymbolPicker' from project 'SymbolPicker')
    cd /Users/admin/builder/spi-builder-workspace/.swiftpm/xcode
    builtin-SwiftPerFileCompile Blur.swift
SwiftCompile normal arm64 /Users/admin/builder/spi-builder-workspace/Sources/SymbolPicker/Components/SPColorPicker.swift (in target 'SymbolPicker' from project 'SymbolPicker')
    cd /Users/admin/builder/spi-builder-workspace/.swiftpm/xcode
    builtin-SwiftPerFileCompile SPColorPicker.swift
SwiftDriverJobDiscovery normal arm64 Compiling IfModifier.swift (in target 'SearchBar' from project 'SearchBar')
SwiftCompile normal arm64 Compiling\ SPForegroundStyleModifier.swift,\ SymbolPicker.swift /Users/admin/builder/spi-builder-workspace/Sources/SymbolPicker/SPForegroundStyleModifier.swift /Users/admin/builder/spi-builder-workspace/Sources/SymbolPicker/SymbolPicker.swift (in target 'SymbolPicker' from project 'SymbolPicker')
SwiftCompile normal arm64 /Users/admin/builder/spi-builder-workspace/Sources/SymbolPicker/SPForegroundStyleModifier.swift (in target 'SymbolPicker' from project 'SymbolPicker')
    cd /Users/admin/builder/spi-builder-workspace/.swiftpm/xcode
    builtin-SwiftPerFileCompile SPForegroundStyleModifier.swift
SwiftCompile normal arm64 (in target 'SymbolPicker' from project 'SymbolPicker')
    cd /Users/admin/builder/spi-builder-workspace/.swiftpm/xcode

SwiftDriverJobDiscovery normal arm64 Compiling SearchFieldClearButton.swift (in target 'SearchBar' from project 'SearchBar')
SwiftCompile normal arm64 Compiling\ SPDismissButton.swift,\ SPSelectedSymbol.swift /Users/admin/builder/spi-builder-workspace/Sources/SymbolPicker/Components/SPDismissButton.swift /Users/admin/builder/spi-builder-workspace/Sources/SymbolPicker/Components/SPSelectedSymbol.swift (in target 'SymbolPicker' from project 'SymbolPicker')
SwiftCompile normal arm64 /Users/admin/builder/spi-builder-workspace/Sources/SymbolPicker/Components/SPDismissButton.swift (in target 'SymbolPicker' from project 'SymbolPicker')
    cd /Users/admin/builder/spi-builder-workspace/.swiftpm/xcode
    builtin-SwiftPerFileCompile SPDismissButton.swift
SwiftCompile normal arm64 /Users/admin/builder/spi-builder-workspace/Sources/SymbolPicker/Components/SPSelectedSymbol.swift (in target 'SymbolPicker' from project 'SymbolPicker')
    cd /Users/admin/builder/spi-builder-workspace/.swiftpm/xcode
    builtin-SwiftPerFileCompile SPSelectedSymbol.swift
SwiftDriverJobDiscovery normal arm64 Compiling SearchBarClearButtonDisplayMode.swift, SearchBarMaterial.swift (in target 'SearchBar' from project 'SearchBar')
SwiftCompile normal arm64 Compiling\ IfModifier.swift,\ LuminanceForColor.swift /Users/admin/builder/spi-builder-workspace/Sources/SymbolPicker/IfModifier.swift /Users/admin/builder/spi-builder-workspace/Sources/SymbolPicker/LuminanceForColor.swift (in target 'SymbolPicker' from project 'SymbolPicker')
SwiftCompile normal arm64 /Users/admin/builder/spi-builder-workspace/Sources/SymbolPicker/IfModifier.swift (in target 'SymbolPicker' from project 'SymbolPicker')
    cd /Users/admin/builder/spi-builder-workspace/.swiftpm/xcode
    builtin-SwiftPerFileCompile IfModifier.swift
SwiftCompile normal arm64 /Users/admin/builder/spi-builder-workspace/Sources/SymbolPicker/LuminanceForColor.swift (in target 'SymbolPicker' from project 'SymbolPicker')
    cd /Users/admin/builder/spi-builder-workspace/.swiftpm/xcode
    builtin-SwiftPerFileCompile LuminanceForColor.swift
SwiftDriverJobDiscovery normal arm64 Compiling SearchBarTranslation.swift, Modifiers.swift (in target 'SearchBar' from project 'SearchBar')
SwiftCompile normal arm64 Compiling\ SymbolPickerDismissType.swift,\ SymbolPickerSymbolsStyle.swift /Users/admin/builder/spi-builder-workspace/Sources/SymbolPicker/DataTypes/SymbolPickerDismissType.swift /Users/admin/builder/spi-builder-workspace/Sources/SymbolPicker/DataTypes/SymbolPickerSymbolsStyle.swift (in target 'SymbolPicker' from project 'SymbolPicker')
SwiftCompile normal arm64 /Users/admin/builder/spi-builder-workspace/Sources/SymbolPicker/DataTypes/SymbolPickerDismissType.swift (in target 'SymbolPicker' from project 'SymbolPicker')
    cd /Users/admin/builder/spi-builder-workspace/.swiftpm/xcode
    builtin-SwiftPerFileCompile SymbolPickerDismissType.swift
SwiftCompile normal arm64 /Users/admin/builder/spi-builder-workspace/Sources/SymbolPicker/DataTypes/SymbolPickerSymbolsStyle.swift (in target 'SymbolPicker' from project 'SymbolPicker')
    cd /Users/admin/builder/spi-builder-workspace/.swiftpm/xcode
    builtin-SwiftPerFileCompile SymbolPickerSymbolsStyle.swift
SwiftDriverJobDiscovery normal arm64 Compiling SearchBarSuggestion.swift, SearchBarToken.swift (in target 'SearchBar' from project 'SearchBar')
SwiftCompile normal arm64 Compiling\ resource_bundle_accessor.swift,\ ArrayFromColor.swift /Users/admin/builder/spi-builder-workspace/.derivedData/Build/Intermediates.noindex/SymbolPicker.build/Debug-appletvos/SymbolPicker-t.build/DerivedSources/resource_bundle_accessor.swift /Users/admin/builder/spi-builder-workspace/Sources/SymbolPicker/ArrayFromColor.swift (in target 'SymbolPicker' from project 'SymbolPicker')
SwiftCompile normal arm64 /Users/admin/builder/spi-builder-workspace/.derivedData/Build/Intermediates.noindex/SymbolPicker.build/Debug-appletvos/SymbolPicker-t.build/DerivedSources/resource_bundle_accessor.swift (in target 'SymbolPicker' from project 'SymbolPicker')
    cd /Users/admin/builder/spi-builder-workspace/.swiftpm/xcode
    builtin-SwiftPerFileCompile resource_bundle_accessor.swift
SwiftCompile normal arm64 /Users/admin/builder/spi-builder-workspace/Sources/SymbolPicker/ArrayFromColor.swift (in target 'SymbolPicker' from project 'SymbolPicker')
    cd /Users/admin/builder/spi-builder-workspace/.swiftpm/xcode
    builtin-SwiftPerFileCompile ArrayFromColor.swift
SwiftDriverJobDiscovery normal arm64 Compiling SearchBarMacOS.swift, KeyboardTrigger.swift (in target 'SearchBar' from project 'SearchBar')
SwiftCompile normal arm64 Compiling\ SymbolLists.swift,\ SymbolModel.swift /Users/admin/builder/spi-builder-workspace/Sources/SymbolPicker/DataTypes/SymbolLists.swift /Users/admin/builder/spi-builder-workspace/Sources/SymbolPicker/DataTypes/SymbolModel.swift (in target 'SymbolPicker' from project 'SymbolPicker')
SwiftCompile normal arm64 /Users/admin/builder/spi-builder-workspace/Sources/SymbolPicker/DataTypes/SymbolLists.swift (in target 'SymbolPicker' from project 'SymbolPicker')
    cd /Users/admin/builder/spi-builder-workspace/.swiftpm/xcode
    builtin-SwiftPerFileCompile SymbolLists.swift
SwiftCompile normal arm64 /Users/admin/builder/spi-builder-workspace/Sources/SymbolPicker/DataTypes/SymbolModel.swift (in target 'SymbolPicker' from project 'SymbolPicker')
    cd /Users/admin/builder/spi-builder-workspace/.swiftpm/xcode
    builtin-SwiftPerFileCompile SymbolModel.swift
PruneExplicitPrecompiledModules /Users/admin/builder/spi-builder-workspace/.derivedData/Build/Intermediates.noindex/ExplicitPrecompiledModules
PruneExplicitPrecompiledModules /Users/admin/builder/spi-builder-workspace/.derivedData/SDKExplicitPrecompiledModules
PruneExplicitPrecompiledModules /Users/admin/builder/spi-builder-workspace/.derivedData/Build/Intermediates.noindex/SwiftExplicitPrecompiledModules
2026-09-22 23:47:25.366 xcodebuild[930:6354] [MT] IDERunDestination: Supported platforms for the buildables in the current scheme is empty.
** BUILD FAILED **
The following build commands failed:
	SwiftCompile normal arm64 Compiling\ SymbolPickerModifier.swift,\ GeneratedStringSymbols_Localizable.swift /Users/admin/builder/spi-builder-workspace/Sources/SymbolPicker/SymbolPickerModifier.swift /Users/admin/builder/spi-builder-workspace/.derivedData/Build/Intermediates.noindex/SymbolPicker.build/Debug-appletvos/SymbolPicker-t.build/DerivedSources/GeneratedStringSymbols_Localizable.swift (in target 'SymbolPicker' from project 'SymbolPicker')
	SwiftCompile normal arm64 /Users/admin/builder/spi-builder-workspace/Sources/SymbolPicker/SymbolPickerModifier.swift (in target 'SymbolPicker' from project 'SymbolPicker')
	Building workspace SymbolPicker with scheme SymbolPicker
(3 failures)
BUILD FAILURE 6.4 tvOS