The Swift Package Index logo.Swift Package Index

Build Information

Failed to build CredentialsMicrosoft, reference master (01c74f), with Swift 6.4 for Wasm on 17 Sep 2026 12:19:19 UTC.

Build Command

bash -c docker run --pull=always --rm -v "checkouts-54344843-1":/host -w "$PWD" -e JAVA_HOME="/root/.sdkman/candidates/java/current" -e SPI_BUILD="1" -e SPI_PROCESSING="1" registry.gitlab.com/saguaro1/spi-images:wasm-6.4-latest swift build --swift-sdk swift-6.4.x-DEVELOPMENT-SNAPSHOT-2026-09-04-a_wasm 2>&1

Build Log

========================================
RunAll
========================================
Builder version: 5.1.0
Interrupt handler set up.
========================================
Checkout
========================================
Clone URL: https://github.com/crspybits/CredentialsMicrosoft.git
Reference: master
Initialized empty Git repository in /host/spi-builder-workspace/.git/
hint: Using 'master' as the name for the initial branch. This default branch name
hint: is subject to change. To configure the initial branch name to use in all
hint: of your new repositories, which will suppress this warning, call:
hint:
hint: 	git config --global init.defaultBranch <name>
hint:
hint: Names commonly chosen instead of 'master' are 'main', 'trunk' and
hint: 'development'. The just-created branch can be renamed via this command:
hint:
hint: 	git branch -m <name>
From https://github.com/crspybits/CredentialsMicrosoft
 * branch            master     -> FETCH_HEAD
 * [new branch]      master     -> origin/master
HEAD is now at 01c74f2 Update Package.resolved
Cloned https://github.com/crspybits/CredentialsMicrosoft.git
Revision (git rev-parse @):
01c74f249629cc75b3c673e1c440e6a288ba6dde
SUCCESS checkout https://github.com/crspybits/CredentialsMicrosoft.git at master
========================================
Build
========================================
Selected platform:         wasm
Swift version:             6.4
Building package at path:  $PWD
https://github.com/crspybits/CredentialsMicrosoft.git
Running build ...
bash -c docker run --pull=always --rm -v "checkouts-54344843-1":/host -w "$PWD" -e JAVA_HOME="/root/.sdkman/candidates/java/current" -e SPI_BUILD="1" -e SPI_PROCESSING="1" registry.gitlab.com/saguaro1/spi-images:wasm-6.4-latest swift build --swift-sdk swift-6.4.x-DEVELOPMENT-SNAPSHOT-2026-09-04-a_wasm 2>&1
wasm-6.4-latest: Pulling from saguaro1/spi-images
Digest: sha256:4328fdb43c680d205c1d6761b1e3267aa38277eefdda9ddfb17b6a0f1a77857a
Status: Image is up to date for registry.gitlab.com/saguaro1/spi-images:wasm-6.4-latest
Fetching https://github.com/IBM-Swift/HeliumLogger.git
Fetching https://github.com/IBM-Swift/Swift-JWT.git
Fetching https://github.com/Kitura/Kitura-Credentials.git
[1/1797] Fetching kitura-credentials
Fetched https://github.com/Kitura/Kitura-Credentials.git (0.47s)
[1/1633] Fetching swift-jwt
[295/2900] Fetching swift-jwt, heliumlogger
Fetched https://github.com/IBM-Swift/Swift-JWT.git (0.54s)
[102/1267] Fetching heliumlogger
Fetched https://github.com/IBM-Swift/HeliumLogger.git (0.86s)
Computing version for https://github.com/Kitura/Kitura-Credentials.git
Computed https://github.com/Kitura/Kitura-Credentials.git at 2.5.200 (1.06s)
Fetching https://github.com/Kitura/Kitura-Session.git
[1/1561] Fetching kitura-session
Fetched https://github.com/Kitura/Kitura-Session.git (0.45s)
Computing version for https://github.com/Kitura/Kitura-Session.git
Computed https://github.com/Kitura/Kitura-Session.git at 3.3.201 (0.69s)
Fetching https://github.com/Kitura/BlueCryptor.git
Fetching https://github.com/Kitura/Kitura.git
[1/1658] Fetching bluecryptor
[1659/18576] Fetching bluecryptor, kitura
Fetched https://github.com/Kitura/BlueCryptor.git (0.91s)
Fetched https://github.com/Kitura/Kitura.git (0.92s)
Computing version for https://github.com/Kitura/BlueCryptor.git
Computed https://github.com/Kitura/BlueCryptor.git at 1.0.200 (1.11s)
Fetching https://github.com/Kitura/OpenSSL.git
[1/203] Fetching openssl
Fetched https://github.com/Kitura/OpenSSL.git (0.49s)
Computing version for https://github.com/IBM-Swift/HeliumLogger.git
Computed https://github.com/IBM-Swift/HeliumLogger.git at 1.9.200 (0.68s)
Fetching https://github.com/Kitura/LoggerAPI.git
Fetching https://github.com/apple/swift-log.git
[1/784] Fetching loggerapi
[229/8876] Fetching loggerapi, swift-log
Fetched https://github.com/Kitura/LoggerAPI.git (0.54s)
Fetched https://github.com/apple/swift-log.git (0.56s)
Computing version for https://github.com/Kitura/LoggerAPI.git
Computed https://github.com/Kitura/LoggerAPI.git at 1.9.200 (0.75s)
Computing version for https://github.com/Kitura/OpenSSL.git
Computed https://github.com/Kitura/OpenSSL.git at 2.3.1 (1.05s)
Computing version for https://github.com/IBM-Swift/Swift-JWT.git
Computed https://github.com/IBM-Swift/Swift-JWT.git at 3.6.200 (0.18s)
Fetching https://github.com/Kitura/KituraContracts.git
Fetching https://github.com/Kitura/BlueECC.git
Fetching https://github.com/Kitura/BlueRSA.git
[1/2023] Fetching bluersa
[2024/4579] Fetching bluersa, kituracontracts
[2178/5605] Fetching bluersa, kituracontracts, blueecc
Fetched https://github.com/Kitura/BlueECC.git (0.50s)
[4528/4579] Fetching bluersa, kituracontracts
Fetched https://github.com/Kitura/BlueRSA.git (0.54s)
Fetched https://github.com/Kitura/KituraContracts.git (0.54s)
Computing version for https://github.com/Kitura/KituraContracts.git
Computed https://github.com/Kitura/KituraContracts.git at 1.2.201 (0.72s)
Computing version for https://github.com/Kitura/BlueRSA.git
Computed https://github.com/Kitura/BlueRSA.git at 1.0.203 (0.18s)
Computing version for https://github.com/Kitura/BlueECC.git
Computed https://github.com/Kitura/BlueECC.git at 1.2.201 (0.19s)
Computing version for https://github.com/Kitura/Kitura.git
Computed https://github.com/Kitura/Kitura.git at 2.9.200 (0.20s)
Fetching https://github.com/Kitura/Kitura-TemplateEngine.git
Fetching https://github.com/Kitura/Kitura-net.git
Fetching https://github.com/Kitura/TypeDecoder.git
[1/459] Fetching typedecoder
[130/10003] Fetching typedecoder, kitura-net
[1606/10441] Fetching typedecoder, kitura-net, kitura-templateengine
Fetched https://github.com/Kitura/Kitura-TemplateEngine.git (0.49s)
Fetched https://github.com/Kitura/TypeDecoder.git (0.50s)
[3055/9544] Fetching kitura-net
Fetched https://github.com/Kitura/Kitura-net.git (0.66s)
Computing version for https://github.com/Kitura/Kitura-TemplateEngine.git
Computed https://github.com/Kitura/Kitura-TemplateEngine.git at 2.0.200 (0.85s)
Computing version for https://github.com/Kitura/Kitura-net.git
Computed https://github.com/Kitura/Kitura-net.git at 2.4.200 (0.19s)
Fetching https://github.com/Kitura/BlueSocket.git
Fetching https://github.com/Kitura/BlueSignals.git
Fetching https://github.com/Kitura/BlueSSLService.git
[1/2077] Fetching bluesslservice
[64/2758] Fetching bluesslservice, bluesignals
[1513/5700] Fetching bluesslservice, bluesignals, bluesocket
Fetched https://github.com/Kitura/BlueSignals.git (0.49s)
[3754/5019] Fetching bluesslservice, bluesocket
Fetched https://github.com/Kitura/BlueSSLService.git (0.49s)
[1707/2942] Fetching bluesocket
Fetched https://github.com/Kitura/BlueSocket.git (0.54s)
Computing version for https://github.com/Kitura/BlueSignals.git
Computed https://github.com/Kitura/BlueSignals.git at 1.0.200 (0.72s)
Computing version for https://github.com/Kitura/BlueSSLService.git
Computed https://github.com/Kitura/BlueSSLService.git at 1.0.200 (0.18s)
Computing version for https://github.com/Kitura/BlueSocket.git
Computed https://github.com/Kitura/BlueSocket.git at 1.0.200 (0.17s)
Computing version for https://github.com/Kitura/TypeDecoder.git
Computed https://github.com/Kitura/TypeDecoder.git at 1.3.201 (0.17s)
Computing version for https://github.com/apple/swift-log.git
Computed https://github.com/apple/swift-log.git at 1.15.1 (0.23s)
Creating working copy for https://github.com/Kitura/Kitura-Credentials.git
Working copy of https://github.com/Kitura/Kitura-Credentials.git resolved at 2.5.200
Creating working copy for https://github.com/Kitura/BlueRSA.git
Working copy of https://github.com/Kitura/BlueRSA.git resolved at 1.0.203
Creating working copy for https://github.com/Kitura/LoggerAPI.git
Working copy of https://github.com/Kitura/LoggerAPI.git resolved at 1.9.200
Creating working copy for https://github.com/Kitura/OpenSSL.git
Working copy of https://github.com/Kitura/OpenSSL.git resolved at 2.3.1
Creating working copy for https://github.com/Kitura/Kitura-TemplateEngine.git
Working copy of https://github.com/Kitura/Kitura-TemplateEngine.git resolved at 2.0.200
Creating working copy for https://github.com/IBM-Swift/Swift-JWT.git
Working copy of https://github.com/IBM-Swift/Swift-JWT.git resolved at 3.6.200
Creating working copy for https://github.com/Kitura/Kitura-net.git
Working copy of https://github.com/Kitura/Kitura-net.git resolved at 2.4.200
Creating working copy for https://github.com/Kitura/BlueSSLService.git
Working copy of https://github.com/Kitura/BlueSSLService.git resolved at 1.0.200
Creating working copy for https://github.com/Kitura/Kitura.git
Working copy of https://github.com/Kitura/Kitura.git resolved at 2.9.200
Creating working copy for https://github.com/Kitura/TypeDecoder.git
Working copy of https://github.com/Kitura/TypeDecoder.git resolved at 1.3.201
Creating working copy for https://github.com/Kitura/Kitura-Session.git
Working copy of https://github.com/Kitura/Kitura-Session.git resolved at 3.3.201
Creating working copy for https://github.com/IBM-Swift/HeliumLogger.git
Working copy of https://github.com/IBM-Swift/HeliumLogger.git resolved at 1.9.200
Creating working copy for https://github.com/Kitura/BlueSignals.git
Working copy of https://github.com/Kitura/BlueSignals.git resolved at 1.0.200
Creating working copy for https://github.com/Kitura/BlueSocket.git
Working copy of https://github.com/Kitura/BlueSocket.git resolved at 1.0.200
Creating working copy for https://github.com/Kitura/KituraContracts.git
Working copy of https://github.com/Kitura/KituraContracts.git resolved at 1.2.201
Creating working copy for https://github.com/Kitura/BlueCryptor.git
Working copy of https://github.com/Kitura/BlueCryptor.git resolved at 1.0.200
Creating working copy for https://github.com/apple/swift-log.git
Working copy of https://github.com/apple/swift-log.git resolved at 1.15.1
Creating working copy for https://github.com/Kitura/BlueECC.git
Working copy of https://github.com/Kitura/BlueECC.git resolved at 1.2.201
warning: 'openssl': you may be able to install openssl using your system-packager:
    apt-get install openssl libssl-dev
Building for debugging...
[Computing dependencies]
[Constructing description]
[Pre-planning 1 / 610]
[Planning deferred tasks]
[26 / 235] SwiftJWT
[122 / 290] CryptorRSA
[123 / 290] CHTTPParser
[125 / 290] Logging
[137 / 290] TypeDecoder
error: SwiftCompile normal wasm32 failed with a nonzero exit code. Command line:     cd /host

/host/spi-builder-workspace/.build/checkouts/BlueECC/Sources/CryptorECC/ECPrivateKey.swift:60:31: error: cannot find type 'SecKey' in scope
 58 |         deinit { EC_KEY_free(.make(optional: self.nativeKey)) }
 59 |     #else
 60 |         typealias NativeKey = SecKey
    |                               `- error: cannot find type 'SecKey' in scope
 61 |     #endif
 62 |     let nativeKey: NativeKey
/host/spi-builder-workspace/.build/checkouts/BlueECC/Sources/CryptorECC/ECPublicKey.swift:60:27: error: cannot find type 'SecKey' in scope
 58 |     deinit { EC_KEY_free(.make(optional: self.nativeKey)) }
 59 |     #else
 60 |     typealias NativeKey = SecKey
    |                           `- error: cannot find type 'SecKey' in scope
 61 |     #endif
 62 |     let nativeKey: NativeKey
/host/spi-builder-workspace/.build/checkouts/BlueECC/Sources/CryptorECC/EllipticCurve.swift:61:27: error: cannot find type 'SecKeyAlgorithm' in scope
 59 |     let hashLength = CC_LONG(SHA256_DIGEST_LENGTH)
 60 |     #else
 61 |     let signingAlgorithm: SecKeyAlgorithm
    |                           `- error: cannot find type 'SecKeyAlgorithm' in scope
 62 |     let encryptionAlgorithm = SecKeyAlgorithm.eciesEncryptionStandardVariableIVX963SHA256AESGCM
 63 |     let hashEngine: (_ data: UnsafeRawPointer?, _ len: CC_LONG, _ md: UnsafeMutablePointer<UInt8>?) -> UnsafeMutablePointer<UInt8>?
/host/spi-builder-workspace/.build/checkouts/BlueECC/Sources/CryptorECC/EllipticCurve.swift:63:56: error: cannot find type 'CC_LONG' in scope
 61 |     let signingAlgorithm: SecKeyAlgorithm
 62 |     let encryptionAlgorithm = SecKeyAlgorithm.eciesEncryptionStandardVariableIVX963SHA256AESGCM
 63 |     let hashEngine: (_ data: UnsafeRawPointer?, _ len: CC_LONG, _ md: UnsafeMutablePointer<UInt8>?) -> UnsafeMutablePointer<UInt8>?
    |                                                        `- error: cannot find type 'CC_LONG' in scope
 64 |     let hashLength: CC_LONG
 65 |     #endif
/host/spi-builder-workspace/.build/checkouts/BlueECC/Sources/CryptorECC/EllipticCurve.swift:64:21: error: cannot find type 'CC_LONG' in scope
 62 |     let encryptionAlgorithm = SecKeyAlgorithm.eciesEncryptionStandardVariableIVX963SHA256AESGCM
 63 |     let hashEngine: (_ data: UnsafeRawPointer?, _ len: CC_LONG, _ md: UnsafeMutablePointer<UInt8>?) -> UnsafeMutablePointer<UInt8>?
 64 |     let hashLength: CC_LONG
    |                     `- error: cannot find type 'CC_LONG' in scope
 65 |     #endif
 66 |     let keySize: Int
/host/spi-builder-workspace/.build/checkouts/BlueECC/Sources/CryptorECC/EllipticCurve.swift:90:49: error: cannot find 'CC_SHA256' in scope
 88 |     static let p256 = EllipticCurve(internalRepresentation: .prime256v1,
 89 |                                     signingAlgorithm: .ecdsaSignatureDigestX962SHA256,
 90 |                                     hashEngine: CC_SHA256,
    |                                                 `- error: cannot find 'CC_SHA256' in scope
 91 |                                     hashLength: CC_LONG(CC_SHA256_DIGEST_LENGTH),
 92 |                                     keySize: 65)
/host/spi-builder-workspace/.build/checkouts/BlueECC/Sources/CryptorECC/EllipticCurve.swift:91:49: error: cannot find 'CC_LONG' in scope
 89 |                                     signingAlgorithm: .ecdsaSignatureDigestX962SHA256,
 90 |                                     hashEngine: CC_SHA256,
 91 |                                     hashLength: CC_LONG(CC_SHA256_DIGEST_LENGTH),
    |                                                 `- error: cannot find 'CC_LONG' in scope
 92 |                                     keySize: 65)
 93 |
/host/spi-builder-workspace/.build/checkouts/BlueECC/Sources/CryptorECC/EllipticCurve.swift:91:57: error: cannot find 'CC_SHA256_DIGEST_LENGTH' in scope
 89 |                                     signingAlgorithm: .ecdsaSignatureDigestX962SHA256,
 90 |                                     hashEngine: CC_SHA256,
 91 |                                     hashLength: CC_LONG(CC_SHA256_DIGEST_LENGTH),
    |                                                         `- error: cannot find 'CC_SHA256_DIGEST_LENGTH' in scope
 92 |                                     keySize: 65)
 93 |
/host/spi-builder-workspace/.build/checkouts/BlueECC/Sources/CryptorECC/EllipticCurve.swift:97:49: error: cannot find 'CC_SHA384' in scope
 95 |     static let p384 = EllipticCurve(internalRepresentation: .secp384r1,
 96 |                                     signingAlgorithm: .ecdsaSignatureDigestX962SHA384,
 97 |                                     hashEngine: CC_SHA384,
    |                                                 `- error: cannot find 'CC_SHA384' in scope
 98 |                                     hashLength: CC_LONG(CC_SHA384_DIGEST_LENGTH),
 99 |                                     keySize: 97)
/host/spi-builder-workspace/.build/checkouts/BlueECC/Sources/CryptorECC/EllipticCurve.swift:98:49: error: cannot find 'CC_LONG' in scope
 96 |                                     signingAlgorithm: .ecdsaSignatureDigestX962SHA384,
 97 |                                     hashEngine: CC_SHA384,
 98 |                                     hashLength: CC_LONG(CC_SHA384_DIGEST_LENGTH),
    |                                                 `- error: cannot find 'CC_LONG' in scope
 99 |                                     keySize: 97)
100 |
/host/spi-builder-workspace/.build/checkouts/BlueECC/Sources/CryptorECC/EllipticCurve.swift:98:57: error: cannot find 'CC_SHA384_DIGEST_LENGTH' in scope
 96 |                                     signingAlgorithm: .ecdsaSignatureDigestX962SHA384,
 97 |                                     hashEngine: CC_SHA384,
 98 |                                     hashLength: CC_LONG(CC_SHA384_DIGEST_LENGTH),
    |                                                         `- error: cannot find 'CC_SHA384_DIGEST_LENGTH' in scope
 99 |                                     keySize: 97)
100 |
/host/spi-builder-workspace/.build/checkouts/BlueECC/Sources/CryptorECC/EllipticCurve.swift:104:49: error: cannot find 'CC_SHA512' in scope
102 |     static let p521 = EllipticCurve(internalRepresentation: .secp521r1,
103 |                                     signingAlgorithm: .ecdsaSignatureDigestX962SHA512,
104 |                                     hashEngine: CC_SHA512,
    |                                                 `- error: cannot find 'CC_SHA512' in scope
105 |                                     hashLength: CC_LONG(CC_SHA512_DIGEST_LENGTH),
106 |                                     keySize: 133)
/host/spi-builder-workspace/.build/checkouts/BlueECC/Sources/CryptorECC/EllipticCurve.swift:105:49: error: cannot find 'CC_LONG' in scope
103 |                                     signingAlgorithm: .ecdsaSignatureDigestX962SHA512,
104 |                                     hashEngine: CC_SHA512,
105 |                                     hashLength: CC_LONG(CC_SHA512_DIGEST_LENGTH),
    |                                                 `- error: cannot find 'CC_LONG' in scope
106 |                                     keySize: 133)
107 |     #endif
/host/spi-builder-workspace/.build/checkouts/BlueECC/Sources/CryptorECC/EllipticCurve.swift:105:57: error: cannot find 'CC_SHA512_DIGEST_LENGTH' in scope
103 |                                     signingAlgorithm: .ecdsaSignatureDigestX962SHA512,
104 |                                     hashEngine: CC_SHA512,
105 |                                     hashLength: CC_LONG(CC_SHA512_DIGEST_LENGTH),
    |                                                         `- error: cannot find 'CC_SHA512_DIGEST_LENGTH' in scope
106 |                                     keySize: 133)
107 |     #endif
/host/spi-builder-workspace/.build/checkouts/BlueECC/Sources/CryptorECC/EllipticCurve.swift:62:31: error: cannot find 'SecKeyAlgorithm' in scope
 60 |     #else
 61 |     let signingAlgorithm: SecKeyAlgorithm
 62 |     let encryptionAlgorithm = SecKeyAlgorithm.eciesEncryptionStandardVariableIVX963SHA256AESGCM
    |                               `- error: cannot find 'SecKeyAlgorithm' in scope
 63 |     let hashEngine: (_ data: UnsafeRawPointer?, _ len: CC_LONG, _ md: UnsafeMutablePointer<UInt8>?) -> UnsafeMutablePointer<UInt8>?
 64 |     let hashLength: CC_LONG
Failed frontend command:
/usr/bin/swift-frontend -frontend -emit-module -experimental-skip-non-inlinable-function-bodies-without-types /host/spi-builder-workspace/.build/checkouts/BlueECC/Sources/CryptorECC/ASN1.swift /host/spi-builder-workspace/.build/checkouts/BlueECC/Sources/CryptorECC/Data+Extensions.swift /host/spi-builder-workspace/.build/checkouts/BlueECC/Sources/CryptorECC/ECDecryptable.swift /host/spi-builder-workspace/.build/checkouts/BlueECC/Sources/CryptorECC/ECEncryptable.swift /host/spi-builder-workspace/.build/checkouts/BlueECC/Sources/CryptorECC/ECError.swift /host/spi-builder-workspace/.build/checkouts/BlueECC/Sources/CryptorECC/ECPrivateKey.swift /host/spi-builder-workspace/.build/checkouts/BlueECC/Sources/CryptorECC/ECPublicKey.swift /host/spi-builder-workspace/.build/checkouts/BlueECC/Sources/CryptorECC/ECSignable.swift /host/spi-builder-workspace/.build/checkouts/BlueECC/Sources/CryptorECC/ECSignature.swift /host/spi-builder-workspace/.build/checkouts/BlueECC/Sources/CryptorECC/EllipticCurve.swift /host/spi-builder-workspace/.build/checkouts/BlueECC/Sources/CryptorECC/SSLPointerTricks.swift -target wasm32-unknown-wasip1 -disable-objc-interop -sdk /root/.swiftpm/swift-sdks/swift-6.4.x-DEVELOPMENT-SNAPSHOT-2026-09-04-a_wasm.artifactbundle/swift-6.4.x-DEVELOPMENT-SNAPSHOT-2026-09-04-a_wasm/wasm32-unknown-wasip1/WASI.sdk -sysroot /root/.swiftpm/swift-sdks/swift-6.4.x-DEVELOPMENT-SNAPSHOT-2026-09-04-a_wasm.artifactbundle/swift-6.4.x-DEVELOPMENT-SNAPSHOT-2026-09-04-a_wasm/wasm32-unknown-wasip1/WASI.sdk -I /host/spi-builder-workspace/.build/out/Products/Debug-webassembly-wasm32 -module-cache-path /host/spi-builder-workspace/.build/out/ModuleCache.noindex -color-diagnostics -Xcc -fcolor-diagnostics -enable-testing -g -debug-info-format\=dwarf -dwarf-version\=4 -suppress-warnings -swift-version 5 -Onone -D SWIFT_PACKAGE -D DEBUG -D SWIFT_MODULE_RESOURCE_BUNDLE_UNAVAILABLE -D Xcode -serialize-debugging-options -enable-experimental-feature DebugDescriptionMacro -empty-abi-descriptor -external-plugin-path /usr/lib/swift/host/plugins/testing\#/usr/bin/swift-plugin-server -validate-clang-modules-once -clang-build-session-file /host/spi-builder-workspace/.build/out/ModuleCache.noindex/Session.modulevalidation -Xcc -working-directory -Xcc /host -resource-dir /root/.swiftpm/swift-sdks/swift-6.4.x-DEVELOPMENT-SNAPSHOT-2026-09-04-a_wasm.artifactbundle/swift-6.4.x-DEVELOPMENT-SNAPSHOT-2026-09-04-a_wasm/wasm32-unknown-wasip1/swift.xctoolchain/usr/lib/swift_static -use-static-resource-dir -enable-anonymous-context-mangled-names -file-compilation-dir /host -Xcc -resource-dir -Xcc /root/.swiftpm/swift-sdks/swift-6.4.x-DEVELOPMENT-SNAPSHOT-2026-09-04-a_wasm.artifactbundle/swift-6.4.x-DEVELOPMENT-SNAPSHOT-2026-09-04-a_wasm/wasm32-unknown-wasip1/swift.xctoolchain/usr/lib/swift_static/clang -Xcc -fmodule-map-file\=/host/spi-builder-workspace/.build/checkouts/OpenSSL/Sources/OpenSSL/module.modulemap -Xcc -D_LIBCPP_HARDENING_MODE\=_LIBCPP_HARDENING_MODE_DEBUG -Xcc -fmodules-prune-interval\=86400 -Xcc -fmodules-prune-after\=345600 -Xcc -I/host/spi-builder-workspace/.build/out/Products/Debug-webassembly-wasm32/include -Xcc -I/host/spi-builder-workspace/.build/out/Intermediates.noindex/CryptorECC.build/Debug-webassembly-wasm32/CryptorECC-t.build/DerivedSources-normal/wasm32 -Xcc -I/host/spi-builder-workspace/.build/out/Intermediates.noindex/CryptorECC.build/Debug-webassembly-wasm32/CryptorECC-t.build/DerivedSources/wasm32 -Xcc -I/host/spi-builder-workspace/.build/out/Intermediates.noindex/CryptorECC.build/Debug-webassembly-wasm32/CryptorECC-t.build/DerivedSources -Xcc -DSWIFT_PACKAGE -Xcc -DDEBUG\=1 -no-auto-bridging-header-chaining -module-name CryptorECC -const-gather-protocols-file /host/spi-builder-workspace/.build/out/Intermediates.noindex/CryptorECC.build/Debug-webassembly-wasm32/CryptorECC-t.build/Objects-normal/wasm32/CryptorECC_const_extract_protocols.json -in-process-plugin-server-path /usr/lib/swift/host/libSwiftInProcPluginServer.so -plugin-path /usr/lib/swift/host/plugins -plugin-path /usr/local/lib/swift/host/plugins -emit-module-doc-path /host/spi-builder-workspace/.build/out/Intermediates.noindex/CryptorECC.build/Debug-webassembly-wasm32/CryptorECC-t.build/Objects-normal/wasm32/Modules/CryptorECC.swiftdoc -emit-module-source-info-path /host/spi-builder-workspace/.build/out/Intermediates.noindex/CryptorECC.build/Debug-webassembly-wasm32/CryptorECC-t.build/Objects-normal/wasm32/Modules/CryptorECC.swiftsourceinfo -emit-objc-header-path /host/spi-builder-workspace/.build/out/Intermediates.noindex/CryptorECC.build/Debug-webassembly-wasm32/CryptorECC-t.build/Objects-normal/wasm32/CryptorECC-Swift.h -serialize-diagnostics-path /host/spi-builder-workspace/.build/out/Intermediates.noindex/CryptorECC.build/Debug-webassembly-wasm32/CryptorECC-t.build/Objects-normal/wasm32/CryptorECC-primary-emit-module.dia -emit-dependencies-path /host/spi-builder-workspace/.build/out/Intermediates.noindex/CryptorECC.build/Debug-webassembly-wasm32/CryptorECC-t.build/Objects-normal/wasm32/CryptorECC-primary-emit-module.d -parse-as-library -o /host/spi-builder-workspace/.build/out/Intermediates.noindex/Cry[138 / 290] Signals
ptorECC.build/Debug-webassembly-wasm32/CryptorECC-t.build/Objects-normal/wasm32/Modules/CryptorECC.swiftmodule
/host/spi-builder-workspace/.build/checkouts/BlueRSA/Sources/CryptorRSA/CryptorRSADigest.swift:22:9: error: no such module 'CommonCrypto'
 20 |
 21 | #if !os(Linux)
 22 | 	import CommonCrypto
    |         `- error: no such module 'CommonCrypto'
 23 | #elseif os(Linux)
 24 | 	import OpenSSL
Failed frontend command:
/usr/bin/swift-frontend -frontend -emit-module -experimental-skip-non-inlinable-function-bodies-without-types /host/spi-builder-workspace/.build/checkouts/BlueRSA/Sources/CryptorRSA/CryptorRSA.swift /host/spi-builder-workspace/.build/checkouts/BlueRSA/Sources/CryptorRSA/CryptorRSAConstants.swift /host/spi-builder-workspace/.build/checkouts/BlueRSA/Sources/CryptorRSA/CryptorRSADigest.swift /host/spi-builder-workspace/.build/checkouts/BlueRSA/Sources/CryptorRSA/CryptorRSAErrors.swift /host/spi-builder-workspace/.build/checkouts/BlueRSA/Sources/CryptorRSA/CryptorRSAKey.swift /host/spi-builder-workspace/.build/checkouts/BlueRSA/Sources/CryptorRSA/CryptorRSAUtilities.swift /host/spi-builder-workspace/.build/checkouts/BlueRSA/Sources/CryptorRSA/Data+Extensions.swift /host/spi-builder-workspace/.build/checkouts/BlueRSA/Sources/CryptorRSA/SSLPointerTricks.swift -target wasm32-unknown-wasip1 -disable-objc-interop -sdk /root/.swiftpm/swift-sdks/swift-6.4.x-DEVELOPMENT-SNAPSHOT-2026-09-04-a_wasm.artifactbundle/swift-6.4.x-DEVELOPMENT-SNAPSHOT-2026-09-04-a_wasm/wasm32-unknown-wasip1/WASI.sdk -sysroot /root/.swiftpm/swift-sdks/swift-6.4.x-DEVELOPMENT-SNAPSHOT-2026-09-04-a_wasm.artifactbundle/swift-6.4.x-DEVELOPMENT-SNAPSHOT-2026-09-04-a_wasm/wasm32-unknown-wasip1/WASI.sdk -I /host/spi-builder-workspace/.build/out/Products/Debug-webassembly-wasm32 -module-cache-path /host/spi-builder-workspace/.build/out/ModuleCache.noindex -color-diagnostics -Xcc -fcolor-diagnostics -enable-testing -g -debug-info-format\=dwarf -dwarf-version\=4 -suppress-warnings -swift-version 5 -Onone -D SWIFT_PACKAGE -D DEBUG -D SWIFT_MODULE_RESOURCE_BUNDLE_UNAVAILABLE -D Xcode -serialize-debugging-options -enable-experimental-feature DebugDescriptionMacro -empty-abi-descriptor -external-plugin-path /usr/lib/swift/host/plugins/testing\#/usr/bin/swift-plugin-server -validate-clang-modules-once -clang-build-session-file /host/spi-builder-workspace/.build/out/ModuleCache.noindex/Session.modulevalidation -Xcc -working-directory -Xcc /host -resource-dir /root/.swiftpm/swift-sdks/swift-6.4.x-DEVELOPMENT-SNAPSHOT-2026-09-04-a_wasm.artifactbundle/swift-6.4.x-DEVELOPMENT-SNAPSHOT-2026-09-04-a_wasm/wasm32-unknown-wasip1/swift.xctoolchain/usr/lib/swift_static -use-static-resource-dir -enable-anonymous-context-mangled-names -file-compilation-dir /host -Xcc -resource-dir -Xcc /root/.swiftpm/swift-sdks/swift-6.4.x-DEVELOPMENT-SNAPSHOT-2026-09-04-a_wasm.artifactbundle/swift-6.4.x-DEVELOPMENT-SNAPSHOT-2026-09-04-a_wasm/wasm32-unknown-wasip1/swift.xctoolchain/usr/lib/swift_static/clang -Xcc -fmodule-map-file\=/host/spi-builder-workspace/.build/checkouts/OpenSSL/Sources/OpenSSL/module.modulemap -Xcc -D_LIBCPP_HARDENING_MODE\=_LIBCPP_HARDENING_MODE_DEBUG -Xcc -fmodules-prune-interval\=86400 -Xcc -fmodules-prune-after\=345600 -Xcc -I/host/spi-builder-workspace/.build/out/Products/Debug-webassembly-wasm32/include -Xcc -I/host/spi-builder-workspace/.build/out/Intermediates.noindex/CryptorRSA.build/Debug-webassembly-wasm32/CryptorRSA-t.build/DerivedSources-normal/wasm32 -Xcc -I/host/spi-builder-workspace/.build/out/Intermediates.noindex/CryptorRSA.build/Debug-webassembly-wasm32/CryptorRSA-t.build/DerivedSources/wasm32 -Xcc -I/host/spi-builder-workspace/.build/out/Intermediates.noindex/CryptorRSA.build/Debug-webassembly-wasm32/CryptorRSA-t.build/DerivedSources -Xcc -DSWIFT_PACKAGE -Xcc -DDEBUG\=1 -no-auto-bridging-header-chaining -module-name CryptorRSA -const-gather-protocols-file /host/spi-builder-workspace/.build/out/Intermediates.noindex/CryptorRSA.build/Debug-webassembly-wasm32/CryptorRSA-t.build/Objects-normal/wasm32/CryptorRSA_const_extract_protocols.json -in-process-plugin-server-path /usr/lib/swift/host/libSwiftInProcPluginServer.so -plugin-path /usr/lib/swift/host/plugins -plugin-path /usr/local/lib/swift/host/plugins -emit-module-doc-path /host/spi-builder-workspace/.build/out/Intermediates.noindex/CryptorRSA.build/Debug-webassembly-wasm32/CryptorRSA-t.build/Objects-normal/wasm32/Modules/CryptorRSA.swiftdoc -emit-module-source-info-path /host/spi-builder-workspace/.build/out/Intermediates.noindex/CryptorRSA.build/Debug-webassembly-wasm32/CryptorRSA-t.build/Objects-normal/wasm32/Modules/CryptorRSA.swiftsourceinfo -emit-objc-header-path /host/spi-builder-workspace/.build/out/Intermediates.noindex/CryptorRSA.build/Debug-webassembly-wasm32/CryptorRSA-t.build/Objects-normal/wasm32/CryptorRSA-Swift.h -serialize-diagnostics-path /host/spi-builder-workspace/.build/out/Intermediates.noindex/CryptorRSA.build/Debug-webassembly-wasm32/CryptorRSA-t.build/Objects-normal/wasm32/CryptorRSA-primary-emit-module.dia -emit-dependencies-path /host/spi-builder-workspace/.build/out/Intermediates.noindex/CryptorRSA.build/Debug-webassembly-wasm32/CryptorRSA-t.build/Objects-normal/wasm32/CryptorRSA-primary-emit-module.d -parse-as-library -o /host/spi-builder-workspace/.build/out/Intermediates.noindex/CryptorRSA.build/Debug-webassembly-wasm32/CryptorRSA-t.build/Objects-normal/wasm32/Modules/CryptorRSA.swiftmodule
/host/spi-builder-workspace/.build/checkouts/BlueCryptor/Sources/Cryptor/Updatable.swift:26:17: error: cannot find type 'Status' in scope
 24 |
 25 |     /// Status of the calculation.
 26 |     var status: Status { get }
    |                 `- error: cannot find type 'Status' in scope
 27 |
 28 | 	///
/host/spi-builder-workspace/.build/checkouts/BlueCryptor/Sources/Cryptor/Digest.swift:46:25: error: cannot find 'Status' in scope
 44 |     /// It is here to provide for engines which can fail.
 45 |     ///
 46 |     public var status = Status.success
    |                         `- error: cannot find 'Status' in scope
 47 |
 48 |     ///
/host/spi-builder-workspace/.build/checkouts/BlueCryptor/Sources/Cryptor/Digest.swift:189:54: error: cannot find type 'CC_LONG' in scope
187 | 	///		- byteCount:	The length of the buffer.
188 | 	///
189 |     func update(buffer: UnsafeRawPointer, byteCount: CC_LONG)
    |                                                      `- error: cannot find type 'CC_LONG' in scope
190 |
191 | 	///
/host/spi-builder-workspace/.build/checkouts/BlueCryptor/Sources/Cryptor/Digest.swift:211:43: error: cannot find type 'CC_LONG' in scope
209 |     typealias Digest = UnsafeMutablePointer<UInt8>
210 |     typealias Initializer = (Context) -> (Int32)
211 |     typealias Updater = (Context, Buffer, CC_LONG) -> (Int32)
    |                                           `- error: cannot find type 'CC_LONG' in scope
212 |     typealias Finalizer = (Digest, Context) -> (Int32)
213 |
/host/spi-builder-workspace/.build/checkouts/BlueCryptor/Sources/Cryptor/Digest.swift:229:52: error: '@escaping' only applies to function types
227 | 	/// 	- length:		The digest length.
228 | 	///
229 | 	init(initializer: @escaping Initializer, updater: @escaping Updater, finalizer: @escaping Finalizer, length: Int32) {
    |                                                    `- error: '@escaping' only applies to function types
230 |
231 |         self.initializer = initializer
/host/spi-builder-workspace/.build/checkouts/BlueCryptor/Sources/Cryptor/Digest.swift:257:41: error: cannot find type 'CC_LONG' in scope
255 | 	///		- byteCount:	The length of the buffer.
256 | 	///
257 | 	func update(buffer: Buffer, byteCount: CC_LONG) {
    |                                         `- error: cannot find type 'CC_LONG' in scope
258 |
259 |         _ = updater(context, buffer, byteCount)
/host/spi-builder-workspace/.build/checkouts/BlueCryptor/Sources/Cryptor/HMAC.swift:170:38: error: cannot find type 'Status' in scope
168 |
169 |     /// Status of the calculation
170 |     public internal(set) var status: Status = .success
    |                                      `- error: cannot find type 'Status' in scope
171 |
172 | 	#if os(Linux)
/host/spi-builder-workspace/.build/checkouts/BlueCryptor/Sources/Cryptor/HMAC.swift:175:25: error: cannot find 'Context' in scope
173 | 		private let context = HMAC_CTX_new_wrapper()
174 | 	#else
175 | 		private let context = Context.allocate(capacity: 1)
    |                         `- error: cannot find 'Context' in scope
176 | 	#endif
177 |     private var algorithm: Algorithm
/host/spi-builder-workspace/.build/checkouts/BlueCryptor/Sources/Cryptor/Random.swift:26:30: error: cannot find type 'Status' in scope
 24 | #endif
 25 |
 26 | public typealias RNGStatus = Status
    |                              `- error: cannot find type 'Status' in scope
 27 |
 28 | ///
/host/spi-builder-workspace/.build/checkouts/BlueCryptor/Sources/Cryptor/StreamCryptor.swift:474:38: error: cannot find type 'Status' in scope
472 |     ///    Used to get additional information when optional chaining collapes.
473 | 	///
474 |     public internal(set) var status: Status = .success
    |                                      `- error: cannot find type 'Status' in scope
475 |
476 | 	///
/host/spi-builder-workspace/.build/checkouts/BlueCryptor/Sources/Cryptor/StreamCryptor.swift:694:73: error: cannot find type 'Status' in scope
692 | 	/// - Returns: A tuple containing the number of output bytes produced and the status (see Status)
693 | 	///
694 | 	public func update(dataIn: Data, byteArrayOut: inout [UInt8]) -> (Int, Status) {
    |                                                                         `- error: cannot find type 'Status' in scope
695 |
696 | 		let dataOutAvailable = byteArrayOut.count
/host/spi-builder-workspace/.build/checkouts/BlueCryptor/Sources/Cryptor/StreamCryptor.swift:719:75: error: cannot find type 'Status' in scope
717 | 	/// - Returns: A tuple containing the number of output bytes produced and the status (see Status)
718 |     ///
719 | 	public func update(dataIn: NSData, byteArrayOut: inout [UInt8]) -> (Int, Status) {
    |                                                                           `- error: cannot find type 'Status' in scope
720 |
721 |         let dataOutAvailable = byteArrayOut.count
/host/spi-builder-workspace/.build/checkouts/BlueCryptor/Sources/Cryptor/StreamCryptor.swift:737:81: error: cannot find type 'Status' in scope
735 | 	/// - Returns: A tuple containing the number of output bytes produced and the status (see Status)
736 |     ///
737 | 	public func update(byteArrayIn: [UInt8], byteArrayOut: inout [UInt8]) -> (Int, Status) {
    |                                                                                 `- error: cannot find type 'Status' in scope
738 |
739 |         let dataOutAvailable = byteArrayOut.count
/host/spi-builder-workspace/.build/checkouts/BlueCryptor/Sources/Cryptor/StreamCryptor.swift:754:77: error: cannot find type 'Status' in scope
752 | 	/// - Returns: A tuple containing the number of output bytes produced and the status (see Status)
753 |     ///
754 | 	public func update(stringIn: String, byteArrayOut: inout [UInt8]) -> (Int, Status) {
    |                                                                             `- error: cannot find type 'Status' in scope
755 |
756 |         let dataOutAvailable = byteArrayOut.count
/host/spi-builder-workspace/.build/checkouts/BlueCryptor/Sources/Cryptor/StreamCryptor.swift:775:58: error: cannot find type 'Status' in scope
773 | 	/// - Returns: a tuple containing the number of output bytes produced and the status (see Status)
774 |     ///
775 | 	public func final(byteArrayOut: inout [UInt8]) -> (Int, Status) {
    |                                                          `- error: cannot find type 'Status' in scope
776 |
777 |         let dataOutAvailable = byteArrayOut.count
/host/spi-builder-workspace/.build/checkouts/BlueCryptor/Sources/Cryptor/StreamCryptor.swift:797:157: error: cannot find type 'Status' in scope
795 | 	/// - Returns: Status of the update
796 | 	///
797 | 	public func update(bufferIn: UnsafeRawPointer, byteCountIn: Int, bufferOut: UnsafeMutablePointer<UInt8>, byteCapacityOut: Int, byteCountOut: inout Int) -> Status {
    |                                                                                                                                                             `- error: cannot find type 'Status' in scope
798 |
799 |         if self.status == .success {
/host/spi-builder-workspace/.build/checkouts/BlueCryptor/Sources/Cryptor/StreamCryptor.swift:863:110: error: cannot find type 'Status' in scope
861 | 	/// - Returns: Status of the update
862 | 	///
863 | 	public func final(bufferOut: UnsafeMutablePointer<UInt8>, byteCapacityOut: Int, byteCountOut: inout Int) -> Status {
    |                                                                                                              `- error: cannot find type 'Status' in scope
864 |
865 | 		if self.status == Status.success {
Failed frontend command:
/usr/bin/swift-frontend -frontend -emit-module -experimental-skip-non-inlinable-function-bodies-without-types /host/spi-builder-workspace/.build/checkouts/BlueCryptor/Sources/Cryptor/Crypto.swift /host/spi-builder-workspace/.build/checkouts/BlueCryptor/Sources/Cryptor/Cryptor.swift /host/spi-builder-workspace/.build/checkouts/BlueCryptor/Sources/Cryptor/Digest.swift /host/spi-builder-workspace/.build/checkouts/BlueCryptor/Sources/Cryptor/HMAC.swift /host/spi-builder-workspace/.build/checkouts/BlueCryptor/Sources/Cryptor/KeyDerivation.swift /host/spi-builder-workspace/.build/checkouts/BlueCryptor/Sources/Cryptor/Random.swift /host/spi-builder-workspace/.build/checkouts/BlueCryptor/Sources/Cryptor/SSLPointerTricks.swift /host/spi-builder-workspace/.build/checkouts/BlueCryptor/Sources/Cryptor/Status.swift /host/spi-builder-workspace/.build/checkouts/BlueCryptor/Sources/Cryptor/StreamCryptor.swift /host/spi-builder-workspace/.build/checkouts/BlueCryptor/Sources/Cryptor/Updatable.swift /host/spi-builder-workspace/.build/checkouts/BlueCryptor/Sources/Cryptor/Utilities.swift -target wasm32-unknown-wasip1 -disable-objc-interop -sdk /root/.swiftpm/swift-sdks/swift-6.4.x-DEVELOPMENT-SNAPSHOT-2026-09-04-a_wasm.artifactbundle/swift-6.4.x-DEVELOPMENT-SNAPSHOT-2026-09-04-a_wasm/wasm32-unknown-wasip1/WASI.sdk -sysroot /root/.swiftpm/swift-sdks/swift-6.4.x-DEVELOPMENT-SNAPSHOT-2026-09-04-a_wasm.artifactbundle/swift-6.4.x-DEVELOPMENT-SNAPSHOT-2026-09-04-a_wasm/wasm32-unknown-wasip1/WASI.sdk -I /host/spi-builder-workspace/.build/out/Products/Debug-webassembly-wasm32 -module-cache-path /host/spi-builder-workspace/.build/out/ModuleCache.noindex -color-diagnostics -Xcc -fcolor-diagnostics -enable-testing -g -debug-info-format\=dwarf -dwarf-version\=4 -suppress-warnings -swift-version 5 -Onone -D SWIFT_PACKAGE -D DEBUG -D SWIFT_MODULE_RESOURCE_BUNDLE_UNAVAILABLE -D Xcode -serialize-debugging-options -enable-experimental-feature DebugDescriptionMacro -empty-abi-descriptor -external-plugin-path /usr/lib/swift/host/plugins/testing\#/usr/bin/swift-plugin-server -validate-clang-modules-once -clang-build-session-file /host/spi-builder-workspace/.build/out/ModuleCache.noindex/Session.modulevalidation -Xcc -working-directory -Xcc /host -resource-dir /root/.swiftpm/swift-sdks/swift-6.4.x-DEVELOPMENT-SNAPSHOT-2026-09-04-a_wasm.artifactbundle/swift-6.4.x-DEVELOPMENT-SNAPSHOT-2026-09-04-a_wasm/wasm32-unknown-wasip1/swift.xctoolchain/usr/lib/swift_static -use-static-resource-dir -enable-anonymous-context-mangled-names -file-compilation-dir /host -Xcc -resource-dir -Xcc /root/.swiftpm/swift-sdks/swift-6.4.x-DEVELOPMENT-SNAPSHOT-2026-09-04-a_wasm.artifactbundle/swift-6.4.x-DEVELOPMENT-SNAPSHOT-2026-09-04-a_wasm/wasm32-unknown-wasip1/swift.xctoolchain/usr/lib/swift_static/clang -Xcc -fmodule-map-file\=/host/spi-builder-workspace/.build/checkouts/OpenSSL/Sources/OpenSSL/module.modulemap -Xcc -D_LIBCPP_HARDENING_MODE\=_LIBCPP_HARDENING_MODE_DEBUG -Xcc -fmodules-prune-interval\=86400 -Xcc -fmodules-prune-after\=345600 -Xcc -I/host/spi-builder-workspace/.build/out/Products/Debug-webassembly-wasm32/include -Xcc -I/host/spi-builder-workspace/.build/out/Intermediates.noindex/Cryptor.build/Debug-webassembly-wasm32/Cryptor-t.build/DerivedSources-normal/wasm32 -Xcc -I/host/spi-builder-workspace/.build/out/Intermediates.noindex/Cryptor.build/Debug-webassembly-wasm32/Cryptor-t.build/DerivedSources/wasm32 -Xcc -I/host/spi-builder-workspace/.build/out/Intermediates.noindex/Cryptor.build/Debug-webassembly-wasm32/Cryptor-t.build/DerivedSources -Xcc -DSWIFT_PACKAGE -Xcc -DDEBUG\=1 -no-auto-bridging-header-chaining -module-name Cryptor -const-gather-protocols-file /host/spi-builder-workspace/.build/out/Intermediates.noindex/Cryptor.build/Debug-webassembly-wasm32/Cryptor-t.build/Objects-normal/wasm32/Cryptor_const_extract_protocols.json -in-process-plugin-server-path /usr/lib/swift/host/libSwiftInProcPluginServer.so -plugin-path /usr/lib/swift/host/plugins -plugin-path /usr/local/lib/swift/host/plugins -emit-module-doc-path /host/spi-builder-workspace/.build/out/Intermediates.noindex/Cryptor.build/Debug-webassembly-wasm32/Cryptor-t.build/Objects-normal/wasm32/Modules/Cryptor.swiftdoc -emit-module-source-info-path /host/spi-builder-workspace/.build/out/Intermediates.noindex/Cryptor.build/Debug-webassembly-wasm32/Cryptor-t.build/Objects-normal/wasm32/Modules/Cryptor.swiftsourceinfo -emit-objc-header-path /host/spi-builder-workspace/.build/out/Intermediates.noindex/Cryptor.build/Debug-webassembly-wasm32/Cryptor-t.build/Objects-normal/wasm32/Cryptor-Swift.h -serialize-diagnostics-path /host/spi-builder-workspace/.build/out/Intermediates.noindex/Cryptor.build/Debug-webassembly-wasm32/Cryptor-t.build/Objects-normal/wasm32/Cryptor-primary-emit-module.dia -emit-dependencies-path /host/spi-builder-workspace/.build/out/Intermediates.noindex/Cryptor.build/Debug-webassembly-wasm32/Cryptor-t.build/Objects-normal/wasm32/Cryptor-primary-emit-module.d -parse-as-library -o /host/spi-builder-workspace/.build/out/Intermediates.noindex/Cryptor.build/Debug-webassembly-wasm32/Cryptor-t.build/Objects-normal/wasm32/Modules/Cryptor.swiftmodule
error: Build failed
BUILD FAILURE 6.4 wasm