The Swift Package Index logo.Swift Package Index

Build Information

Failed to build CoreKit, reference master (2273a7), with Swift 6.4 for Wasm on 21 Sep 2026 02:10:56 UTC.

Build Command

bash -c docker run --pull=always --rm -v "checkouts-54344843-0":/host -w "$PWD" -e JAVA_HOME="/root/.sdkman/candidates/java/current" -e SPI_BUILD="1" -e SPI_PROCESSING="1" registry.gitlab.com/saguaro1/spi-images:wasm-6.4-latest swift build --swift-sdk swift-6.4.x-DEVELOPMENT-SNAPSHOT-2026-09-04-a_wasm 2>&1

Build Log

========================================
RunAll
========================================
Builder version: 5.1.0
Interrupt handler set up.
========================================
Checkout
========================================
Clone URL: https://github.com/electricbolt/corekit.git
Reference: master
Initialized empty Git repository in /host/spi-builder-workspace/.git/
hint: Using 'master' as the name for the initial branch. This default branch name
hint: is subject to change. To configure the initial branch name to use in all
hint: of your new repositories, which will suppress this warning, call:
hint:
hint: 	git config --global init.defaultBranch <name>
hint:
hint: Names commonly chosen instead of 'master' are 'main', 'trunk' and
hint: 'development'. The just-created branch can be renamed via this command:
hint:
hint: 	git branch -m <name>
From https://github.com/electricbolt/corekit
 * branch            master     -> FETCH_HEAD
 * [new branch]      master     -> origin/master
HEAD is now at 2273a76 Update to Xcode 15.4, Swift 5.10, iOS 13 minimum deployment target
Cloned https://github.com/electricbolt/corekit.git
Revision (git rev-parse @):
2273a76bd68fc68606d079e55c8c7299cfd611f4
SUCCESS checkout https://github.com/electricbolt/corekit.git at master
========================================
Build
========================================
Selected platform:         wasm
Swift version:             6.4
Building package at path:  $PWD
https://github.com/electricbolt/corekit.git
Running build ...
bash -c docker run --pull=always --rm -v "checkouts-54344843-0":/host -w "$PWD" -e JAVA_HOME="/root/.sdkman/candidates/java/current" -e SPI_BUILD="1" -e SPI_PROCESSING="1" registry.gitlab.com/saguaro1/spi-images:wasm-6.4-latest swift build --swift-sdk swift-6.4.x-DEVELOPMENT-SNAPSHOT-2026-09-04-a_wasm 2>&1
wasm-6.4-latest: Pulling from saguaro1/spi-images
Digest: sha256:4328fdb43c680d205c1d6761b1e3267aa38277eefdda9ddfb17b6a0f1a77857a
Status: Image is up to date for registry.gitlab.com/saguaro1/spi-images:wasm-6.4-latest
warning: 'spi-builder-workspace': found 1 file(s) which are unhandled; explicitly declare them as resources or exclude from the target
    /host/spi-builder-workspace/CoreKitTests/Info.plist
warning: 'spi-builder-workspace': found 1 file(s) which are unhandled; explicitly declare them as resources or exclude from the target
    /host/spi-builder-workspace/CoreKit/Info.plist
Building for debugging...
[Planning deferred tasks]
error: SwiftCompile normal wasm32 failed with a nonzero exit code. Command line:     cd /host

/host/spi-builder-workspace/CoreKit/Model/MoneyFormatter.swift:99:26: error: method does not override any method from its superclass
 97 |      Not currently implemented - returns nil.
 98 |      */
 99 |     public override func attributedString(for obj: Any, withDefaultAttributes attrs: [NSAttributedString.Key : Any]? = nil) -> NSAttributedString? {
    |                          `- error: method does not override any method from its superclass
100 |         return nil
101 |     }
/host/spi-builder-workspace/CoreKit/Model/MoneyFormatter.swift:176:48: error: cannot find type 'AutoreleasingUnsafeMutablePointer' in scope
174 |      - Returns: true if the string was parsed correctly, or false if an error occured.
175 |      */
176 |     public override func getObjectValue(_ obj: AutoreleasingUnsafeMutablePointer<AnyObject?>?, for string: String, errorDescription errorObj: AutoreleasingUnsafeMutablePointer<NSString?>?) -> Bool {
    |                                                `- error: cannot find type 'AutoreleasingUnsafeMutablePointer' in scope
177 |         if currency == nil {
178 |             errorObj?.pointee = NSString(utf8String: "No currency object configured for input string '\(string)'")
/host/spi-builder-workspace/CoreKit/Model/MoneyFormatter.swift:176:143: error: cannot find type 'AutoreleasingUnsafeMutablePointer' in scope
174 |      - Returns: true if the string was parsed correctly, or false if an error occured.
175 |      */
176 |     public override func getObjectValue(_ obj: AutoreleasingUnsafeMutablePointer<AnyObject?>?, for string: String, errorDescription errorObj: AutoreleasingUnsafeMutablePointer<NSString?>?) -> Bool {
    |                                                                                                                                               `- error: cannot find type 'AutoreleasingUnsafeMutablePointer' in scope
177 |         if currency == nil {
178 |             errorObj?.pointee = NSString(utf8String: "No currency object configured for input string '\(string)'")
Failed frontend command:
/usr/bin/swift-frontend -frontend -emit-module -experimental-skip-non-inlinable-function-bodies-without-types /host/spi-builder-workspace/CoreKit/Foundation/Data+Codec.swift /host/spi-builder-workspace/CoreKit/Foundation/String+Subscript.swift /host/spi-builder-workspace/CoreKit/Foundation/String+Utility.swift /host/spi-builder-workspace/CoreKit/Model/Currency.swift /host/spi-builder-workspace/CoreKit/Model/CurrencyManager.swift /host/spi-builder-workspace/CoreKit/Model/Money.swift /host/spi-builder-workspace/CoreKit/Model/MoneyFormatter.swift /host/spi-builder-workspace/CoreKit/Model/internal/DecimalNumberBuilder.swift -target wasm32-unknown-wasip1 -disable-objc-interop -sdk /root/.swiftpm/swift-sdks/swift-6.4.x-DEVELOPMENT-SNAPSHOT-2026-09-04-a_wasm.artifactbundle/swift-6.4.x-DEVELOPMENT-SNAPSHOT-2026-09-04-a_wasm/wasm32-unknown-wasip1/WASI.sdk -sysroot /root/.swiftpm/swift-sdks/swift-6.4.x-DEVELOPMENT-SNAPSHOT-2026-09-04-a_wasm.artifactbundle/swift-6.4.x-DEVELOPMENT-SNAPSHOT-2026-09-04-a_wasm/wasm32-unknown-wasip1/WASI.sdk -I /host/spi-builder-workspace/.build/out/Products/Debug-webassembly-wasm32 -module-cache-path /host/spi-builder-workspace/.build/out/ModuleCache.noindex -color-diagnostics -Xcc -fcolor-diagnostics -enable-testing -g -debug-info-format\=dwarf -dwarf-version\=4 -swift-version 5 -Onone -D SWIFT_PACKAGE -D DEBUG -D SWIFT_MODULE_RESOURCE_BUNDLE_UNAVAILABLE -D Xcode -serialize-debugging-options -enable-experimental-feature DebugDescriptionMacro -empty-abi-descriptor -external-plugin-path /usr/lib/swift/host/plugins/testing\#/usr/bin/swift-plugin-server -validate-clang-modules-once -clang-build-session-file /host/spi-builder-workspace/.build/out/ModuleCache.noindex/Session.modulevalidation -Xcc -working-directory -Xcc /host -resource-dir /root/.swiftpm/swift-sdks/swift-6.4.x-DEVELOPMENT-SNAPSHOT-2026-09-04-a_wasm.artifactbundle/swift-6.4.x-DEVELOPMENT-SNAPSHOT-2026-09-04-a_wasm/wasm32-unknown-wasip1/swift.xctoolchain/usr/lib/swift_static -use-static-resource-dir -enable-anonymous-context-mangled-names -file-compilation-dir /host -Xcc -resource-dir -Xcc /root/.swiftpm/swift-sdks/swift-6.4.x-DEVELOPMENT-SNAPSHOT-2026-09-04-a_wasm.artifactbundle/swift-6.4.x-DEVELOPMENT-SNAPSHOT-2026-09-04-a_wasm/wasm32-unknown-wasip1/swift.xctoolchain/usr/lib/swift_static/clang -Xcc -D_LIBCPP_HARDENING_MODE\=_LIBCPP_HARDENING_MODE_DEBUG -Xcc -fmodules-prune-interval\=86400 -Xcc -fmodules-prune-after\=345600 -Xcc -I/host/spi-builder-workspace/.build/out/Products/Debug-webassembly-wasm32/include -Xcc -I/host/spi-builder-workspace/.build/out/Intermediates.noindex/CoreKit.build/Debug-webassembly-wasm32/CoreKit-t.build/DerivedSources-normal/wasm32 -Xcc -I/host/spi-builder-workspace/.build/out/Intermediates.noindex/CoreKit.build/Debug-webassembly-wasm32/CoreKit-t.build/DerivedSources/wasm32 -Xcc -I/host/spi-builder-workspace/.build/out/Intermediates.noindex/CoreKit.build/Debug-webassembly-wasm32/CoreKit-t.build/DerivedSources -Xcc -DSWIFT_PACKAGE -Xcc -DDEBUG\=1 -no-auto-bridging-header-chaining -module-name CoreKit -const-gather-protocols-file /host/spi-builder-workspace/.build/out/Intermediates.noindex/CoreKit.build/Debug-webassembly-wasm32/CoreKit-t.build/Objects-normal/wasm32/CoreKit_const_extract_protocols.json -in-process-plugin-server-path /usr/lib/swift/host/libSwiftInProcPluginServer.so -plugin-path /usr/lib/swift/host/plugins -plugin-path /usr/local/lib/swift/host/plugins -emit-module-doc-path /host/spi-builder-workspace/.build/out/Intermediates.noindex/CoreKit.build/Debug-webassembly-wasm32/CoreKit-t.build/Objects-normal/wasm32/Modules/CoreKit.swiftdoc -emit-module-source-info-path /host/spi-builder-workspace/.build/out/Intermediates.noindex/CoreKit.bui[27 / 35] CoreKit
ld/Debug-webassembly-wasm32/CoreKit-t.build/Objects-normal/wasm32/Modules/CoreKit.swiftsourceinfo -emit-objc-header-path /host/spi-builder-workspace/.build/out/Intermediates.noindex/CoreKit.build/Debug-webassembly-wasm32/CoreKit-t.build/Objects-normal/wasm32/CoreKit-Swift.h -serialize-diagnostics-path /host/spi-builder-workspace/.build/out/Intermediates.noindex/CoreKit.build/Debug-webassembly-wasm32/CoreKit-t.build/Objects-normal/wasm32/CoreKit-primary-emit-module.dia -emit-dependencies-path /host/spi-builder-workspace/.build/out/Intermediates.noindex/CoreKit.build/Debug-webassembly-wasm32/CoreKit-t.build/Objects-normal/wasm32/CoreKit-primary-emit-module.d -parse-as-library -o /host/spi-builder-workspace/.build/out/Intermediates.noindex/CoreKit.build/Debug-webassembly-wasm32/CoreKit-t.build/Objects-normal/wasm32/Modules/CoreKit.swiftmodule
error: Build failed
BUILD FAILURE 6.4 wasm