The Swift Package Index logo.Swift Package Index

Build Information

Failed to build SpeziQuestionnaire, reference 1.3.1 (155a52), with Swift 6.4 for visionOS using Xcode 27.0 on 24 Sep 2026 19:57:35 UTC.

Build Command

env DEVELOPER_DIR=/Applications/Xcode-27.0.0-Release.Candidate.app xcrun xcodebuild -IDEClonedSourcePackagesDirPathOverride=$PWD/.dependencies -skipMacroValidation -skipPackagePluginValidation -derivedDataPath $PWD/.derivedData build -scheme SpeziQuestionnaire-Package -destination generic/platform=xrOS

Build Log

SwiftDriverJobDiscovery normal arm64 Compiling RemoteNotificationRegistrationSupport.swift, Spezi+RegisterRemoteNotificationsAction.swift, Spezi+UnregisterRemoteNotifications.swift, SpeziNotificationCenterDelegate.swift, ImplicitlyCreatedModulesKey.swift, LaunchOptionsKey.swift (in target 'Spezi' from project 'Spezi')
SwiftCompile normal arm64 Compiling\ ServiceModule.swift,\ EnvironmentAccessible.swift,\ ModelModifier.swift,\ ModelPropertyWrapper.swift,\ ModifierPropertyWrapper.swift,\ ViewModifierProvider.swift,\ Configuration.swift /Users/admin/builder/spi-builder-workspace/.dependencies/checkouts/Spezi/Sources/Spezi/Capabilities/Lifecycle/ServiceModule.swift /Users/admin/builder/spi-builder-workspace/.dependencies/checkouts/Spezi/Sources/Spezi/Capabilities/Observable/EnvironmentAccessible.swift /Users/admin/builder/spi-builder-workspace/.dependencies/checkouts/Spezi/Sources/Spezi/Capabilities/Observable/ModelModifier.swift /Users/admin/builder/spi-builder-workspace/.dependencies/checkouts/Spezi/Sources/Spezi/Capabilities/Observable/ModelPropertyWrapper.swift /Users/admin/builder/spi-builder-workspace/.dependencies/checkouts/Spezi/Sources/Spezi/Capabilities/ViewModifier/ModifierPropertyWrapper.swift /Users/admin/builder/spi-builder-workspace/.dependencies/checkouts/Spezi/Sources/Spezi/Capabilities/ViewModifier/ViewModifierProvider.swift /Users/admin/builder/spi-builder-workspace/.dependencies/checkouts/Spezi/Sources/Spezi/Configuration/Configuration.swift (in target 'Spezi' from project 'Spezi')
SwiftCompile normal arm64 /Users/admin/builder/spi-builder-workspace/.dependencies/checkouts/Spezi/Sources/Spezi/Capabilities/Lifecycle/ServiceModule.swift (in target 'Spezi' from project 'Spezi')
    cd /Users/admin/builder/spi-builder-workspace/.swiftpm/xcode
    builtin-SwiftPerFileCompile ServiceModule.swift
SwiftCompile normal arm64 /Users/admin/builder/spi-builder-workspace/.dependencies/checkouts/Spezi/Sources/Spezi/Capabilities/Observable/EnvironmentAccessible.swift (in target 'Spezi' from project 'Spezi')
    cd /Users/admin/builder/spi-builder-workspace/.swiftpm/xcode
    builtin-SwiftPerFileCompile EnvironmentAccessible.swift
SwiftCompile normal arm64 /Users/admin/builder/spi-builder-workspace/.dependencies/checkouts/Spezi/Sources/Spezi/Capabilities/Observable/ModelModifier.swift (in target 'Spezi' from project 'Spezi')
    cd /Users/admin/builder/spi-builder-workspace/.swiftpm/xcode
    builtin-SwiftPerFileCompile ModelModifier.swift
SwiftCompile normal arm64 /Users/admin/builder/spi-builder-workspace/.dependencies/checkouts/Spezi/Sources/Spezi/Capabilities/Observable/ModelPropertyWrapper.swift (in target 'Spezi' from project 'Spezi')
    cd /Users/admin/builder/spi-builder-workspace/.swiftpm/xcode
    builtin-SwiftPerFileCompile ModelPropertyWrapper.swift
SwiftCompile normal arm64 /Users/admin/builder/spi-builder-workspace/.dependencies/checkouts/Spezi/Sources/Spezi/Capabilities/ViewModifier/ModifierPropertyWrapper.swift (in target 'Spezi' from project 'Spezi')
    cd /Users/admin/builder/spi-builder-workspace/.swiftpm/xcode
    builtin-SwiftPerFileCompile ModifierPropertyWrapper.swift
SwiftCompile normal arm64 /Users/admin/builder/spi-builder-workspace/.dependencies/checkouts/Spezi/Sources/Spezi/Capabilities/ViewModifier/ViewModifierProvider.swift (in target 'Spezi' from project 'Spezi')
    cd /Users/admin/builder/spi-builder-workspace/.swiftpm/xcode
    builtin-SwiftPerFileCompile ViewModifierProvider.swift
SwiftCompile normal arm64 /Users/admin/builder/spi-builder-workspace/.dependencies/checkouts/Spezi/Sources/Spezi/Configuration/Configuration.swift (in target 'Spezi' from project 'Spezi')
    cd /Users/admin/builder/spi-builder-workspace/.swiftpm/xcode
    builtin-SwiftPerFileCompile Configuration.swift
SwiftMergeGeneratedHeaders /Users/admin/builder/spi-builder-workspace/.derivedData/Build/Intermediates.noindex/GeneratedModuleMaps-xros/SpeziQuestionnaire-Swift.h /Users/admin/builder/spi-builder-workspace/.derivedData/Build/Intermediates.noindex/SpeziQuestionnaire.build/Debug-xros/SpeziQuestionnaire-t.build/Objects-normal/arm64/SpeziQuestionnaire-Swift.h (in target 'SpeziQuestionnaire' from project 'SpeziQuestionnaire')
    cd /Users/admin/builder/spi-builder-workspace
    builtin-swiftHeaderTool -arch arm64 /Users/admin/builder/spi-builder-workspace/.derivedData/Build/Intermediates.noindex/SpeziQuestionnaire.build/Debug-xros/SpeziQuestionnaire-t.build/Objects-normal/arm64/SpeziQuestionnaire-Swift.h -o /Users/admin/builder/spi-builder-workspace/.derivedData/Build/Intermediates.noindex/GeneratedModuleMaps-xros/SpeziQuestionnaire-Swift.h
SwiftDriverJobDiscovery normal arm64 Compiling DefaultInitializable.swift, DependencyManager.swift, DependencyManagerError.swift, Module+DependencyRelation.swift, DependencyBuilder.swift, DependencyCollection.swift, DependencyCollectionBuilder.swift (in target 'Spezi' from project 'Spezi')
Copy /Users/admin/builder/spi-builder-workspace/.derivedData/Build/Products/Debug-xros/SpeziQuestionnaire.swiftmodule/arm64-apple-xros.swiftmodule /Users/admin/builder/spi-builder-workspace/.derivedData/Build/Intermediates.noindex/SpeziQuestionnaire.build/Debug-xros/SpeziQuestionnaire-t.build/Objects-normal/arm64/SpeziQuestionnaire.swiftmodule (in target 'SpeziQuestionnaire' from project 'SpeziQuestionnaire')
    cd /Users/admin/builder/spi-builder-workspace
    builtin-copy -exclude .DS_Store -exclude CVS -exclude .svn -exclude .git -exclude .hg -resolve-src-symlinks -rename /Users/admin/builder/spi-builder-workspace/.derivedData/Build/Intermediates.noindex/SpeziQuestionnaire.build/Debug-xros/SpeziQuestionnaire-t.build/Objects-normal/arm64/SpeziQuestionnaire.swiftmodule /Users/admin/builder/spi-builder-workspace/.derivedData/Build/Products/Debug-xros/SpeziQuestionnaire.swiftmodule/arm64-apple-xros.swiftmodule
Copy /Users/admin/builder/spi-builder-workspace/.derivedData/Build/Products/Debug-xros/SpeziQuestionnaire.swiftmodule/arm64-apple-xros.swiftdoc /Users/admin/builder/spi-builder-workspace/.derivedData/Build/Intermediates.noindex/SpeziQuestionnaire.build/Debug-xros/SpeziQuestionnaire-t.build/Objects-normal/arm64/SpeziQuestionnaire.swiftdoc (in target 'SpeziQuestionnaire' from project 'SpeziQuestionnaire')
    cd /Users/admin/builder/spi-builder-workspace
    builtin-copy -exclude .DS_Store -exclude CVS -exclude .svn -exclude .git -exclude .hg -resolve-src-symlinks -rename /Users/admin/builder/spi-builder-workspace/.derivedData/Build/Intermediates.noindex/SpeziQuestionnaire.build/Debug-xros/SpeziQuestionnaire-t.build/Objects-normal/arm64/SpeziQuestionnaire.swiftdoc /Users/admin/builder/spi-builder-workspace/.derivedData/Build/Products/Debug-xros/SpeziQuestionnaire.swiftmodule/arm64-apple-xros.swiftdoc
Copy /Users/admin/builder/spi-builder-workspace/.derivedData/Build/Products/Debug-xros/SpeziQuestionnaire.swiftmodule/arm64-apple-xros.abi.json /Users/admin/builder/spi-builder-workspace/.derivedData/Build/Intermediates.noindex/SpeziQuestionnaire.build/Debug-xros/SpeziQuestionnaire-t.build/Objects-normal/arm64/SpeziQuestionnaire.abi.json (in target 'SpeziQuestionnaire' from project 'SpeziQuestionnaire')
    cd /Users/admin/builder/spi-builder-workspace
    builtin-copy -exclude .DS_Store -exclude CVS -exclude .svn -exclude .git -exclude .hg -resolve-src-symlinks -rename /Users/admin/builder/spi-builder-workspace/.derivedData/Build/Intermediates.noindex/SpeziQuestionnaire.build/Debug-xros/SpeziQuestionnaire-t.build/Objects-normal/arm64/SpeziQuestionnaire.abi.json /Users/admin/builder/spi-builder-workspace/.derivedData/Build/Products/Debug-xros/SpeziQuestionnaire.swiftmodule/arm64-apple-xros.abi.json
Copy /Users/admin/builder/spi-builder-workspace/.derivedData/Build/Products/Debug-xros/SpeziQuestionnaire.swiftmodule/Project/arm64-apple-xros.swiftsourceinfo /Users/admin/builder/spi-builder-workspace/.derivedData/Build/Intermediates.noindex/SpeziQuestionnaire.build/Debug-xros/SpeziQuestionnaire-t.build/Objects-normal/arm64/SpeziQuestionnaire.swiftsourceinfo (in target 'SpeziQuestionnaire' from project 'SpeziQuestionnaire')
    cd /Users/admin/builder/spi-builder-workspace
    builtin-copy -exclude .DS_Store -exclude CVS -exclude .svn -exclude .git -exclude .hg -resolve-src-symlinks -rename /Users/admin/builder/spi-builder-workspace/.derivedData/Build/Intermediates.noindex/SpeziQuestionnaire.build/Debug-xros/SpeziQuestionnaire-t.build/Objects-normal/arm64/SpeziQuestionnaire.swiftsourceinfo /Users/admin/builder/spi-builder-workspace/.derivedData/Build/Products/Debug-xros/SpeziQuestionnaire.swiftmodule/Project/arm64-apple-xros.swiftsourceinfo
SwiftCompile normal arm64 Compiling\ ModuleBuilder.swift,\ ModuleCollection.swift,\ ModuleOwnership.swift,\ BackgroundFetchResult.swift,\ NotificationHandler.swift,\ NotificationTokenHandler.swift /Users/admin/builder/spi-builder-workspace/.dependencies/checkouts/Spezi/Sources/Spezi/Module/ModuleBuilder.swift /Users/admin/builder/spi-builder-workspace/.dependencies/checkouts/Spezi/Sources/Spezi/Module/ModuleCollection.swift /Users/admin/builder/spi-builder-workspace/.dependencies/checkouts/Spezi/Sources/Spezi/Module/ModuleOwnership.swift /Users/admin/builder/spi-builder-workspace/.dependencies/checkouts/Spezi/Sources/Spezi/Notifications/BackgroundFetchResult.swift /Users/admin/builder/spi-builder-workspace/.dependencies/checkouts/Spezi/Sources/Spezi/Notifications/NotificationHandler.swift /Users/admin/builder/spi-builder-workspace/.dependencies/checkouts/Spezi/Sources/Spezi/Notifications/NotificationTokenHandler.swift (in target 'Spezi' from project 'Spezi')
SwiftCompile normal arm64 /Users/admin/builder/spi-builder-workspace/.dependencies/checkouts/Spezi/Sources/Spezi/Module/ModuleBuilder.swift (in target 'Spezi' from project 'Spezi')
    cd /Users/admin/builder/spi-builder-workspace/.swiftpm/xcode
    builtin-SwiftPerFileCompile ModuleBuilder.swift
SwiftCompile normal arm64 /Users/admin/builder/spi-builder-workspace/.dependencies/checkouts/Spezi/Sources/Spezi/Module/ModuleCollection.swift (in target 'Spezi' from project 'Spezi')
    cd /Users/admin/builder/spi-builder-workspace/.swiftpm/xcode
    builtin-SwiftPerFileCompile ModuleCollection.swift
SwiftCompile normal arm64 /Users/admin/builder/spi-builder-workspace/.dependencies/checkouts/Spezi/Sources/Spezi/Module/ModuleOwnership.swift (in target 'Spezi' from project 'Spezi')
    cd /Users/admin/builder/spi-builder-workspace/.swiftpm/xcode
    builtin-SwiftPerFileCompile ModuleOwnership.swift
SwiftCompile normal arm64 /Users/admin/builder/spi-builder-workspace/.dependencies/checkouts/Spezi/Sources/Spezi/Notifications/BackgroundFetchResult.swift (in target 'Spezi' from project 'Spezi')
    cd /Users/admin/builder/spi-builder-workspace/.swiftpm/xcode
    builtin-SwiftPerFileCompile BackgroundFetchResult.swift
SwiftCompile normal arm64 /Users/admin/builder/spi-builder-workspace/.dependencies/checkouts/Spezi/Sources/Spezi/Notifications/NotificationHandler.swift (in target 'Spezi' from project 'Spezi')
    cd /Users/admin/builder/spi-builder-workspace/.swiftpm/xcode
    builtin-SwiftPerFileCompile NotificationHandler.swift
SwiftCompile normal arm64 /Users/admin/builder/spi-builder-workspace/.dependencies/checkouts/Spezi/Sources/Spezi/Notifications/NotificationTokenHandler.swift (in target 'Spezi' from project 'Spezi')
    cd /Users/admin/builder/spi-builder-workspace/.swiftpm/xcode
    builtin-SwiftPerFileCompile NotificationTokenHandler.swift
SwiftDriverJobDiscovery normal arm64 Compiling Identifier+Identifiable.swift (in target 'SpeziQuestionnaire' from project 'SpeziQuestionnaire')
SwiftCompile normal arm64 Compiling\ ApplicationPropertyWrapper.swift,\ CollectPropertyWrapper.swift,\ CollectedModuleValues.swift,\ ProvidePropertyWrapper.swift,\ StorageValueCollector.swift,\ StorageValueProvider.swift,\ LifecycleHandler.swift /Users/admin/builder/spi-builder-workspace/.dependencies/checkouts/Spezi/Sources/Spezi/Capabilities/ApplicationPropertyWrapper.swift /Users/admin/builder/spi-builder-workspace/.dependencies/checkouts/Spezi/Sources/Spezi/Capabilities/Communication/CollectPropertyWrapper.swift /Users/admin/builder/spi-builder-workspace/.dependencies/checkouts/Spezi/Sources/Spezi/Capabilities/Communication/CollectedModuleValues.swift /Users/admin/builder/spi-builder-workspace/.dependencies/checkouts/Spezi/Sources/Spezi/Capabilities/Communication/ProvidePropertyWrapper.swift /Users/admin/builder/spi-builder-workspace/.dependencies/checkouts/Spezi/Sources/Spezi/Capabilities/Communication/StorageValueCollector.swift /Users/admin/builder/spi-builder-workspace/.dependencies/checkouts/Spezi/Sources/Spezi/Capabilities/Communication/StorageValueProvider.swift /Users/admin/builder/spi-builder-workspace/.dependencies/checkouts/Spezi/Sources/Spezi/Capabilities/Lifecycle/LifecycleHandler.swift (in target 'Spezi' from project 'Spezi')
SwiftCompile normal arm64 /Users/admin/builder/spi-builder-workspace/.dependencies/checkouts/Spezi/Sources/Spezi/Capabilities/ApplicationPropertyWrapper.swift (in target 'Spezi' from project 'Spezi')
    cd /Users/admin/builder/spi-builder-workspace/.swiftpm/xcode
    builtin-SwiftPerFileCompile ApplicationPropertyWrapper.swift
SwiftCompile normal arm64 /Users/admin/builder/spi-builder-workspace/.dependencies/checkouts/Spezi/Sources/Spezi/Capabilities/Communication/CollectPropertyWrapper.swift (in target 'Spezi' from project 'Spezi')
    cd /Users/admin/builder/spi-builder-workspace/.swiftpm/xcode
    builtin-SwiftPerFileCompile CollectPropertyWrapper.swift
SwiftCompile normal arm64 /Users/admin/builder/spi-builder-workspace/.dependencies/checkouts/Spezi/Sources/Spezi/Capabilities/Communication/CollectedModuleValues.swift (in target 'Spezi' from project 'Spezi')
    cd /Users/admin/builder/spi-builder-workspace/.swiftpm/xcode
    builtin-SwiftPerFileCompile CollectedModuleValues.swift
SwiftCompile normal arm64 /Users/admin/builder/spi-builder-workspace/.dependencies/checkouts/Spezi/Sources/Spezi/Capabilities/Communication/ProvidePropertyWrapper.swift (in target 'Spezi' from project 'Spezi')
    cd /Users/admin/builder/spi-builder-workspace/.swiftpm/xcode
    builtin-SwiftPerFileCompile ProvidePropertyWrapper.swift
SwiftCompile normal arm64 /Users/admin/builder/spi-builder-workspace/.dependencies/checkouts/Spezi/Sources/Spezi/Capabilities/Communication/StorageValueCollector.swift (in target 'Spezi' from project 'Spezi')
    cd /Users/admin/builder/spi-builder-workspace/.swiftpm/xcode
    builtin-SwiftPerFileCompile StorageValueCollector.swift
SwiftCompile normal arm64 /Users/admin/builder/spi-builder-workspace/.dependencies/checkouts/Spezi/Sources/Spezi/Capabilities/Communication/StorageValueProvider.swift (in target 'Spezi' from project 'Spezi')
    cd /Users/admin/builder/spi-builder-workspace/.swiftpm/xcode
    builtin-SwiftPerFileCompile StorageValueProvider.swift
SwiftCompile normal arm64 /Users/admin/builder/spi-builder-workspace/.dependencies/checkouts/Spezi/Sources/Spezi/Capabilities/Lifecycle/LifecycleHandler.swift (in target 'Spezi' from project 'Spezi')
    cd /Users/admin/builder/spi-builder-workspace/.swiftpm/xcode
    builtin-SwiftPerFileCompile LifecycleHandler.swift
SwiftDriverJobDiscovery normal arm64 Compiling GeneratedStringSymbols_Localizable.swift (in target 'SpeziQuestionnaire' from project 'SpeziQuestionnaire')
Ld /Users/admin/builder/spi-builder-workspace/.derivedData/Build/Products/Debug-xros/SpeziLocalization.o normal (in target 'SpeziLocalization' from project 'SpeziFoundation')
    cd /Users/admin/builder/spi-builder-workspace/.dependencies/checkouts/SpeziFoundation
    /Applications/Xcode-27.0.0-Release.Candidate.app/Contents/Developer/Toolchains/XcodeDefault.xctoolchain/usr/bin/clang -Xlinker -reproducible -target arm64-apple-xros1.0 -r -isysroot /Applications/Xcode-27.0.0-Release.Candidate.app/Contents/Developer/Platforms/XROS.platform/Developer/SDKs/XROS27.0.sdk -O0 -w -Xlinker -no_warn_duplicate_libraries -F/Users/admin/builder/spi-builder-workspace/.derivedData/Build/Intermediates.noindex/EagerLinkingTBDs/Debug-xros -F/Users/admin/builder/spi-builder-workspace/.derivedData/Build/Products/Debug-xros/PackageFrameworks -F/Users/admin/builder/spi-builder-workspace/.derivedData/Build/Products/Debug-xros -iframework /Applications/Xcode-27.0.0-Release.Candidate.app/Contents/Developer/Platforms/XROS.platform/Developer/Library/Frameworks -iframework /Applications/Xcode-27.0.0-Release.Candidate.app/Contents/Developer/Platforms/XROS.platform/Developer/SDKs/XROS27.0.sdk/Developer/Library/Frameworks -filelist /Users/admin/builder/spi-builder-workspace/.derivedData/Build/Intermediates.noindex/SpeziFoundation.build/Debug-xros/SpeziLocalization-t.build/Objects-normal/arm64/SpeziLocalization.LinkFileList -nostdlib -Xlinker -object_path_lto -Xlinker /Users/admin/builder/spi-builder-workspace/.derivedData/Build/Intermediates.noindex/SpeziFoundation.build/Debug-xros/SpeziLocalization-t.build/Objects-normal/arm64/SpeziLocalization_lto.o -Xlinker -no_deduplicate -Xlinker -debug_variant -Xlinker -dependency_info -Xlinker /Users/admin/builder/spi-builder-workspace/.derivedData/Build/Intermediates.noindex/SpeziFoundation.build/Debug-xros/SpeziLocalization-t.build/Objects-normal/arm64/SpeziLocalization_dependency_info.dat -fobjc-link-runtime -L/Applications/Xcode-27.0.0-Release.Candidate.app/Contents/Developer/Toolchains/XcodeDefault.xctoolchain/usr/lib/swift/xros -L/usr/lib/swift -Xlinker -add_ast_path -Xlinker /Users/admin/builder/spi-builder-workspace/.derivedData/Build/Intermediates.noindex/SpeziFoundation.build/Debug-xros/SpeziLocalization-t.build/Objects-normal/arm64/SpeziLocalization.swiftmodule -o /Users/admin/builder/spi-builder-workspace/.derivedData/Build/Products/Debug-xros/SpeziLocalization.o
SwiftDriverJobDiscovery normal arm64 Compiling resource_bundle_accessor.swift (in target 'SpeziQuestionnaire' from project 'SpeziQuestionnaire')
GenerateStringSymbols /Users/admin/builder/spi-builder-workspace/.derivedData/Build/Intermediates.noindex/SpeziViews.build/Debug-xros/SpeziViews-t.build/DerivedSources/GeneratedStringSymbols_Localizable.swift /Users/admin/builder/spi-builder-workspace/.dependencies/checkouts/SpeziViews/Sources/SpeziViews/Resources/Localizable.xcstrings (in target 'SpeziViews' from project 'SpeziViews')
    cd /Users/admin/builder/spi-builder-workspace/.dependencies/checkouts/SpeziViews
    /Applications/Xcode-27.0.0-Release.Candidate.app/Contents/Developer/usr/bin/xcstringstool generate-symbols --language swift --output-directory /Users/admin/builder/spi-builder-workspace/.derivedData/Build/Intermediates.noindex/SpeziViews.build/Debug-xros/SpeziViews-t.build/DerivedSources /Users/admin/builder/spi-builder-workspace/.dependencies/checkouts/SpeziViews/Sources/SpeziViews/Resources/Localizable.xcstrings
SwiftDriverJobDiscovery normal arm64 Compiling Export.swift (in target 'SpeziQuestionnaire' from project 'SpeziQuestionnaire')
ExtractAppIntentsMetadata (in target 'SpeziLocalization' from project 'SpeziFoundation')
    cd /Users/admin/builder/spi-builder-workspace/.dependencies/checkouts/SpeziFoundation
    /Applications/Xcode-27.0.0-Release.Candidate.app/Contents/Developer/Toolchains/XcodeDefault.xctoolchain/usr/bin/appintentsmetadataprocessor --toolchain-dir /var/run/com.apple.security.cryptexd/mnt/com.apple.MobileAsset.MetalToolchain-v27.1.266.1.AW7yzk/Metal.xctoolchain --module-name SpeziLocalization --sdk-root /Applications/Xcode-27.0.0-Release.Candidate.app/Contents/Developer/Platforms/XROS.platform/Developer/SDKs/XROS27.0.sdk --xcode-version 27A266a --platform-family xrOS --deployment-target 1.0 --bundle-identifier spezifoundation.SpeziLocalization --output /Users/admin/builder/spi-builder-workspace/.derivedData/Build/Products/Debug-xros/SpeziLocalization.appintents --target-triple arm64-apple-xros1.0 --binary-file /Users/admin/builder/spi-builder-workspace/.derivedData/Build/Products/Debug-xros/SpeziLocalization.o --dependency-file /Users/admin/builder/spi-builder-workspace/.derivedData/Build/Intermediates.noindex/SpeziFoundation.build/Debug-xros/SpeziLocalization-t.build/Objects-normal/arm64/SpeziLocalization_dependency_info.dat --stringsdata-file /Users/admin/builder/spi-builder-workspace/.derivedData/Build/Intermediates.noindex/SpeziFoundation.build/Debug-xros/SpeziLocalization-t.build/Objects-normal/arm64/ExtractedAppShortcutsMetadata.stringsdata --source-file-list /Users/admin/builder/spi-builder-workspace/.derivedData/Build/Intermediates.noindex/SpeziFoundation.build/Debug-xros/SpeziLocalization-t.build/Objects-normal/arm64/SpeziLocalization.SwiftFileList --metadata-file-list /Users/admin/builder/spi-builder-workspace/.derivedData/Build/Intermediates.noindex/SpeziFoundation.build/Debug-xros/SpeziLocalization-t.build/SpeziLocalization.DependencyMetadataFileList --static-metadata-file-list /Users/admin/builder/spi-builder-workspace/.derivedData/Build/Intermediates.noindex/SpeziFoundation.build/Debug-xros/SpeziLocalization-t.build/SpeziLocalization.DependencyStaticMetadataFileList --swift-const-vals-list /Users/admin/builder/spi-builder-workspace/.derivedData/Build/Intermediates.noindex/SpeziFoundation.build/Debug-xros/SpeziLocalization-t.build/Objects-normal/arm64/SpeziLocalization.SwiftConstValuesFileList --force --compile-time-extraction --deployment-aware-processing --no-app-shortcuts-localization
2026-09-24 15:57:14.212 appintentsmetadataprocessor[2431:12930] Starting appintentsmetadataprocessor export
2026-09-24 15:57:14.273 appintentsmetadataprocessor[2431:12930] Extracted no relevant App Intents symbols, skipping writing output
SwiftDriverJobDiscovery normal arm64 Compiling QuestionnaireView.swift (in target 'SpeziQuestionnaire' from project 'SpeziQuestionnaire')
SwiftDriver\ Compilation SpeziQuestionnaire normal arm64 com.apple.xcode.tools.swift.compiler (in target 'SpeziQuestionnaire' from project 'SpeziQuestionnaire')
    cd /Users/admin/builder/spi-builder-workspace/.swiftpm/xcode
    builtin-Swift-Compilation -- /Applications/Xcode-27.0.0-Release.Candidate.app/Contents/Developer/Toolchains/XcodeDefault.xctoolchain/usr/bin/swiftc -parse-as-library -module-name SpeziQuestionnaire -Onone @/Users/admin/builder/spi-builder-workspace/.derivedData/Build/Intermediates.noindex/SpeziQuestionnaire.build/Debug-xros/SpeziQuestionnaire-t.build/Objects-normal/arm64/SpeziQuestionnaire.SwiftFileList -DSWIFT_PACKAGE -DDEBUG -DSWIFT_MODULE_RESOURCE_BUNDLE_AVAILABLE -DXcode -enable-upcoming-feature ExistentialAny -plugin-path /Applications/Xcode-27.0.0-Release.Candidate.app/Contents/Developer/Toolchains/XcodeDefault.xctoolchain/usr/lib/swift/host/plugins/testing -enable-experimental-feature DebugDescriptionMacro -sdk /Applications/Xcode-27.0.0-Release.Candidate.app/Contents/Developer/Platforms/XROS.platform/Developer/SDKs/XROS27.0.sdk -target arm64-apple-xros1.0 -g -module-cache-path /Users/admin/builder/spi-builder-workspace/.derivedData/ModuleCache.noindex -Xfrontend -serialize-debugging-options -profile-coverage-mapping -profile-generate -enable-testing -index-store-path /Users/admin/builder/spi-builder-workspace/.derivedData/Index.noindex/DataStore -Xcc -D_LIBCPP_HARDENING_MODE\=_LIBCPP_HARDENING_MODE_DEBUG -swift-version 6 -I /Users/admin/builder/spi-builder-workspace/.derivedData/Build/Products/Debug-xros -Isystem /Applications/Xcode-27.0.0-Release.Candidate.app/Contents/Developer/Platforms/XROS.platform/Developer/usr/lib -F /Users/admin/builder/spi-builder-workspace/.derivedData/Build/Products/Debug-xros/PackageFrameworks -F /Users/admin/builder/spi-builder-workspace/.derivedData/Build/Products/Debug-xros -F /Applications/Xcode-27.0.0-Release.Candidate.app/Contents/Developer/Platforms/XROS.platform/Developer/Library/Frameworks -F /Applications/Xcode-27.0.0-Release.Candidate.app/Contents/Developer/Platforms/XROS.platform/Developer/SDKs/XROS27.0.sdk/Developer/Library/Frameworks -emit-localized-strings -emit-localized-strings-path /Users/admin/builder/spi-builder-workspace/.derivedData/Build/Intermediates.noindex/SpeziQuestionnaire.build/Debug-xros/SpeziQuestionnaire-t.build/Objects-normal/arm64 -c -j10 -enable-batch-mode -incremental -Xcc -ivfsstatcache -Xcc /Users/admin/builder/spi-builder-workspace/.derivedData/SDKStatCaches.noindex/xros27.0-24M361-e829b21a6f8c9b70876ba0858053c044735bd543db762f57723cac368afd1ce4.sdkstatcache -output-file-map /Users/admin/builder/spi-builder-workspace/.derivedData/Build/Intermediates.noindex/SpeziQuestionnaire.build/Debug-xros/SpeziQuestionnaire-t.build/Objects-normal/arm64/SpeziQuestionnaire-OutputFileMap.json -save-temps -no-color-diagnostics -explicit-module-build -module-cache-path /Users/admin/builder/spi-builder-workspace/.derivedData/Build/Intermediates.noindex/SwiftExplicitPrecompiledModules -clang-scanner-module-cache-path /Users/admin/builder/spi-builder-workspace/.derivedData/ModuleCache.noindex -sdk-module-cache-path /Users/admin/builder/spi-builder-workspace/.derivedData/SDKExplicitPrecompiledModules -emit-dependencies -emit-module -emit-module-path /Users/admin/builder/spi-builder-workspace/.derivedData/Build/Intermediates.noindex/SpeziQuestionnaire.build/Debug-xros/SpeziQuestionnaire-t.build/Objects-normal/arm64/SpeziQuestionnaire.swiftmodule -serialize-diagnostics -dependency-scan-serialize-diagnostics-path /Users/admin/builder/spi-builder-workspace/.derivedData/Build/Intermediates.noindex/SpeziQuestionnaire.build/Debug-xros/SpeziQuestionnaire-t.build/Objects-normal/arm64/SpeziQuestionnaire-dependency-scan.dia -validate-clang-modules-once -clang-build-session-file /Users/admin/builder/spi-builder-workspace/.derivedData/ModuleCache.noindex/Session.modulevalidation -Xcc -fmodules-prune-interval\=86400 -Xcc -fmodules-prune-after\=345600 -package-name spi_builder_workspace -emit-const-values -const-gather-protocols-list /Users/admin/builder/spi-builder-workspace/.derivedData/Build/Intermediates.noindex/SpeziQuestionnaire.build/Debug-xros/SpeziQuestionnaire-t.build/Objects-normal/arm64/SpeziQuestionnaire_const_extract_protocols.json -Xcc -I/Users/admin/builder/spi-builder-workspace/.derivedData/Build/Products/Debug-xros/include -Xcc -I/Users/admin/builder/spi-builder-workspace/.derivedData/Build/Intermediates.noindex/SpeziQuestionnaire.build/Debug-xros/SpeziQuestionnaire-t.build/DerivedSources-normal/arm64 -Xcc -I/Users/admin/builder/spi-builder-workspace/.derivedData/Build/Intermediates.noindex/SpeziQuestionnaire.build/Debug-xros/SpeziQuestionnaire-t.build/DerivedSources/arm64 -Xcc -I/Users/admin/builder/spi-builder-workspace/.derivedData/Build/Intermediates.noindex/SpeziQuestionnaire.build/Debug-xros/SpeziQuestionnaire-t.build/DerivedSources -Xcc -DSWIFT_PACKAGE -Xcc -DDEBUG\=1 -emit-objc-header -emit-objc-header-path /Users/admin/builder/spi-builder-workspace/.derivedData/Build/Intermediates.noindex/SpeziQuestionnaire.build/Debug-xros/SpeziQuestionnaire-t.build/Objects-normal/arm64/SpeziQuestionnaire-Swift.h -working-directory /Users/admin/builder/spi-builder-workspace/.swiftpm/xcode -experimental-emit-module-separately -disable-cmo
SwiftDriver SpeziViews normal arm64 com.apple.xcode.tools.swift.compiler (in target 'SpeziViews' from project 'SpeziViews')
    cd /Users/admin/builder/spi-builder-workspace/.swiftpm/xcode
    builtin-SwiftDriver -- /Applications/Xcode-27.0.0-Release.Candidate.app/Contents/Developer/Toolchains/XcodeDefault.xctoolchain/usr/bin/swiftc -parse-as-library -module-name SpeziViews -Onone @/Users/admin/builder/spi-builder-workspace/.derivedData/Build/Intermediates.noindex/SpeziViews.build/Debug-xros/SpeziViews-t.build/Objects-normal/arm64/SpeziViews.SwiftFileList -DSWIFT_PACKAGE -DDEBUG -DSWIFT_MODULE_RESOURCE_BUNDLE_AVAILABLE -Xcc -fmodule-map-file\=/Users/admin/builder/spi-builder-workspace/.dependencies/checkouts/zstd/lib/module.modulemap -Xcc -fmodule-map-file\=/Users/admin/builder/spi-builder-workspace/.dependencies/checkouts/swift-atomics/Sources/_AtomicsShims/include/module.modulemap -Xcc -fmodule-map-file\=/Users/admin/builder/spi-builder-workspace/.dependencies/checkouts/swift-numerics/Sources/_NumericsShims/include/module.modulemap -Xcc -fmodule-map-file\=/Users/admin/builder/spi-builder-workspace/.derivedData/Build/Intermediates.noindex/GeneratedModuleMaps-xros/SpeziFoundationObjC.modulemap -Xcc -fmodule-map-file\=/Users/admin/builder/spi-builder-workspace/.dependencies/checkouts/swift-cmark/src/include/module.modulemap -Xcc -fmodule-map-file\=/Users/admin/builder/spi-builder-workspace/.dependencies/checkouts/swift-cmark/extensions/include/module.modulemap -DXcode -plugin-path /Applications/Xcode-27.0.0-Release.Candidate.app/Contents/Developer/Toolchains/XcodeDefault.xctoolchain/usr/lib/swift/host/plugins/testing -enable-experimental-feature DebugDescriptionMacro -sdk /Applications/Xcode-27.0.0-Release.Candidate.app/Contents/Developer/Platforms/XROS.platform/Developer/SDKs/XROS27.0.sdk -target arm64-apple-xros1.0 -g -module-cache-path /Users/admin/builder/spi-builder-workspace/.derivedData/ModuleCache.noindex -Xfrontend -serialize-debugging-options -profile-coverage-mapping -profile-generate -enable-testing -suppress-warnings -index-store-path /Users/admin/builder/spi-builder-workspace/.derivedData/Index.noindex/DataStore -Xcc -D_LIBCPP_HARDENING_MODE\=_LIBCPP_HARDENING_MODE_DEBUG -swift-version 6 -I /Users/admin/builder/spi-builder-workspace/.derivedData/Build/Products/Debug-xros -Isystem /Applications/Xcode-27.0.0-Release.Candidate.app/Contents/Developer/Platforms/XROS.platform/Developer/usr/lib -F /Users/admin/builder/spi-builder-workspace/.derivedData/Build/Products/Debug-xros/PackageFrameworks -F /Users/admin/builder/spi-builder-workspace/.derivedData/Build/Products/Debug-xros -F /Applications/Xcode-27.0.0-Release.Candidate.app/Contents/Developer/Platforms/XROS.platform/Developer/Library/Frameworks -F /Applications/Xcode-27.0.0-Release.Candidate.app/Contents/Developer/Platforms/XROS.platform/Developer/SDKs/XROS27.0.sdk/Developer/Library/Frameworks -Xfrontend -load-plugin-executable -Xfrontend /Users/admin/builder/spi-builder-workspace/.derivedData/Build/Products/Debug/ThreadLocalMacros\#ThreadLocalMacros -emit-localized-strings -emit-localized-strings-path /Users/admin/builder/spi-builder-workspace/.derivedData/Build/Intermediates.noindex/SpeziViews.build/Debug-xros/SpeziViews-t.build/Objects-normal/arm64 -c -j10 -enable-batch-mode -incremental -Xcc -ivfsstatcache -Xcc /Users/admin/builder/spi-builder-workspace/.derivedData/SDKStatCaches.noindex/xros27.0-24M361-e829b21a6f8c9b70876ba0858053c044735bd543db762f57723cac368afd1ce4.sdkstatcache -output-file-map /Users/admin/builder/spi-builder-workspace/.derivedData/Build/Intermediates.noindex/SpeziViews.build/Debug-xros/SpeziViews-t.build/Objects-normal/arm64/SpeziViews-OutputFileMap.json -save-temps -no-color-diagnostics -explicit-module-build -module-cache-path /Users/admin/builder/spi-builder-workspace/.derivedData/Build/Intermediates.noindex/SwiftExplicitPrecompiledModules -clang-scanner-module-cache-path /Users/admin/builder/spi-builder-workspace/.derivedData/ModuleCache.noindex -sdk-module-cache-path /Users/admin/builder/spi-builder-workspace/.derivedData/SDKExplicitPrecompiledModules -emit-dependencies -emit-module -emit-module-path /Users/admin/builder/spi-builder-workspace/.derivedData/Build/Intermediates.noindex/SpeziViews.build/Debug-xros/SpeziViews-t.build/Objects-normal/arm64/SpeziViews.swiftmodule -serialize-diagnostics -dependency-scan-serialize-diagnostics-path /Users/admin/builder/spi-builder-workspace/.derivedData/Build/Intermediates.noindex/SpeziViews.build/Debug-xros/SpeziViews-t.build/Objects-normal/arm64/SpeziViews-dependency-scan.dia -user-module-version 1.12.14 -validate-clang-modules-once -clang-build-session-file /Users/admin/builder/spi-builder-workspace/.derivedData/ModuleCache.noindex/Session.modulevalidation -Xcc -fmodules-prune-interval\=86400 -Xcc -fmodules-prune-after\=345600 -package-name speziviews -emit-const-values -const-gather-protocols-list /Users/admin/builder/spi-builder-workspace/.derivedData/Build/Intermediates.noindex/SpeziViews.build/Debug-xros/SpeziViews-t.build/Objects-normal/arm64/SpeziViews_const_extract_protocols.json -Xcc -I/Users/admin/builder/spi-builder-workspace/.dependencies/checkouts/zstd/lib -Xcc -I/Users/admin/builder/spi-builder-workspace/.dependencies/checkouts/swift-atomics/Sources/_AtomicsShims/include -Xcc -I/Users/admin/builder/spi-builder-workspace/.dependencies/checkouts/swift-numerics/Sources/_NumericsShims/include -Xcc -I/Users/admin/builder/spi-builder-workspace/.dependencies/checkouts/SpeziFoundation/Sources/SpeziFoundationObjC/include -Xcc -I/Users/admin/builder/spi-builder-workspace/.dependencies/checkouts/swift-cmark/src/include -Xcc -I/Users/admin/builder/spi-builder-workspace/.dependencies/checkouts/swift-cmark/extensions/include -Xcc -I/Users/admin/builder/spi-builder-workspace/.derivedData/Build/Products/Debug-xros/include -Xcc -I/Users/admin/builder/spi-builder-workspace/.derivedData/Build/Intermediates.noindex/SpeziViews.build/Debug-xros/SpeziViews-t.build/DerivedSources-normal/arm64 -Xcc -I/Users/admin/builder/spi-builder-workspace/.derivedData/Build/Intermediates.noindex/SpeziViews.build/Debug-xros/SpeziViews-t.build/DerivedSources/arm64 -Xcc -I/Users/admin/builder/spi-builder-workspace/.derivedData/Build/Intermediates.noindex/SpeziViews.build/Debug-xros/SpeziViews-t.build/DerivedSources -Xcc -DSWIFT_PACKAGE -Xcc -DDEBUG\=1 -emit-objc-header -emit-objc-header-path /Users/admin/builder/spi-builder-workspace/.derivedData/Build/Intermediates.noindex/SpeziViews.build/Debug-xros/SpeziViews-t.build/Objects-normal/arm64/SpeziViews-Swift.h -working-directory /Users/admin/builder/spi-builder-workspace/.swiftpm/xcode -experimental-emit-module-separately -disable-cmo
SwiftDriverJobDiscovery normal arm64 Compiling Spezi+Preview.swift, Spezi+Spezi.swift, Spezi.swift, SpeziAppDelegate.swift, SpeziModuleError.swift, SpeziPropertyWrapper.swift (in target 'Spezi' from project 'Spezi')
SwiftDriverJobDiscovery normal arm64 Compiling ModuleBuilder.swift, ModuleCollection.swift, ModuleOwnership.swift, BackgroundFetchResult.swift, NotificationHandler.swift, NotificationTokenHandler.swift (in target 'Spezi' from project 'Spezi')
SwiftDriverJobDiscovery normal arm64 Compiling ServiceModule.swift, EnvironmentAccessible.swift, ModelModifier.swift, ModelPropertyWrapper.swift, ModifierPropertyWrapper.swift, ViewModifierProvider.swift, Configuration.swift (in target 'Spezi' from project 'Spezi')
SwiftDriverJobDiscovery normal arm64 Compiling ApplicationPropertyWrapper.swift, CollectPropertyWrapper.swift, CollectedModuleValues.swift, ProvidePropertyWrapper.swift, StorageValueCollector.swift, StorageValueProvider.swift, LifecycleHandler.swift (in target 'Spezi' from project 'Spezi')
SwiftDriver\ Compilation Spezi normal arm64 com.apple.xcode.tools.swift.compiler (in target 'Spezi' from project 'Spezi')
    cd /Users/admin/builder/spi-builder-workspace/.swiftpm/xcode
    builtin-Swift-Compilation -- /Applications/Xcode-27.0.0-Release.Candidate.app/Contents/Developer/Toolchains/XcodeDefault.xctoolchain/usr/bin/swiftc -parse-as-library -module-name Spezi -Onone @/Users/admin/builder/spi-builder-workspace/.derivedData/Build/Intermediates.noindex/Spezi.build/Debug-xros/Spezi-t.build/Objects-normal/arm64/Spezi.SwiftFileList -DSWIFT_PACKAGE -DDEBUG -DSWIFT_MODULE_RESOURCE_BUNDLE_UNAVAILABLE -Xcc -fmodule-map-file\=/Users/admin/builder/spi-builder-workspace/.dependencies/checkouts/zstd/lib/module.modulemap -Xcc -fmodule-map-file\=/Users/admin/builder/spi-builder-workspace/.dependencies/checkouts/swift-atomics/Sources/_AtomicsShims/include/module.modulemap -Xcc -fmodule-map-file\=/Users/admin/builder/spi-builder-workspace/.dependencies/checkouts/swift-numerics/Sources/_NumericsShims/include/module.modulemap -Xcc -fmodule-map-file\=/Users/admin/builder/spi-builder-workspace/.derivedData/Build/Intermediates.noindex/GeneratedModuleMaps-xros/SpeziFoundationObjC.modulemap -DXcode -enable-upcoming-feature ExistentialAny -plugin-path /Applications/Xcode-27.0.0-Release.Candidate.app/Contents/Developer/Toolchains/XcodeDefault.xctoolchain/usr/lib/swift/host/plugins/testing -enable-experimental-feature DebugDescriptionMacro -sdk /Applications/Xcode-27.0.0-Release.Candidate.app/Contents/Developer/Platforms/XROS.platform/Developer/SDKs/XROS27.0.sdk -target arm64-apple-xros1.0 -g -module-cache-path /Users/admin/builder/spi-builder-workspace/.derivedData/ModuleCache.noindex -Xfrontend -serialize-debugging-options -profile-coverage-mapping -profile-generate -enable-testing -suppress-warnings -index-store-path /Users/admin/builder/spi-builder-workspace/.derivedData/Index.noindex/DataStore -Xcc -D_LIBCPP_HARDENING_MODE\=_LIBCPP_HARDENING_MODE_DEBUG -swift-version 6 -I /Users/admin/builder/spi-builder-workspace/.derivedData/Build/Products/Debug-xros -Isystem /Applications/Xcode-27.0.0-Release.Candidate.app/Contents/Developer/Platforms/XROS.platform/Developer/usr/lib -F /Users/admin/builder/spi-builder-workspace/.derivedData/Build/Products/Debug-xros/PackageFrameworks -F /Users/admin/builder/spi-builder-workspace/.derivedData/Build/Products/Debug-xros -F /Applications/Xcode-27.0.0-Release.Candidate.app/Contents/Developer/Platforms/XROS.platform/Developer/Library/Frameworks -F /Applications/Xcode-27.0.0-Release.Candidate.app/Contents/Developer/Platforms/XROS.platform/Developer/SDKs/XROS27.0.sdk/Developer/Library/Frameworks -Xfrontend -load-plugin-executable -Xfrontend /Users/admin/builder/spi-builder-workspace/.derivedData/Build/Products/Debug/ThreadLocalMacros\#ThreadLocalMacros -emit-localized-strings -emit-localized-strings-path /Users/admin/builder/spi-builder-workspace/.derivedData/Build/Intermediates.noindex/Spezi.build/Debug-xros/Spezi-t.build/Objects-normal/arm64 -c -j10 -enable-batch-mode -incremental -Xcc -ivfsstatcache -Xcc /Users/admin/builder/spi-builder-workspace/.derivedData/SDKStatCaches.noindex/xros27.0-24M361-e829b21a6f8c9b70876ba0858053c044735bd543db762f57723cac368afd1ce4.sdkstatcache -output-file-map /Users/admin/builder/spi-builder-workspace/.derivedData/Build/Intermediates.noindex/Spezi.build/Debug-xros/Spezi-t.build/Objects-normal/arm64/Spezi-OutputFileMap.json -save-temps -no-color-diagnostics -explicit-module-build -module-cache-path /Users/admin/builder/spi-builder-workspace/.derivedData/Build/Intermediates.noindex/SwiftExplicitPrecompiledModules -clang-scanner-module-cache-path /Users/admin/builder/spi-builder-workspace/.derivedData/ModuleCache.noindex -sdk-module-cache-path /Users/admin/builder/spi-builder-workspace/.derivedData/SDKExplicitPrecompiledModules -emit-dependencies -emit-module -emit-module-path /Users/admin/builder/spi-builder-workspace/.derivedData/Build/Intermediates.noindex/Spezi.build/Debug-xros/Spezi-t.build/Objects-normal/arm64/Spezi.swiftmodule -serialize-diagnostics -dependency-scan-serialize-diagnostics-path /Users/admin/builder/spi-builder-workspace/.derivedData/Build/Intermediates.noindex/Spezi.build/Debug-xros/Spezi-t.build/Objects-normal/arm64/Spezi-dependency-scan.dia -user-module-version 1.10.2 -validate-clang-modules-once -clang-build-session-file /Users/admin/builder/spi-builder-workspace/.derivedData/ModuleCache.noindex/Session.modulevalidation -Xcc -fmodules-prune-interval\=86400 -Xcc -fmodules-prune-after\=345600 -package-name spezi -emit-const-values -const-gather-protocols-list /Users/admin/builder/spi-builder-workspace/.derivedData/Build/Intermediates.noindex/Spezi.build/Debug-xros/Spezi-t.build/Objects-normal/arm64/Spezi_const_extract_protocols.json -Xcc -I/Users/admin/builder/spi-builder-workspace/.dependencies/checkouts/zstd/lib -Xcc -I/Users/admin/builder/spi-builder-workspace/.dependencies/checkouts/swift-atomics/Sources/_AtomicsShims/include -Xcc -I/Users/admin/builder/spi-builder-workspace/.dependencies/checkouts/swift-numerics/Sources/_NumericsShims/include -Xcc -I/Users/admin/builder/spi-builder-workspace/.dependencies/checkouts/SpeziFoundation/Sources/SpeziFoundationObjC/include -Xcc -I/Users/admin/builder/spi-builder-workspace/.derivedData/Build/Products/Debug-xros/include -Xcc -I/Users/admin/builder/spi-builder-workspace/.derivedData/Build/Intermediates.noindex/Spezi.build/Debug-xros/Spezi-t.build/DerivedSources-normal/arm64 -Xcc -I/Users/admin/builder/spi-builder-workspace/.derivedData/Build/Intermediates.noindex/Spezi.build/Debug-xros/Spezi-t.build/DerivedSources/arm64 -Xcc -I/Users/admin/builder/spi-builder-workspace/.derivedData/Build/Intermediates.noindex/Spezi.build/Debug-xros/Spezi-t.build/DerivedSources -Xcc -DSWIFT_PACKAGE -Xcc -DDEBUG\=1 -emit-objc-header -emit-objc-header-path /Users/admin/builder/spi-builder-workspace/.derivedData/Build/Intermediates.noindex/Spezi.build/Debug-xros/Spezi-t.build/Objects-normal/arm64/Spezi-Swift.h -working-directory /Users/admin/builder/spi-builder-workspace/.swiftpm/xcode -experimental-emit-module-separately -disable-cmo
Ld /Users/admin/builder/spi-builder-workspace/.derivedData/Build/Products/Debug-xros/Spezi.o normal (in target 'Spezi' from project 'Spezi')
    cd /Users/admin/builder/spi-builder-workspace/.dependencies/checkouts/Spezi
    /Applications/Xcode-27.0.0-Release.Candidate.app/Contents/Developer/Toolchains/XcodeDefault.xctoolchain/usr/bin/clang -Xlinker -reproducible -target arm64-apple-xros1.0 -r -isysroot /Applications/Xcode-27.0.0-Release.Candidate.app/Contents/Developer/Platforms/XROS.platform/Developer/SDKs/XROS27.0.sdk -O0 -w -Xlinker -no_warn_duplicate_libraries -F/Users/admin/builder/spi-builder-workspace/.derivedData/Build/Intermediates.noindex/EagerLinkingTBDs/Debug-xros -F/Users/admin/builder/spi-builder-workspace/.derivedData/Build/Products/Debug-xros/PackageFrameworks -F/Users/admin/builder/spi-builder-workspace/.derivedData/Build/Products/Debug-xros -iframework /Applications/Xcode-27.0.0-Release.Candidate.app/Contents/Developer/Platforms/XROS.platform/Developer/Library/Frameworks -iframework /Applications/Xcode-27.0.0-Release.Candidate.app/Contents/Developer/Platforms/XROS.platform/Developer/SDKs/XROS27.0.sdk/Developer/Library/Frameworks -filelist /Users/admin/builder/spi-builder-workspace/.derivedData/Build/Intermediates.noindex/Spezi.build/Debug-xros/Spezi-t.build/Objects-normal/arm64/Spezi.LinkFileList -nostdlib -Xlinker -object_path_lto -Xlinker /Users/admin/builder/spi-builder-workspace/.derivedData/Build/Intermediates.noindex/Spezi.build/Debug-xros/Spezi-t.build/Objects-normal/arm64/Spezi_lto.o -Xlinker -no_deduplicate -Xlinker -debug_variant -Xlinker -dependency_info -Xlinker /Users/admin/builder/spi-builder-workspace/.derivedData/Build/Intermediates.noindex/Spezi.build/Debug-xros/Spezi-t.build/Objects-normal/arm64/Spezi_dependency_info.dat -fobjc-link-runtime -L/Applications/Xcode-27.0.0-Release.Candidate.app/Contents/Developer/Toolchains/XcodeDefault.xctoolchain/usr/lib/swift/xros -L/usr/lib/swift -Xlinker -add_ast_path -Xlinker /Users/admin/builder/spi-builder-workspace/.derivedData/Build/Intermediates.noindex/Spezi.build/Debug-xros/Spezi-t.build/Objects-normal/arm64/Spezi.swiftmodule -o /Users/admin/builder/spi-builder-workspace/.derivedData/Build/Products/Debug-xros/Spezi.o
ExtractAppIntentsMetadata (in target 'Spezi' from project 'Spezi')
    cd /Users/admin/builder/spi-builder-workspace/.dependencies/checkouts/Spezi
    /Applications/Xcode-27.0.0-Release.Candidate.app/Contents/Developer/Toolchains/XcodeDefault.xctoolchain/usr/bin/appintentsmetadataprocessor --toolchain-dir /var/run/com.apple.security.cryptexd/mnt/com.apple.MobileAsset.MetalToolchain-v27.1.266.1.AW7yzk/Metal.xctoolchain --module-name Spezi --sdk-root /Applications/Xcode-27.0.0-Release.Candidate.app/Contents/Developer/Platforms/XROS.platform/Developer/SDKs/XROS27.0.sdk --xcode-version 27A266a --platform-family xrOS --deployment-target 1.0 --bundle-identifier spezi.Spezi --output /Users/admin/builder/spi-builder-workspace/.derivedData/Build/Products/Debug-xros/Spezi.appintents --target-triple arm64-apple-xros1.0 --binary-file /Users/admin/builder/spi-builder-workspace/.derivedData/Build/Products/Debug-xros/Spezi.o --dependency-file /Users/admin/builder/spi-builder-workspace/.derivedData/Build/Intermediates.noindex/Spezi.build/Debug-xros/Spezi-t.build/Objects-normal/arm64/Spezi_dependency_info.dat --stringsdata-file /Users/admin/builder/spi-builder-workspace/.derivedData/Build/Intermediates.noindex/Spezi.build/Debug-xros/Spezi-t.build/Objects-normal/arm64/ExtractedAppShortcutsMetadata.stringsdata --source-file-list /Users/admin/builder/spi-builder-workspace/.derivedData/Build/Intermediates.noindex/Spezi.build/Debug-xros/Spezi-t.build/Objects-normal/arm64/Spezi.SwiftFileList --metadata-file-list /Users/admin/builder/spi-builder-workspace/.derivedData/Build/Intermediates.noindex/Spezi.build/Debug-xros/Spezi-t.build/Spezi.DependencyMetadataFileList --static-metadata-file-list /Users/admin/builder/spi-builder-workspace/.derivedData/Build/Intermediates.noindex/Spezi.build/Debug-xros/Spezi-t.build/Spezi.DependencyStaticMetadataFileList --swift-const-vals-list /Users/admin/builder/spi-builder-workspace/.derivedData/Build/Intermediates.noindex/Spezi.build/Debug-xros/Spezi-t.build/Objects-normal/arm64/Spezi.SwiftConstValuesFileList --force --compile-time-extraction --deployment-aware-processing --no-app-shortcuts-localization
2026-09-24 15:57:14.680 appintentsmetadataprocessor[2442:13087] Starting appintentsmetadataprocessor export
2026-09-24 15:57:14.746 appintentsmetadataprocessor[2442:13087] Extracted no relevant App Intents symbols, skipping writing output
SwiftExplicitDependencyGeneratePcm arm64 /Users/admin/builder/spi-builder-workspace/.derivedData/SDKExplicitPrecompiledModules/PDFKit-1CUV6ZCBIZK6XA3DKFW0N3ETQ.pcm
SwiftExplicitDependencyGeneratePcm arm64 /Users/admin/builder/spi-builder-workspace/.derivedData/SDKExplicitPrecompiledModules/ModelIO-3QKS54R6USOHW7RUQZUCG4Y4V.pcm
SwiftExplicitDependencyGeneratePcm arm64 /Users/admin/builder/spi-builder-workspace/.derivedData/SDKExplicitPrecompiledModules/PencilKit-CEZVZGF4KEH4AUT4GG5E22T5S.pcm
SwiftExplicitDependencyGeneratePcm arm64 /Users/admin/builder/spi-builder-workspace/.derivedData/SDKExplicitPrecompiledModules/MetalKit-2NBUWSVTOE912ZYOTV17BPIXU.pcm
SwiftEmitModule normal arm64 Emitting\ module\ for\ SpeziViews (in target 'SpeziViews' from project 'SpeziViews')
SwiftCompile normal arm64 (in target 'SpeziViews' from project 'SpeziViews')
    cd /Users/admin/builder/spi-builder-workspace/.swiftpm/xcode

SwiftCompile normal arm64 Compiling\ CanvasView.swift,\ PencilKit+Utils.swift,\ DescriptionGridRow.swift,\ DynamicHStack.swift,\ HorizontalGeometryReader.swift,\ ResizeToFit.swift /Users/admin/builder/spi-builder-workspace/.dependencies/checkouts/SpeziViews/Sources/SpeziViews/Views/Drawing/CanvasView.swift /Users/admin/builder/spi-builder-workspace/.dependencies/checkouts/SpeziViews/Sources/SpeziViews/Views/Drawing/PencilKit+Utils.swift /Users/admin/builder/spi-builder-workspace/.dependencies/checkouts/SpeziViews/Sources/SpeziViews/Views/Layout/DescriptionGridRow.swift /Users/admin/builder/spi-builder-workspace/.dependencies/checkouts/SpeziViews/Sources/SpeziViews/Views/Layout/DynamicHStack.swift /Users/admin/builder/spi-builder-workspace/.dependencies/checkouts/SpeziViews/Sources/SpeziViews/Views/Layout/HorizontalGeometryReader.swift /Users/admin/builder/spi-builder-workspace/.dependencies/checkouts/SpeziViews/Sources/SpeziViews/Views/Layout/ResizeToFit.swift (in target 'SpeziViews' from project 'SpeziViews')
SwiftCompile normal arm64 /Users/admin/builder/spi-builder-workspace/.dependencies/checkouts/SpeziViews/Sources/SpeziViews/Views/Drawing/CanvasView.swift (in target 'SpeziViews' from project 'SpeziViews')
    cd /Users/admin/builder/spi-builder-workspace/.swiftpm/xcode
    builtin-SwiftPerFileCompile CanvasView.swift
SwiftCompile normal arm64 /Users/admin/builder/spi-builder-workspace/.dependencies/checkouts/SpeziViews/Sources/SpeziViews/Views/Drawing/PencilKit+Utils.swift (in target 'SpeziViews' from project 'SpeziViews')
    cd /Users/admin/builder/spi-builder-workspace/.swiftpm/xcode
    builtin-SwiftPerFileCompile PencilKit+Utils.swift
SwiftCompile normal arm64 /Users/admin/builder/spi-builder-workspace/.dependencies/checkouts/SpeziViews/Sources/SpeziViews/Views/Layout/DescriptionGridRow.swift (in target 'SpeziViews' from project 'SpeziViews')
    cd /Users/admin/builder/spi-builder-workspace/.swiftpm/xcode
    builtin-SwiftPerFileCompile DescriptionGridRow.swift
SwiftCompile normal arm64 /Users/admin/builder/spi-builder-workspace/.dependencies/checkouts/SpeziViews/Sources/SpeziViews/Views/Layout/DynamicHStack.swift (in target 'SpeziViews' from project 'SpeziViews')
    cd /Users/admin/builder/spi-builder-workspace/.swiftpm/xcode
    builtin-SwiftPerFileCompile DynamicHStack.swift
SwiftCompile normal arm64 /Users/admin/builder/spi-builder-workspace/.dependencies/checkouts/SpeziViews/Sources/SpeziViews/Views/Layout/HorizontalGeometryReader.swift (in target 'SpeziViews' from project 'SpeziViews')
    cd /Users/admin/builder/spi-builder-workspace/.swiftpm/xcode
    builtin-SwiftPerFileCompile HorizontalGeometryReader.swift
SwiftCompile normal arm64 /Users/admin/builder/spi-builder-workspace/.dependencies/checkouts/SpeziViews/Sources/SpeziViews/Views/Layout/ResizeToFit.swift (in target 'SpeziViews' from project 'SpeziViews')
    cd /Users/admin/builder/spi-builder-workspace/.swiftpm/xcode
    builtin-SwiftPerFileCompile ResizeToFit.swift
SwiftCompile normal arm64 Compiling\ ShimmerModifier.swift,\ SkeletonLoadingModifier.swift,\ OperationStateAlert.swift,\ ViewStateAlert.swift,\ ViewStateMapper.swift,\ AsyncButton.swift /Users/admin/builder/spi-builder-workspace/.dependencies/checkouts/SpeziViews/Sources/SpeziViews/ViewModifier/ShimmerModifier.swift /Users/admin/builder/spi-builder-workspace/.dependencies/checkouts/SpeziViews/Sources/SpeziViews/ViewModifier/SkeletonLoadingModifier.swift /Users/admin/builder/spi-builder-workspace/.dependencies/checkouts/SpeziViews/Sources/SpeziViews/ViewModifier/ViewState/OperationStateAlert.swift /Users/admin/builder/spi-builder-workspace/.dependencies/checkouts/SpeziViews/Sources/SpeziViews/ViewModifier/ViewState/ViewStateAlert.swift /Users/admin/builder/spi-builder-workspace/.dependencies/checkouts/SpeziViews/Sources/SpeziViews/ViewModifier/ViewState/ViewStateMapper.swift /Users/admin/builder/spi-builder-workspace/.dependencies/checkouts/SpeziViews/Sources/SpeziViews/Views/Button/AsyncButton.swift (in target 'SpeziViews' from project 'SpeziViews')
SwiftCompile normal arm64 /Users/admin/builder/spi-builder-workspace/.dependencies/checkouts/SpeziViews/Sources/SpeziViews/ViewModifier/ShimmerModifier.swift (in target 'SpeziViews' from project 'SpeziViews')
    cd /Users/admin/builder/spi-builder-workspace/.swiftpm/xcode
    builtin-SwiftPerFileCompile ShimmerModifier.swift
SwiftCompile normal arm64 /Users/admin/builder/spi-builder-workspace/.dependencies/checkouts/SpeziViews/Sources/SpeziViews/ViewModifier/SkeletonLoadingModifier.swift (in target 'SpeziViews' from project 'SpeziViews')
    cd /Users/admin/builder/spi-builder-workspace/.swiftpm/xcode
    builtin-SwiftPerFileCompile SkeletonLoadingModifier.swift
SwiftCompile normal arm64 /Users/admin/builder/spi-builder-workspace/.dependencies/checkouts/SpeziViews/Sources/SpeziViews/ViewModifier/ViewState/OperationStateAlert.swift (in target 'SpeziViews' from project 'SpeziViews')
    cd /Users/admin/builder/spi-builder-workspace/.swiftpm/xcode
    builtin-SwiftPerFileCompile OperationStateAlert.swift
SwiftCompile normal arm64 /Users/admin/builder/spi-builder-workspace/.dependencies/checkouts/SpeziViews/Sources/SpeziViews/ViewModifier/ViewState/ViewStateAlert.swift (in target 'SpeziViews' from project 'SpeziViews')
    cd /Users/admin/builder/spi-builder-workspace/.swiftpm/xcode
    builtin-SwiftPerFileCompile ViewStateAlert.swift
SwiftCompile normal arm64 /Users/admin/builder/spi-builder-workspace/.dependencies/checkouts/SpeziViews/Sources/SpeziViews/ViewModifier/ViewState/ViewStateMapper.swift (in target 'SpeziViews' from project 'SpeziViews')
    cd /Users/admin/builder/spi-builder-workspace/.swiftpm/xcode
    builtin-SwiftPerFileCompile ViewStateMapper.swift
SwiftCompile normal arm64 /Users/admin/builder/spi-builder-workspace/.dependencies/checkouts/SpeziViews/Sources/SpeziViews/Views/Button/AsyncButton.swift (in target 'SpeziViews' from project 'SpeziViews')
    cd /Users/admin/builder/spi-builder-workspace/.swiftpm/xcode
    builtin-SwiftPerFileCompile AsyncButton.swift
SwiftCompile normal arm64 Compiling\ NavigationStepIdentifier.swift,\ NavigationStepIdentifying.swift,\ NavigationStepsBuilder.swift,\ NavigationStepsCollection.swift,\ ShareSheet.swift,\ ShareSheetInput.swift /Users/admin/builder/spi-builder-workspace/.dependencies/checkouts/SpeziViews/Sources/SpeziViews/Views/ManagedNavigationStack/NavigationStepIdentifier.swift /Users/admin/builder/spi-builder-workspace/.dependencies/checkouts/SpeziViews/Sources/SpeziViews/Views/ManagedNavigationStack/NavigationStepIdentifying.swift /Users/admin/builder/spi-builder-workspace/.dependencies/checkouts/SpeziViews/Sources/SpeziViews/Views/ManagedNavigationStack/NavigationStepsBuilder.swift /Users/admin/builder/spi-builder-workspace/.dependencies/checkouts/SpeziViews/Sources/SpeziViews/Views/ManagedNavigationStack/NavigationStepsCollection.swift /Users/admin/builder/spi-builder-workspace/.dependencies/checkouts/SpeziViews/Sources/SpeziViews/Views/Sharing/ShareSheet.swift /Users/admin/builder/spi-builder-workspace/.dependencies/checkouts/SpeziViews/Sources/SpeziViews/Views/Sharing/ShareSheetInput.swift (in target 'SpeziViews' from project 'SpeziViews')
SwiftCompile normal arm64 /Users/admin/builder/spi-builder-workspace/.dependencies/checkouts/SpeziViews/Sources/SpeziViews/Views/ManagedNavigationStack/NavigationStepIdentifier.swift (in target 'SpeziViews' from project 'SpeziViews')
    cd /Users/admin/builder/spi-builder-workspace/.swiftpm/xcode
    builtin-SwiftPerFileCompile NavigationStepIdentifier.swift
SwiftCompile normal arm64 /Users/admin/builder/spi-builder-workspace/.dependencies/checkouts/SpeziViews/Sources/SpeziViews/Views/ManagedNavigationStack/NavigationStepIdentifying.swift (in target 'SpeziViews' from project 'SpeziViews')
    cd /Users/admin/builder/spi-builder-workspace/.swiftpm/xcode
    builtin-SwiftPerFileCompile NavigationStepIdentifying.swift
SwiftCompile normal arm64 /Users/admin/builder/spi-builder-workspace/.dependencies/checkouts/SpeziViews/Sources/SpeziViews/Views/ManagedNavigationStack/NavigationStepsBuilder.swift (in target 'SpeziViews' from project 'SpeziViews')
    cd /Users/admin/builder/spi-builder-workspace/.swiftpm/xcode
    builtin-SwiftPerFileCompile NavigationStepsBuilder.swift
SwiftCompile normal arm64 /Users/admin/builder/spi-builder-workspace/.dependencies/checkouts/SpeziViews/Sources/SpeziViews/Views/ManagedNavigationStack/NavigationStepsCollection.swift (in target 'SpeziViews' from project 'SpeziViews')
    cd /Users/admin/builder/spi-builder-workspace/.swiftpm/xcode
    builtin-SwiftPerFileCompile NavigationStepsCollection.swift
SwiftCompile normal arm64 /Users/admin/builder/spi-builder-workspace/.dependencies/checkouts/SpeziViews/Sources/SpeziViews/Views/Sharing/ShareSheet.swift (in target 'SpeziViews' from project 'SpeziViews')
    cd /Users/admin/builder/spi-builder-workspace/.swiftpm/xcode
    builtin-SwiftPerFileCompile ShareSheet.swift
SwiftCompile normal arm64 /Users/admin/builder/spi-builder-workspace/.dependencies/checkouts/SpeziViews/Sources/SpeziViews/Views/Sharing/ShareSheetInput.swift (in target 'SpeziViews' from project 'SpeziViews')
    cd /Users/admin/builder/spi-builder-workspace/.swiftpm/xcode
    builtin-SwiftPerFileCompile ShareSheetInput.swift
SwiftCompile normal arm64 Compiling\ TextContent.swift,\ CompletedTileHeader.swift,\ SimpleTile.swift,\ TileHeader.swift,\ GeneratedStringSymbols_Localizable.swift /Users/admin/builder/spi-builder-workspace/.dependencies/checkouts/SpeziViews/Sources/SpeziViews/Views/Text/TextContent.swift /Users/admin/builder/spi-builder-workspace/.dependencies/checkouts/SpeziViews/Sources/SpeziViews/Views/Tiles/CompletedTileHeader.swift /Users/admin/builder/spi-builder-workspace/.dependencies/checkouts/SpeziViews/Sources/SpeziViews/Views/Tiles/SimpleTile.swift /Users/admin/builder/spi-builder-workspace/.dependencies/checkouts/SpeziViews/Sources/SpeziViews/Views/Tiles/TileHeader.swift /Users/admin/builder/spi-builder-workspace/.derivedData/Build/Intermediates.noindex/SpeziViews.build/Debug-xros/SpeziViews-t.build/DerivedSources/GeneratedStringSymbols_Localizable.swift (in target 'SpeziViews' from project 'SpeziViews')
SwiftCompile normal arm64 /Users/admin/builder/spi-builder-workspace/.dependencies/checkouts/SpeziViews/Sources/SpeziViews/Views/Text/TextContent.swift (in target 'SpeziViews' from project 'SpeziViews')
    cd /Users/admin/builder/spi-builder-workspace/.swiftpm/xcode
    builtin-SwiftPerFileCompile TextContent.swift
SwiftCompile normal arm64 /Users/admin/builder/spi-builder-workspace/.dependencies/checkouts/SpeziViews/Sources/SpeziViews/Views/Tiles/CompletedTileHeader.swift (in target 'SpeziViews' from project 'SpeziViews')
    cd /Users/admin/builder/spi-builder-workspace/.swiftpm/xcode
    builtin-SwiftPerFileCompile CompletedTileHeader.swift
SwiftCompile normal arm64 /Users/admin/builder/spi-builder-workspace/.dependencies/checkouts/SpeziViews/Sources/SpeziViews/Views/Tiles/SimpleTile.swift (in target 'SpeziViews' from project 'SpeziViews')
    cd /Users/admin/builder/spi-builder-workspace/.swiftpm/xcode
    builtin-SwiftPerFileCompile SimpleTile.swift
SwiftCompile normal arm64 /Users/admin/builder/spi-builder-workspace/.dependencies/checkouts/SpeziViews/Sources/SpeziViews/Views/Tiles/TileHeader.swift (in target 'SpeziViews' from project 'SpeziViews')
    cd /Users/admin/builder/spi-builder-workspace/.swiftpm/xcode
    builtin-SwiftPerFileCompile TileHeader.swift
SwiftCompile normal arm64 /Users/admin/builder/spi-builder-workspace/.derivedData/Build/Intermediates.noindex/SpeziViews.build/Debug-xros/SpeziViews-t.build/DerivedSources/GeneratedStringSymbols_Localizable.swift (in target 'SpeziViews' from project 'SpeziViews')
    cd /Users/admin/builder/spi-builder-workspace/.swiftpm/xcode
    builtin-SwiftPerFileCompile GeneratedStringSymbols_Localizable.swift
SwiftCompile normal arm64 Compiling\ ShareableRepresentation.swift,\ Label.swift,\ LazyText.swift,\ MarkdownView+ImageProviders.swift,\ MarkdownView.swift /Users/admin/builder/spi-builder-workspace/.dependencies/checkouts/SpeziViews/Sources/SpeziViews/Views/Sharing/ShareableRepresentation.swift /Users/admin/builder/spi-builder-workspace/.dependencies/checkouts/SpeziViews/Sources/SpeziViews/Views/Text/Label.swift /Users/admin/builder/spi-builder-workspace/.dependencies/checkouts/SpeziViews/Sources/SpeziViews/Views/Text/LazyText.swift /Users/admin/builder/spi-builder-workspace/.dependencies/checkouts/SpeziViews/Sources/SpeziViews/Views/Text/MarkdownView+ImageProviders.swift /Users/admin/builder/spi-builder-workspace/.dependencies/checkouts/SpeziViews/Sources/SpeziViews/Views/Text/MarkdownView.swift (in target 'SpeziViews' from project 'SpeziViews')
SwiftCompile normal arm64 /Users/admin/builder/spi-builder-workspace/.dependencies/checkouts/SpeziViews/Sources/SpeziViews/Views/Sharing/ShareableRepresentation.swift (in target 'SpeziViews' from project 'SpeziViews')
    cd /Users/admin/builder/spi-builder-workspace/.swiftpm/xcode
    builtin-SwiftPerFileCompile ShareableRepresentation.swift
SwiftCompile normal arm64 /Users/admin/builder/spi-builder-workspace/.dependencies/checkouts/SpeziViews/Sources/SpeziViews/Views/Text/Label.swift (in target 'SpeziViews' from project 'SpeziViews')
    cd /Users/admin/builder/spi-builder-workspace/.swiftpm/xcode
    builtin-SwiftPerFileCompile Label.swift
SwiftCompile normal arm64 /Users/admin/builder/spi-builder-workspace/.dependencies/checkouts/SpeziViews/Sources/SpeziViews/Views/Text/LazyText.swift (in target 'SpeziViews' from project 'SpeziViews')
    cd /Users/admin/builder/spi-builder-workspace/.swiftpm/xcode
    builtin-SwiftPerFileCompile LazyText.swift
SwiftCompile normal arm64 /Users/admin/builder/spi-builder-workspace/.dependencies/checkouts/SpeziViews/Sources/SpeziViews/Views/Text/MarkdownView+ImageProviders.swift (in target 'SpeziViews' from project 'SpeziViews')
    cd /Users/admin/builder/spi-builder-workspace/.swiftpm/xcode
    builtin-SwiftPerFileCompile MarkdownView+ImageProviders.swift
SwiftCompile normal arm64 /Users/admin/builder/spi-builder-workspace/.dependencies/checkouts/SpeziViews/Sources/SpeziViews/Views/Text/MarkdownView.swift (in target 'SpeziViews' from project 'SpeziViews')
    cd /Users/admin/builder/spi-builder-workspace/.swiftpm/xcode
    builtin-SwiftPerFileCompile MarkdownView.swift
SwiftCompile normal arm64 Compiling\ resource_bundle_accessor.swift,\ DefaultErrorDescription.swift,\ ProcessingDebounceDuration.swift,\ Exports.swift,\ ImageReference.swift,\ OperationState.swift /Users/admin/builder/spi-builder-workspace/.derivedData/Build/Intermediates.noindex/SpeziViews.build/Debug-xros/SpeziViews-t.build/DerivedSources/resource_bundle_accessor.swift /Users/admin/builder/spi-builder-workspace/.dependencies/checkouts/SpeziViews/Sources/SpeziViews/Environment/DefaultErrorDescription.swift /Users/admin/builder/spi-builder-workspace/.dependencies/checkouts/SpeziViews/Sources/SpeziViews/Environment/ProcessingDebounceDuration.swift /Users/admin/builder/spi-builder-workspace/.dependencies/checkouts/SpeziViews/Sources/SpeziViews/Exports.swift /Users/admin/builder/spi-builder-workspace/.dependencies/checkouts/SpeziViews/Sources/SpeziViews/Model/ImageReference.swift /Users/admin/builder/spi-builder-workspace/.dependencies/checkouts/SpeziViews/Sources/SpeziViews/Model/OperationState.swift (in target 'SpeziViews' from project 'SpeziViews')
SwiftCompile normal arm64 /Users/admin/builder/spi-builder-workspace/.derivedData/Build/Intermediates.noindex/SpeziViews.build/Debug-xros/SpeziViews-t.build/DerivedSources/resource_bundle_accessor.swift (in target 'SpeziViews' from project 'SpeziViews')
    cd /Users/admin/builder/spi-builder-workspace/.swiftpm/xcode
    builtin-SwiftPerFileCompile resource_bundle_accessor.swift
SwiftCompile normal arm64 /Users/admin/builder/spi-builder-workspace/.dependencies/checkouts/SpeziViews/Sources/SpeziViews/Environment/DefaultErrorDescription.swift (in target 'SpeziViews' from project 'SpeziViews')
    cd /Users/admin/builder/spi-builder-workspace/.swiftpm/xcode
    builtin-SwiftPerFileCompile DefaultErrorDescription.swift
SwiftCompile normal arm64 /Users/admin/builder/spi-builder-workspace/.dependencies/checkouts/SpeziViews/Sources/SpeziViews/Environment/ProcessingDebounceDuration.swift (in target 'SpeziViews' from project 'SpeziViews')
    cd /Users/admin/builder/spi-builder-workspace/.swiftpm/xcode
    builtin-SwiftPerFileCompile ProcessingDebounceDuration.swift
SwiftCompile normal arm64 /Users/admin/builder/spi-builder-workspace/.dependencies/checkouts/SpeziViews/Sources/SpeziViews/Exports.swift (in target 'SpeziViews' from project 'SpeziViews')
    cd /Users/admin/builder/spi-builder-workspace/.swiftpm/xcode
    builtin-SwiftPerFileCompile Exports.swift
SwiftCompile normal arm64 /Users/admin/builder/spi-builder-workspace/.dependencies/checkouts/SpeziViews/Sources/SpeziViews/Model/ImageReference.swift (in target 'SpeziViews' from project 'SpeziViews')
    cd /Users/admin/builder/spi-builder-workspace/.swiftpm/xcode
    builtin-SwiftPerFileCompile ImageReference.swift
SwiftCompile normal arm64 /Users/admin/builder/spi-builder-workspace/.dependencies/checkouts/SpeziViews/Sources/SpeziViews/Model/OperationState.swift (in target 'SpeziViews' from project 'SpeziViews')
    cd /Users/admin/builder/spi-builder-workspace/.swiftpm/xcode
    builtin-SwiftPerFileCompile OperationState.swift
SwiftCompile normal arm64 Compiling\ Binding+Negate.swift,\ TextContentType.swift,\ ConditionalModifier.swift,\ DeviceOrientationModifier.swift,\ FocusOnTapModifier.swift,\ ProcessingOverlay.swift /Users/admin/builder/spi-builder-workspace/.dependencies/checkouts/SpeziViews/Sources/SpeziViews/Utilities/Binding+Negate.swift /Users/admin/builder/spi-builder-workspace/.dependencies/checkouts/SpeziViews/Sources/SpeziViews/Utilities/TextContentType.swift /Users/admin/builder/spi-builder-workspace/.dependencies/checkouts/SpeziViews/Sources/SpeziViews/ViewModifier/ConditionalModifier.swift /Users/admin/builder/spi-builder-workspace/.dependencies/checkouts/SpeziViews/Sources/SpeziViews/ViewModifier/DeviceOrientationModifier.swift /Users/admin/builder/spi-builder-workspace/.dependencies/checkouts/SpeziViews/Sources/SpeziViews/ViewModifier/FocusOnTapModifier.swift /Users/admin/builder/spi-builder-workspace/.dependencies/checkouts/SpeziViews/Sources/SpeziViews/ViewModifier/ProcessingOverlay.swift (in target 'SpeziViews' from project 'SpeziViews')
SwiftCompile normal arm64 /Users/admin/builder/spi-builder-workspace/.dependencies/checkouts/SpeziViews/Sources/SpeziViews/Utilities/Binding+Negate.swift (in target 'SpeziViews' from project 'SpeziViews')
    cd /Users/admin/builder/spi-builder-workspace/.swiftpm/xcode
    builtin-SwiftPerFileCompile Binding+Negate.swift
SwiftCompile normal arm64 /Users/admin/builder/spi-builder-workspace/.dependencies/checkouts/SpeziViews/Sources/SpeziViews/Utilities/TextContentType.swift (in target 'SpeziViews' from project 'SpeziViews')
    cd /Users/admin/builder/spi-builder-workspace/.swiftpm/xcode
    builtin-SwiftPerFileCompile TextContentType.swift
SwiftCompile normal arm64 /Users/admin/builder/spi-builder-workspace/.dependencies/checkouts/SpeziViews/Sources/SpeziViews/ViewModifier/ConditionalModifier.swift (in target 'SpeziViews' from project 'SpeziViews')
    cd /Users/admin/builder/spi-builder-workspace/.swiftpm/xcode
    builtin-SwiftPerFileCompile ConditionalModifier.swift
SwiftCompile normal arm64 /Users/admin/builder/spi-builder-workspace/.dependencies/checkouts/SpeziViews/Sources/SpeziViews/ViewModifier/DeviceOrientationModifier.swift (in target 'SpeziViews' from project 'SpeziViews')
    cd /Users/admin/builder/spi-builder-workspace/.swiftpm/xcode
    builtin-SwiftPerFileCompile DeviceOrientationModifier.swift
SwiftCompile normal arm64 /Users/admin/builder/spi-builder-workspace/.dependencies/checkouts/SpeziViews/Sources/SpeziViews/ViewModifier/FocusOnTapModifier.swift (in target 'SpeziViews' from project 'SpeziViews')
    cd /Users/admin/builder/spi-builder-workspace/.swiftpm/xcode
    builtin-SwiftPerFileCompile FocusOnTapModifier.swift
SwiftCompile normal arm64 /Users/admin/builder/spi-builder-workspace/.dependencies/checkouts/SpeziViews/Sources/SpeziViews/ViewModifier/ProcessingOverlay.swift (in target 'SpeziViews' from project 'SpeziViews')
    cd /Users/admin/builder/spi-builder-workspace/.swiftpm/xcode
    builtin-SwiftPerFileCompile ProcessingOverlay.swift
SwiftCompile normal arm64 Compiling\ LabeledContent+Init.swift,\ ListHeader.swift,\ ListRow.swift,\ IllegalNavigationStepView.swift,\ ManagedNavigationStack+Path.swift,\ ManagedNavigationStack.swift /Users/admin/builder/spi-builder-workspace/.dependencies/checkouts/SpeziViews/Sources/SpeziViews/Views/List/LabeledContent+Init.swift /Users/admin/builder/spi-builder-workspace/.dependencies/checkouts/SpeziViews/Sources/SpeziViews/Views/List/ListHeader.swift /Users/admin/builder/spi-builder-workspace/.dependencies/checkouts/SpeziViews/Sources/SpeziViews/Views/List/ListRow.swift /Users/admin/builder/spi-builder-workspace/.dependencies/checkouts/SpeziViews/Sources/SpeziViews/Views/ManagedNavigationStack/IllegalNavigationStepView.swift /Users/admin/builder/spi-builder-workspace/.dependencies/checkouts/SpeziViews/Sources/SpeziViews/Views/ManagedNavigationStack/ManagedNavigationStack+Path.swift /Users/admin/builder/spi-builder-workspace/.dependencies/checkouts/SpeziViews/Sources/SpeziViews/Views/ManagedNavigationStack/ManagedNavigationStack.swift (in target 'SpeziViews' from project 'SpeziViews')
SwiftCompile normal arm64 /Users/admin/builder/spi-builder-workspace/.dependencies/checkouts/SpeziViews/Sources/SpeziViews/Views/List/LabeledContent+Init.swift (in target 'SpeziViews' from project 'SpeziViews')
    cd /Users/admin/builder/spi-builder-workspace/.swiftpm/xcode
    builtin-SwiftPerFileCompile LabeledContent+Init.swift
SwiftCompile normal arm64 /Users/admin/builder/spi-builder-workspace/.dependencies/checkouts/SpeziViews/Sources/SpeziViews/Views/List/ListHeader.swift (in target 'SpeziViews' from project 'SpeziViews')
    cd /Users/admin/builder/spi-builder-workspace/.swiftpm/xcode
    builtin-SwiftPerFileCompile ListHeader.swift
SwiftCompile normal arm64 /Users/admin/builder/spi-builder-workspace/.dependencies/checkouts/SpeziViews/Sources/SpeziViews/Views/List/ListRow.swift (in target 'SpeziViews' from project 'SpeziViews')
    cd /Users/admin/builder/spi-builder-workspace/.swiftpm/xcode
    builtin-SwiftPerFileCompile ListRow.swift
SwiftCompile normal arm64 /Users/admin/builder/spi-builder-workspace/.dependencies/checkouts/SpeziViews/Sources/SpeziViews/Views/ManagedNavigationStack/IllegalNavigationStepView.swift (in target 'SpeziViews' from project 'SpeziViews')
    cd /Users/admin/builder/spi-builder-workspace/.swiftpm/xcode
    builtin-SwiftPerFileCompile IllegalNavigationStepView.swift
SwiftCompile normal arm64 /Users/admin/builder/spi-builder-workspace/.dependencies/checkouts/SpeziViews/Sources/SpeziViews/Views/ManagedNavigationStack/ManagedNavigationStack+Path.swift (in target 'SpeziViews' from project 'SpeziViews')
    cd /Users/admin/builder/spi-builder-workspace/.swiftpm/xcode
    builtin-SwiftPerFileCompile ManagedNavigationStack+Path.swift
SwiftCompile normal arm64 /Users/admin/builder/spi-builder-workspace/.dependencies/checkouts/SpeziViews/Sources/SpeziViews/Views/ManagedNavigationStack/ManagedNavigationStack.swift (in target 'SpeziViews' from project 'SpeziViews')
    cd /Users/admin/builder/spi-builder-workspace/.swiftpm/xcode
    builtin-SwiftPerFileCompile ManagedNavigationStack.swift
SwiftDriverJobDiscovery normal arm64 Compiling resource_bundle_accessor.swift, DefaultErrorDescription.swift, ProcessingDebounceDuration.swift, Exports.swift, ImageReference.swift, OperationState.swift (in target 'SpeziViews' from project 'SpeziViews')
SwiftCompile normal arm64 Compiling\ AsyncButtonProcessingStyle.swift,\ DismissButton.swift,\ InfoButton.swift,\ CaseIterablePicker.swift,\ OptionSetPicker.swift,\ PickerValue.swift /Users/admin/builder/spi-builder-workspace/.dependencies/checkouts/SpeziViews/Sources/SpeziViews/Views/Button/AsyncButtonProcessingStyle.swift /Users/admin/builder/spi-builder-workspace/.dependencies/checkouts/SpeziViews/Sources/SpeziViews/Views/Button/DismissButton.swift /Users/admin/builder/spi-builder-workspace/.dependencies/checkouts/SpeziViews/Sources/SpeziViews/Views/Button/InfoButton.swift /Users/admin/builder/spi-builder-workspace/.dependencies/checkouts/SpeziViews/Sources/SpeziViews/Views/Controls/CaseIterablePicker.swift /Users/admin/builder/spi-builder-workspace/.dependencies/checkouts/SpeziViews/Sources/SpeziViews/Views/Controls/OptionSetPicker.swift /Users/admin/builder/spi-builder-workspace/.dependencies/checkouts/SpeziViews/Sources/SpeziViews/Views/Controls/PickerValue.swift (in target 'SpeziViews' from project 'SpeziViews')
SwiftCompile normal arm64 /Users/admin/builder/spi-builder-workspace/.dependencies/checkouts/SpeziViews/Sources/SpeziViews/Views/Button/AsyncButtonProcessingStyle.swift (in target 'SpeziViews' from project 'SpeziViews')
    cd /Users/admin/builder/spi-builder-workspace/.swiftpm/xcode
    builtin-SwiftPerFileCompile AsyncButtonProcessingStyle.swift
SwiftCompile normal arm64 /Users/admin/builder/spi-builder-workspace/.dependencies/checkouts/SpeziViews/Sources/SpeziViews/Views/Button/DismissButton.swift (in target 'SpeziViews' from project 'SpeziViews')
    cd /Users/admin/builder/spi-builder-workspace/.swiftpm/xcode
    builtin-SwiftPerFileCompile DismissButton.swift
SwiftCompile normal arm64 /Users/admin/builder/spi-builder-workspace/.dependencies/checkouts/SpeziViews/Sources/SpeziViews/Views/Button/InfoButton.swift (in target 'SpeziViews' from project 'SpeziViews')
    cd /Users/admin/builder/spi-builder-workspace/.swiftpm/xcode
    builtin-SwiftPerFileCompile InfoButton.swift
SwiftCompile normal arm64 /Users/admin/builder/spi-builder-workspace/.dependencies/checkouts/SpeziViews/Sources/SpeziViews/Views/Controls/CaseIterablePicker.swift (in target 'SpeziViews' from project 'SpeziViews')
    cd /Users/admin/builder/spi-builder-workspace/.swiftpm/xcode
    builtin-SwiftPerFileCompile CaseIterablePicker.swift
SwiftCompile normal arm64 /Users/admin/builder/spi-builder-workspace/.dependencies/checkouts/SpeziViews/Sources/SpeziViews/Views/Controls/OptionSetPicker.swift (in target 'SpeziViews' from project 'SpeziViews')
    cd /Users/admin/builder/spi-builder-workspace/.swiftpm/xcode
    builtin-SwiftPerFileCompile OptionSetPicker.swift
SwiftCompile normal arm64 /Users/admin/builder/spi-builder-workspace/.dependencies/checkouts/SpeziViews/Sources/SpeziViews/Views/Controls/PickerValue.swift (in target 'SpeziViews' from project 'SpeziViews')
    cd /Users/admin/builder/spi-builder-workspace/.swiftpm/xcode
    builtin-SwiftPerFileCompile PickerValue.swift
SwiftDriverJobDiscovery normal arm64 Compiling Binding+Negate.swift, TextContentType.swift, ConditionalModifier.swift, DeviceOrientationModifier.swift, FocusOnTapModifier.swift, ProcessingOverlay.swift (in target 'SpeziViews' from project 'SpeziViews')
SwiftCompile normal arm64 Compiling\ ViewState.swift,\ ConfigureTipKit.swift,\ ManagedViewUpdate.swift,\ LiquidGlass.swift,\ ReverseLabelStyle.swift,\ AnyLocalizedError.swift /Users/admin/builder/spi-builder-workspace/.dependencies/checkouts/SpeziViews/Sources/SpeziViews/Model/ViewState.swift /Users/admin/builder/spi-builder-workspace/.dependencies/checkouts/SpeziViews/Sources/SpeziViews/Modules/ConfigureTipKit.swift /Users/admin/builder/spi-builder-workspace/.dependencies/checkouts/SpeziViews/Sources/SpeziViews/Properties/ManagedViewUpdate.swift /Users/admin/builder/spi-builder-workspace/.dependencies/checkouts/SpeziViews/Sources/SpeziViews/Styles/LiquidGlass.swift /Users/admin/builder/spi-builder-workspace/.dependencies/checkouts/SpeziViews/Sources/SpeziViews/Styles/ReverseLabelStyle.swift /Users/admin/builder/spi-builder-workspace/.dependencies/checkouts/SpeziViews/Sources/SpeziViews/Utilities/AnyLocalizedError.swift (in target 'SpeziViews' from project 'SpeziViews')
SwiftCompile normal arm64 /Users/admin/builder/spi-builder-workspace/.dependencies/checkouts/SpeziViews/Sources/SpeziViews/Model/ViewState.swift (in target 'SpeziViews' from project 'SpeziViews')
    cd /Users/admin/builder/spi-builder-workspace/.swiftpm/xcode
    builtin-SwiftPerFileCompile ViewState.swift
SwiftCompile normal arm64 /Users/admin/builder/spi-builder-workspace/.dependencies/checkouts/SpeziViews/Sources/SpeziViews/Modules/ConfigureTipKit.swift (in target 'SpeziViews' from project 'SpeziViews')
    cd /Users/admin/builder/spi-builder-workspace/.swiftpm/xcode
    builtin-SwiftPerFileCompile ConfigureTipKit.swift
SwiftCompile normal arm64 /Users/admin/builder/spi-builder-workspace/.dependencies/checkouts/SpeziViews/Sources/SpeziViews/Properties/ManagedViewUpdate.swift (in target 'SpeziViews' from project 'SpeziViews')
    cd /Users/admin/builder/spi-builder-workspace/.swiftpm/xcode
    builtin-SwiftPerFileCompile ManagedViewUpdate.swift
SwiftCompile normal arm64 /Users/admin/builder/spi-builder-workspace/.dependencies/checkouts/SpeziViews/Sources/SpeziViews/Styles/LiquidGlass.swift (in target 'SpeziViews' from project 'SpeziViews')
    cd /Users/admin/builder/spi-builder-workspace/.swiftpm/xcode
    builtin-SwiftPerFileCompile LiquidGlass.swift
SwiftCompile normal arm64 /Users/admin/builder/spi-builder-workspace/.dependencies/checkouts/SpeziViews/Sources/SpeziViews/Styles/ReverseLabelStyle.swift (in target 'SpeziViews' from project 'SpeziViews')
    cd /Users/admin/builder/spi-builder-workspace/.swiftpm/xcode
    builtin-SwiftPerFileCompile ReverseLabelStyle.swift
SwiftCompile normal arm64 /Users/admin/builder/spi-builder-workspace/.dependencies/checkouts/SpeziViews/Sources/SpeziViews/Utilities/AnyLocalizedError.swift (in target 'SpeziViews' from project 'SpeziViews')
    cd /Users/admin/builder/spi-builder-workspace/.swiftpm/xcode
    builtin-SwiftPerFileCompile AnyLocalizedError.swift
SwiftDriverJobDiscovery normal arm64 Compiling Quantity.swift, Questionnaire.swift, QuestionnaireResponse.swift, Range.swift, Ratio.swift, Reference.swift, RelatedArtifact.swift, RelatedPerson.swift, RequestGroup.swift, ResearchDefinition.swift, ResearchElementDefinition.swift, ResearchStudy.swift, ResearchSubject.swift, Resource.swift, ResourceProxy.swift, RiskAssessment.swift, RiskEvidenceSynthesis.swift, SampledData.swift, Schedule.swift, SearchParameter.swift, ServiceRequest.swift, Signature.swift, Slot.swift, Specimen.swift (in target 'ModelsR4' from project 'FHIRModels')
SwiftDriverJobDiscovery normal arm64 Compiling NavigationStepIdentifier.swift, NavigationStepIdentifying.swift, NavigationStepsBuilder.swift, NavigationStepsCollection.swift, ShareSheet.swift, ShareSheetInput.swift (in target 'SpeziViews' from project 'SpeziViews')
SwiftDriverJobDiscovery normal arm64 Compiling TextContent.swift, CompletedTileHeader.swift, SimpleTile.swift, TileHeader.swift, GeneratedStringSymbols_Localizable.swift (in target 'SpeziViews' from project 'SpeziViews')
SwiftDriverJobDiscovery normal arm64 Compiling ShareableRepresentation.swift, Label.swift, LazyText.swift, MarkdownView+ImageProviders.swift, MarkdownView.swift (in target 'SpeziViews' from project 'SpeziViews')
SwiftDriverJobDiscovery normal arm64 Emitting module for SpeziViews (in target 'SpeziViews' from project 'SpeziViews')
SwiftDriver\ Compilation\ Requirements SpeziViews normal arm64 com.apple.xcode.tools.swift.compiler (in target 'SpeziViews' from project 'SpeziViews')
    cd /Users/admin/builder/spi-builder-workspace/.swiftpm/xcode
    builtin-Swift-Compilation-Requirements -- /Applications/Xcode-27.0.0-Release.Candidate.app/Contents/Developer/Toolchains/XcodeDefault.xctoolchain/usr/bin/swiftc -parse-as-library -module-name SpeziViews -Onone @/Users/admin/builder/spi-builder-workspace/.derivedData/Build/Intermediates.noindex/SpeziViews.build/Debug-xros/SpeziViews-t.build/Objects-normal/arm64/SpeziViews.SwiftFileList -DSWIFT_PACKAGE -DDEBUG -DSWIFT_MODULE_RESOURCE_BUNDLE_AVAILABLE -Xcc -fmodule-map-file\=/Users/admin/builder/spi-builder-workspace/.dependencies/checkouts/zstd/lib/module.modulemap -Xcc -fmodule-map-file\=/Users/admin/builder/spi-builder-workspace/.dependencies/checkouts/swift-atomics/Sources/_AtomicsShims/include/module.modulemap -Xcc -fmodule-map-file\=/Users/admin/builder/spi-builder-workspace/.dependencies/checkouts/swift-numerics/Sources/_NumericsShims/include/module.modulemap -Xcc -fmodule-map-file\=/Users/admin/builder/spi-builder-workspace/.derivedData/Build/Intermediates.noindex/GeneratedModuleMaps-xros/SpeziFoundationObjC.modulemap -Xcc -fmodule-map-file\=/Users/admin/builder/spi-builder-workspace/.dependencies/checkouts/swift-cmark/src/include/module.modulemap -Xcc -fmodule-map-file\=/Users/admin/builder/spi-builder-workspace/.dependencies/checkouts/swift-cmark/extensions/include/module.modulemap -DXcode -plugin-path /Applications/Xcode-27.0.0-Release.Candidate.app/Contents/Developer/Toolchains/XcodeDefault.xctoolchain/usr/lib/swift/host/plugins/testing -enable-experimental-feature DebugDescriptionMacro -sdk /Applications/Xcode-27.0.0-Release.Candidate.app/Contents/Developer/Platforms/XROS.platform/Developer/SDKs/XROS27.0.sdk -target arm64-apple-xros1.0 -g -module-cache-path /Users/admin/builder/spi-builder-workspace/.derivedData/ModuleCache.noindex -Xfrontend -serialize-debugging-options -profile-coverage-mapping -profile-generate -enable-testing -suppress-warnings -index-store-path /Users/admin/builder/spi-builder-workspace/.derivedData/Index.noindex/DataStore -Xcc -D_LIBCPP_HARDENING_MODE\=_LIBCPP_HARDENING_MODE_DEBUG -swift-version 6 -I /Users/admin/builder/spi-builder-workspace/.derivedData/Build/Products/Debug-xros -Isystem /Applications/Xcode-27.0.0-Release.Candidate.app/Contents/Developer/Platforms/XROS.platform/Developer/usr/lib -F /Users/admin/builder/spi-builder-workspace/.derivedData/Build/Products/Debug-xros/PackageFrameworks -F /Users/admin/builder/spi-builder-workspace/.derivedData/Build/Products/Debug-xros -F /Applications/Xcode-27.0.0-Release.Candidate.app/Contents/Developer/Platforms/XROS.platform/Developer/Library/Frameworks -F /Applications/Xcode-27.0.0-Release.Candidate.app/Contents/Developer/Platforms/XROS.platform/Developer/SDKs/XROS27.0.sdk/Developer/Library/Frameworks -Xfrontend -load-plugin-executable -Xfrontend /Users/admin/builder/spi-builder-workspace/.derivedData/Build/Products/Debug/ThreadLocalMacros\#ThreadLocalMacros -emit-localized-strings -emit-localized-strings-path /Users/admin/builder/spi-builder-workspace/.derivedData/Build/Intermediates.noindex/SpeziViews.build/Debug-xros/SpeziViews-t.build/Objects-normal/arm64 -c -j10 -enable-batch-mode -incremental -Xcc -ivfsstatcache -Xcc /Users/admin/builder/spi-builder-workspace/.derivedData/SDKStatCaches.noindex/xros27.0-24M361-e829b21a6f8c9b70876ba0858053c044735bd543db762f57723cac368afd1ce4.sdkstatcache -output-file-map /Users/admin/builder/spi-builder-workspace/.derivedData/Build/Intermediates.noindex/SpeziViews.build/Debug-xros/SpeziViews-t.build/Objects-normal/arm64/SpeziViews-OutputFileMap.json -save-temps -no-color-diagnostics -explicit-module-build -module-cache-path /Users/admin/builder/spi-builder-workspace/.derivedData/Build/Intermediates.noindex/SwiftExplicitPrecompiledModules -clang-scanner-module-cache-path /Users/admin/builder/spi-builder-workspace/.derivedData/ModuleCache.noindex -sdk-module-cache-path /Users/admin/builder/spi-builder-workspace/.derivedData/SDKExplicitPrecompiledModules -emit-dependencies -emit-module -emit-module-path /Users/admin/builder/spi-builder-workspace/.derivedData/Build/Intermediates.noindex/SpeziViews.build/Debug-xros/SpeziViews-t.build/Objects-normal/arm64/SpeziViews.swiftmodule -serialize-diagnostics -dependency-scan-serialize-diagnostics-path /Users/admin/builder/spi-builder-workspace/.derivedData/Build/Intermediates.noindex/SpeziViews.build/Debug-xros/SpeziViews-t.build/Objects-normal/arm64/SpeziViews-dependency-scan.dia -user-module-version 1.12.14 -validate-clang-modules-once -clang-build-session-file /Users/admin/builder/spi-builder-workspace/.derivedData/ModuleCache.noindex/Session.modulevalidation -Xcc -fmodules-prune-interval\=86400 -Xcc -fmodules-prune-after\=345600 -package-name speziviews -emit-const-values -const-gather-protocols-list /Users/admin/builder/spi-builder-workspace/.derivedData/Build/Intermediates.noindex/SpeziViews.build/Debug-xros/SpeziViews-t.build/Objects-normal/arm64/SpeziViews_const_extract_protocols.json -Xcc -I/Users/admin/builder/spi-builder-workspace/.dependencies/checkouts/zstd/lib -Xcc -I/Users/admin/builder/spi-builder-workspace/.dependencies/checkouts/swift-atomics/Sources/_AtomicsShims/include -Xcc -I/Users/admin/builder/spi-builder-workspace/.dependencies/checkouts/swift-numerics/Sources/_NumericsShims/include -Xcc -I/Users/admin/builder/spi-builder-workspace/.dependencies/checkouts/SpeziFoundation/Sources/SpeziFoundationObjC/include -Xcc -I/Users/admin/builder/spi-builder-workspace/.dependencies/checkouts/swift-cmark/src/include -Xcc -I/Users/admin/builder/spi-builder-workspace/.dependencies/checkouts/swift-cmark/extensions/include -Xcc -I/Users/admin/builder/spi-builder-workspace/.derivedData/Build/Products/Debug-xros/include -Xcc -I/Users/admin/builder/spi-builder-workspace/.derivedData/Build/Intermediates.noindex/SpeziViews.build/Debug-xros/SpeziViews-t.build/DerivedSources-normal/arm64 -Xcc -I/Users/admin/builder/spi-builder-workspace/.derivedData/Build/Intermediates.noindex/SpeziViews.build/Debug-xros/SpeziViews-t.build/DerivedSources/arm64 -Xcc -I/Users/admin/builder/spi-builder-workspace/.derivedData/Build/Intermediates.noindex/SpeziViews.build/Debug-xros/SpeziViews-t.build/DerivedSources -Xcc -DSWIFT_PACKAGE -Xcc -DDEBUG\=1 -emit-objc-header -emit-objc-header-path /Users/admin/builder/spi-builder-workspace/.derivedData/Build/Intermediates.noindex/SpeziViews.build/Debug-xros/SpeziViews-t.build/Objects-normal/arm64/SpeziViews-Swift.h -working-directory /Users/admin/builder/spi-builder-workspace/.swiftpm/xcode -experimental-emit-module-separately -disable-cmo
SwiftMergeGeneratedHeaders /Users/admin/builder/spi-builder-workspace/.derivedData/Build/Intermediates.noindex/GeneratedModuleMaps-xros/SpeziViews-Swift.h /Users/admin/builder/spi-builder-workspace/.derivedData/Build/Intermediates.noindex/SpeziViews.build/Debug-xros/SpeziViews-t.build/Objects-normal/arm64/SpeziViews-Swift.h (in target 'SpeziViews' from project 'SpeziViews')
    cd /Users/admin/builder/spi-builder-workspace/.dependencies/checkouts/SpeziViews
    builtin-swiftHeaderTool -arch arm64 /Users/admin/builder/spi-builder-workspace/.derivedData/Build/Intermediates.noindex/SpeziViews.build/Debug-xros/SpeziViews-t.build/Objects-normal/arm64/SpeziViews-Swift.h -o /Users/admin/builder/spi-builder-workspace/.derivedData/Build/Intermediates.noindex/GeneratedModuleMaps-xros/SpeziViews-Swift.h
Copy /Users/admin/builder/spi-builder-workspace/.derivedData/Build/Products/Debug-xros/SpeziViews.swiftmodule/arm64-apple-xros.swiftmodule /Users/admin/builder/spi-builder-workspace/.derivedData/Build/Intermediates.noindex/SpeziViews.build/Debug-xros/SpeziViews-t.build/Objects-normal/arm64/SpeziViews.swiftmodule (in target 'SpeziViews' from project 'SpeziViews')
    cd /Users/admin/builder/spi-builder-workspace/.dependencies/checkouts/SpeziViews
    builtin-copy -exclude .DS_Store -exclude CVS -exclude .svn -exclude .git -exclude .hg -resolve-src-symlinks -rename /Users/admin/builder/spi-builder-workspace/.derivedData/Build/Intermediates.noindex/SpeziViews.build/Debug-xros/SpeziViews-t.build/Objects-normal/arm64/SpeziViews.swiftmodule /Users/admin/builder/spi-builder-workspace/.derivedData/Build/Products/Debug-xros/SpeziViews.swiftmodule/arm64-apple-xros.swiftmodule
Copy /Users/admin/builder/spi-builder-workspace/.derivedData/Build/Products/Debug-xros/SpeziViews.swiftmodule/arm64-apple-xros.swiftdoc /Users/admin/builder/spi-builder-workspace/.derivedData/Build/Intermediates.noindex/SpeziViews.build/Debug-xros/SpeziViews-t.build/Objects-normal/arm64/SpeziViews.swiftdoc (in target 'SpeziViews' from project 'SpeziViews')
    cd /Users/admin/builder/spi-builder-workspace/.dependencies/checkouts/SpeziViews
    builtin-copy -exclude .DS_Store -exclude CVS -exclude .svn -exclude .git -exclude .hg -resolve-src-symlinks -rename /Users/admin/builder/spi-builder-workspace/.derivedData/Build/Intermediates.noindex/SpeziViews.build/Debug-xros/SpeziViews-t.build/Objects-normal/arm64/SpeziViews.swiftdoc /Users/admin/builder/spi-builder-workspace/.derivedData/Build/Products/Debug-xros/SpeziViews.swiftmodule/arm64-apple-xros.swiftdoc
Copy /Users/admin/builder/spi-builder-workspace/.derivedData/Build/Products/Debug-xros/SpeziViews.swiftmodule/arm64-apple-xros.abi.json /Users/admin/builder/spi-builder-workspace/.derivedData/Build/Intermediates.noindex/SpeziViews.build/Debug-xros/SpeziViews-t.build/Objects-normal/arm64/SpeziViews.abi.json (in target 'SpeziViews' from project 'SpeziViews')
    cd /Users/admin/builder/spi-builder-workspace/.dependencies/checkouts/SpeziViews
    builtin-copy -exclude .DS_Store -exclude CVS -exclude .svn -exclude .git -exclude .hg -resolve-src-symlinks -rename /Users/admin/builder/spi-builder-workspace/.derivedData/Build/Intermediates.noindex/SpeziViews.build/Debug-xros/SpeziViews-t.build/Objects-normal/arm64/SpeziViews.abi.json /Users/admin/builder/spi-builder-workspace/.derivedData/Build/Products/Debug-xros/SpeziViews.swiftmodule/arm64-apple-xros.abi.json
Copy /Users/admin/builder/spi-builder-workspace/.derivedData/Build/Products/Debug-xros/SpeziViews.swiftmodule/Project/arm64-apple-xros.swiftsourceinfo /Users/admin/builder/spi-builder-workspace/.derivedData/Build/Intermediates.noindex/SpeziViews.build/Debug-xros/SpeziViews-t.build/Objects-normal/arm64/SpeziViews.swiftsourceinfo (in target 'SpeziViews' from project 'SpeziViews')
    cd /Users/admin/builder/spi-builder-workspace/.dependencies/checkouts/SpeziViews
    builtin-copy -exclude .DS_Store -exclude CVS -exclude .svn -exclude .git -exclude .hg -resolve-src-symlinks -rename /Users/admin/builder/spi-builder-workspace/.derivedData/Build/Intermediates.noindex/SpeziViews.build/Debug-xros/SpeziViews-t.build/Objects-normal/arm64/SpeziViews.swiftsourceinfo /Users/admin/builder/spi-builder-workspace/.derivedData/Build/Products/Debug-xros/SpeziViews.swiftmodule/Project/arm64-apple-xros.swiftsourceinfo
GenerateStringSymbols /Users/admin/builder/spi-builder-workspace/.derivedData/Build/Intermediates.noindex/SpeziQuestionnaire.build/Debug-xros/SpeziTimedWalkTest-t.build/DerivedSources/GeneratedStringSymbols_Localizable.swift /Users/admin/builder/spi-builder-workspace/Sources/SpeziTimedWalkTest/Resources/Localizable.xcstrings (in target 'SpeziTimedWalkTest' from project 'SpeziQuestionnaire')
    cd /Users/admin/builder/spi-builder-workspace
    /Applications/Xcode-27.0.0-Release.Candidate.app/Contents/Developer/usr/bin/xcstringstool generate-symbols --language swift --output-directory /Users/admin/builder/spi-builder-workspace/.derivedData/Build/Intermediates.noindex/SpeziQuestionnaire.build/Debug-xros/SpeziTimedWalkTest-t.build/DerivedSources /Users/admin/builder/spi-builder-workspace/Sources/SpeziTimedWalkTest/Resources/Localizable.xcstrings
SwiftDriver SpeziTimedWalkTest normal arm64 com.apple.xcode.tools.swift.compiler (in target 'SpeziTimedWalkTest' from project 'SpeziQuestionnaire')
    cd /Users/admin/builder/spi-builder-workspace/.swiftpm/xcode
    builtin-SwiftDriver -- /Applications/Xcode-27.0.0-Release.Candidate.app/Contents/Developer/Toolchains/XcodeDefault.xctoolchain/usr/bin/swiftc -parse-as-library -module-name SpeziTimedWalkTest -Onone @/Users/admin/builder/spi-builder-workspace/.derivedData/Build/Intermediates.noindex/SpeziQuestionnaire.build/Debug-xros/SpeziTimedWalkTest-t.build/Objects-normal/arm64/SpeziTimedWalkTest.SwiftFileList -DSWIFT_PACKAGE -DDEBUG -DSWIFT_MODULE_RESOURCE_BUNDLE_AVAILABLE -Xcc -fmodule-map-file\=/Users/admin/builder/spi-builder-workspace/.dependencies/checkouts/zstd/lib/module.modulemap -Xcc -fmodule-map-file\=/Users/admin/builder/spi-builder-workspace/.dependencies/checkouts/swift-atomics/Sources/_AtomicsShims/include/module.modulemap -Xcc -fmodule-map-file\=/Users/admin/builder/spi-builder-workspace/.dependencies/checkouts/swift-numerics/Sources/_NumericsShims/include/module.modulemap -Xcc -fmodule-map-file\=/Users/admin/builder/spi-builder-workspace/.derivedData/Build/Intermediates.noindex/GeneratedModuleMaps-xros/SpeziFoundationObjC.modulemap -Xcc -fmodule-map-file\=/Users/admin/builder/spi-builder-workspace/.dependencies/checkouts/swift-cmark/src/include/module.modulemap -Xcc -fmodule-map-file\=/Users/admin/builder/spi-builder-workspace/.dependencies/checkouts/swift-cmark/extensions/include/module.modulemap -DXcode -enable-upcoming-feature ExistentialAny -plugin-path /Applications/Xcode-27.0.0-Release.Candidate.app/Contents/Developer/Toolchains/XcodeDefault.xctoolchain/usr/lib/swift/host/plugins/testing -enable-experimental-feature DebugDescriptionMacro -sdk /Applications/Xcode-27.0.0-Release.Candidate.app/Contents/Developer/Platforms/XROS.platform/Developer/SDKs/XROS27.0.sdk -target arm64-apple-xros1.0 -g -module-cache-path /Users/admin/builder/spi-builder-workspace/.derivedData/ModuleCache.noindex -Xfrontend -serialize-debugging-options -profile-coverage-mapping -profile-generate -enable-testing -index-store-path /Users/admin/builder/spi-builder-workspace/.derivedData/Index.noindex/DataStore -Xcc -D_LIBCPP_HARDENING_MODE\=_LIBCPP_HARDENING_MODE_DEBUG -swift-version 6 -I /Users/admin/builder/spi-builder-workspace/.derivedData/Build/Products/Debug-xros -Isystem /Applications/Xcode-27.0.0-Release.Candidate.app/Contents/Developer/Platforms/XROS.platform/Developer/usr/lib -F /Users/admin/builder/spi-builder-workspace/.derivedData/Build/Products/Debug-xros/PackageFrameworks -F /Users/admin/builder/spi-builder-workspace/.derivedData/Build/Products/Debug-xros -F /Applications/Xcode-27.0.0-Release.Candidate.app/Contents/Developer/Platforms/XROS.platform/Developer/Library/Frameworks -F /Applications/Xcode-27.0.0-Release.Candidate.app/Contents/Developer/Platforms/XROS.platform/Developer/SDKs/XROS27.0.sdk/Developer/Library/Frameworks -Xfrontend -load-plugin-executable -Xfrontend /Users/admin/builder/spi-builder-workspace/.derivedData/Build/Products/Debug/ThreadLocalMacros\#ThreadLocalMacros -emit-localized-strings -emit-localized-strings-path /Users/admin/builder/spi-builder-workspace/.derivedData/Build/Intermediates.noindex/SpeziQuestionnaire.build/Debug-xros/SpeziTimedWalkTest-t.build/Objects-normal/arm64 -c -j10 -enable-batch-mode -incremental -Xcc -ivfsstatcache -Xcc /Users/admin/builder/spi-builder-workspace/.derivedData/SDKStatCaches.noindex/xros27.0-24M361-e829b21a6f8c9b70876ba0858053c044735bd543db762f57723cac368afd1ce4.sdkstatcache -output-file-map /Users/admin/builder/spi-builder-workspace/.derivedData/Build/Intermediates.noindex/SpeziQuestionnaire.build/Debug-xros/SpeziTimedWalkTest-t.build/Objects-normal/arm64/SpeziTimedWalkTest-OutputFileMap.json -save-temps -no-color-diagnostics -explicit-module-build -module-cache-path /Users/admin/builder/spi-builder-workspace/.derivedData/Build/Intermediates.noindex/SwiftExplicitPrecompiledModules -clang-scanner-module-cache-path /Users/admin/builder/spi-builder-workspace/.derivedData/ModuleCache.noindex -sdk-module-cache-path /Users/admin/builder/spi-builder-workspace/.derivedData/SDKExplicitPrecompiledModules -emit-dependencies -emit-module -emit-module-path /Users/admin/builder/spi-builder-workspace/.derivedData/Build/Intermediates.noindex/SpeziQuestionnaire.build/Debug-xros/SpeziTimedWalkTest-t.build/Objects-normal/arm64/SpeziTimedWalkTest.swiftmodule -serialize-diagnostics -dependency-scan-serialize-diagnostics-path /Users/admin/builder/spi-builder-workspace/.derivedData/Build/Intermediates.noindex/SpeziQuestionnaire.build/Debug-xros/SpeziTimedWalkTest-t.build/Objects-normal/arm64/SpeziTimedWalkTest-dependency-scan.dia -validate-clang-modules-once -clang-build-session-file /Users/admin/builder/spi-builder-workspace/.derivedData/ModuleCache.noindex/Session.modulevalidation -Xcc -fmodules-prune-interval\=86400 -Xcc -fmodules-prune-after\=345600 -package-name spi_builder_workspace -emit-const-values -const-gather-protocols-list /Users/admin/builder/spi-builder-workspace/.derivedData/Build/Intermediates.noindex/SpeziQuestionnaire.build/Debug-xros/SpeziTimedWalkTest-t.build/Objects-normal/arm64/SpeziTimedWalkTest_const_extract_protocols.json -Xcc -I/Users/admin/builder/spi-builder-workspace/.dependencies/checkouts/zstd/lib -Xcc -I/Users/admin/builder/spi-builder-workspace/.dependencies/checkouts/swift-atomics/Sources/_AtomicsShims/include -Xcc -I/Users/admin/builder/spi-builder-workspace/.dependencies/checkouts/swift-numerics/Sources/_NumericsShims/include -Xcc -I/Users/admin/builder/spi-builder-workspace/.dependencies/checkouts/SpeziFoundation/Sources/SpeziFoundationObjC/include -Xcc -I/Users/admin/builder/spi-builder-workspace/.dependencies/checkouts/swift-cmark/src/include -Xcc -I/Users/admin/builder/spi-builder-workspace/.dependencies/checkouts/swift-cmark/extensions/include -Xcc -I/Users/admin/builder/spi-builder-workspace/.derivedData/Build/Products/Debug-xros/include -Xcc -I/Users/admin/builder/spi-builder-workspace/.derivedData/Build/Intermediates.noindex/SpeziQuestionnaire.build/Debug-xros/SpeziTimedWalkTest-t.build/DerivedSources-normal/arm64 -Xcc -I/Users/admin/builder/spi-builder-workspace/.derivedData/Build/Intermediates.noindex/SpeziQuestionnaire.build/Debug-xros/SpeziTimedWalkTest-t.build/DerivedSources/arm64 -Xcc -I/Users/admin/builder/spi-builder-workspace/.derivedData/Build/Intermediates.noindex/SpeziQuestionnaire.build/Debug-xros/SpeziTimedWalkTest-t.build/DerivedSources -Xcc -DSWIFT_PACKAGE -Xcc -DDEBUG\=1 -emit-objc-header -emit-objc-header-path /Users/admin/builder/spi-builder-workspace/.derivedData/Build/Intermediates.noindex/SpeziQuestionnaire.build/Debug-xros/SpeziTimedWalkTest-t.build/Objects-normal/arm64/SpeziTimedWalkTest-Swift.h -working-directory /Users/admin/builder/spi-builder-workspace/.swiftpm/xcode -experimental-emit-module-separately -disable-cmo
SwiftDriverJobDiscovery normal arm64 Compiling ShimmerModifier.swift, SkeletonLoadingModifier.swift, OperationStateAlert.swift, ViewStateAlert.swift, ViewStateMapper.swift, AsyncButton.swift (in target 'SpeziViews' from project 'SpeziViews')
SwiftDriverJobDiscovery normal arm64 Compiling ViewState.swift, ConfigureTipKit.swift, ManagedViewUpdate.swift, LiquidGlass.swift, ReverseLabelStyle.swift, AnyLocalizedError.swift (in target 'SpeziViews' from project 'SpeziViews')
SwiftDriverJobDiscovery normal arm64 Compiling CanvasView.swift, PencilKit+Utils.swift, DescriptionGridRow.swift, DynamicHStack.swift, HorizontalGeometryReader.swift, ResizeToFit.swift (in target 'SpeziViews' from project 'SpeziViews')
SwiftDriverJobDiscovery normal arm64 Compiling LabeledContent+Init.swift, ListHeader.swift, ListRow.swift, IllegalNavigationStepView.swift, ManagedNavigationStack+Path.swift, ManagedNavigationStack.swift (in target 'SpeziViews' from project 'SpeziViews')
SwiftDriverJobDiscovery normal arm64 Compiling AsyncButtonProcessingStyle.swift, DismissButton.swift, InfoButton.swift, CaseIterablePicker.swift, OptionSetPicker.swift, PickerValue.swift (in target 'SpeziViews' from project 'SpeziViews')
SwiftExplicitDependencyGeneratePcm arm64 /Users/admin/builder/spi-builder-workspace/.derivedData/SDKExplicitPrecompiledModules/HealthKit-6RKPYZSYXUCVY12JOQFTQ79M7.pcm
SwiftDriver\ Compilation SpeziViews normal arm64 com.apple.xcode.tools.swift.compiler (in target 'SpeziViews' from project 'SpeziViews')
    cd /Users/admin/builder/spi-builder-workspace/.swiftpm/xcode
    builtin-Swift-Compilation -- /Applications/Xcode-27.0.0-Release.Candidate.app/Contents/Developer/Toolchains/XcodeDefault.xctoolchain/usr/bin/swiftc -parse-as-library -module-name SpeziViews -Onone @/Users/admin/builder/spi-builder-workspace/.derivedData/Build/Intermediates.noindex/SpeziViews.build/Debug-xros/SpeziViews-t.build/Objects-normal/arm64/SpeziViews.SwiftFileList -DSWIFT_PACKAGE -DDEBUG -DSWIFT_MODULE_RESOURCE_BUNDLE_AVAILABLE -Xcc -fmodule-map-file\=/Users/admin/builder/spi-builder-workspace/.dependencies/checkouts/zstd/lib/module.modulemap -Xcc -fmodule-map-file\=/Users/admin/builder/spi-builder-workspace/.dependencies/checkouts/swift-atomics/Sources/_AtomicsShims/include/module.modulemap -Xcc -fmodule-map-file\=/Users/admin/builder/spi-builder-workspace/.dependencies/checkouts/swift-numerics/Sources/_NumericsShims/include/module.modulemap -Xcc -fmodule-map-file\=/Users/admin/builder/spi-builder-workspace/.derivedData/Build/Intermediates.noindex/GeneratedModuleMaps-xros/SpeziFoundationObjC.modulemap -Xcc -fmodule-map-file\=/Users/admin/builder/spi-builder-workspace/.dependencies/checkouts/swift-cmark/src/include/module.modulemap -Xcc -fmodule-map-file\=/Users/admin/builder/spi-builder-workspace/.dependencies/checkouts/swift-cmark/extensions/include/module.modulemap -DXcode -plugin-path /Applications/Xcode-27.0.0-Release.Candidate.app/Contents/Developer/Toolchains/XcodeDefault.xctoolchain/usr/lib/swift/host/plugins/testing -enable-experimental-feature DebugDescriptionMacro -sdk /Applications/Xcode-27.0.0-Release.Candidate.app/Contents/Developer/Platforms/XROS.platform/Developer/SDKs/XROS27.0.sdk -target arm64-apple-xros1.0 -g -module-cache-path /Users/admin/builder/spi-builder-workspace/.derivedData/ModuleCache.noindex -Xfrontend -serialize-debugging-options -profile-coverage-mapping -profile-generate -enable-testing -suppress-warnings -index-store-path /Users/admin/builder/spi-builder-workspace/.derivedData/Index.noindex/DataStore -Xcc -D_LIBCPP_HARDENING_MODE\=_LIBCPP_HARDENING_MODE_DEBUG -swift-version 6 -I /Users/admin/builder/spi-builder-workspace/.derivedData/Build/Products/Debug-xros -Isystem /Applications/Xcode-27.0.0-Release.Candidate.app/Contents/Developer/Platforms/XROS.platform/Developer/usr/lib -F /Users/admin/builder/spi-builder-workspace/.derivedData/Build/Products/Debug-xros/PackageFrameworks -F /Users/admin/builder/spi-builder-workspace/.derivedData/Build/Products/Debug-xros -F /Applications/Xcode-27.0.0-Release.Candidate.app/Contents/Developer/Platforms/XROS.platform/Developer/Library/Frameworks -F /Applications/Xcode-27.0.0-Release.Candidate.app/Contents/Developer/Platforms/XROS.platform/Developer/SDKs/XROS27.0.sdk/Developer/Library/Frameworks -Xfrontend -load-plugin-executable -Xfrontend /Users/admin/builder/spi-builder-workspace/.derivedData/Build/Products/Debug/ThreadLocalMacros\#ThreadLocalMacros -emit-localized-strings -emit-localized-strings-path /Users/admin/builder/spi-builder-workspace/.derivedData/Build/Intermediates.noindex/SpeziViews.build/Debug-xros/SpeziViews-t.build/Objects-normal/arm64 -c -j10 -enable-batch-mode -incremental -Xcc -ivfsstatcache -Xcc /Users/admin/builder/spi-builder-workspace/.derivedData/SDKStatCaches.noindex/xros27.0-24M361-e829b21a6f8c9b70876ba0858053c044735bd543db762f57723cac368afd1ce4.sdkstatcache -output-file-map /Users/admin/builder/spi-builder-workspace/.derivedData/Build/Intermediates.noindex/SpeziViews.build/Debug-xros/SpeziViews-t.build/Objects-normal/arm64/SpeziViews-OutputFileMap.json -save-temps -no-color-diagnostics -explicit-module-build -module-cache-path /Users/admin/builder/spi-builder-workspace/.derivedData/Build/Intermediates.noindex/SwiftExplicitPrecompiledModules -clang-scanner-module-cache-path /Users/admin/builder/spi-builder-workspace/.derivedData/ModuleCache.noindex -sdk-module-cache-path /Users/admin/builder/spi-builder-workspace/.derivedData/SDKExplicitPrecompiledModules -emit-dependencies -emit-module -emit-module-path /Users/admin/builder/spi-builder-workspace/.derivedData/Build/Intermediates.noindex/SpeziViews.build/Debug-xros/SpeziViews-t.build/Objects-normal/arm64/SpeziViews.swiftmodule -serialize-diagnostics -dependency-scan-serialize-diagnostics-path /Users/admin/builder/spi-builder-workspace/.derivedData/Build/Intermediates.noindex/SpeziViews.build/Debug-xros/SpeziViews-t.build/Objects-normal/arm64/SpeziViews-dependency-scan.dia -user-module-version 1.12.14 -validate-clang-modules-once -clang-build-session-file /Users/admin/builder/spi-builder-workspace/.derivedData/ModuleCache.noindex/Session.modulevalidation -Xcc -fmodules-prune-interval\=86400 -Xcc -fmodules-prune-after\=345600 -package-name speziviews -emit-const-values -const-gather-protocols-list /Users/admin/builder/spi-builder-workspace/.derivedData/Build/Intermediates.noindex/SpeziViews.build/Debug-xros/SpeziViews-t.build/Objects-normal/arm64/SpeziViews_const_extract_protocols.json -Xcc -I/Users/admin/builder/spi-builder-workspace/.dependencies/checkouts/zstd/lib -Xcc -I/Users/admin/builder/spi-builder-workspace/.dependencies/checkouts/swift-atomics/Sources/_AtomicsShims/include -Xcc -I/Users/admin/builder/spi-builder-workspace/.dependencies/checkouts/swift-numerics/Sources/_NumericsShims/include -Xcc -I/Users/admin/builder/spi-builder-workspace/.dependencies/checkouts/SpeziFoundation/Sources/SpeziFoundationObjC/include -Xcc -I/Users/admin/builder/spi-builder-workspace/.dependencies/checkouts/swift-cmark/src/include -Xcc -I/Users/admin/builder/spi-builder-workspace/.dependencies/checkouts/swift-cmark/extensions/include -Xcc -I/Users/admin/builder/spi-builder-workspace/.derivedData/Build/Products/Debug-xros/include -Xcc -I/Users/admin/builder/spi-builder-workspace/.derivedData/Build/Intermediates.noindex/SpeziViews.build/Debug-xros/SpeziViews-t.build/DerivedSources-normal/arm64 -Xcc -I/Users/admin/builder/spi-builder-workspace/.derivedData/Build/Intermediates.noindex/SpeziViews.build/Debug-xros/SpeziViews-t.build/DerivedSources/arm64 -Xcc -I/Users/admin/builder/spi-builder-workspace/.derivedData/Build/Intermediates.noindex/SpeziViews.build/Debug-xros/SpeziViews-t.build/DerivedSources -Xcc -DSWIFT_PACKAGE -Xcc -DDEBUG\=1 -emit-objc-header -emit-objc-header-path /Users/admin/builder/spi-builder-workspace/.derivedData/Build/Intermediates.noindex/SpeziViews.build/Debug-xros/SpeziViews-t.build/Objects-normal/arm64/SpeziViews-Swift.h -working-directory /Users/admin/builder/spi-builder-workspace/.swiftpm/xcode -experimental-emit-module-separately -disable-cmo
Ld /Users/admin/builder/spi-builder-workspace/.derivedData/Build/Products/Debug-xros/SpeziViews.o normal (in target 'SpeziViews' from project 'SpeziViews')
    cd /Users/admin/builder/spi-builder-workspace/.dependencies/checkouts/SpeziViews
    /Applications/Xcode-27.0.0-Release.Candidate.app/Contents/Developer/Toolchains/XcodeDefault.xctoolchain/usr/bin/clang -Xlinker -reproducible -target arm64-apple-xros1.0 -r -isysroot /Applications/Xcode-27.0.0-Release.Candidate.app/Contents/Developer/Platforms/XROS.platform/Developer/SDKs/XROS27.0.sdk -O0 -w -Xlinker -no_warn_duplicate_libraries -F/Users/admin/builder/spi-builder-workspace/.derivedData/Build/Intermediates.noindex/EagerLinkingTBDs/Debug-xros -F/Users/admin/builder/spi-builder-workspace/.derivedData/Build/Products/Debug-xros/PackageFrameworks -F/Users/admin/builder/spi-builder-workspace/.derivedData/Build/Products/Debug-xros -iframework /Applications/Xcode-27.0.0-Release.Candidate.app/Contents/Developer/Platforms/XROS.platform/Developer/Library/Frameworks -iframework /Applications/Xcode-27.0.0-Release.Candidate.app/Contents/Developer/Platforms/XROS.platform/Developer/SDKs/XROS27.0.sdk/Developer/Library/Frameworks -filelist /Users/admin/builder/spi-builder-workspace/.derivedData/Build/Intermediates.noindex/SpeziViews.build/Debug-xros/SpeziViews-t.build/Objects-normal/arm64/SpeziViews.LinkFileList -nostdlib -Xlinker -object_path_lto -Xlinker /Users/admin/builder/spi-builder-workspace/.derivedData/Build/Intermediates.noindex/SpeziViews.build/Debug-xros/SpeziViews-t.build/Objects-normal/arm64/SpeziViews_lto.o -Xlinker -no_deduplicate -Xlinker -debug_variant -Xlinker -dependency_info -Xlinker /Users/admin/builder/spi-builder-workspace/.derivedData/Build/Intermediates.noindex/SpeziViews.build/Debug-xros/SpeziViews-t.build/Objects-normal/arm64/SpeziViews_dependency_info.dat -fobjc-link-runtime -L/Applications/Xcode-27.0.0-Release.Candidate.app/Contents/Developer/Toolchains/XcodeDefault.xctoolchain/usr/lib/swift/xros -L/usr/lib/swift -Xlinker -add_ast_path -Xlinker /Users/admin/builder/spi-builder-workspace/.derivedData/Build/Intermediates.noindex/SpeziViews.build/Debug-xros/SpeziViews-t.build/Objects-normal/arm64/SpeziViews.swiftmodule -o /Users/admin/builder/spi-builder-workspace/.derivedData/Build/Products/Debug-xros/SpeziViews.o
ExtractAppIntentsMetadata (in target 'SpeziViews' from project 'SpeziViews')
    cd /Users/admin/builder/spi-builder-workspace/.dependencies/checkouts/SpeziViews
    /Applications/Xcode-27.0.0-Release.Candidate.app/Contents/Developer/Toolchains/XcodeDefault.xctoolchain/usr/bin/appintentsmetadataprocessor --toolchain-dir /var/run/com.apple.security.cryptexd/mnt/com.apple.MobileAsset.MetalToolchain-v27.1.266.1.AW7yzk/Metal.xctoolchain --module-name SpeziViews --sdk-root /Applications/Xcode-27.0.0-Release.Candidate.app/Contents/Developer/Platforms/XROS.platform/Developer/SDKs/XROS27.0.sdk --xcode-version 27A266a --platform-family xrOS --deployment-target 1.0 --bundle-identifier speziviews.SpeziViews --output /Users/admin/builder/spi-builder-workspace/.derivedData/Build/Products/Debug-xros/SpeziViews.appintents --target-triple arm64-apple-xros1.0 --binary-file /Users/admin/builder/spi-builder-workspace/.derivedData/Build/Products/Debug-xros/SpeziViews.o --dependency-file /Users/admin/builder/spi-builder-workspace/.derivedData/Build/Intermediates.noindex/SpeziViews.build/Debug-xros/SpeziViews-t.build/Objects-normal/arm64/SpeziViews_dependency_info.dat --stringsdata-file /Users/admin/builder/spi-builder-workspace/.derivedData/Build/Intermediates.noindex/SpeziViews.build/Debug-xros/SpeziViews-t.build/Objects-normal/arm64/ExtractedAppShortcutsMetadata.stringsdata --source-file-list /Users/admin/builder/spi-builder-workspace/.derivedData/Build/Intermediates.noindex/SpeziViews.build/Debug-xros/SpeziViews-t.build/Objects-normal/arm64/SpeziViews.SwiftFileList --metadata-file-list /Users/admin/builder/spi-builder-workspace/.derivedData/Build/Intermediates.noindex/SpeziViews.build/Debug-xros/SpeziViews-t.build/SpeziViews.DependencyMetadataFileList --static-metadata-file-list /Users/admin/builder/spi-builder-workspace/.derivedData/Build/Intermediates.noindex/SpeziViews.build/Debug-xros/SpeziViews-t.build/SpeziViews.DependencyStaticMetadataFileList --swift-const-vals-list /Users/admin/builder/spi-builder-workspace/.derivedData/Build/Intermediates.noindex/SpeziViews.build/Debug-xros/SpeziViews-t.build/Objects-normal/arm64/SpeziViews.SwiftConstValuesFileList --force --compile-time-extraction --deployment-aware-processing --no-app-shortcuts-localization
2026-09-24 15:57:16.704 appintentsmetadataprocessor[2478:13340] Starting appintentsmetadataprocessor export
2026-09-24 15:57:16.765 appintentsmetadataprocessor[2478:13340] Extracted no relevant App Intents symbols, skipping writing output
SwiftEmitModule normal arm64 Emitting\ module\ for\ SpeziTimedWalkTest (in target 'SpeziTimedWalkTest' from project 'SpeziQuestionnaire')
SwiftCompile normal arm64 (in target 'SpeziTimedWalkTest' from project 'SpeziQuestionnaire')
    cd /Users/admin/builder/spi-builder-workspace/.swiftpm/xcode

SwiftCompile normal arm64 Compiling\ TimedWalkTestViewModel.swift /Users/admin/builder/spi-builder-workspace/Sources/SpeziTimedWalkTest/TimedWalkTestViewModel.swift (in target 'SpeziTimedWalkTest' from project 'SpeziQuestionnaire')
/Users/admin/builder/spi-builder-workspace/Sources/SpeziTimedWalkTest/TimedWalkTestViewModel.swift:17:21: error: 'CMPedometer' is unavailable in visionOS
 15 | @Observable
 16 | class TimedWalkTestViewModel: Sendable {
 17 |     let pedometer = CMPedometer()
    |                     `- error: 'CMPedometer' is unavailable in visionOS
 18 |
 19 |     let timedWalkTest: TimedWalkTest
/Applications/Xcode-27.0.0-Release.Candidate.app/Contents/Developer/Platforms/XROS.platform/Developer/SDKs/XROS27.0.sdk/System/Library/Frameworks/CoreMotion.framework/Headers/CMPedometer.h:208:12: note: 'CMPedometer' has been explicitly marked unavailable here
206 |  */
207 | COREMOTION_EXPORT API_AVAILABLE(ios(8.0)) API_UNAVAILABLE(visionos)
208 | @interface CMPedometer : NSObject
    |            `- note: 'CMPedometer' has been explicitly marked unavailable here
209 |
210 | /*
/Users/admin/builder/spi-builder-workspace/Sources/SpeziTimedWalkTest/TimedWalkTestViewModel.swift:22:54: error: 'CMPedometer' is unavailable in visionOS
 20 |     let completion: (TimedWalkTestViewResult) -> Void
 21 |
 22 |     var authorizationStatus: CMAuthorizationStatus = CMPedometer.authorizationStatus()
    |                                                      `- error: 'CMPedometer' is unavailable in visionOS
 23 |     var walkTestStartDate: Date?
 24 |     var walkTestResponse: TimedWalkTestViewResult?
/Applications/Xcode-27.0.0-Release.Candidate.app/Contents/Developer/Platforms/XROS.platform/Developer/SDKs/XROS27.0.sdk/System/Library/Frameworks/CoreMotion.framework/Headers/CMPedometer.h:208:12: note: 'CMPedometer' has been explicitly marked unavailable here
206 |  */
207 | COREMOTION_EXPORT API_AVAILABLE(ios(8.0)) API_UNAVAILABLE(visionos)
208 | @interface CMPedometer : NSObject
    |            `- note: 'CMPedometer' has been explicitly marked unavailable here
209 |
210 | /*
macro expansion @ObservationTracked:2:60: error: 'CMPedometer' is unavailable in visionOS
`- /Users/admin/builder/spi-builder-workspace/Sources/SpeziTimedWalkTest/TimedWalkTestViewModel.swift:22:87: note: expanded code originates here
 20 |     let completion: (TimedWalkTestViewResult) -> Void
 21 |
 22 |     var authorizationStatus: CMAuthorizationStatus = CMPedometer.authorizationStatus()
    +--- macro expansion @ObservationTracked ---------------------------
    |1 | @ObservationIgnored
    |2 | private  var _authorizationStatus: CMAuthorizationStatus = CMPedometer.authorizationStatus()
    |  |                                                            `- error: 'CMPedometer' is unavailable in visionOS
    +-------------------------------------------------------------------
 23 |     var walkTestStartDate: Date?
 24 |     var walkTestResponse: TimedWalkTestViewResult?
/Applications/Xcode-27.0.0-Release.Candidate.app/Contents/Developer/Platforms/XROS.platform/Developer/SDKs/XROS27.0.sdk/System/Library/Frameworks/CoreMotion.framework/Headers/CMPedometer.h:208:12: note: 'CMPedometer' has been explicitly marked unavailable here
206 |  */
207 | COREMOTION_EXPORT API_AVAILABLE(ios(8.0)) API_UNAVAILABLE(visionos)
208 | @interface CMPedometer : NSObject
    |            `- note: 'CMPedometer' has been explicitly marked unavailable here
209 |
210 | /*
/Users/admin/builder/spi-builder-workspace/Sources/SpeziTimedWalkTest/TimedWalkTestViewModel.swift:43:15: error: 'CMPedometer' is unavailable in visionOS
 41 |     func requestPedemoterAccess() {
 42 |         #if !targetEnvironment(simulator)
 43 |         guard CMPedometer.isStepCountingAvailable() else {
    |               `- error: 'CMPedometer' is unavailable in visionOS
 44 |             walkTestResponse = .failed(.unauthorized)
 45 |             return
/Applications/Xcode-27.0.0-Release.Candidate.app/Contents/Developer/Platforms/XROS.platform/Developer/SDKs/XROS27.0.sdk/System/Library/Frameworks/CoreMotion.framework/Headers/CMPedometer.h:208:12: note: 'CMPedometer' has been explicitly marked unavailable here
206 |  */
207 | COREMOTION_EXPORT API_AVAILABLE(ios(8.0)) API_UNAVAILABLE(visionos)
208 | @interface CMPedometer : NSObject
    |            `- note: 'CMPedometer' has been explicitly marked unavailable here
209 |
210 | /*
/Users/admin/builder/spi-builder-workspace/Sources/SpeziTimedWalkTest/TimedWalkTestViewModel.swift:50:44: error: 'CMPedometer' is unavailable in visionOS
 48 |         pedometer.queryPedometerData(from: .now, to: .now) { data, error in
 49 |             if data != nil {
 50 |                 self.authorizationStatus = CMPedometer.authorizationStatus()
    |                                            `- error: 'CMPedometer' is unavailable in visionOS
 51 |             } else {
 52 |                 self.walkTestResponse = .failed(TimedWalkTestError(errorCode: (error as? NSError)?.code ?? -1))
/Applications/Xcode-27.0.0-Release.Candidate.app/Contents/Developer/Platforms/XROS.platform/Developer/SDKs/XROS27.0.sdk/System/Library/Frameworks/CoreMotion.framework/Headers/CMPedometer.h:208:12: note: 'CMPedometer' has been explicitly marked unavailable here
206 |  */
207 | COREMOTION_EXPORT API_AVAILABLE(ios(8.0)) API_UNAVAILABLE(visionos)
208 | @interface CMPedometer : NSObject
    |            `- note: 'CMPedometer' has been explicitly marked unavailable here
209 |
210 | /*
/Users/admin/builder/spi-builder-workspace/Sources/SpeziTimedWalkTest/TimedWalkTestViewModel.swift:64:17: warning: unstructured throwing task created by 'init(name:priority:operation:)' is not used, which may accidentally ignore errors thrown inside the task [#NoUseUnstructuredThrowingTask]
 62 |             self.walkTestStartDate = .now
 63 |             defer {
 64 |                 Task {
    |                 |- warning: unstructured throwing task created by 'init(name:priority:operation:)' is not used, which may accidentally ignore errors thrown inside the task [#NoUseUnstructuredThrowingTask]
    |                 `- note: to silence this warning, handle the error inside the task, or store/discard the task value explicitly
 65 |                     try await Task.sleep(for: .seconds(0.2))
 66 |                     self.walkTestStartDate = nil
[#NoUseUnstructuredThrowingTask]: <https://docs.swift.org/compiler/documentation/diagnostics/no-use-throwing-unstructured-task>
Failed frontend command:
/Applications/Xcode-27.0.0-Release.Candidate.app/Contents/Developer/Toolchains/XcodeDefault.xctoolchain/usr/bin/swift-frontend -frontend -c /Users/admin/builder/spi-builder-workspace/.derivedData/Build/Intermediates.noindex/SpeziQuestionnaire.build/Debug-xros/SpeziTimedWalkTest-t.build/DerivedSources/resource_bundle_accessor.swift /Users/admin/builder/spi-builder-workspace/Sources/SpeziTimedWalkTest/ObservationExtension.swift /Users/admin/builder/spi-builder-workspace/Sources/SpeziTimedWalkTest/TimedWalkTest.swift /Users/admin/builder/spi-builder-workspace/Sources/SpeziTimedWalkTest/TimedWalkTestCancelModifier.swift /Users/admin/builder/spi-builder-workspace/Sources/SpeziTimedWalkTest/TimedWalkTestCompletedView.swift /Users/admin/builder/spi-builder-workspace/Sources/SpeziTimedWalkTest/TimedWalkTestError.swift /Users/admin/builder/spi-builder-workspace/Sources/SpeziTimedWalkTest/TimedWalkTestResult.swift /Users/admin/builder/spi-builder-workspace/Sources/SpeziTimedWalkTest/TimedWalkTestRunningView.swift /Users/admin/builder/spi-builder-workspace/Sources/SpeziTimedWalkTest/TimedWalkTestView.swift -primary-file /Users/admin/builder/spi-builder-workspace/Sources/SpeziTimedWalkTest/TimedWalkTestViewModel.swift /Users/admin/builder/spi-builder-workspace/Sources/SpeziTimedWalkTest/TimedWalkTestViewResult.swift /Users/admin/builder/spi-builder-workspace/.derivedData/Build/Intermediates.noindex/SpeziQuestionnaire.build/Debug-xros/SpeziTimedWalkTest-t.build/DerivedSources/GeneratedStringSymbols_Localizable.swift -emit-dependencies-path /Users/admin/builder/spi-builder-workspace/.derivedData/Build/Intermediates.noindex/SpeziQuestionnaire.build/Debug-xros/SpeziTimedWalkTest-t.build/Objects-normal/arm64/TimedWalkTestViewModel.d -emit-const-values-path /Users/admin/builder/spi-builder-workspace/.derivedData/Build/Intermediates.noindex/SpeziQuestionnaire.build/Debug-xros/SpeziTimedWalkTest-t.build/Objects-normal/arm64/TimedWalkTestViewModel.swiftconstvalues -emit-reference-dependencies-path /Users/admin/builder/spi-builder-workspace/.derivedData/Build/Intermediates.noindex/SpeziQuestionnaire.build/Debug-xros/SpeziTimedWalkTest-t.build/Objects-normal/arm64/TimedWalkTestViewModel.swiftdeps -serialize-diagnostics-path /Users/admin/builder/spi-builder-workspace/.derivedData/Build/Intermediates.noindex/SpeziQuestionnaire.build/Debug-xros/SpeziTimedWalkTest-t.build/Objects-normal/arm64/TimedWalkTestViewModel.dia -emit-localized-strings -emit-localized-strings-path /Users/admin/builder/spi-builder-workspace/.derivedData/Build/Intermediates.noindex/SpeziQuestionnaire.build/Debug-xros/SpeziTimedWalkTest-t.build/Objects-normal/arm64 -target arm64-apple-xros1.0 -disable-cross-import-overlay-search -load-resolved-plugin /Applications/Xcode-27.0.0-Release.Candidate.app/Contents/Developer/Platforms/XROS.platform/Developer/usr/lib/swift/host/plugins/libFoundationMacros.dylib\#/Applications/Xcode-27.0.0-Release.Candidate.app/Contents/Developer/Platforms/XROS.platform/Developer/usr/bin/swift-plugin-server\#FoundationMacros -load-resolved-plugin /Applications/Xcode-27.0.0-Release.Candidate.app/Contents/Developer/Platforms/XROS.platform/Developer/usr/lib/swift/host/plugins/libObservationMacros.dylib\#/Applications/Xcode-27.0.0-Release.Candidate.app/Contents/Developer/Platforms/XROS.platform/Developer/usr/bin/swift-plugin-server\#ObservationMacros -load-resolved-plugin /Applications/Xcode-27.0.0-Release.Candidate.app/Contents/Developer/Platforms/XROS.platform/Developer/usr/lib/swift/host/plugins/libPreviewsMacros.dylib\#/Applications/Xcode-27.0.0-Release.Candidate.app/Contents/Developer/Platforms/XROS.platform/Developer/usr/bin/swift-plugin-server\#PreviewsMacros -load-resolved-plugin /Applications/Xcode-27.0.0-Release.Candidate.app/Contents/Developer/Platforms/XROS.platform/Developer/usr/lib/swift/host/plugins/libSwiftMacros.dylib\#/Applications/Xcode-27.0.0-Release.Candidate.app/Contents/Developer/Platforms/XROS.platform/Developer/usr/bin/swift-plugin-server\#SwiftMacros -load-resolved-plugin /Applications/Xcode-27.0.0-Release.Candidate.app/Contents/Developer/Platforms/XROS.platform/Developer/usr/lib/swift/host/plugins/libSwiftUIMacros.dylib\#/Applications/Xcode-27.0.0-Release.Candidate.app/Contents/Developer/Platforms/XROS.platform/Developer/usr/bin/swift-plugin-server\#SwiftUIMacros -load-resolved-plugin \#/Users/admin/builder/spi-builder-workspace/.derivedData/Build/Products/Debug/ThreadLocalMacros\#ThreadLocalMacros -load-resolved-plugin /Applications/Xcode-27.0.0-Release.Candidate.app/Contents/Developer/Platforms/XROS.platform/Developer/usr/lib/swift/host/plugins/libTipKitMacros.dylib\#/Applications/Xcode-27.0.0-Release.Candidate.app/Contents/Developer/Platforms/XROS.platform/Developer/usr/bin/swift-plugin-server\#TipKitMacros -disable-implicit-swift-modules -Xcc -fno-implicit-modules -Xcc -fno-implicit-module-maps -explicit-swift-module-map-file /Users/admin/builder/spi-builder-workspace/.derivedData/Build/Intermediates.noindex/SpeziQuestionnaire.build/Debug-xros/SpeziTimedWalkTest-t.build/Objects-normal/arm64/SpeziTimedWalkTest-dependencies-1.json -Xllvm -aarch64-use-tbi -enable-objc-interop -stack-check -sdk /Applications/Xcode-27.0.0-Release.Candidate.app/Contents/Developer/Platforms/XROS.platform/Developer/SDKs/XROS27.0.sdk -I /Users/admin/builder/spi-builder-workspace/.derivedData/Build/Products/Debug-xros -Isystem /Applications/Xcode-27.0.0-Release.Candidate.app/Contents/Developer/Platforms/XROS.platform/Developer/usr/lib -F /Users/admin/builder/spi-builder-workspace/.derivedData/Build/Products/Debug-xros/PackageFrameworks -F /Users/admin/builder/spi-builder-workspace/.derivedData/Build/Products/Debug-xros -F /Applications/Xcode-27.0.0-Release.Candidate.app/Contents/Developer/Platforms/XROS.platform/Developer/Library/Frameworks -F /Applications/Xcode-27.0.0-Release.Candidate.app/Contents/Developer/Platforms/XROS.platform/Developer/SDKs/XROS27.0.sdk/Developer/Library/Frameworks -module-cache-path /Users/admin/builder/spi-builder-workspace/.derivedData/Build/Intermediates.noindex/SwiftExplicitPrecompiledModules -no-color-diagnostics -Xcc -fno-color-diagnostics -enable-testing -g -debug-info-format\=dwarf -dwarf-version\=4 -profile-generate -profile-coverage-mapping -swift-version 6 -Onone -D SWIFT_PACKAGE -D DEBUG -D SWIFT_MODULE_RESOURCE_BUNDLE_AVAILABLE -D Xcode -serialize-debugging-options -load-plugin-executable /Users/admin/builder/spi-builder-workspace/.derivedData/Build/Products/Debug/ThreadLocalMacros\#ThreadLocalMacros -enable-upcoming-feature ExistentialAny -enable-experimental-feature DebugDescriptionMacro -empty-abi-descriptor -validate-clang-modules-once -clang-build-session-file /Users/admin/builder/spi-builder-workspace/.derivedData/ModuleCache.noindex/Session.modulevalidation -Xcc -working-directory -Xcc /Users/admin/builder/spi-builder-workspace/.swiftpm/xcode -enable-anonymous-context-mangled-names -file-compilation-dir /Users/admin/builder/spi-builder-workspace/.swiftpm/xcode -Xcc -fmodule-map-file\=/Users/admin/builder/spi-builder-workspace/.dependencies/checkouts/zstd/lib/module.modulemap -Xcc -fmodule-map-file\=/Users/admin/builder/spi-builder-workspace/.dependencies/checkouts/swift-atomics/Sources/_AtomicsShims/include/module.modulemap -Xcc -fmodule-map-file\=/Users/admin/builder/spi-builder-workspace/.dependencies/checkouts/swift-numerics/Sources/_NumericsShims/include/module.modulemap -Xcc -fmodule-map-file\=/Users/admin/builder/spi-builder-workspace/.derivedData/Build/Intermediates.noindex/GeneratedModuleMaps-xros/SpeziFoundationObjC.modulemap -Xcc -fmodule-map-file\=/Users/admin/builder/spi-builder-workspace/.dependencies/checkouts/swift-cmark/src/include/module.modulemap -Xcc -fmodule-map-file\=/Users/admin/builder/spi-builder-workspace/.dependencies/checkouts/swift-cmark/extensions/include/module.modulemap -Xcc -D_LIBCPP_HARDENING_MODE\=_LIBCPP_HARDENING_MODE_DEBUG -Xcc -ivfsstatcache -Xcc /Users/admin/builder/spi-builder-workspace/.derivedData/SDKStatCaches.noindex/xros27.0-24M361-e829b21a6f8c9b70876ba0858053c044735bd543db762f57723cac368afd1ce4.sdkstatcache -Xcc -fmodules-prune-interval\=86400 -Xcc -fmodules-prune-after\=345600 -Xcc -I/Users/admin/builder/spi-builder-workspace/.dependencies/checkouts/zstd/lib -Xcc -I/Users/admin/builder/spi-builder-workspace/.dependencies/checkouts/swift-atomics/Sources/_AtomicsShims/include -Xcc -I/Users/admin/builder/spi-builder-workspace/.dependencies/checkouts/swift-numerics/Sources/_NumericsShims/include -Xcc -I/Users/admin/builder/spi-builder-workspace/.dependencies/checkouts/SpeziFoundation/Sources/SpeziFoundationObjC/include -Xcc -I/Users/admin/builder/spi-builder-workspace/.dependencies/checkouts/swift-cmark/src/include -Xcc -I/Users/admin/builder/spi-builder-workspace/.dependencies/checkouts/swift-cmark/extensions/include -Xcc -I/Users/admin/builder/spi-builder-workspace/.derivedData/Build/Products/Debug-xros/include -Xcc -I/Users/admin/builder/spi-builder-workspace/.derivedData/Build/Intermediates.noindex/SpeziQuestionnaire.build/Debug-xros/SpeziTimedWalkTest-t.build/DerivedSources-normal/arm64 -Xcc -I/Users/admin/builder/spi-builder-workspace/.derivedData/Build/Intermediates.noindex/SpeziQuestionnaire.build/Debug-xros/SpeziTimedWalkTest-t.build/DerivedSources/arm64 -Xcc -I/Users/admin/builder/spi-builder-workspace/.derivedData/Build/Intermediates.noindex/SpeziQuestionnaire.build/Debug-xros/SpeziTimedWalkTest-t.build/DerivedSources -Xcc -DSWIFT_PACKAGE -Xcc -DDEBUG\=1 -no-auto-bridging-header-chaining -module-name SpeziTimedWalkTest -package-name spi_builder_workspace -const-gather-protocols-file /Users/admin/builder/spi-builder-workspace/.derivedData/Build/Intermediates.noindex/SpeziQuestionnaire.build/Debug-xros/SpeziTimedWalkTest-t.build/Objects-normal/arm64/SpeziTimedWalkTest_const_extract_protocols.json -disable-clang-spi -clang-target arm64-apple-xros27.0 -target-sdk-version 27.0 -target-sdk-name xros27.0 -in-process-plugin-server-path /Applications/Xcode-27.0.0-Release.Candidate.app/Contents/Developer/Toolchains/XcodeDefault.xctoolchain/usr/lib/swift/host/libSwiftInProcPluginServer.dylib -parse-as-library -o /Users/admin/builder/spi-builder-workspace/.derivedData/Build/Intermediates.noindex/SpeziQuestionnaire.build/Debug-xros/SpeziTimedWalkTest-t.build/Objects-normal/arm64/TimedWalkTestViewModel.o -debug-module-path /Users/admin/builder/spi-builder-workspace/.derivedData/Build/Intermediates.noindex/SpeziQuestionnaire.build/Debug-xros/SpeziTimedWalkTest-t.build/Objects-normal/arm64/SpeziTimedWalkTest.swiftmodule -index-unit-output-path /SpeziQuestionnaire.build/Debug-xros/SpeziTimedWalkTest-t.build/Objects-normal/arm64/TimedWalkTestViewModel.o -index-store-path /Users/admin/builder/spi-builder-workspace/.derivedData/Index.noindex/DataStore -index-system-modules
SwiftCompile normal arm64 /Users/admin/builder/spi-builder-workspace/Sources/SpeziTimedWalkTest/TimedWalkTestViewModel.swift (in target 'SpeziTimedWalkTest' from project 'SpeziQuestionnaire')
    cd /Users/admin/builder/spi-builder-workspace/.swiftpm/xcode
    builtin-SwiftPerFileCompile TimedWalkTestViewModel.swift
SwiftCompile normal arm64 Compiling\ TimedWalkTestCompletedView.swift /Users/admin/builder/spi-builder-workspace/Sources/SpeziTimedWalkTest/TimedWalkTestCompletedView.swift (in target 'SpeziTimedWalkTest' from project 'SpeziQuestionnaire')
SwiftCompile normal arm64 /Users/admin/builder/spi-builder-workspace/Sources/SpeziTimedWalkTest/TimedWalkTestCompletedView.swift (in target 'SpeziTimedWalkTest' from project 'SpeziQuestionnaire')
    cd /Users/admin/builder/spi-builder-workspace/.swiftpm/xcode
    builtin-SwiftPerFileCompile TimedWalkTestCompletedView.swift
SwiftCompile normal arm64 Compiling\ TimedWalkTestError.swift /Users/admin/builder/spi-builder-workspace/Sources/SpeziTimedWalkTest/TimedWalkTestError.swift (in target 'SpeziTimedWalkTest' from project 'SpeziQuestionnaire')
SwiftCompile normal arm64 /Users/admin/builder/spi-builder-workspace/Sources/SpeziTimedWalkTest/TimedWalkTestError.swift (in target 'SpeziTimedWalkTest' from project 'SpeziQuestionnaire')
    cd /Users/admin/builder/spi-builder-workspace/.swiftpm/xcode
    builtin-SwiftPerFileCompile TimedWalkTestError.swift
SwiftCompile normal arm64 Compiling\ resource_bundle_accessor.swift,\ ObservationExtension.swift /Users/admin/builder/spi-builder-workspace/.derivedData/Build/Intermediates.noindex/SpeziQuestionnaire.build/Debug-xros/SpeziTimedWalkTest-t.build/DerivedSources/resource_bundle_accessor.swift /Users/admin/builder/spi-builder-workspace/Sources/SpeziTimedWalkTest/ObservationExtension.swift (in target 'SpeziTimedWalkTest' from project 'SpeziQuestionnaire')
SwiftCompile normal arm64 /Users/admin/builder/spi-builder-workspace/.derivedData/Build/Intermediates.noindex/SpeziQuestionnaire.build/Debug-xros/SpeziTimedWalkTest-t.build/DerivedSources/resource_bundle_accessor.swift (in target 'SpeziTimedWalkTest' from project 'SpeziQuestionnaire')
    cd /Users/admin/builder/spi-builder-workspace/.swiftpm/xcode
    builtin-SwiftPerFileCompile resource_bundle_accessor.swift
SwiftCompile normal arm64 /Users/admin/builder/spi-builder-workspace/Sources/SpeziTimedWalkTest/ObservationExtension.swift (in target 'SpeziTimedWalkTest' from project 'SpeziQuestionnaire')
    cd /Users/admin/builder/spi-builder-workspace/.swiftpm/xcode
    builtin-SwiftPerFileCompile ObservationExtension.swift
SwiftCompile normal arm64 Compiling\ TimedWalkTestView.swift /Users/admin/builder/spi-builder-workspace/Sources/SpeziTimedWalkTest/TimedWalkTestView.swift (in target 'SpeziTimedWalkTest' from project 'SpeziQuestionnaire')
SwiftCompile normal arm64 /Users/admin/builder/spi-builder-workspace/Sources/SpeziTimedWalkTest/TimedWalkTestView.swift (in target 'SpeziTimedWalkTest' from project 'SpeziQuestionnaire')
    cd /Users/admin/builder/spi-builder-workspace/.swiftpm/xcode
    builtin-SwiftPerFileCompile TimedWalkTestView.swift
SwiftCompile normal arm64 Compiling\ TimedWalkTestResult.swift /Users/admin/builder/spi-builder-workspace/Sources/SpeziTimedWalkTest/TimedWalkTestResult.swift (in target 'SpeziTimedWalkTest' from project 'SpeziQuestionnaire')
SwiftCompile normal arm64 /Users/admin/builder/spi-builder-workspace/Sources/SpeziTimedWalkTest/TimedWalkTestResult.swift (in target 'SpeziTimedWalkTest' from project 'SpeziQuestionnaire')
    cd /Users/admin/builder/spi-builder-workspace/.swiftpm/xcode
    builtin-SwiftPerFileCompile TimedWalkTestResult.swift
SwiftCompile normal arm64 Compiling\ GeneratedStringSymbols_Localizable.swift /Users/admin/builder/spi-builder-workspace/.derivedData/Build/Intermediates.noindex/SpeziQuestionnaire.build/Debug-xros/SpeziTimedWalkTest-t.build/DerivedSources/GeneratedStringSymbols_Localizable.swift (in target 'SpeziTimedWalkTest' from project 'SpeziQuestionnaire')
SwiftCompile normal arm64 /Users/admin/builder/spi-builder-workspace/.derivedData/Build/Intermediates.noindex/SpeziQuestionnaire.build/Debug-xros/SpeziTimedWalkTest-t.build/DerivedSources/GeneratedStringSymbols_Localizable.swift (in target 'SpeziTimedWalkTest' from project 'SpeziQuestionnaire')
    cd /Users/admin/builder/spi-builder-workspace/.swiftpm/xcode
    builtin-SwiftPerFileCompile GeneratedStringSymbols_Localizable.swift
SwiftCompile normal arm64 Compiling\ TimedWalkTest.swift,\ TimedWalkTestCancelModifier.swift /Users/admin/builder/spi-builder-workspace/Sources/SpeziTimedWalkTest/TimedWalkTest.swift /Users/admin/builder/spi-builder-workspace/Sources/SpeziTimedWalkTest/TimedWalkTestCancelModifier.swift (in target 'SpeziTimedWalkTest' from project 'SpeziQuestionnaire')
SwiftCompile normal arm64 /Users/admin/builder/spi-builder-workspace/Sources/SpeziTimedWalkTest/TimedWalkTest.swift (in target 'SpeziTimedWalkTest' from project 'SpeziQuestionnaire')
    cd /Users/admin/builder/spi-builder-workspace/.swiftpm/xcode
    builtin-SwiftPerFileCompile TimedWalkTest.swift
SwiftCompile normal arm64 /Users/admin/builder/spi-builder-workspace/Sources/SpeziTimedWalkTest/TimedWalkTestCancelModifier.swift (in target 'SpeziTimedWalkTest' from project 'SpeziQuestionnaire')
    cd /Users/admin/builder/spi-builder-workspace/.swiftpm/xcode
    builtin-SwiftPerFileCompile TimedWalkTestCancelModifier.swift
SwiftCompile normal arm64 Compiling\ TimedWalkTestViewResult.swift /Users/admin/builder/spi-builder-workspace/Sources/SpeziTimedWalkTest/TimedWalkTestViewResult.swift (in target 'SpeziTimedWalkTest' from project 'SpeziQuestionnaire')
SwiftCompile normal arm64 /Users/admin/builder/spi-builder-workspace/Sources/SpeziTimedWalkTest/TimedWalkTestViewResult.swift (in target 'SpeziTimedWalkTest' from project 'SpeziQuestionnaire')
    cd /Users/admin/builder/spi-builder-workspace/.swiftpm/xcode
    builtin-SwiftPerFileCompile TimedWalkTestViewResult.swift
SwiftDriverJobDiscovery normal arm64 Compiling GeneratedStringSymbols_Localizable.swift (in target 'SpeziTimedWalkTest' from project 'SpeziQuestionnaire')
SwiftCompile normal arm64 Compiling\ TimedWalkTestRunningView.swift /Users/admin/builder/spi-builder-workspace/Sources/SpeziTimedWalkTest/TimedWalkTestRunningView.swift (in target 'SpeziTimedWalkTest' from project 'SpeziQuestionnaire')
SwiftCompile normal arm64 /Users/admin/builder/spi-builder-workspace/Sources/SpeziTimedWalkTest/TimedWalkTestRunningView.swift (in target 'SpeziTimedWalkTest' from project 'SpeziQuestionnaire')
    cd /Users/admin/builder/spi-builder-workspace/.swiftpm/xcode
    builtin-SwiftPerFileCompile TimedWalkTestRunningView.swift
SwiftDriverJobDiscovery normal arm64 Compiling TimedWalkTestResult.swift (in target 'SpeziTimedWalkTest' from project 'SpeziQuestionnaire')
PruneExplicitPrecompiledModules /Users/admin/builder/spi-builder-workspace/.derivedData/Build/Intermediates.noindex/ExplicitPrecompiledModules
PruneExplicitPrecompiledModules /Users/admin/builder/spi-builder-workspace/.derivedData/Build/Intermediates.noindex/SwiftExplicitPrecompiledModules
PruneExplicitPrecompiledModules /Users/admin/builder/spi-builder-workspace/.derivedData/SDKExplicitPrecompiledModules
2026-09-24 15:56:40.024 xcodebuild[1402:7585] [MT] IDERunDestination: Supported platforms for the buildables in the current scheme is empty.
** BUILD FAILED **
The following build commands failed:
	SwiftCompile normal arm64 Compiling\ TimedWalkTestViewModel.swift /Users/admin/builder/spi-builder-workspace/Sources/SpeziTimedWalkTest/TimedWalkTestViewModel.swift (in target 'SpeziTimedWalkTest' from project 'SpeziQuestionnaire')
	SwiftCompile normal arm64 /Users/admin/builder/spi-builder-workspace/Sources/SpeziTimedWalkTest/TimedWalkTestViewModel.swift (in target 'SpeziTimedWalkTest' from project 'SpeziQuestionnaire')
	Building workspace SpeziQuestionnaire with scheme SpeziQuestionnaire-Package
(3 failures)
Command line invocation:
    /Applications/Xcode-27.0.0-Release.Candidate.app/Contents/Developer/usr/bin/xcodebuild -IDEClonedSourcePackagesDirPathOverride=/Users/admin/builder/spi-builder-workspace/.dependencies -resolvePackageDependencies
Resolve Package Graph
failed to retrieve search paths with pkg-config; maybe pkg-config is not installedcouldn't find pc file for zlib
Resolved source packages:
  SpeziQuestionnaire: /Users/admin/builder/spi-builder-workspace
  SpeziViews: https://github.com/StanfordSpezi/SpeziViews.git @ 1.12.14
  swift-algorithms: https://github.com/apple/swift-algorithms.git @ 1.2.1
  FHIRModels: https://github.com/apple/FHIRModels.git @ 0.8.0
  NetworkImage: https://github.com/gonzalezreal/NetworkImage @ 6.0.1
  swift-log: https://github.com/apple/swift-log @ 1.15.1
  ResearchKit: https://github.com/StanfordBDHG/ResearchKit.git @ 3.1.4
  swift-numerics: https://github.com/apple/swift-numerics.git @ 1.1.1
  ResearchKitOnFHIR: https://github.com/StanfordBDHG/ResearchKitOnFHIR.git @ 2.0.10
  zstd: https://github.com/StanfordBDHG/zstd.git @ 1.5.8-beta.1
  SpeziFoundation: https://github.com/StanfordSpezi/SpeziFoundation.git @ 2.7.7
  Spezi: https://github.com/StanfordSpezi/Spezi.git @ 1.10.2
  RuntimeAssertions: https://github.com/StanfordBDHG/XCTRuntimeAssertions.git @ 2.2.0
  swift-markdown-ui: https://github.com/gonzalezreal/swift-markdown-ui.git @ 2.4.1
  swift-atomics: https://github.com/apple/swift-atomics.git @ 1.3.1
  cmark-gfm: https://github.com/swiftlang/swift-cmark @ 0.9.0
  ThreadLocal: https://github.com/StanfordBDHG/ThreadLocal.git @ 0.1.3
  swift-collections: https://github.com/apple/swift-collections.git @ 1.7.0
  Antlr4: https://github.com/antlr/antlr4.git @ 4.13.2
  swift-syntax: https://github.com/swiftlang/swift-syntax.git @ 603.0.2
resolved source packages: SpeziQuestionnaire, SpeziViews, swift-algorithms, FHIRModels, NetworkImage, swift-log, ResearchKit, swift-numerics, ResearchKitOnFHIR, zstd, SpeziFoundation, Spezi, RuntimeAssertions, swift-markdown-ui, swift-atomics, cmark-gfm, ThreadLocal, swift-collections, Antlr4, swift-syntax
2026-09-24 15:57:20.431 xcodebuild[2495:13427] [MT] IDERunDestination: Supported platforms for the buildables in the current scheme is empty.
{
  "default_localization" : "en",
  "dependencies" : [
    {
      "identity" : "speziviews",
      "requirement" : {
        "range" : [
          {
            "lower_bound" : "1.0.0",
            "upper_bound" : "2.0.0"
          }
        ]
      },
      "type" : "sourceControl",
      "url" : "https://github.com/StanfordSpezi/SpeziViews.git"
    },
    {
      "identity" : "fhirmodels",
      "requirement" : {
        "range" : [
          {
            "lower_bound" : "0.8.0",
            "upper_bound" : "0.9.0"
          }
        ]
      },
      "type" : "sourceControl",
      "url" : "https://github.com/apple/FHIRModels.git"
    },
    {
      "identity" : "researchkit",
      "requirement" : {
        "range" : [
          {
            "lower_bound" : "3.1.4",
            "upper_bound" : "4.0.0"
          }
        ]
      },
      "type" : "sourceControl",
      "url" : "https://github.com/StanfordBDHG/ResearchKit.git"
    },
    {
      "identity" : "researchkitonfhir",
      "requirement" : {
        "range" : [
          {
            "lower_bound" : "2.0.4",
            "upper_bound" : "3.0.0"
          }
        ]
      },
      "type" : "sourceControl",
      "url" : "https://github.com/StanfordBDHG/ResearchKitOnFHIR.git"
    }
  ],
  "manifest_display_name" : "SpeziQuestionnaire",
  "name" : "SpeziQuestionnaire",
  "path" : "/Users/admin/builder/spi-builder-workspace",
  "platforms" : [
    {
      "name" : "ios",
      "version" : "17.0"
    }
  ],
  "products" : [
    {
      "name" : "SpeziQuestionnaire",
      "targets" : [
        "SpeziQuestionnaire"
      ],
      "type" : {
        "library" : [
          "automatic"
        ]
      }
    },
    {
      "name" : "SpeziTimedWalkTest",
      "targets" : [
        "SpeziTimedWalkTest"
      ],
      "type" : {
        "library" : [
          "automatic"
        ]
      }
    }
  ],
  "targets" : [
    {
      "c99name" : "SpeziTimedWalkTest",
      "module_type" : "SwiftTarget",
      "name" : "SpeziTimedWalkTest",
      "path" : "Sources/SpeziTimedWalkTest",
      "product_dependencies" : [
        "SpeziViews",
        "ModelsR4"
      ],
      "product_memberships" : [
        "SpeziTimedWalkTest"
      ],
      "sources" : [
        "ObservationExtension.swift",
        "TimedWalkTest.swift",
        "TimedWalkTestCancelModifier.swift",
        "TimedWalkTestCompletedView.swift",
        "TimedWalkTestError.swift",
        "TimedWalkTestResult.swift",
        "TimedWalkTestRunningView.swift",
        "TimedWalkTestView.swift",
        "TimedWalkTestViewModel.swift",
        "TimedWalkTestViewResult.swift"
      ],
      "type" : "library"
    },
    {
      "c99name" : "SpeziQuestionnaireTests",
      "module_type" : "SwiftTarget",
      "name" : "SpeziQuestionnaireTests",
      "path" : "Tests/SpeziQuestionnaireTests",
      "sources" : [
        "TemplatePackageTests.swift"
      ],
      "target_dependencies" : [
        "SpeziQuestionnaire"
      ],
      "type" : "test"
    },
    {
      "c99name" : "SpeziQuestionnaire",
      "module_type" : "SwiftTarget",
      "name" : "SpeziQuestionnaire",
      "path" : "Sources/SpeziQuestionnaire",
      "product_dependencies" : [
        "ModelsR4",
        "ResearchKitOnFHIR",
        "FHIRQuestionnaires",
        "ResearchKit",
        "ResearchKitSwiftUI"
      ],
      "product_memberships" : [
        "SpeziQuestionnaire"
      ],
      "sources" : [
        "Export.swift",
        "Identifier+Identifiable.swift",
        "QuestionnaireResult.swift",
        "QuestionnaireView.swift"
      ],
      "type" : "library"
    }
  ],
  "tools_version" : "6.2"
}
{
  "workspace" : {
    "name" : "SpeziQuestionnaire",
    "schemes" : [
      "MarkdownUI",
      "SpeziQuestionnaire",
      "SpeziQuestionnaire-Package",
      "SpeziTimedWalkTest"
    ]
  }
}
2026-09-24 15:57:24.182 xcodebuild[2511:13528] [MT] IDERunDestination: Supported platforms for the buildables in the current scheme is empty.
{
  "workspace" : {
    "name" : "SpeziQuestionnaire",
    "schemes" : [
      "MarkdownUI",
      "SpeziQuestionnaire",
      "SpeziQuestionnaire-Package",
      "SpeziTimedWalkTest"
    ]
  }
}
2026-09-24 15:57:27.603 xcodebuild[2521:13577] [MT] IDERunDestination: Supported platforms for the buildables in the current scheme is empty.
Running build ...
env DEVELOPER_DIR=/Applications/Xcode-27.0.0-Release.Candidate.app xcrun xcodebuild -IDEClonedSourcePackagesDirPathOverride=$PWD/.dependencies -skipMacroValidation -skipPackagePluginValidation -derivedDataPath $PWD/.derivedData build -scheme SpeziQuestionnaire-Package -destination generic/platform=xrOS
Command line invocation:
    /Applications/Xcode-27.0.0-Release.Candidate.app/Contents/Developer/usr/bin/xcodebuild -IDEClonedSourcePackagesDirPathOverride=/Users/admin/builder/spi-builder-workspace/.dependencies -skipMacroValidation -skipPackagePluginValidation -derivedDataPath /Users/admin/builder/spi-builder-workspace/.derivedData build -scheme SpeziQuestionnaire-Package -destination generic/platform=xrOS
Resolve Package Graph
failed to retrieve search paths with pkg-config; maybe pkg-config is not installedcouldn't find pc file for zlib
Resolved source packages:
  swift-atomics: https://github.com/apple/swift-atomics.git @ 1.3.1
  FHIRModels: https://github.com/apple/FHIRModels.git @ 0.8.0
  swift-algorithms: https://github.com/apple/swift-algorithms.git @ 1.2.1
  swift-collections: https://github.com/apple/swift-collections.git @ 1.7.0
  swift-numerics: https://github.com/apple/swift-numerics.git @ 1.1.1
  SpeziFoundation: https://github.com/StanfordSpezi/SpeziFoundation.git @ 2.7.7
  SpeziViews: https://github.com/StanfordSpezi/SpeziViews.git @ 1.12.14
  SpeziQuestionnaire: /Users/admin/builder/spi-builder-workspace
  swift-log: https://github.com/apple/swift-log @ 1.15.1
  zstd: https://github.com/StanfordBDHG/zstd.git @ 1.5.8-beta.1
  Spezi: https://github.com/StanfordSpezi/Spezi.git @ 1.10.2
  NetworkImage: https://github.com/gonzalezreal/NetworkImage @ 6.0.1
  cmark-gfm: https://github.com/swiftlang/swift-cmark @ 0.9.0
  ResearchKit: https://github.com/StanfordBDHG/ResearchKit.git @ 3.1.4
  Antlr4: https://github.com/antlr/antlr4.git @ 4.13.2
  ResearchKitOnFHIR: https://github.com/StanfordBDHG/ResearchKitOnFHIR.git @ 2.0.10
  swift-markdown-ui: https://github.com/gonzalezreal/swift-markdown-ui.git @ 2.4.1
  ThreadLocal: https://github.com/StanfordBDHG/ThreadLocal.git @ 0.1.3
  RuntimeAssertions: https://github.com/StanfordBDHG/XCTRuntimeAssertions.git @ 2.2.0
  swift-syntax: https://github.com/swiftlang/swift-syntax.git @ 603.0.2
ComputePackagePrebuildTargetDependencyGraph
Prepare packages
CreateBuildRequest
SendProjectDescription
CreateBuildOperation
ComputeTargetDependencyGraph
note: Building targets in dependency order
note: Target dependency graph (59 targets)
    Target 'SpeziTimedWalkTest-product' in project 'SpeziQuestionnaire'
        ➜ Explicit dependency on target 'SpeziTimedWalkTest' in project 'SpeziQuestionnaire'
        ➜ Explicit dependency on target 'SpeziQuestionnaire_SpeziTimedWalkTest' in project 'SpeziQuestionnaire'
        ➜ Explicit dependency on target 'SpeziViews-product' in project 'SpeziViews'
        ➜ Explicit dependency on target 'ModelsR4-product' in project 'FHIRModels'
    Target 'SpeziTimedWalkTest' in project 'SpeziQuestionnaire'
        ➜ Explicit dependency on target 'SpeziQuestionnaire_SpeziTimedWalkTest' in project 'SpeziQuestionnaire'
        ➜ Explicit dependency on target 'SpeziViews-product' in project 'SpeziViews'
        ➜ Explicit dependency on target 'ModelsR4-product' in project 'FHIRModels'
    Target 'SpeziViews-product' in project 'SpeziViews'
        ➜ Explicit dependency on target 'SpeziViews' in project 'SpeziViews'
        ➜ Explicit dependency on target 'SpeziViews_SpeziViews' in project 'SpeziViews'
        ➜ Explicit dependency on target 'Spezi-product' in project 'Spezi'
        ➜ Explicit dependency on target 'SpeziFoundation-product' in project 'SpeziFoundation'
        ➜ Explicit dependency on target 'SpeziLocalization-product' in project 'SpeziFoundation'
        ➜ Explicit dependency on target 'MarkdownUI-product' in project 'swift-markdown-ui'
    Target 'SpeziViews' in project 'SpeziViews'
        ➜ Explicit dependency on target 'SpeziViews_SpeziViews' in project 'SpeziViews'
        ➜ Explicit dependency on target 'Spezi-product' in project 'Spezi'
        ➜ Explicit dependency on target 'SpeziFoundation-product' in project 'SpeziFoundation'
        ➜ Explicit dependency on target 'SpeziLocalization-product' in project 'SpeziFoundation'
        ➜ Explicit dependency on target 'MarkdownUI-product' in project 'swift-markdown-ui'
    Target 'MarkdownUI-product' in project 'swift-markdown-ui'
        ➜ Explicit dependency on target 'MarkdownUI' in project 'swift-markdown-ui'
        ➜ Explicit dependency on target 'cmark-gfm-product' in project 'cmark-gfm'
        ➜ Explicit dependency on target 'cmark-gfm-extensions-product' in project 'cmark-gfm'
        ➜ Explicit dependency on target 'NetworkImage-product' in project 'NetworkImage'
    Target 'MarkdownUI' in project 'swift-markdown-ui'
        ➜ Explicit dependency on target 'cmark-gfm-product' in project 'cmark-gfm'
        ➜ Explicit dependency on target 'cmark-gfm-extensions-product' in project 'cmark-gfm'
        ➜ Explicit dependency on target 'NetworkImage-product' in project 'NetworkImage'
    Target 'NetworkImage-product' in project 'NetworkImage'
        ➜ Explicit dependency on target 'NetworkImage' in project 'NetworkImage'
    Target 'NetworkImage' in project 'NetworkImage' (no dependencies)
    Target 'cmark-gfm-extensions-product' in project 'cmark-gfm'
        ➜ Explicit dependency on target 'cmark-gfm-extensions' in project 'cmark-gfm'
        ➜ Explicit dependency on target 'cmark-gfm' in project 'cmark-gfm'
    Target 'cmark-gfm-extensions' in project 'cmark-gfm'
        ➜ Explicit dependency on target 'cmark-gfm' in project 'cmark-gfm'
    Target 'cmark-gfm-product' in project 'cmark-gfm'
        ➜ Explicit dependency on target 'cmark-gfm' in project 'cmark-gfm'
    Target 'cmark-gfm' in project 'cmark-gfm' (no dependencies)
    Target 'SpeziLocalization-product' in project 'SpeziFoundation'
        ➜ Explicit dependency on target 'SpeziLocalization' in project 'SpeziFoundation'
        ➜ Explicit dependency on target 'SpeziFoundationObjC' in project 'SpeziFoundation'
        ➜ Explicit dependency on target 'SpeziFoundation' in project 'SpeziFoundation'
        ➜ Explicit dependency on target 'libzstd-product' in project 'zstd'
        ➜ Explicit dependency on target 'Atomics-product' in project 'swift-atomics'
        ➜ Explicit dependency on target 'Algorithms-product' in project 'swift-algorithms'
        ➜ Explicit dependency on target 'RuntimeAssertions-product' in project 'RuntimeAssertions'
        ➜ Explicit dependency on target 'Logging-product' in project 'swift-log'
        ➜ Explicit dependency on target 'ThreadLocal-product' in project 'ThreadLocal'
    Target 'SpeziLocalization' in project 'SpeziFoundation'
        ➜ Explicit dependency on target 'SpeziFoundationObjC' in project 'SpeziFoundation'
        ➜ Explicit dependency on target 'SpeziFoundation' in project 'SpeziFoundation'
        ➜ Explicit dependency on target 'libzstd-product' in project 'zstd'
        ➜ Explicit dependency on target 'Atomics-product' in project 'swift-atomics'
        ➜ Explicit dependency on target 'Algorithms-product' in project 'swift-algorithms'
        ➜ Explicit dependency on target 'RuntimeAssertions-product' in project 'RuntimeAssertions'
        ➜ Explicit dependency on target 'Logging-product' in project 'swift-log'
        ➜ Explicit dependency on target 'ThreadLocal-product' in project 'ThreadLocal'
    Target 'Spezi-product' in project 'Spezi'
        ➜ Explicit dependency on target 'Spezi' in project 'Spezi'
        ➜ Explicit dependency on target 'SpeziFoundation-product' in project 'SpeziFoundation'
        ➜ Explicit dependency on target 'RuntimeAssertions-product' in project 'RuntimeAssertions'
        ➜ Explicit dependency on target 'OrderedCollections-product' in project 'swift-collections'
    Target 'Spezi' in project 'Spezi'
        ➜ Explicit dependency on target 'SpeziFoundation-product' in project 'SpeziFoundation'
        ➜ Explicit dependency on target 'RuntimeAssertions-product' in project 'RuntimeAssertions'
        ➜ Explicit dependency on target 'OrderedCollections-product' in project 'swift-collections'
    Target 'OrderedCollections-product' in project 'swift-collections'
        ➜ Explicit dependency on target 'OrderedCollections' in project 'swift-collections'
        ➜ Explicit dependency on target 'InternalCollectionsUtilities' in project 'swift-collections'
    Target 'OrderedCollections' in project 'swift-collections'
        ➜ Explicit dependency on target 'InternalCollectionsUtilities' in project 'swift-collections'
    Target 'InternalCollectionsUtilities' in project 'swift-collections' (no dependencies)
    Target 'SpeziFoundation-product' in project 'SpeziFoundation'
        ➜ Explicit dependency on target 'SpeziFoundation' in project 'SpeziFoundation'
        ➜ Explicit dependency on target 'SpeziFoundation_SpeziFoundation' in project 'SpeziFoundation'
        ➜ Explicit dependency on target 'SpeziFoundationObjC' in project 'SpeziFoundation'
        ➜ Explicit dependency on target 'libzstd-product' in project 'zstd'
        ➜ Explicit dependency on target 'Atomics-product' in project 'swift-atomics'
        ➜ Explicit dependency on target 'Algorithms-product' in project 'swift-algorithms'
        ➜ Explicit dependency on target 'RuntimeAssertions-product' in project 'RuntimeAssertions'
        ➜ Explicit dependency on target 'Logging-product' in project 'swift-log'
        ➜ Explicit dependency on target 'ThreadLocal-product' in project 'ThreadLocal'
    Target 'SpeziFoundation' in project 'SpeziFoundation'
        ➜ Explicit dependency on target 'SpeziFoundation_SpeziFoundation' in project 'SpeziFoundation'
        ➜ Explicit dependency on target 'SpeziFoundationObjC' in project 'SpeziFoundation'
        ➜ Explicit dependency on target 'libzstd-product' in project 'zstd'
        ➜ Explicit dependency on target 'Atomics-product' in project 'swift-atomics'
        ➜ Explicit dependency on target 'Algorithms-product' in project 'swift-algorithms'
        ➜ Explicit dependency on target 'RuntimeAssertions-product' in project 'RuntimeAssertions'
        ➜ Explicit dependency on target 'Logging-product' in project 'swift-log'
        ➜ Explicit dependency on target 'ThreadLocal-product' in project 'ThreadLocal'
    Target 'ThreadLocal-product' in project 'ThreadLocal'
        ➜ Explicit dependency on target 'ThreadLocal' in project 'ThreadLocal'
        ➜ Explicit dependency on target 'ThreadLocalMacros' in project 'ThreadLocal'
    Target 'ThreadLocal' in project 'ThreadLocal'
        ➜ Explicit dependency on target 'ThreadLocalMacros' in project 'ThreadLocal'
    Target 'ThreadLocalMacros' in project 'ThreadLocal' (no dependencies)
    Target 'Logging-product' in project 'swift-log'
        ➜ Explicit dependency on target 'Logging' in project 'swift-log'
    Target 'Logging' in project 'swift-log' (no dependencies)
    Target 'RuntimeAssertions-product' in project 'RuntimeAssertions'
        ➜ Explicit dependency on target 'RuntimeAssertions' in project 'RuntimeAssertions'
    Target 'RuntimeAssertions' in project 'RuntimeAssertions' (no dependencies)
    Target 'Algorithms-product' in project 'swift-algorithms'
        ➜ Explicit dependency on target 'Algorithms' in project 'swift-algorithms'
        ➜ Explicit dependency on target 'RealModule-product' in project 'swift-numerics'
    Target 'Algorithms' in project 'swift-algorithms'
        ➜ Explicit dependency on target 'RealModule-product' in project 'swift-numerics'
    Target 'RealModule-product' in project 'swift-numerics'
        ➜ Explicit dependency on target 'RealModule' in project 'swift-numerics'
        ➜ Explicit dependency on target '_NumericsShims' in project 'swift-numerics'
    Target 'RealModule' in project 'swift-numerics'
        ➜ Explicit dependency on target '_NumericsShims' in project 'swift-numerics'
    Target '_NumericsShims' in project 'swift-numerics' (no dependencies)
    Target 'Atomics-product' in project 'swift-atomics'
        ➜ Explicit dependency on target 'Atomics' in project 'swift-atomics'
        ➜ Explicit dependency on target '_AtomicsShims' in project 'swift-atomics'
    Target 'Atomics' in project 'swift-atomics'
        ➜ Explicit dependency on target '_AtomicsShims' in project 'swift-atomics'
    Target '_AtomicsShims' in project 'swift-atomics' (no dependencies)
    Target 'libzstd-product' in project 'zstd'
        ➜ Explicit dependency on target 'libzstd' in project 'zstd'
    Target 'libzstd' in project 'zstd' (no dependencies)
    Target 'SpeziFoundationObjC' in project 'SpeziFoundation' (no dependencies)
    Target 'SpeziFoundation_SpeziFoundation' in project 'SpeziFoundation' (no dependencies)
    Target 'SpeziViews_SpeziViews' in project 'SpeziViews' (no dependencies)
    Target 'SpeziQuestionnaire_SpeziTimedWalkTest' in project 'SpeziQuestionnaire' (no dependencies)
    Target 'SpeziQuestionnaire-product' in project 'SpeziQuestionnaire'
        ➜ Explicit dependency on target 'SpeziQuestionnaire' in project 'SpeziQuestionnaire'
        ➜ Explicit dependency on target 'SpeziQuestionnaire_SpeziQuestionnaire' in project 'SpeziQuestionnaire'
        ➜ Explicit dependency on target 'ModelsR4-product' in project 'FHIRModels'
        ➜ Explicit dependency on target 'ResearchKitOnFHIR-product' in project 'ResearchKitOnFHIR'
        ➜ Explicit dependency on target 'FHIRQuestionnaires-product' in project 'ResearchKitOnFHIR'
        ➜ Explicit dependency on target 'ResearchKit-product' in project 'ResearchKit'
        ➜ Explicit dependency on target 'ResearchKitSwiftUI-product' in project 'ResearchKit'
    Target 'SpeziQuestionnaire' in project 'SpeziQuestionnaire'
        ➜ Explicit dependency on target 'SpeziQuestionnaire_SpeziQuestionnaire' in project 'SpeziQuestionnaire'
        ➜ Explicit dependency on target 'ModelsR4-product' in project 'FHIRModels'
        ➜ Explicit dependency on target 'ResearchKitOnFHIR-product' in project 'ResearchKitOnFHIR'
        ➜ Explicit dependency on target 'FHIRQuestionnaires-product' in project 'ResearchKitOnFHIR'
        ➜ Explicit dependency on target 'ResearchKit-product' in project 'ResearchKit'
        ➜ Explicit dependency on target 'ResearchKitSwiftUI-product' in project 'ResearchKit'
    Target 'FHIRQuestionnaires-product' in project 'ResearchKitOnFHIR'
        ➜ Explicit dependency on target 'FHIRQuestionnaires' in project 'ResearchKitOnFHIR'
        ➜ Explicit dependency on target 'ResearchKitOnFHIR_FHIRQuestionnaires' in project 'ResearchKitOnFHIR'
        ➜ Explicit dependency on target 'ModelsR4-product' in project 'FHIRModels'
    Target 'FHIRQuestionnaires' in project 'ResearchKitOnFHIR'
        ➜ Explicit dependency on target 'ResearchKitOnFHIR_FHIRQuestionnaires' in project 'ResearchKitOnFHIR'
        ➜ Explicit dependency on target 'ModelsR4-product' in project 'FHIRModels'
    Target 'ResearchKitOnFHIR_FHIRQuestionnaires' in project 'ResearchKitOnFHIR' (no dependencies)
    Target 'ResearchKitOnFHIR-product' in project 'ResearchKitOnFHIR'
        ➜ Explicit dependency on target 'ResearchKitOnFHIR' in project 'ResearchKitOnFHIR'
        ➜ Explicit dependency on target 'FHIRPathParser' in project 'ResearchKitOnFHIR'
        ➜ Explicit dependency on target 'Antlr4-product' in project 'Antlr4'
        ➜ Explicit dependency on target 'ResearchKit-product' in project 'ResearchKit'
        ➜ Explicit dependency on target 'ResearchKitSwiftUI-product' in project 'ResearchKit'
        ➜ Explicit dependency on target 'ModelsR4-product' in project 'FHIRModels'
    Target 'ResearchKitOnFHIR' in project 'ResearchKitOnFHIR'
        ➜ Explicit dependency on target 'FHIRPathParser' in project 'ResearchKitOnFHIR'
        ➜ Explicit dependency on target 'Antlr4-product' in project 'Antlr4'
        ➜ Explicit dependency on target 'ResearchKit-product' in project 'ResearchKit'
        ➜ Explicit dependency on target 'ResearchKitSwiftUI-product' in project 'ResearchKit'
        ➜ Explicit dependency on target 'ModelsR4-product' in project 'FHIRModels'
    Target 'ResearchKitSwiftUI-product' in project 'ResearchKit'
        ➜ Explicit dependency on target 'ResearchKitSwiftUI' in project 'ResearchKit'
    Target 'ResearchKitSwiftUI' in project 'ResearchKit' (no dependencies)
    Target 'ResearchKit-product' in project 'ResearchKit' (no dependencies)
    Target 'FHIRPathParser' in project 'ResearchKitOnFHIR'
        ➜ Explicit dependency on target 'Antlr4-product' in project 'Antlr4'
    Target 'Antlr4-product' in project 'Antlr4'
        ➜ Explicit dependency on target 'Antlr4' in project 'Antlr4'
    Target 'Antlr4' in project 'Antlr4' (no dependencies)
    Target 'ModelsR4-product' in project 'FHIRModels'
        ➜ Explicit dependency on target 'ModelsR4' in project 'FHIRModels'
        ➜ Explicit dependency on target 'FMCore' in project 'FHIRModels'
    Target 'ModelsR4' in project 'FHIRModels'
        ➜ Explicit dependency on target 'FMCore' in project 'FHIRModels'
    Target 'FMCore' in project 'FHIRModels' (no dependencies)
    Target 'SpeziQuestionnaire_SpeziQuestionnaire' in project 'SpeziQuestionnaire' (no dependencies)
GatherProvisioningInputs
CreateBuildDescription
ClangStatCache /Applications/Xcode-27.0.0-Release.Candidate.app/Contents/Developer/Toolchains/XcodeDefault.xctoolchain/usr/bin/clang-stat-cache /Applications/Xcode-27.0.0-Release.Candidate.app/Contents/Developer/Platforms/XROS.platform/Developer/SDKs/XROS27.0.sdk /Users/admin/builder/spi-builder-workspace/.derivedData/SDKStatCaches.noindex/xros27.0-24M361-e829b21a6f8c9b70876ba0858053c044735bd543db762f57723cac368afd1ce4.sdkstatcache
    cd /Users/admin/builder/spi-builder-workspace/.swiftpm/xcode
    /Applications/Xcode-27.0.0-Release.Candidate.app/Contents/Developer/Toolchains/XcodeDefault.xctoolchain/usr/bin/clang-stat-cache /Applications/Xcode-27.0.0-Release.Candidate.app/Contents/Developer/Platforms/XROS.platform/Developer/SDKs/XROS27.0.sdk -o /Users/admin/builder/spi-builder-workspace/.derivedData/SDKStatCaches.noindex/xros27.0-24M361-e829b21a6f8c9b70876ba0858053c044735bd543db762f57723cac368afd1ce4.sdkstatcache
ClangStatCache /Applications/Xcode-27.0.0-Release.Candidate.app/Contents/Developer/Toolchains/XcodeDefault.xctoolchain/usr/bin/clang-stat-cache /Applications/Xcode-27.0.0-Release.Candidate.app/Contents/Developer/Platforms/MacOSX.platform/Developer/SDKs/MacOSX27.0.sdk /Users/admin/builder/spi-builder-workspace/.derivedData/SDKStatCaches.noindex/macosx27.0-26A425-e829b21a6f8c9b70876ba0858053c0446a22442a12e9d48fe1a705f55a1adfc4.sdkstatcache
    cd /Users/admin/builder/spi-builder-workspace/.swiftpm/xcode
    /Applications/Xcode-27.0.0-Release.Candidate.app/Contents/Developer/Toolchains/XcodeDefault.xctoolchain/usr/bin/clang-stat-cache /Applications/Xcode-27.0.0-Release.Candidate.app/Contents/Developer/Platforms/MacOSX.platform/Developer/SDKs/MacOSX27.0.sdk -o /Users/admin/builder/spi-builder-workspace/.derivedData/SDKStatCaches.noindex/macosx27.0-26A425-e829b21a6f8c9b70876ba0858053c0446a22442a12e9d48fe1a705f55a1adfc4.sdkstatcache
SwiftDriver ModelsR4 normal arm64 com.apple.xcode.tools.swift.compiler (in target 'ModelsR4' from project 'FHIRModels')
    cd /Users/admin/builder/spi-builder-workspace/.swiftpm/xcode
    builtin-SwiftDriver -- /Applications/Xcode-27.0.0-Release.Candidate.app/Contents/Developer/Toolchains/XcodeDefault.xctoolchain/usr/bin/swiftc -parse-as-library -module-name ModelsR4 -Onone @/Users/admin/builder/spi-builder-workspace/.derivedData/Build/Intermediates.noindex/FHIRModels.build/Debug-xros/ModelsR4-t.build/Objects-normal/arm64/ModelsR4.SwiftFileList -DSWIFT_PACKAGE -DDEBUG -DSWIFT_MODULE_RESOURCE_BUNDLE_UNAVAILABLE -DXcode -plugin-path /Applications/Xcode-27.0.0-Release.Candidate.app/Contents/Developer/Toolchains/XcodeDefault.xctoolchain/usr/lib/swift/host/plugins/testing -enable-experimental-feature DebugDescriptionMacro -sdk /Applications/Xcode-27.0.0-Release.Candidate.app/Contents/Developer/Platforms/XROS.platform/Developer/SDKs/XROS27.0.sdk -target arm64-apple-xros1.0 -g -module-cache-path /Users/admin/builder/spi-builder-workspace/.derivedData/ModuleCache.noindex -Xfrontend -serialize-debugging-options -profile-coverage-mapping -profile-generate -enable-testing -suppress-warnings -index-store-path /Users/admin/builder/spi-builder-workspace/.derivedData/Index.noindex/DataStore -Xcc -D_LIBCPP_HARDENING_MODE\=_LIBCPP_HARDENING_MODE_DEBUG -swift-version 5 -I /Users/admin/builder/spi-builder-workspace/.derivedData/Build/Products/Debug-xros -Isystem /Applications/Xcode-27.0.0-Release.Candidate.app/Contents/Developer/Platforms/XROS.platform/Developer/usr/lib -F /Users/admin/builder/spi-builder-workspace/.derivedData/Build/Products/Debug-xros/PackageFrameworks -F /Users/admin/builder/spi-builder-workspace/.derivedData/Build/Products/Debug-xros -F /Applications/Xcode-27.0.0-Release.Candidate.app/Contents/Developer/Platforms/XROS.platform/Developer/Library/Frameworks -F /Applications/Xcode-27.0.0-Release.Candidate.app/Contents/Developer/Platforms/XROS.platform/Developer/SDKs/XROS27.0.sdk/Developer/Library/Frameworks -c -j10 -enable-batch-mode -incremental -Xcc -ivfsstatcache -Xcc /Users/admin/builder/spi-builder-workspace/.derivedData/SDKStatCaches.noindex/xros27.0-24M361-e829b21a6f8c9b70876ba0858053c044735bd543db762f57723cac368afd1ce4.sdkstatcache -output-file-map /Users/admin/builder/spi-builder-workspace/.derivedData/Build/Intermediates.noindex/FHIRModels.build/Debug-xros/ModelsR4-t.build/Objects-normal/arm64/ModelsR4-OutputFileMap.json -save-temps -no-color-diagnostics -explicit-module-build -module-cache-path /Users/admin/builder/spi-builder-workspace/.derivedData/Build/Intermediates.noindex/SwiftExplicitPrecompiledModules -clang-scanner-module-cache-path /Users/admin/builder/spi-builder-workspace/.derivedData/ModuleCache.noindex -sdk-module-cache-path /Users/admin/builder/spi-builder-workspace/.derivedData/SDKExplicitPrecompiledModules -emit-dependencies -emit-module -emit-module-path /Users/admin/builder/spi-builder-workspace/.derivedData/Build/Intermediates.noindex/FHIRModels.build/Debug-xros/ModelsR4-t.build/Objects-normal/arm64/ModelsR4.swiftmodule -serialize-diagnostics -dependency-scan-serialize-diagnostics-path /Users/admin/builder/spi-builder-workspace/.derivedData/Build/Intermediates.noindex/FHIRModels.build/Debug-xros/ModelsR4-t.build/Objects-normal/arm64/ModelsR4-dependency-scan.dia -validate-clang-modules-once -clang-build-session-file /Users/admin/builder/spi-builder-workspace/.derivedData/ModuleCache.noindex/Session.modulevalidation -Xcc -fmodules-prune-interval\=86400 -Xcc -fmodules-prune-after\=345600 -emit-const-values -const-gather-protocols-list /Users/admin/builder/spi-builder-workspace/.derivedData/Build/Intermediates.noindex/FHIRModels.build/Debug-xros/ModelsR4-t.build/Objects-normal/arm64/ModelsR4_const_extract_protocols.json -Xcc -I/Users/admin/builder/spi-builder-workspace/.derivedData/Build/Products/Debug-xros/include -Xcc -I/Users/admin/builder/spi-builder-workspace/.derivedData/Build/Intermediates.noindex/FHIRModels.build/Debug-xros/ModelsR4-t.build/DerivedSources-normal/arm64 -Xcc -I/Users/admin/builder/spi-builder-workspace/.derivedData/Build/Intermediates.noindex/FHIRModels.build/Debug-xros/ModelsR4-t.build/DerivedSources/arm64 -Xcc -I/Users/admin/builder/spi-builder-workspace/.derivedData/Build/Intermediates.noindex/FHIRModels.build/Debug-xros/ModelsR4-t.build/DerivedSources -Xcc -DSWIFT_PACKAGE -Xcc -DDEBUG\=1 -emit-objc-header -emit-objc-header-path /Users/admin/builder/spi-builder-workspace/.derivedData/Build/Intermediates.noindex/FHIRModels.build/Debug-xros/ModelsR4-t.build/Objects-normal/arm64/ModelsR4-Swift.h -working-directory /Users/admin/builder/spi-builder-workspace/.swiftpm/xcode -experimental-emit-module-separately -disable-cmo
SwiftDriver SpeziTimedWalkTest normal arm64 com.apple.xcode.tools.swift.compiler (in target 'SpeziTimedWalkTest' from project 'SpeziQuestionnaire')
    cd /Users/admin/builder/spi-builder-workspace/.swiftpm/xcode
    builtin-SwiftDriver -- /Applications/Xcode-27.0.0-Release.Candidate.app/Contents/Developer/Toolchains/XcodeDefault.xctoolchain/usr/bin/swiftc -parse-as-library -module-name SpeziTimedWalkTest -Onone @/Users/admin/builder/spi-builder-workspace/.derivedData/Build/Intermediates.noindex/SpeziQuestionnaire.build/Debug-xros/SpeziTimedWalkTest-t.build/Objects-normal/arm64/SpeziTimedWalkTest.SwiftFileList -DSWIFT_PACKAGE -DDEBUG -DSWIFT_MODULE_RESOURCE_BUNDLE_AVAILABLE -Xcc -fmodule-map-file\=/Users/admin/builder/spi-builder-workspace/.dependencies/checkouts/zstd/lib/module.modulemap -Xcc -fmodule-map-file\=/Users/admin/builder/spi-builder-workspace/.dependencies/checkouts/swift-atomics/Sources/_AtomicsShims/include/module.modulemap -Xcc -fmodule-map-file\=/Users/admin/builder/spi-builder-workspace/.dependencies/checkouts/swift-numerics/Sources/_NumericsShims/include/module.modulemap -Xcc -fmodule-map-file\=/Users/admin/builder/spi-builder-workspace/.derivedData/Build/Intermediates.noindex/GeneratedModuleMaps-xros/SpeziFoundationObjC.modulemap -Xcc -fmodule-map-file\=/Users/admin/builder/spi-builder-workspace/.dependencies/checkouts/swift-cmark/src/include/module.modulemap -Xcc -fmodule-map-file\=/Users/admin/builder/spi-builder-workspace/.dependencies/checkouts/swift-cmark/extensions/include/module.modulemap -DXcode -enable-upcoming-feature ExistentialAny -plugin-path /Applications/Xcode-27.0.0-Release.Candidate.app/Contents/Developer/Toolchains/XcodeDefault.xctoolchain/usr/lib/swift/host/plugins/testing -enable-experimental-feature DebugDescriptionMacro -sdk /Applications/Xcode-27.0.0-Release.Candidate.app/Contents/Developer/Platforms/XROS.platform/Developer/SDKs/XROS27.0.sdk -target arm64-apple-xros1.0 -g -module-cache-path /Users/admin/builder/spi-builder-workspace/.derivedData/ModuleCache.noindex -Xfrontend -serialize-debugging-options -profile-coverage-mapping -profile-generate -enable-testing -index-store-path /Users/admin/builder/spi-builder-workspace/.derivedData/Index.noindex/DataStore -Xcc -D_LIBCPP_HARDENING_MODE\=_LIBCPP_HARDENING_MODE_DEBUG -swift-version 6 -I /Users/admin/builder/spi-builder-workspace/.derivedData/Build/Products/Debug-xros -Isystem /Applications/Xcode-27.0.0-Release.Candidate.app/Contents/Developer/Platforms/XROS.platform/Developer/usr/lib -F /Users/admin/builder/spi-builder-workspace/.derivedData/Build/Products/Debug-xros/PackageFrameworks -F /Users/admin/builder/spi-builder-workspace/.derivedData/Build/Products/Debug-xros -F /Applications/Xcode-27.0.0-Release.Candidate.app/Contents/Developer/Platforms/XROS.platform/Developer/Library/Frameworks -F /Applications/Xcode-27.0.0-Release.Candidate.app/Contents/Developer/Platforms/XROS.platform/Developer/SDKs/XROS27.0.sdk/Developer/Library/Frameworks -Xfrontend -load-plugin-executable -Xfrontend /Users/admin/builder/spi-builder-workspace/.derivedData/Build/Products/Debug/ThreadLocalMacros\#ThreadLocalMacros -emit-localized-strings -emit-localized-strings-path /Users/admin/builder/spi-builder-workspace/.derivedData/Build/Intermediates.noindex/SpeziQuestionnaire.build/Debug-xros/SpeziTimedWalkTest-t.build/Objects-normal/arm64 -c -j10 -enable-batch-mode -incremental -Xcc -ivfsstatcache -Xcc /Users/admin/builder/spi-builder-workspace/.derivedData/SDKStatCaches.noindex/xros27.0-24M361-e829b21a6f8c9b70876ba0858053c044735bd543db762f57723cac368afd1ce4.sdkstatcache -output-file-map /Users/admin/builder/spi-builder-workspace/.derivedData/Build/Intermediates.noindex/SpeziQuestionnaire.build/Debug-xros/SpeziTimedWalkTest-t.build/Objects-normal/arm64/SpeziTimedWalkTest-OutputFileMap.json -save-temps -no-color-diagnostics -explicit-module-build -module-cache-path /Users/admin/builder/spi-builder-workspace/.derivedData/Build/Intermediates.noindex/SwiftExplicitPrecompiledModules -clang-scanner-module-cache-path /Users/admin/builder/spi-builder-workspace/.derivedData/ModuleCache.noindex -sdk-module-cache-path /Users/admin/builder/spi-builder-workspace/.derivedData/SDKExplicitPrecompiledModules -emit-dependencies -emit-module -emit-module-path /Users/admin/builder/spi-builder-workspace/.derivedData/Build/Intermediates.noindex/SpeziQuestionnaire.build/Debug-xros/SpeziTimedWalkTest-t.build/Objects-normal/arm64/SpeziTimedWalkTest.swiftmodule -serialize-diagnostics -dependency-scan-serialize-diagnostics-path /Users/admin/builder/spi-builder-workspace/.derivedData/Build/Intermediates.noindex/SpeziQuestionnaire.build/Debug-xros/SpeziTimedWalkTest-t.build/Objects-normal/arm64/SpeziTimedWalkTest-dependency-scan.dia -validate-clang-modules-once -clang-build-session-file /Users/admin/builder/spi-builder-workspace/.derivedData/ModuleCache.noindex/Session.modulevalidation -Xcc -fmodules-prune-interval\=86400 -Xcc -fmodules-prune-after\=345600 -package-name spi_builder_workspace -emit-const-values -const-gather-protocols-list /Users/admin/builder/spi-builder-workspace/.derivedData/Build/Intermediates.noindex/SpeziQuestionnaire.build/Debug-xros/SpeziTimedWalkTest-t.build/Objects-normal/arm64/SpeziTimedWalkTest_const_extract_protocols.json -Xcc -I/Users/admin/builder/spi-builder-workspace/.dependencies/checkouts/zstd/lib -Xcc -I/Users/admin/builder/spi-builder-workspace/.dependencies/checkouts/swift-atomics/Sources/_AtomicsShims/include -Xcc -I/Users/admin/builder/spi-builder-workspace/.dependencies/checkouts/swift-numerics/Sources/_NumericsShims/include -Xcc -I/Users/admin/builder/spi-builder-workspace/.dependencies/checkouts/SpeziFoundation/Sources/SpeziFoundationObjC/include -Xcc -I/Users/admin/builder/spi-builder-workspace/.dependencies/checkouts/swift-cmark/src/include -Xcc -I/Users/admin/builder/spi-builder-workspace/.dependencies/checkouts/swift-cmark/extensions/include -Xcc -I/Users/admin/builder/spi-builder-workspace/.derivedData/Build/Products/Debug-xros/include -Xcc -I/Users/admin/builder/spi-builder-workspace/.derivedData/Build/Intermediates.noindex/SpeziQuestionnaire.build/Debug-xros/SpeziTimedWalkTest-t.build/DerivedSources-normal/arm64 -Xcc -I/Users/admin/builder/spi-builder-workspace/.derivedData/Build/Intermediates.noindex/SpeziQuestionnaire.build/Debug-xros/SpeziTimedWalkTest-t.build/DerivedSources/arm64 -Xcc -I/Users/admin/builder/spi-builder-workspace/.derivedData/Build/Intermediates.noindex/SpeziQuestionnaire.build/Debug-xros/SpeziTimedWalkTest-t.build/DerivedSources -Xcc -DSWIFT_PACKAGE -Xcc -DDEBUG\=1 -emit-objc-header -emit-objc-header-path /Users/admin/builder/spi-builder-workspace/.derivedData/Build/Intermediates.noindex/SpeziQuestionnaire.build/Debug-xros/SpeziTimedWalkTest-t.build/Objects-normal/arm64/SpeziTimedWalkTest-Swift.h -working-directory /Users/admin/builder/spi-builder-workspace/.swiftpm/xcode -experimental-emit-module-separately -disable-cmo
SwiftCompile normal arm64 Compiling\ TimedWalkTestResult.swift /Users/admin/builder/spi-builder-workspace/Sources/SpeziTimedWalkTest/TimedWalkTestResult.swift (in target 'SpeziTimedWalkTest' from project 'SpeziQuestionnaire')
SwiftCompile normal arm64 /Users/admin/builder/spi-builder-workspace/Sources/SpeziTimedWalkTest/TimedWalkTestResult.swift (in target 'SpeziTimedWalkTest' from project 'SpeziQuestionnaire')
    cd /Users/admin/builder/spi-builder-workspace/.swiftpm/xcode
    builtin-SwiftPerFileCompile TimedWalkTestResult.swift
SwiftCompile normal arm64 Compiling\ TimedWalkTestCompletedView.swift /Users/admin/builder/spi-builder-workspace/Sources/SpeziTimedWalkTest/TimedWalkTestCompletedView.swift (in target 'SpeziTimedWalkTest' from project 'SpeziQuestionnaire')
SwiftCompile normal arm64 /Users/admin/builder/spi-builder-workspace/Sources/SpeziTimedWalkTest/TimedWalkTestCompletedView.swift (in target 'SpeziTimedWalkTest' from project 'SpeziQuestionnaire')
    cd /Users/admin/builder/spi-builder-workspace/.swiftpm/xcode
    builtin-SwiftPerFileCompile TimedWalkTestCompletedView.swift
SwiftCompile normal arm64 Compiling\ TimedWalkTestView.swift /Users/admin/builder/spi-builder-workspace/Sources/SpeziTimedWalkTest/TimedWalkTestView.swift (in target 'SpeziTimedWalkTest' from project 'SpeziQuestionnaire')
SwiftCompile normal arm64 /Users/admin/builder/spi-builder-workspace/Sources/SpeziTimedWalkTest/TimedWalkTestView.swift (in target 'SpeziTimedWalkTest' from project 'SpeziQuestionnaire')
    cd /Users/admin/builder/spi-builder-workspace/.swiftpm/xcode
    builtin-SwiftPerFileCompile TimedWalkTestView.swift
SwiftCompile normal arm64 Compiling\ TimedWalkTestRunningView.swift /Users/admin/builder/spi-builder-workspace/Sources/SpeziTimedWalkTest/TimedWalkTestRunningView.swift (in target 'SpeziTimedWalkTest' from project 'SpeziQuestionnaire')
SwiftCompile normal arm64 /Users/admin/builder/spi-builder-workspace/Sources/SpeziTimedWalkTest/TimedWalkTestRunningView.swift (in target 'SpeziTimedWalkTest' from project 'SpeziQuestionnaire')
    cd /Users/admin/builder/spi-builder-workspace/.swiftpm/xcode
    builtin-SwiftPerFileCompile TimedWalkTestRunningView.swift
SwiftEmitModule normal arm64 Emitting\ module\ for\ SpeziTimedWalkTest (in target 'SpeziTimedWalkTest' from project 'SpeziQuestionnaire')
SwiftCompile normal arm64 (in target 'SpeziTimedWalkTest' from project 'SpeziQuestionnaire')
    cd /Users/admin/builder/spi-builder-workspace/.swiftpm/xcode

SwiftCompile normal arm64 Compiling\ GeneratedStringSymbols_Localizable.swift /Users/admin/builder/spi-builder-workspace/.derivedData/Build/Intermediates.noindex/SpeziQuestionnaire.build/Debug-xros/SpeziTimedWalkTest-t.build/DerivedSources/GeneratedStringSymbols_Localizable.swift (in target 'SpeziTimedWalkTest' from project 'SpeziQuestionnaire')
SwiftCompile normal arm64 /Users/admin/builder/spi-builder-workspace/.derivedData/Build/Intermediates.noindex/SpeziQuestionnaire.build/Debug-xros/SpeziTimedWalkTest-t.build/DerivedSources/GeneratedStringSymbols_Localizable.swift (in target 'SpeziTimedWalkTest' from project 'SpeziQuestionnaire')
    cd /Users/admin/builder/spi-builder-workspace/.swiftpm/xcode
    builtin-SwiftPerFileCompile GeneratedStringSymbols_Localizable.swift
SwiftCompile normal arm64 Compiling\ TimedWalkTestViewModel.swift /Users/admin/builder/spi-builder-workspace/Sources/SpeziTimedWalkTest/TimedWalkTestViewModel.swift (in target 'SpeziTimedWalkTest' from project 'SpeziQuestionnaire')
/Users/admin/builder/spi-builder-workspace/Sources/SpeziTimedWalkTest/TimedWalkTestViewModel.swift:17:21: error: 'CMPedometer' is unavailable in visionOS
 15 | @Observable
 16 | class TimedWalkTestViewModel: Sendable {
 17 |     let pedometer = CMPedometer()
    |                     `- error: 'CMPedometer' is unavailable in visionOS
 18 |
 19 |     let timedWalkTest: TimedWalkTest
/Applications/Xcode-27.0.0-Release.Candidate.app/Contents/Developer/Platforms/XROS.platform/Developer/SDKs/XROS27.0.sdk/System/Library/Frameworks/CoreMotion.framework/Headers/CMPedometer.h:208:12: note: 'CMPedometer' has been explicitly marked unavailable here
206 |  */
207 | COREMOTION_EXPORT API_AVAILABLE(ios(8.0)) API_UNAVAILABLE(visionos)
208 | @interface CMPedometer : NSObject
    |            `- note: 'CMPedometer' has been explicitly marked unavailable here
209 |
210 | /*
/Users/admin/builder/spi-builder-workspace/Sources/SpeziTimedWalkTest/TimedWalkTestViewModel.swift:22:54: error: 'CMPedometer' is unavailable in visionOS
 20 |     let completion: (TimedWalkTestViewResult) -> Void
 21 |
 22 |     var authorizationStatus: CMAuthorizationStatus = CMPedometer.authorizationStatus()
    |                                                      `- error: 'CMPedometer' is unavailable in visionOS
 23 |     var walkTestStartDate: Date?
 24 |     var walkTestResponse: TimedWalkTestViewResult?
/Applications/Xcode-27.0.0-Release.Candidate.app/Contents/Developer/Platforms/XROS.platform/Developer/SDKs/XROS27.0.sdk/System/Library/Frameworks/CoreMotion.framework/Headers/CMPedometer.h:208:12: note: 'CMPedometer' has been explicitly marked unavailable here
206 |  */
207 | COREMOTION_EXPORT API_AVAILABLE(ios(8.0)) API_UNAVAILABLE(visionos)
208 | @interface CMPedometer : NSObject
    |            `- note: 'CMPedometer' has been explicitly marked unavailable here
209 |
210 | /*
macro expansion @ObservationTracked:2:60: error: 'CMPedometer' is unavailable in visionOS
`- /Users/admin/builder/spi-builder-workspace/Sources/SpeziTimedWalkTest/TimedWalkTestViewModel.swift:22:87: note: expanded code originates here
 20 |     let completion: (TimedWalkTestViewResult) -> Void
 21 |
 22 |     var authorizationStatus: CMAuthorizationStatus = CMPedometer.authorizationStatus()
    +--- macro expansion @ObservationTracked ---------------------------
    |1 | @ObservationIgnored
    |2 | private  var _authorizationStatus: CMAuthorizationStatus = CMPedometer.authorizationStatus()
    |  |                                                            `- error: 'CMPedometer' is unavailable in visionOS
    +-------------------------------------------------------------------
 23 |     var walkTestStartDate: Date?
 24 |     var walkTestResponse: TimedWalkTestViewResult?
/Applications/Xcode-27.0.0-Release.Candidate.app/Contents/Developer/Platforms/XROS.platform/Developer/SDKs/XROS27.0.sdk/System/Library/Frameworks/CoreMotion.framework/Headers/CMPedometer.h:208:12: note: 'CMPedometer' has been explicitly marked unavailable here
206 |  */
207 | COREMOTION_EXPORT API_AVAILABLE(ios(8.0)) API_UNAVAILABLE(visionos)
208 | @interface CMPedometer : NSObject
    |            `- note: 'CMPedometer' has been explicitly marked unavailable here
209 |
210 | /*
/Users/admin/builder/spi-builder-workspace/Sources/SpeziTimedWalkTest/TimedWalkTestViewModel.swift:43:15: error: 'CMPedometer' is unavailable in visionOS
 41 |     func requestPedemoterAccess() {
 42 |         #if !targetEnvironment(simulator)
 43 |         guard CMPedometer.isStepCountingAvailable() else {
    |               `- error: 'CMPedometer' is unavailable in visionOS
 44 |             walkTestResponse = .failed(.unauthorized)
 45 |             return
/Applications/Xcode-27.0.0-Release.Candidate.app/Contents/Developer/Platforms/XROS.platform/Developer/SDKs/XROS27.0.sdk/System/Library/Frameworks/CoreMotion.framework/Headers/CMPedometer.h:208:12: note: 'CMPedometer' has been explicitly marked unavailable here
206 |  */
207 | COREMOTION_EXPORT API_AVAILABLE(ios(8.0)) API_UNAVAILABLE(visionos)
208 | @interface CMPedometer : NSObject
    |            `- note: 'CMPedometer' has been explicitly marked unavailable here
209 |
210 | /*
/Users/admin/builder/spi-builder-workspace/Sources/SpeziTimedWalkTest/TimedWalkTestViewModel.swift:50:44: error: 'CMPedometer' is unavailable in visionOS
 48 |         pedometer.queryPedometerData(from: .now, to: .now) { data, error in
 49 |             if data != nil {
 50 |                 self.authorizationStatus = CMPedometer.authorizationStatus()
    |                                            `- error: 'CMPedometer' is unavailable in visionOS
 51 |             } else {
 52 |                 self.walkTestResponse = .failed(TimedWalkTestError(errorCode: (error as? NSError)?.code ?? -1))
/Applications/Xcode-27.0.0-Release.Candidate.app/Contents/Developer/Platforms/XROS.platform/Developer/SDKs/XROS27.0.sdk/System/Library/Frameworks/CoreMotion.framework/Headers/CMPedometer.h:208:12: note: 'CMPedometer' has been explicitly marked unavailable here
206 |  */
207 | COREMOTION_EXPORT API_AVAILABLE(ios(8.0)) API_UNAVAILABLE(visionos)
208 | @interface CMPedometer : NSObject
    |            `- note: 'CMPedometer' has been explicitly marked unavailable here
209 |
210 | /*
/Users/admin/builder/spi-builder-workspace/Sources/SpeziTimedWalkTest/TimedWalkTestViewModel.swift:64:17: warning: unstructured throwing task created by 'init(name:priority:operation:)' is not used, which may accidentally ignore errors thrown inside the task [#NoUseUnstructuredThrowingTask]
 62 |             self.walkTestStartDate = .now
 63 |             defer {
 64 |                 Task {
    |                 |- warning: unstructured throwing task created by 'init(name:priority:operation:)' is not used, which may accidentally ignore errors thrown inside the task [#NoUseUnstructuredThrowingTask]
    |                 `- note: to silence this warning, handle the error inside the task, or store/discard the task value explicitly
 65 |                     try await Task.sleep(for: .seconds(0.2))
 66 |                     self.walkTestStartDate = nil
[#NoUseUnstructuredThrowingTask]: <https://docs.swift.org/compiler/documentation/diagnostics/no-use-throwing-unstructured-task>
Failed frontend command:
/Applications/Xcode-27.0.0-Release.Candidate.app/Contents/Developer/Toolchains/XcodeDefault.xctoolchain/usr/bin/swift-frontend -frontend -c /Users/admin/builder/spi-builder-workspace/.derivedData/Build/Intermediates.noindex/SpeziQuestionnaire.build/Debug-xros/SpeziTimedWalkTest-t.build/DerivedSources/resource_bundle_accessor.swift /Users/admin/builder/spi-builder-workspace/Sources/SpeziTimedWalkTest/ObservationExtension.swift /Users/admin/builder/spi-builder-workspace/Sources/SpeziTimedWalkTest/TimedWalkTest.swift /Users/admin/builder/spi-builder-workspace/Sources/SpeziTimedWalkTest/TimedWalkTestCancelModifier.swift /Users/admin/builder/spi-builder-workspace/Sources/SpeziTimedWalkTest/TimedWalkTestCompletedView.swift /Users/admin/builder/spi-builder-workspace/Sources/SpeziTimedWalkTest/TimedWalkTestError.swift /Users/admin/builder/spi-builder-workspace/Sources/SpeziTimedWalkTest/TimedWalkTestResult.swift /Users/admin/builder/spi-builder-workspace/Sources/SpeziTimedWalkTest/TimedWalkTestRunningView.swift /Users/admin/builder/spi-builder-workspace/Sources/SpeziTimedWalkTest/TimedWalkTestView.swift -primary-file /Users/admin/builder/spi-builder-workspace/Sources/SpeziTimedWalkTest/TimedWalkTestViewModel.swift /Users/admin/builder/spi-builder-workspace/Sources/SpeziTimedWalkTest/TimedWalkTestViewResult.swift /Users/admin/builder/spi-builder-workspace/.derivedData/Build/Intermediates.noindex/SpeziQuestionnaire.build/Debug-xros/SpeziTimedWalkTest-t.build/DerivedSources/GeneratedStringSymbols_Localizable.swift -emit-dependencies-path /Users/admin/builder/spi-builder-workspace/.derivedData/Build/Intermediates.noindex/SpeziQuestionnaire.build/Debug-xros/SpeziTimedWalkTest-t.build/Objects-normal/arm64/TimedWalkTestViewModel.d -emit-const-values-path /Users/admin/builder/spi-builder-workspace/.derivedData/Build/Intermediates.noindex/SpeziQuestionnaire.build/Debug-xros/SpeziTimedWalkTest-t.build/Objects-normal/arm64/TimedWalkTestViewModel.swiftconstvalues -emit-reference-dependencies-path /Users/admin/builder/spi-builder-workspace/.derivedData/Build/Intermediates.noindex/SpeziQuestionnaire.build/Debug-xros/SpeziTimedWalkTest-t.build/Objects-normal/arm64/TimedWalkTestViewModel.swiftdeps -serialize-diagnostics-path /Users/admin/builder/spi-builder-workspace/.derivedData/Build/Intermediates.noindex/SpeziQuestionnaire.build/Debug-xros/SpeziTimedWalkTest-t.build/Objects-normal/arm64/TimedWalkTestViewModel.dia -emit-localized-strings -emit-localized-strings-path /Users/admin/builder/spi-builder-workspace/.derivedData/Build/Intermediates.noindex/SpeziQuestionnaire.build/Debug-xros/SpeziTimedWalkTest-t.build/Objects-normal/arm64 -target arm64-apple-xros1.0 -disable-cross-import-overlay-search -load-resolved-plugin /Applications/Xcode-27.0.0-Release.Candidate.app/Contents/Developer/Platforms/XROS.platform/Developer/usr/lib/swift/host/plugins/libFoundationMacros.dylib\#/Applications/Xcode-27.0.0-Release.Candidate.app/Contents/Developer/Platforms/XROS.platform/Developer/usr/bin/swift-plugin-server\#FoundationMacros -load-resolved-plugin /Applications/Xcode-27.0.0-Release.Candidate.app/Contents/Developer/Platforms/XROS.platform/Developer/usr/lib/swift/host/plugins/libObservationMacros.dylib\#/Applications/Xcode-27.0.0-Release.Candidate.app/Contents/Developer/Platforms/XROS.platform/Developer/usr/bin/swift-plugin-server\#ObservationMacros -load-resolved-plugin /Applications/Xcode-27.0.0-Release.Candidate.app/Contents/Developer/Platforms/XROS.platform/Developer/usr/lib/swift/host/plugins/libPreviewsMacros.dylib\#/Applications/Xcode-27.0.0-Release.Candidate.app/Contents/Developer/Platforms/XROS.platform/Developer/usr/bin/swift-plugin-server\#PreviewsMacros -load-resolved-plugin /Applications/Xcode-27.0.0-Release.Candidate.app/Contents/Developer/Platforms/XROS.platform/Developer/usr/lib/swift/host/plugins/libSwiftMacros.dylib\#/Applications/Xcode-27.0.0-Release.Candidate.app/Contents/Developer/Platforms/XROS.platform/Developer/usr/bin/swift-plugin-server\#SwiftMacros -load-resolved-plugin /Applications/Xcode-27.0.0-Release.Candidate.app/Contents/Developer/Platforms/XROS.platform/Developer/usr/lib/swift/host/plugins/libSwiftUIMacros.dylib\#/Applications/Xcode-27.0.0-Release.Candidate.app/Contents/Developer/Platforms/XROS.platform/Developer/usr/bin/swift-plugin-server\#SwiftUIMacros -load-resolved-plugin \#/Users/admin/builder/spi-builder-workspace/.derivedData/Build/Products/Debug/ThreadLocalMacros\#ThreadLocalMacros -load-resolved-plugin /Applications/Xcode-27.0.0-Release.Candidate.app/Contents/Developer/Platforms/XROS.platform/Developer/usr/lib/swift/host/plugins/libTipKitMacros.dylib\#/Applications/Xcode-27.0.0-Release.Candidate.app/Contents/Developer/Platforms/XROS.platform/Developer/usr/bin/swift-plugin-server\#TipKitMacros -disable-implicit-swift-modules -Xcc -fno-implicit-modules -Xcc -fno-implicit-module-maps -explicit-swift-module-map-file /Users/admin/builder/spi-builder-workspace/.derivedData/Build/Intermediates.noindex/SpeziQuestionnaire.build/Debug-xros/SpeziTimedWalkTest-t.build/Objects-normal/arm64/SpeziTimedWalkTest-dependencies-1.json -Xllvm -aarch64-use-tbi -enable-objc-interop -stack-check -sdk /Applications/Xcode-27.0.0-Release.Candidate.app/Contents/Developer/Platforms/XROS.platform/Developer/SDKs/XROS27.0.sdk -I /Users/admin/builder/spi-builder-workspace/.derivedData/Build/Products/Debug-xros -Isystem /Applications/Xcode-27.0.0-Release.Candidate.app/Contents/Developer/Platforms/XROS.platform/Developer/usr/lib -F /Users/admin/builder/spi-builder-workspace/.derivedData/Build/Products/Debug-xros/PackageFrameworks -F /Users/admin/builder/spi-builder-workspace/.derivedData/Build/Products/Debug-xros -F /Applications/Xcode-27.0.0-Release.Candidate.app/Contents/Developer/Platforms/XROS.platform/Developer/Library/Frameworks -F /Applications/Xcode-27.0.0-Release.Candidate.app/Contents/Developer/Platforms/XROS.platform/Developer/SDKs/XROS27.0.sdk/Developer/Library/Frameworks -module-cache-path /Users/admin/builder/spi-builder-workspace/.derivedData/Build/Intermediates.noindex/SwiftExplicitPrecompiledModules -no-color-diagnostics -Xcc -fno-color-diagnostics -enable-testing -g -debug-info-format\=dwarf -dwarf-version\=4 -profile-generate -profile-coverage-mapping -swift-version 6 -Onone -D SWIFT_PACKAGE -D DEBUG -D SWIFT_MODULE_RESOURCE_BUNDLE_AVAILABLE -D Xcode -serialize-debugging-options -load-plugin-executable /Users/admin/builder/spi-builder-workspace/.derivedData/Build/Products/Debug/ThreadLocalMacros\#ThreadLocalMacros -enable-upcoming-feature ExistentialAny -enable-experimental-feature DebugDescriptionMacro -empty-abi-descriptor -validate-clang-modules-once -clang-build-session-file /Users/admin/builder/spi-builder-workspace/.derivedData/ModuleCache.noindex/Session.modulevalidation -Xcc -working-directory -Xcc /Users/admin/builder/spi-builder-workspace/.swiftpm/xcode -enable-anonymous-context-mangled-names -file-compilation-dir /Users/admin/builder/spi-builder-workspace/.swiftpm/xcode -Xcc -fmodule-map-file\=/Users/admin/builder/spi-builder-workspace/.dependencies/checkouts/zstd/lib/module.modulemap -Xcc -fmodule-map-file\=/Users/admin/builder/spi-builder-workspace/.dependencies/checkouts/swift-atomics/Sources/_AtomicsShims/include/module.modulemap -Xcc -fmodule-map-file\=/Users/admin/builder/spi-builder-workspace/.dependencies/checkouts/swift-numerics/Sources/_NumericsShims/include/module.modulemap -Xcc -fmodule-map-file\=/Users/admin/builder/spi-builder-workspace/.derivedData/Build/Intermediates.noindex/GeneratedModuleMaps-xros/SpeziFoundationObjC.modulemap -Xcc -fmodule-map-file\=/Users/admin/builder/spi-builder-workspace/.dependencies/checkouts/swift-cmark/src/include/module.modulemap -Xcc -fmodule-map-file\=/Users/admin/builder/spi-builder-workspace/.dependencies/checkouts/swift-cmark/extensions/include/module.modulemap -Xcc -D_LIBCPP_HARDENING_MODE\=_LIBCPP_HARDENING_MODE_DEBUG -Xcc -ivfsstatcache -Xcc /Users/admin/builder/spi-builder-workspace/.derivedData/SDKStatCaches.noindex/xros27.0-24M361-e829b21a6f8c9b70876ba0858053c044735bd543db762f57723cac368afd1ce4.sdkstatcache -Xcc -fmodules-prune-interval\=86400 -Xcc -fmodules-prune-after\=345600 -Xcc -I/Users/admin/builder/spi-builder-workspace/.dependencies/checkouts/zstd/lib -Xcc -I/Users/admin/builder/spi-builder-workspace/.dependencies/checkouts/swift-atomics/Sources/_AtomicsShims/include -Xcc -I/Users/admin/builder/spi-builder-workspace/.dependencies/checkouts/swift-numerics/Sources/_NumericsShims/include -Xcc -I/Users/admin/builder/spi-builder-workspace/.dependencies/checkouts/SpeziFoundation/Sources/SpeziFoundationObjC/include -Xcc -I/Users/admin/builder/spi-builder-workspace/.dependencies/checkouts/swift-cmark/src/include -Xcc -I/Users/admin/builder/spi-builder-workspace/.dependencies/checkouts/swift-cmark/extensions/include -Xcc -I/Users/admin/builder/spi-builder-workspace/.derivedData/Build/Products/Debug-xros/include -Xcc -I/Users/admin/builder/spi-builder-workspace/.derivedData/Build/Intermediates.noindex/SpeziQuestionnaire.build/Debug-xros/SpeziTimedWalkTest-t.build/DerivedSources-normal/arm64 -Xcc -I/Users/admin/builder/spi-builder-workspace/.derivedData/Build/Intermediates.noindex/SpeziQuestionnaire.build/Debug-xros/SpeziTimedWalkTest-t.build/DerivedSources/arm64 -Xcc -I/Users/admin/builder/spi-builder-workspace/.derivedData/Build/Intermediates.noindex/SpeziQuestionnaire.build/Debug-xros/SpeziTimedWalkTest-t.build/DerivedSources -Xcc -DSWIFT_PACKAGE -Xcc -DDEBUG\=1 -no-auto-bridging-header-chaining -module-name SpeziTimedWalkTest -package-name spi_builder_workspace -const-gather-protocols-file /Users/admin/builder/spi-builder-workspace/.derivedData/Build/Intermediates.noindex/SpeziQuestionnaire.build/Debug-xros/SpeziTimedWalkTest-t.build/Objects-normal/arm64/SpeziTimedWalkTest_const_extract_protocols.json -disable-clang-spi -clang-target arm64-apple-xros27.0 -target-sdk-version 27.0 -target-sdk-name xros27.0 -in-process-plugin-server-path /Applications/Xcode-27.0.0-Release.Candidate.app/Contents/Developer/Toolchains/XcodeDefault.xctoolchain/usr/lib/swift/host/libSwiftInProcPluginServer.dylib -parse-as-library -o /Users/admin/builder/spi-builder-workspace/.derivedData/Build/Intermediates.noindex/SpeziQuestionnaire.build/Debug-xros/SpeziTimedWalkTest-t.build/Objects-normal/arm64/TimedWalkTestViewModel.o -debug-module-path /Users/admin/builder/spi-builder-workspace/.derivedData/Build/Intermediates.noindex/SpeziQuestionnaire.build/Debug-xros/SpeziTimedWalkTest-t.build/Objects-normal/arm64/SpeziTimedWalkTest.swiftmodule -index-unit-output-path /SpeziQuestionnaire.build/Debug-xros/SpeziTimedWalkTest-t.build/Objects-normal/arm64/TimedWalkTestViewModel.o -index-store-path /Users/admin/builder/spi-builder-workspace/.derivedData/Index.noindex/DataStore -index-system-modules
SwiftCompile normal arm64 /Users/admin/builder/spi-builder-workspace/Sources/SpeziTimedWalkTest/TimedWalkTestViewModel.swift (in target 'SpeziTimedWalkTest' from project 'SpeziQuestionnaire')
    cd /Users/admin/builder/spi-builder-workspace/.swiftpm/xcode
    builtin-SwiftPerFileCompile TimedWalkTestViewModel.swift
SwiftCompile normal arm64 Compiling\ TimedWalkTestViewResult.swift /Users/admin/builder/spi-builder-workspace/Sources/SpeziTimedWalkTest/TimedWalkTestViewResult.swift (in target 'SpeziTimedWalkTest' from project 'SpeziQuestionnaire')
SwiftCompile normal arm64 /Users/admin/builder/spi-builder-workspace/Sources/SpeziTimedWalkTest/TimedWalkTestViewResult.swift (in target 'SpeziTimedWalkTest' from project 'SpeziQuestionnaire')
    cd /Users/admin/builder/spi-builder-workspace/.swiftpm/xcode
    builtin-SwiftPerFileCompile TimedWalkTestViewResult.swift
SwiftCompile normal arm64 Compiling\ resource_bundle_accessor.swift,\ ObservationExtension.swift /Users/admin/builder/spi-builder-workspace/.derivedData/Build/Intermediates.noindex/SpeziQuestionnaire.build/Debug-xros/SpeziTimedWalkTest-t.build/DerivedSources/resource_bundle_accessor.swift /Users/admin/builder/spi-builder-workspace/Sources/SpeziTimedWalkTest/ObservationExtension.swift (in target 'SpeziTimedWalkTest' from project 'SpeziQuestionnaire')
SwiftCompile normal arm64 /Users/admin/builder/spi-builder-workspace/.derivedData/Build/Intermediates.noindex/SpeziQuestionnaire.build/Debug-xros/SpeziTimedWalkTest-t.build/DerivedSources/resource_bundle_accessor.swift (in target 'SpeziTimedWalkTest' from project 'SpeziQuestionnaire')
    cd /Users/admin/builder/spi-builder-workspace/.swiftpm/xcode
    builtin-SwiftPerFileCompile resource_bundle_accessor.swift
SwiftCompile normal arm64 /Users/admin/builder/spi-builder-workspace/Sources/SpeziTimedWalkTest/ObservationExtension.swift (in target 'SpeziTimedWalkTest' from project 'SpeziQuestionnaire')
    cd /Users/admin/builder/spi-builder-workspace/.swiftpm/xcode
    builtin-SwiftPerFileCompile ObservationExtension.swift
SwiftCompile normal arm64 Compiling\ TimedWalkTestError.swift /Users/admin/builder/spi-builder-workspace/Sources/SpeziTimedWalkTest/TimedWalkTestError.swift (in target 'SpeziTimedWalkTest' from project 'SpeziQuestionnaire')
SwiftCompile normal arm64 /Users/admin/builder/spi-builder-workspace/Sources/SpeziTimedWalkTest/TimedWalkTestError.swift (in target 'SpeziTimedWalkTest' from project 'SpeziQuestionnaire')
    cd /Users/admin/builder/spi-builder-workspace/.swiftpm/xcode
    builtin-SwiftPerFileCompile TimedWalkTestError.swift
SwiftDriverJobDiscovery normal arm64 Compiling GeneratedStringSymbols_Localizable.swift (in target 'SpeziTimedWalkTest' from project 'SpeziQuestionnaire')
SwiftCompile normal arm64 Compiling\ TimedWalkTest.swift,\ TimedWalkTestCancelModifier.swift /Users/admin/builder/spi-builder-workspace/Sources/SpeziTimedWalkTest/TimedWalkTest.swift /Users/admin/builder/spi-builder-workspace/Sources/SpeziTimedWalkTest/TimedWalkTestCancelModifier.swift (in target 'SpeziTimedWalkTest' from project 'SpeziQuestionnaire')
SwiftCompile normal arm64 /Users/admin/builder/spi-builder-workspace/Sources/SpeziTimedWalkTest/TimedWalkTest.swift (in target 'SpeziTimedWalkTest' from project 'SpeziQuestionnaire')
    cd /Users/admin/builder/spi-builder-workspace/.swiftpm/xcode
    builtin-SwiftPerFileCompile TimedWalkTest.swift
SwiftCompile normal arm64 /Users/admin/builder/spi-builder-workspace/Sources/SpeziTimedWalkTest/TimedWalkTestCancelModifier.swift (in target 'SpeziTimedWalkTest' from project 'SpeziQuestionnaire')
    cd /Users/admin/builder/spi-builder-workspace/.swiftpm/xcode
    builtin-SwiftPerFileCompile TimedWalkTestCancelModifier.swift
SwiftDriverJobDiscovery normal arm64 Compiling TimedWalkTestViewResult.swift (in target 'SpeziTimedWalkTest' from project 'SpeziQuestionnaire')
SwiftDriverJobDiscovery normal arm64 Compiling TimedWalkTestResult.swift (in target 'SpeziTimedWalkTest' from project 'SpeziQuestionnaire')
PruneExplicitPrecompiledModules /Users/admin/builder/spi-builder-workspace/.derivedData/SDKExplicitPrecompiledModules
PruneExplicitPrecompiledModules /Users/admin/builder/spi-builder-workspace/.derivedData/Build/Intermediates.noindex/ExplicitPrecompiledModules
PruneExplicitPrecompiledModules /Users/admin/builder/spi-builder-workspace/.derivedData/Build/Intermediates.noindex/SwiftExplicitPrecompiledModules
2026-09-24 15:57:31.125 xcodebuild[2530:13622] [MT] IDERunDestination: Supported platforms for the buildables in the current scheme is empty.
** BUILD FAILED **
The following build commands failed:
	SwiftCompile normal arm64 Compiling\ TimedWalkTestViewModel.swift /Users/admin/builder/spi-builder-workspace/Sources/SpeziTimedWalkTest/TimedWalkTestViewModel.swift (in target 'SpeziTimedWalkTest' from project 'SpeziQuestionnaire')
	SwiftCompile normal arm64 /Users/admin/builder/spi-builder-workspace/Sources/SpeziTimedWalkTest/TimedWalkTestViewModel.swift (in target 'SpeziTimedWalkTest' from project 'SpeziQuestionnaire')
	Building workspace SpeziQuestionnaire with scheme SpeziQuestionnaire-Package
(3 failures)
BUILD FAILURE 6.4 visionOS