The Swift Package Index logo.Swift Package Index

Build Information

Failed to build GooglePlaces, reference main (106f3d), with Swift 6.1 for Wasm on 1 Oct 2026 05:29:34 UTC.

Build Command

bash -c docker run --pull=always --rm -v "checkouts-54344845-0":/host -w "$PWD" -e JAVA_HOME="/root/.sdkman/candidates/java/current" -e SPI_BUILD="1" -e SPI_PROCESSING="1" registry.gitlab.com/saguaro1/spi-images:wasm-6.1-latest swift build --swift-sdk wasm32-unknown-wasi 2>&1

Build Log

========================================
RunAll
========================================
Builder version: 5.1.1
Interrupt handler set up.
========================================
Checkout
========================================
Clone URL: https://github.com/googlemaps/ios-places-sdk.git
Reference: main
Initialized empty Git repository in /host/spi-builder-workspace/.git/
hint: Using 'master' as the name for the initial branch. This default branch name
hint: is subject to change. To configure the initial branch name to use in all
hint: of your new repositories, which will suppress this warning, call:
hint:
hint: 	git config --global init.defaultBranch <name>
hint:
hint: Names commonly chosen instead of 'master' are 'main', 'trunk' and
hint: 'development'. The just-created branch can be renamed via this command:
hint:
hint: 	git branch -m <name>
From https://github.com/googlemaps/ios-places-sdk
 * branch            main       -> FETCH_HEAD
 * [new branch]      main       -> origin/main
HEAD is now at 106f3d8 feat: Create release candidate for version 11.2.0
Cloned https://github.com/googlemaps/ios-places-sdk.git
Revision (git rev-parse @):
106f3d85e9fb1ef7bd953b34a50897ce28f51e13
SUCCESS checkout https://github.com/googlemaps/ios-places-sdk.git at main
========================================
Build
========================================
Selected platform:         wasm
Swift version:             6.1
Building package at path:  $PWD
https://github.com/googlemaps/ios-places-sdk.git
https://github.com/googlemaps/ios-places-sdk.git
WARNING: environment variable SUPPRESS_SWIFT_6_FLAGS is not set
Running build ...
bash -c docker run --pull=always --rm -v "checkouts-54344845-0":/host -w "$PWD" -e JAVA_HOME="/root/.sdkman/candidates/java/current" -e SPI_BUILD="1" -e SPI_PROCESSING="1" registry.gitlab.com/saguaro1/spi-images:wasm-6.1-latest swift build --swift-sdk wasm32-unknown-wasi -Xswiftc -Xfrontend -Xswiftc -stats-output-dir -Xswiftc -Xfrontend -Xswiftc .stats -Xswiftc -strict-concurrency=complete -Xswiftc -enable-upcoming-feature -Xswiftc StrictConcurrency -Xswiftc -enable-upcoming-feature -Xswiftc DisableOutwardActorInference -Xswiftc -enable-upcoming-feature -Xswiftc GlobalActorIsolatedTypesUsability -Xswiftc -enable-upcoming-feature -Xswiftc InferSendableFromCaptures 2>&1
wasm-6.1-latest: Pulling from saguaro1/spi-images
Digest: sha256:beceeede496da67681f4fa220a6b97cc098a0178841a413735f598dc6bbaf4c8
Status: Image is up to date for registry.gitlab.com/saguaro1/spi-images:wasm-6.1-latest
Downloading binary artifact https://dl.google.com/geosdk/swiftpm/11.2.0/GooglePlaces_3p.xcframework.zip
Downloading binary artifact https://dl.google.com/geosdk/swiftpm/11.2.0/google_places_swift.xcframework.zip
[1354/1354] Downloading https://dl.google.com/geosdk/swiftpm/11.2.0/google_places_swift.xcframework.zip
[41274/41274] Downloading https://dl.google.com/geosdk/swiftpm/11.2.0/google_places_swift.xcframework.zip, https://dl.google.com/geosdk/swiftpm/11.2.0/GooglePlaces_3p.xcframework.zip
Downloaded https://dl.google.com/geosdk/swiftpm/11.2.0/GooglePlaces_3p.xcframework.zip (0.57s)
Downloaded https://dl.google.com/geosdk/swiftpm/11.2.0/google_places_swift.xcframework.zip (0.66s)
Building for debugging...
[0/6] Write sources
[1/6] Copying GooglePlacesSwift.bundle
[1/6] Copying GooglePlaces.bundle
In file included from <built-in>:1:
/host/spi-builder-workspace/.build/wasm32-unknown-wasi/debug/GooglePlacesTarget.build/DerivedSources/resource_bundle_accessor.h:2:9: fatal error: 'Foundation/Foundation.h' file not found
    2 | #import <Foundation/Foundation.h>
      |         ^~~~~~~~~~~~~~~~~~~~~~~~~
1 error generated.
In file included from <built-in>:1:
/host/spi-builder-workspace/.build/wasm32-unknown-wasi/debug/GooglePlacesTarget.build/DerivedSources/resource_bundle_accessor.h:2:9: fatal error: 'Foundation/Foundation.h' file not found
    2 | #import <Foundation/Foundation.h>
      |         ^~~~~~~~~~~~~~~~~~~~~~~~~
1 error generated.
[3/6] Compiling GooglePlacesTarget GMSEmpty.m
[3/6] Compiling GooglePlacesTarget resource_bundle_accessor.m
[3/6] Write swift-version-24593BA9C3E375BF.txt
Running build ...
bash -c docker run --pull=always --rm -v "checkouts-54344845-0":/host -w "$PWD" -e JAVA_HOME="/root/.sdkman/candidates/java/current" -e SPI_BUILD="1" -e SPI_PROCESSING="1" registry.gitlab.com/saguaro1/spi-images:wasm-6.1-latest swift build --swift-sdk wasm32-unknown-wasi 2>&1
wasm-6.1-latest: Pulling from saguaro1/spi-images
Digest: sha256:beceeede496da67681f4fa220a6b97cc098a0178841a413735f598dc6bbaf4c8
Status: Image is up to date for registry.gitlab.com/saguaro1/spi-images:wasm-6.1-latest
[0/1] Planning build
Building for debugging...
In file included from <built-in>:1:
/host/spi-builder-workspace/.build/wasm32-unknown-wasi/debug/GooglePlacesTarget.build/DerivedSources/resource_bundle_accessor.h:2:9: fatal error: 'Foundation/Foundation.h' file not found
    2 | #import <Foundation/Foundation.h>
      |         ^~~~~~~~~~~~~~~~~~~~~~~~~
1 error generated.
[0/3] Compiling GooglePlacesTarget GMSEmpty.m
In file included from <built-in>:1:
/host/spi-builder-workspace/.build/wasm32-unknown-wasi/debug/GooglePlacesTarget.build/DerivedSources/resource_bundle_accessor.h:2:9: fatal error: 'Foundation/Foundation.h' file not found
    2 | #import <Foundation/Foundation.h>
      |         ^~~~~~~~~~~~~~~~~~~~~~~~~
1 error generated.
[0/3] Compiling GooglePlacesTarget resource_bundle_accessor.m
[0/3] Write swift-version-24593BA9C3E375BF.txt
BUILD FAILURE 6.1 wasm