The Swift Package Index logo.Swift Package Index

Build Information

Failed to build Hwp-Swift, reference main (eebe90), with Swift 6.4 for Wasm on 13 Oct 2026 16:52:21 UTC.

Build Command

bash -c docker run --pull=always --rm -v "checkouts-54344843-1":/host -w "$PWD" -e JAVA_HOME="/root/.sdkman/candidates/java/current" -e SPI_BUILD="1" -e SPI_PROCESSING="1" registry.gitlab.com/saguaro1/spi-images:wasm-6.4-latest swift build --swift-sdk swift-6.4.0-RELEASE_wasm 2>&1

Build Log

========================================
RunAll
========================================
Builder version: 5.1.2
Interrupt handler set up.
========================================
Checkout
========================================
Clone URL: https://github.com/sboh1214/Hwp-Swift.git
Reference: main
Initialized empty Git repository in /host/spi-builder-workspace/.git/
hint: Using 'master' as the name for the initial branch. This default branch name
hint: is subject to change. To configure the initial branch name to use in all
hint: of your new repositories, which will suppress this warning, call:
hint:
hint: 	git config --global init.defaultBranch <name>
hint:
hint: Names commonly chosen instead of 'master' are 'main', 'trunk' and
hint: 'development'. The just-created branch can be renamed via this command:
hint:
hint: 	git branch -m <name>
From https://github.com/sboh1214/Hwp-Swift
 * branch            main       -> FETCH_HEAD
 * [new branch]      main       -> origin/main
HEAD is now at eebe90d Merge pull request #277 from sboh1214/chore/release-0.19.0
Cloned https://github.com/sboh1214/Hwp-Swift.git
Revision (git rev-parse @):
eebe90d160b3d437b97d0bb1ea7a5752f419f225
SUCCESS checkout https://github.com/sboh1214/Hwp-Swift.git at main
========================================
Build
========================================
Selected platform:         wasm
Swift version:             6.4
Building package at path:  $PWD
https://github.com/sboh1214/Hwp-Swift.git
Running build ...
bash -c docker run --pull=always --rm -v "checkouts-54344843-1":/host -w "$PWD" -e JAVA_HOME="/root/.sdkman/candidates/java/current" -e SPI_BUILD="1" -e SPI_PROCESSING="1" registry.gitlab.com/saguaro1/spi-images:wasm-6.4-latest swift build --swift-sdk swift-6.4.0-RELEASE_wasm 2>&1
wasm-6.4-latest: Pulling from saguaro1/spi-images
Digest: sha256:d8610b27563fbed4643ddaec8e9397319e3b3e1372fc54686db2dacb952c1b8f
Status: Image is up to date for registry.gitlab.com/saguaro1/spi-images:wasm-6.4-latest
Fetching https://github.com/Quick/Nimble
Fetching https://github.com/swiftlang/swift-docc-plugin
Fetching https://github.com/CoreOffice/OLEKit.git
Fetching https://github.com/tsolomko/SWCompression.git
[1/18078] Fetching swcompression
[12837/38080] Fetching swcompression, nimble
[18480/38986] Fetching swcompression, nimble, olekit
[18490/41331] Fetching swcompression, nimble, olekit, swift-docc-plugin
Fetched https://github.com/tsolomko/SWCompression.git (0.86s)
[5955/23253] Fetching nimble, olekit, swift-docc-plugin
Fetched https://github.com/CoreOffice/OLEKit.git (1.34s)
Fetched https://github.com/swiftlang/swift-docc-plugin (1.34s)
Fetched https://github.com/Quick/Nimble (1.51s)
Computing version for https://github.com/swiftlang/swift-docc-plugin
Computed https://github.com/swiftlang/swift-docc-plugin at 1.5.0 (2.40s)
Fetching https://github.com/swiftlang/swift-docc-symbolkit
[1/3837] Fetching swift-docc-symbolkit
Fetched https://github.com/swiftlang/swift-docc-symbolkit (0.68s)
Computing version for https://github.com/Quick/Nimble
Computed https://github.com/Quick/Nimble at 13.8.0 (0.84s)
Fetching https://github.com/mattgallagher/CwlPreconditionTesting.git
[1/1257] Fetching cwlpreconditiontesting
Fetched https://github.com/mattgallagher/CwlPreconditionTesting.git (1.70s)
Computing version for https://github.com/tsolomko/SWCompression.git
Computed https://github.com/tsolomko/SWCompression.git at 4.9.1 (1.85s)
Fetching https://github.com/tsolomko/BitByteData
[1/3281] Fetching bitbytedata
Fetched https://github.com/tsolomko/BitByteData (0.45s)
Computing version for https://github.com/CoreOffice/OLEKit.git
Computed https://github.com/CoreOffice/OLEKit.git at 0.3.1 (0.63s)
Computing version for https://github.com/swiftlang/swift-docc-symbolkit
Computed https://github.com/swiftlang/swift-docc-symbolkit at 1.0.0 (0.20s)
Computing version for https://github.com/tsolomko/BitByteData
Computed https://github.com/tsolomko/BitByteData at 2.1.0 (0.15s)
Computing version for https://github.com/mattgallagher/CwlPreconditionTesting.git
Computed https://github.com/mattgallagher/CwlPreconditionTesting.git at 2.2.2 (0.18s)
Fetching https://github.com/mattgallagher/CwlCatchException.git
[1/460] Fetching cwlcatchexception
Fetched https://github.com/mattgallagher/CwlCatchException.git (0.37s)
Computing version for https://github.com/mattgallagher/CwlCatchException.git
Computed https://github.com/mattgallagher/CwlCatchException.git at 2.2.1 (0.55s)
Creating working copy for https://github.com/swiftlang/swift-docc-symbolkit
Working copy of https://github.com/swiftlang/swift-docc-symbolkit resolved at 1.0.0
Creating working copy for https://github.com/mattgallagher/CwlCatchException.git
Working copy of https://github.com/mattgallagher/CwlCatchException.git resolved at 2.2.1
Creating working copy for https://github.com/Quick/Nimble
Working copy of https://github.com/Quick/Nimble resolved at 13.8.0
Creating working copy for https://github.com/swiftlang/swift-docc-plugin
Working copy of https://github.com/swiftlang/swift-docc-plugin resolved at 1.5.0
Creating working copy for https://github.com/tsolomko/BitByteData
Working copy of https://github.com/tsolomko/BitByteData resolved at 2.1.0
Creating working copy for https://github.com/CoreOffice/OLEKit.git
Working copy of https://github.com/CoreOffice/OLEKit.git resolved at 0.3.1
Creating working copy for https://github.com/tsolomko/SWCompression.git
Working copy of https://github.com/tsolomko/SWCompression.git resolved at 4.9.1
Creating working copy for https://github.com/mattgallagher/CwlPreconditionTesting.git
Working copy of https://github.com/mattgallagher/CwlPreconditionTesting.git resolved at 2.2.2
Building for debugging...
[Constructing description]
[Planning deferred tasks]
[23 / 38] OLEKit
[32 / 47] OLEKit
[33 / 47] OLEKit
[38 / 48]
[40 / 57] CoreHwp
[41 / 57] CoreHwp
[42 / 57] CoreHwp
error: SwiftCompile normal wasm32 /host/spi-builder-workspace/Sources/CoreHwp/Models/Section/HwpParaHeader.swift failed with a nonzero exit code. Command line:     cd /host
    builtin-SwiftPerFileCompile HwpParaHeader.swift
error: SwiftCompile normal wasm32 /host/spi-builder-workspace/Sources/CoreHwp/Models/Section/HwpParaLineSeg.swift failed with a nonzero exit code. Command line:     cd /host
    builtin-SwiftPerFileCompile HwpParaLineSeg.swift
error: SwiftCompile normal wasm32 /host/spi-builder-workspace/Sources/CoreHwp/Models/Section/HwpParaLineSegInternal.swift failed with a nonzero exit code. Command line:     cd /host
    builtin-SwiftPerFileCompile HwpParaLineSegInternal.swift
error: SwiftCompile normal wasm32 /host/spi-builder-workspace/Sources/CoreHwp/Models/Section/HwpParaRangeTag.swift failed with a nonzero exit code. Command line:     cd /host
    builtin-SwiftPerFileCompile HwpParaRangeTag.swift
error: SwiftCompile normal wasm32 /host/spi-builder-workspace/Sources/CoreHwp/Models/Section/HwpParaText.swift failed with a nonzero exit code. Command line:     cd /host
    builtin-SwiftPerFileCompile HwpParaText.swift
error: SwiftCompile normal wasm32 /host/spi-builder-workspace/Sources/CoreHwp/Models/Section/HwpParagraph.swift failed with a nonzero exit code. Command line:     cd /host
    builtin-SwiftPerFileCompile HwpParagraph.swift
error: SwiftCompile normal wasm32 /host/spi-builder-workspace/Sources/CoreHwp/Streams/HwpBinaryData.swift failed with a nonzero exit code. Command line:     cd /host
    builtin-SwiftPerFileCompile HwpBinaryData.swift
error: SwiftCompile normal wasm32 /host/spi-builder-workspace/Sources/CoreHwp/Streams/HwpDocInfo.swift failed with a nonzero exit code. Command line:     cd /host
    builtin-SwiftPerFileCompile HwpDocInfo.swift
error: SwiftCompile normal wasm32 /host/spi-builder-workspace/Sources/CoreHwp/Streams/HwpFileHeader.swift failed with a nonzero exit code. Command line:     cd /host
    builtin-SwiftPerFileCompile HwpFileHeader.swift
error: SwiftCompile normal wasm32 /host/spi-builder-workspace/Sources/CoreHwp/Streams/HwpPreviewImage.swift failed with a nonzero exit code. Command line:     cd /host
    builtin-SwiftPerFileCompile HwpPreviewImage.swift
error: SwiftCompile normal wasm32 /host/spi-builder-workspace/Sources/CoreHwp/Streams/HwpPreviewText.swift failed with a nonzero exit code. Command line:     cd /host
    builtin-SwiftPerFileCompile HwpPreviewText.swift
error: SwiftCompile normal wasm32 /host/spi-builder-workspace/Sources/CoreHwp/Streams/HwpSection.swift failed with a nonzero exit code. Command line:     cd /host
    builtin-SwiftPerFileCompile HwpSection.swift
error: SwiftCompile normal wasm32 /host/spi-builder-workspace/Sources/CoreHwp/Streams/HwpSummary.swift failed with a nonzero exit code. Command line:     cd /host
    builtin-SwiftPerFileCompile HwpSummary.swift
error: SwiftCompile normal wasm32 /host/spi-builder-workspace/Sources/CoreHwp/Utils/ExcludeEquatable.swift failed with a nonzero exit code. Command line:     cd /host
    builtin-SwiftPerFileCompile ExcludeEquatable.swift
error: SwiftCompile normal wasm32 /host/spi-builder-workspace/Sources/CoreHwp/Utils/Extensions/Array+Extension.swift failed with a nonzero exit code. Command line:     cd /host
    builtin-SwiftPerFileCompile Array+Extension.swift
error: SwiftCompile normal wasm32 /host/spi-builder-workspace/Sources/CoreHwp/Utils/Extensions/BinaryInteger+Extension.swift failed with a nonzero exit code. Command line:     cd /host
    builtin-SwiftPerFileCompile BinaryInteger+Extension.swift
error: SwiftCompile normal wasm32 /host/spi-builder-workspace/Sources/CoreHwp/Utils/Extensions/Data+Extension.swift failed with a nonzero exit code. Command line:     cd /host
    builtin-SwiftPerFileCompile Data+Extension.swift
error: SwiftCompile normal wasm32 /host/spi-builder-workspace/Sources/CoreHwp/Utils/Extensions/StringProtocol+Extension.swift failed with a nonzero exit code. Command line:     cd /host
    builtin-SwiftPerFileCompile StringProtocol+Extension.swift
<module-includes>:1:10: note: in file included from <module-includes>:1:
1 | #include "Shim.h"
  |          `- note: in file included from <module-includes>:1:
2 |
/host/spi-builder-workspace/Sources/CHwpZlib/Shim.h:12:10: error: 'zlib.h' file not found
10 | #define CHWPZLIB_SHIM_H
11 |
12 | #include <zlib.h>
   |          `- error: 'zlib.h' file not found
13 |
14 | #endif
/host/spi-builder-workspace/Sources/CoreHwp/Utils/Readers/HwpInflate.swift:5:12: error: could not build C module 'CHwpZlib'
  3 |     import Compression
  4 | #else
  5 |     import CHwpZlib
    |            `- error: could not build C module 'CHwpZlib'
  6 | #endif
  7 |
Failed frontend command:
/usr/bin/swift-frontend -frontend -c -filelist /host/spi-builder-workspace/.build/out/Intermediates.noindex/Hwp-Swift.build/Debug-webassembly-wasm32/CoreHwp-t.build/Objects-normal/wasm32/sources-1 -primary-file /host/spi-builder-workspace/Sources/CoreHwp/Models/Section/HwpParaHeader.swift -primary-file /host/spi-builder-workspace/Sources/CoreHwp/Models/Section/HwpParaLineSeg.swift -primary-file /host/spi-builder-workspace/Sources/CoreHwp/Models/Section/HwpParaLineSegInternal.swift -primary-file /host/spi-builder-workspace/Sources/CoreHwp/Models/Section/HwpParaRangeTag.swift -primary-file /host/spi-builder-workspace/Sources/CoreHwp/Models/Section/HwpParaText.swift -primary-file /host/spi-builder-workspace/Sources/CoreHwp/Models/Section/HwpParagraph.swift -primary-file /host/spi-builder-workspace/Sources/CoreHwp/Streams/HwpBinaryData.swift -primary-file /host/spi-builder-workspace/Sources/CoreHwp/Streams/HwpDocInfo.swift -primary-file /host/spi-builder-workspace/Sources/CoreHwp/Streams/HwpFileHeader.swift -primary-file /host/spi-builder-workspace/Sources/CoreHwp/Streams/HwpPreviewImage.swift -primary-file /host/spi-builder-workspace/Sources/CoreHwp/Streams/HwpPreviewText.swift -primary-file /host/spi-builder-workspace/Sources/CoreHwp/Streams/HwpSection.swift -primary-file /host/spi-builder-workspace/Sources/CoreHwp/Streams/HwpSummary.swift -primary-file /host/spi-builder-workspace/Sources/CoreHwp/Utils/ExcludeEquatable.swift -primary-file /host/spi-builder-workspace/Sources/CoreHwp/Utils/Extensions/Array+Extension.swift -primary-file /host/spi-builder-workspace/Sources/CoreHwp/Utils/Extensions/BinaryInteger+Extension.swift -primary-file /host/spi-builder-workspace/Sources/CoreHwp/Utils/Extensions/Data+Extension.swift -primary-file /host/spi-builder-workspace/Sources/CoreHwp/Utils/Extensions/StringProtocol+Extension.swift -supplementary-output-file-map /host/spi-builder-workspace/.build/out/Intermediates.noindex/Hwp-Swift.build/Debug-webassembly-wasm32/CoreHwp-t.build/Objects-normal/wasm32/supplementaryOutputs-7 -target wasm32-unknown-wasip1 -disable-objc-interop -sdk /root/.swiftpm/swift-sdks/swift-6.4.0-RELEASE_wasm.artifactbundle/swift-6.4.0-RELEASE_wasm/wasm32-unknown-wasip1/WASI.sdk -sysroot /root/.swiftpm/swift-sdks/swift-6.4.0-RELEASE_wasm.artifactbundle/swift-6.4.0-RELEASE_wasm/wasm32-unknown-wasip1/WASI.sdk -I /host/spi-builder-workspace/.build/out/Products/Debug-webassembly-wasm32 -module-cache-path /host/spi-builder-workspace/.build/out/ModuleCache.noindex -color-diagnostics -Xcc -fcolor-diagnostics -enable-testing -g -debug-info-format\=dwarf -dwarf-version\=4 -swift-version 5 -Onone -D SWIFT_PACKAGE -D DEBUG -D SWIFT_MODULE_RESOURCE_BUNDLE_UNAVAILABLE -D Xcode -serialize-debugging-options -enable-experimental-feature DebugDescriptionMacro -empty-abi-descriptor -external-plugin-path /usr/lib/swift/host/plugins/testing\#/usr/bin/swift-plugin-server -validate-clang-modules-once -clang-build-session-file /host/spi-builder-workspace/.build/out/ModuleCache.noindex/Session.modulevalidation -Xcc -working-directory -Xcc /host -resource-dir /root/.swiftpm/swift-sdks/swift-6.4.0-RELEASE_wasm.artifactbundle/swift-6.4.0-RELEASE_wasm/wasm32-unknown-wasip1/swift.xctoolchain/usr/lib/swift_static -use-static-resource-dir -enable-anonymous-context-mangled-names -file-compilation-dir /host -Xcc -resource-dir -Xcc /root/.swiftpm/swift-sdks/swift-6.4.0-RELEASE_wasm.artifactbundle/swift-6.4.0-RELEASE_wasm/wasm32-unknown-wasip1/swift.xctoolchain/usr/lib/swift_static/clang -Xcc -fmodule-map-file\=/host/spi-builder-workspace/Sources/CHwpZlib/module.modulemap -Xcc -D_LIBCPP_HARDENING_MODE\=_LIBCPP_HARDENING_MODE_DEBUG -Xcc -fmodules-prune-interval\=86400 -Xcc -fmodules-prune-after\=345600 -Xcc -I/host/spi-builder-workspace/.build/out/Products/Debug-webassembly-wasm32/include -Xcc -I/host/spi-builder-workspace/.build/out/Intermediates.noindex/Hwp-Swift.build/Debug-webassembly-wasm32/CoreHwp-t.build/DerivedSources-normal/wasm32 -Xcc -I/host/spi-builder-workspace/.build/out/Intermediates.noindex/Hwp-Swift.build/Debug-webassembly-wasm32/CoreHwp-t.build/DerivedSources/wasm32 -Xcc -I/host/spi-builder-workspace/.build/out/Intermediates.noindex/Hwp-Swift.build/Debug-webassembly-wasm32/CoreHwp-t.build/DerivedSources -Xcc -DSWIFT_PACKAGE -Xcc -DDEBUG\=1 -no-auto-bridging-header-chaining -module-name CoreHwp -package-name spi_builder_workspace -const-gather-protocols-file /host/spi-builder-workspace/.build/out/Intermediates.noindex/Hwp-Swift.build/Debug-webassembly-wasm32/CoreHwp-t.build/Objects-normal/wasm32/CoreHwp_const_extract_protocols.json -in-process-plugin-server-path /usr/lib/swift/host/libSwiftInProcPluginServer.so -plugin-path /usr/lib/swift/host/plugins -plugin-path /usr/local/lib/swift/host/plugins -parse-as-library -o /host/spi-builder-workspace/.build/out/Intermediates.noindex/Hwp-Swift.build/Debug-webassembly-wasm32/CoreHwp-t.build/Objects-normal/wasm32/HwpParaHeader.o -o /host/spi-builder-workspace/.build/out/Intermediates.noindex/Hwp-Swift.build/Debug-webassembly-wasm32/CoreHwp-t.build/Objects-normal/wasm32/HwpParaLineSeg.o -o /host/spi-builder-workspace/.build/out/Intermediates.noindex/Hwp-Swift.build/Debug-webassembly-wasm32/CoreHwp-t.build/Objects-normal/wasm32/HwpParaLineSegInternal.o -o /host/spi-builder-workspace/.build/out/Intermediates.noindex/Hwp-Swift.build/Debug-webassembly-wasm32/CoreHwp-t.build/Objects-normal/wasm32/HwpParaRangeTag.o -o /host/spi-builder-workspace/.build/out/Intermediates.noindex/Hwp-Swift.build/Debug-webassembly-wasm32/CoreHwp-t.build/Objects-normal/wasm32/HwpParaText.o -o /host/spi-builder-workspace/.build/out/Intermediates.noindex/Hwp-Swift.build/Debug-webassembly-wasm32/CoreHwp-t.build/Objects-normal/wasm32/HwpParagraph.o -o /host/spi-builder-workspace/.build/out/Intermediates.noindex/Hwp-Swift.build/Debug-webassembly-wasm32/CoreHwp-t.build/Objects-normal/wasm32/HwpBinaryData.o -o /host/spi-builder-workspace/.build/out/Intermediates.noindex/Hwp-Swift.build/Debug-webassembly-wasm32/CoreHwp-t.build/Objects-normal/wasm32/HwpDocInfo.o -o /host/spi-builder-workspace/.build/out/Intermediates.noindex/Hwp-Swift.build/Debug-webassembly-wasm32/CoreHwp-t.build/Objects-normal/wasm32/HwpFileHeader.o -o /host/spi-builder-workspace/.build/out/Intermediates.noindex/Hwp-Swift.build/Debug-webassembly-wasm32/CoreHwp-t.build/Objects-normal/wasm32/HwpPreviewImage.o -o /host/spi-builder-workspace/.build/out/Intermediates.noindex/Hwp-Swift.build/Debug-webassembly-wasm32/CoreHwp-t.build/Objects-normal/wasm32/HwpPreviewText.o -o /host/spi-builder-workspace/.build/out/Intermediates.noindex/Hwp-Swift.build/Debug-webassembly-wasm32/CoreHwp-t.build/Objects-normal/wasm32/HwpSection.o -o /host/spi-builder-workspace/.build/out/Intermediates.noindex/Hwp-Swift.build/Debug-webassembly-wasm32/CoreHwp-t.build/Objects-normal/wasm32/HwpSummary.o -o /host/spi-builder-workspace/.build/out/Intermediates.noindex/Hwp-Swift.build/Debug-webassembly-wasm32/CoreHwp-t.build/Objects-normal/wasm32/ExcludeEquatable.o -o /host/spi-builder-workspace/.build/out/Intermediates.noindex/Hwp-Swift.build/Debug-webassembly-wasm32/CoreHwp-t.build/Objects-normal/wasm32/Array+Extension.o -o /host/spi-builder-workspace/.build/out/Intermediates.noindex/Hwp-Swift.build/Debug-webassembly-wasm32/CoreHwp-t.build/Objects-normal/wasm32/BinaryInteger+Extension.o -o /host/spi-builder-workspace/.build/out/Intermediates.noindex/Hwp-Swift.build/Debug-webassembly-wasm32/CoreHwp-t.build/Objects-normal/wasm32/Data+Extension.o -o /host/spi-builder-workspace/.build/out/Intermediates.noindex/Hwp-Swift.build/Debug-webassembly-wasm32/CoreHwp-t.build/Objects-normal/wasm32/StringProtocol+Extension.o -index-unit-output-path /Hwp-Swift.build/Debug-webassembly-wasm32/CoreHwp-t.build/Objects-normal/wasm32/HwpParaHeader.o -index-unit-output-path /Hwp-Swift.build/Debug-webassembly-wasm32/CoreHwp-t.build/Objects-normal/wasm32/HwpParaLineSeg.o -index-unit-output-path /Hwp-Swift.build/Debug-webassembly-wasm32/CoreHwp-t.build/Objects-normal/wasm32/HwpParaLineSegInternal.o -index-unit-output-path /Hwp-Swift.build/Debug-webassembly-wasm32/CoreHwp-t.build/Objects-normal/wasm32/HwpParaRangeTag.o -index-unit-output-path /Hwp-Swift.build/Debug-webassembly-wasm32/CoreHwp-t.build/Objects-normal/wasm32/HwpParaText.o -index-unit-output-path /Hwp-Swift.build/Debug-webassembly-wasm32/CoreHwp-t.build/Objects-normal/wasm32/HwpParagraph.o -index-unit-output-path /Hwp-Swift.build/Debug-webassembly-wasm32/CoreHwp-t.build/Objects-normal/wasm32/HwpBinaryData.o -index-unit-output-path /Hwp-Swift.build/Debug-webassembly-wasm32/CoreHwp-t.build/Objects-normal/wasm32/HwpDocInfo.o -index-unit-output-path /Hwp-Swift.build/Debug-webassembly-wasm32/CoreHwp-t.build/Objects-normal/wasm32/HwpFileHeader.o -index-unit-output-path /Hwp-Swift.build/Debug-webassembly-wasm32/CoreHwp-t.build/Objects-normal/wasm32/HwpPreviewImage.o -index-unit-output-path /Hwp-Swift.build/Debug-webassembly-wasm32/CoreHwp-t.build/Objects-normal/wasm32/HwpPreviewText.o -index-unit-output-path /Hwp-Swift.build/Debug-webassembly-wasm32/CoreHwp-t.build/Objects-normal/wasm32/HwpSection.o -index-unit-output-path /Hwp-Swift.build/Debug-webassembly-wasm32/CoreHwp-t.build/Objects-normal/wasm32/HwpSummary.o -index-unit-output-path /Hwp-Swift.build/Debug-webassembly-wasm32/CoreHwp-t.build/Objects-normal/wasm32/ExcludeEquatable.o -index-unit-output-path /Hwp-Swift.build/Debug-webassembly-wasm32/CoreHwp-t.build/Objects-normal/wasm32/Array+Extension.o -index-unit-output-path /Hwp-Swift.build/Debug-webassembly-wasm32/CoreHwp-t.build/Objects-normal/wasm32/BinaryInteger+Extension.o -index-unit-output-path /Hwp-Swift.build/Debug-webassembly-wasm32/CoreHwp-t.build/Objects-normal/wasm32/Data+Extension.o -index-unit-output-path /Hwp-Swift.build/Debug-webassembly-wasm32/CoreHwp-t.build/Objects-normal/wasm32/StringProtocol+Extension.o -index-store-path /host/spi-builder-workspace/.build/out -index-system-modules
[47 / 58] OLEKit
error: Build failed
BUILD FAILURE 6.4 wasm