The Swift Package Index logo.Swift Package Index

Build Information

Failed to build DataOperation, reference master (f09d28), with Swift 6.4 for Linux on 17 Sep 2026 02:27:50 UTC.

Build Command

bash -c docker run --pull=always --rm -v "checkouts-54344847-0":/host -w "$PWD" -e JAVA_HOME="/root/.sdkman/candidates/java/current" -e SPI_BUILD="1" -e SPI_PROCESSING="1" registry.gitlab.com/saguaro1/spi-images:basic-6.4-latest swift build --triple x86_64-unknown-linux-gnu 2>&1

Build Log

========================================
RunAll
========================================
Builder version: 5.1.0
Interrupt handler set up.
========================================
Checkout
========================================
Clone URL: https://github.com/Mobelux/DataOperation.git
Reference: master
Initialized empty Git repository in /host/spi-builder-workspace/.git/
hint: Using 'master' as the name for the initial branch. This default branch name
hint: is subject to change. To configure the initial branch name to use in all
hint: of your new repositories, which will suppress this warning, call:
hint:
hint: 	git config --global init.defaultBranch <name>
hint:
hint: Names commonly chosen instead of 'master' are 'main', 'trunk' and
hint: 'development'. The just-created branch can be renamed via this command:
hint:
hint: 	git branch -m <name>
From https://github.com/Mobelux/DataOperation
 * branch            master     -> FETCH_HEAD
 * [new branch]      master     -> origin/master
HEAD is now at f09d288 Update README.md
Cloned https://github.com/Mobelux/DataOperation.git
Revision (git rev-parse @):
f09d28852af68f1e79f28bf5aef579e7d346ec66
SUCCESS checkout https://github.com/Mobelux/DataOperation.git at master
========================================
Build
========================================
Selected platform:         linux
Swift version:             6.4
Building package at path:  $PWD
https://github.com/Mobelux/DataOperation.git
Running build ...
bash -c docker run --pull=always --rm -v "checkouts-54344847-0":/host -w "$PWD" -e JAVA_HOME="/root/.sdkman/candidates/java/current" -e SPI_BUILD="1" -e SPI_PROCESSING="1" registry.gitlab.com/saguaro1/spi-images:basic-6.4-latest swift build --triple x86_64-unknown-linux-gnu 2>&1
basic-6.4-latest: Pulling from saguaro1/spi-images
Digest: sha256:c77fcce225e223ac0fafed844619173fc6de8d62dd560eeb28db3182af6a282b
Status: Image is up to date for registry.gitlab.com/saguaro1/spi-images:basic-6.4-latest
Building for debugging...
[Planning deferred tasks]
error: SwiftCompile normal x86_64 failed with a nonzero exit code. Command line:     cd /host

/host/spi-builder-workspace/Sources/DataOperation/DataOperation.swift:29:104: error: type 'URLSessionConfiguration' (aka 'AnyObject') has no member 'default'
27 |     public var result: Result<Data, DataError>?
28 |
29 |     public init(request: Request, session: Session = URLSession(configuration: URLSessionConfiguration.default)) {
   |                                                                                                        `- error: type 'URLSessionConfiguration' (aka 'AnyObject') has no member 'default'
30 |         self.request = request
31 |         self.session = session
/host/spi-builder-workspace/Sources/DataOperation/DataOperation.swift:23:20: warning: class 'DataOperation' must restate inherited '@unchecked Sendable' conformance
21 | }
22 |
23 | public final class DataOperation: Operation {
   |                    `- warning: class 'DataOperation' must restate inherited '@unchecked Sendable' conformance
24 |     private let request: Request
25 |     private let session: Session
/host/spi-builder-workspace/Sources/DataOperation/Request.swift:19:11: error: cannot find type 'URLRequest' in scope
17 | }
18 |
19 | extension URLRequest: Request {
   |           `- error: cannot find type 'URLRequest' in scope
20 |     public init(url: URL) {
21 |         self.init(url: url, cachePolicy: .useProtocolCachePolicy, timeoutInterval: 60.0)
/host/spi-builder-workspace/Sources/DataOperation/Session.swift:12:25: error: 'URLSessionConfiguration' is unavailable: This type has moved to the FoundationNetworking module. Import that module to use it.
10 |
11 | public protocol Session {
12 |     init(configuration: URLSessionConfiguration)
   |                         `- error: 'URLSessionConfiguration' is unavailable: This type has moved to the FoundationNetworking module. Import that module to use it.
13 |     func task(with request: Request, completionHandler: @escaping (Data?, URLResponse?, Error?) -> Void) -> SessionDataTask?
14 | }
Foundation.URLSessionConfiguration:2:18: note: 'URLSessionConfiguration' has been explicitly marked unavailable here
1 | @available(*, unavailable, message: "This type has moved to the FoundationNetworking module. Import that module to use it.")
2 | public typealias URLSessionConfiguration = AnyObject
  |                  `- note: 'URLSessionConfiguration' has been explicitly marked unavailable here
/host/spi-builder-workspace/Sources/DataOperation/Session.swift:13:75: error: 'URLResponse' is unavailable: This type has moved to the FoundationNetworking module. Import that module to use it.
11 | public protocol Session {
12 |     init(configuration: URLSessionConfiguration)
13 |     func task(with request: Request, completionHandler: @escaping (Data?, URLResponse?, Error?) -> Void) -> SessionDataTask?
   |                                                                           `- error: 'URLResponse' is unavailable: This type has moved to the FoundationNetworking module. Import that module to use it.
14 | }
15 |
Foundation.URLResponse:2:18: note: 'URLResponse' has been explicitly marked unavailable here
1 | @available(*, unavailable, message: "This type has moved to the FoundationNetworking module. Import that module to use it.")
2 | public typealias URLResponse = AnyObject
  |                  `- note: 'URLResponse' has been explicitly marked unavailable here
/host/spi-builder-workspace/Sources/DataOperation/Session.swift:20:1: error: non-nominal type 'URLSession' (aka 'AnyObject') cannot be extended [#]8;;https://docs.swift.org/compiler/documentation/diagnostics/nominal-types\NominalTypes]8;;\]
18 | }
19 |
20 | extension URLSession: Session {
   | `- error: non-nominal type 'URLSession' (aka 'AnyObject') cannot be extended [#]8;;https://docs.swift.org/compiler/documentation/diagnostics/nominal-types\NominalTypes]8;;\]
21 |     public func task(with request: Request, completionHandler: @escaping (Data?, URLResponse?, Error?) -> Void) -> SessionDataTask? {
22 |         guard let request = request as? URLRequest else {
/host/spi-builder-workspace/Sources/DataOperation/Session.swift:30:1: error: non-nominal type 'URLSessionDataTask' (aka 'AnyObject') cannot be extended [#]8;;https://docs.swift.org/compiler/documentation/diagnostics/nominal-types\NominalTypes]8;;\]
28 | }
29 |
30 | extension URLSessionDataTask: SessionDataTask {}
   | `- error: non-nominal type 'URLSessionDataTask' (aka 'AnyObject') cannot be extended [#]8;;https://docs.swift.org/compiler/documentation/diagnostics/nominal-types\NominalTypes]8;;\]
31 |
[#NominalTypes]: <https://docs.swift.org/compiler/documentation/diagnostics/nominal-types>
Failed frontend command:
/usr/bin/swift-frontend -frontend -emit-module -experimental-skip-non-inlinable-function-bodies-without-types /host/spi-builder-workspace/Sources/DataOperation/DataOperation.swift /host/spi-builder-workspace/Sources/DataOperation/Operation+Utils.swift /host/spi-builder-workspace/Sources/DataOperation/Request.swift /host/spi-builder-workspace/Sources/DataOperation/Session.swift -target x86_64-unknown-linux-gnu -disable-objc-interop -I /host/spi-builder-workspace/.build/out/Products/Debug-linux-x86_64 -module-cache-path /host/spi-builder-workspace/.build/out/ModuleCache.noindex -color-diagnostics -Xcc -fcolor-diagnostics -enable-testing -g -debug-info-format\=dwarf -dwarf-version\=4 -swift-version 4 -Onone -D SWIFT_PACKAGE -D DEBUG -D SWIFT_MODULE_RESOURCE_BUNDLE_UNAVAILABLE -D Xcode -serialize-debugging-options -enable-experimental-feature DebugDescriptionMacro -empty-abi-descriptor -external-plugin-path /usr/lib/swift/host/plugins/testing\#/usr/bin/swift-plugin-server -validate-clang-modules-once -clang-build-session-file /host/spi-builder-workspace/.build/out/ModuleCache.noindex/Session.modulevalidation -Xcc -working-directory -Xcc /host -enable-anonymous-context-mangled-names -file-compilation-dir /host -Xcc -fno-omit-frame-pointer -Xcc -D_LIBCPP_HARDENING_MODE\=_LIBCPP_HARDENING_MODE_DEBUG -Xcc -fmodules-prune-interval\=86400 -Xcc -fmodules-prune-after\=345600 -Xcc -I/host/spi-builder-workspace/.build/out/Products/Debug-linux-x86_64/include -Xcc -I/host/spi-builder-workspace/.build/out/Intermediates.noindex/DataOperation.build/Debug-linux-x86_64/DataOperation-t.build/DerivedSources-normal/x86_64 -Xcc -I/host/spi-builder-workspace/.build/out/Intermediates.noindex/DataOperation.build/Debug-linux-x86_64/DataOperation-t.build/DerivedSources/x86_64 -Xcc -I/host/spi-builder-workspace/.build/out/Intermediates.noindex/DataOperation.build/Debug-linux-x86_64/DataOperation-t.build/DerivedSources -Xcc -DSWIFT_PACKAGE -Xcc -DDEBUG\=1 -no-auto-bridging-header-chaining -module-name DataOperation -const-gather-protocols-file /host/spi-builder-workspace/.build/out/Intermediates.noindex/DataOperation.build/Debug-linux-x86_64/DataOperation-t.build/Objects-normal/x86_64/DataOperation_const_extract_protocols.json -in-process-plugin-server-path /usr/lib/swift/host/libSwiftInProcPluginServer.so -plugin-path /usr/lib/swift/host/plugins -plugin-path /usr/local/lib/swift/host/plugins -emit-module-doc-path /host/spi-builder-workspace/.build/out/Intermediates.noindex/DataOperation.build/Debug-linux-x86_64/DataOperation-t.build/Objects-normal/x86_64/Modules/DataOperation.swiftdoc -emit-module-source-info-path /host/spi-builder-workspace/.build/out/Intermediates.noindex/DataOperation.build/Debug-linux-x86_64/DataOperation-t.build/Objects-normal/x86_64/Modules/DataOperation.swiftsourceinfo -emit-objc-header-path /host/spi-builder-workspace/.build/out/Intermediates.noindex/DataOperation.build/Debug-linux-x86_64/DataOperation-t.build/Objects-normal/x86_64/DataOperation-Swift.h -serialize-diagnostics-path /host/spi-builder-workspace/.build/out/Intermediates.noindex/DataOperation.build/Debug-linux-x86_64/DataOperation-t.build/Objects-normal/x86_64/DataOperation-primary-emit-module.dia -emit-dependencies-path /host/spi-builder-workspace/.build/out/Intermediates.noindex/DataOperation.build/Debug-linux-x86_64/DataOperation-t.build/Objects-normal/x86_64/DataOperation-primary-emit-module.d -parse-as-library -o /host/spi-builder-workspace/.build/out/Intermediates.noindex/DataOperation.build/Debug-linux-x86_64/DataOperation-t.build/Objects-normal/x86_64/Modules/DataOperation.swiftmodule
error: Build failed
BUILD FAILURE 6.4 linux