The Swift Package Index logo.Swift Package Index

Build Information

Failed to build Stitcher, reference v1.1.0 (d13eba), with Swift 6.4 for watchOS using Xcode 27.0 on 20 Sep 2026 20:19:24 UTC.

Build Command

env DEVELOPER_DIR=/Applications/Xcode-27.0.0-Release.Candidate.app xcrun xcodebuild -IDEClonedSourcePackagesDirPathOverride=$PWD/.dependencies -skipMacroValidation -skipPackagePluginValidation -derivedDataPath $PWD/.derivedData build -scheme Stitcher -destination generic/platform=watchOS

Build Log

    builtin-SwiftPerFileCompile Extensions.swift
SwiftCompile normal arm64_32 /Users/admin/builder/spi-builder-workspace/Sources/Stitcher/Utils/Functions.swift (in target 'Stitcher' from project 'Stitcher')
    cd /Users/admin/builder/spi-builder-workspace/.swiftpm/xcode
    builtin-SwiftPerFileCompile Functions.swift
SwiftCompile normal arm64_32 /Users/admin/builder/spi-builder-workspace/Sources/Stitcher/Utils/Reference.swift (in target 'Stitcher' from project 'Stitcher')
    cd /Users/admin/builder/spi-builder-workspace/.swiftpm/xcode
    builtin-SwiftPerFileCompile Reference.swift
SwiftCompile normal arm64_32 /Users/admin/builder/spi-builder-workspace/Sources/Stitcher/Utils/WeakReference.swift (in target 'Stitcher' from project 'Stitcher')
    cd /Users/admin/builder/spi-builder-workspace/.swiftpm/xcode
    builtin-SwiftPerFileCompile WeakReference.swift
SwiftCompile normal arm64_32 Compiling\ DependenciesRegistrar.swift,\ Dependency.swift,\ DependencyGroup.swift,\ DependencyRegistrarBuilder.swift,\ RawDependencyRegistration.swift,\ DependencyGroupRepresenting.swift,\ DependencyRepresenting.swift,\ ManagedSingletonInstanceStorage.swift /Users/admin/builder/spi-builder-workspace/Sources/Stitcher/DependencyInjection/Registration/DependenciesRegistrar.swift /Users/admin/builder/spi-builder-workspace/Sources/Stitcher/DependencyInjection/Registration/Dependency.swift /Users/admin/builder/spi-builder-workspace/Sources/Stitcher/DependencyInjection/Registration/DependencyGroup.swift /Users/admin/builder/spi-builder-workspace/Sources/Stitcher/DependencyInjection/Registration/DependencyRegistrarBuilder.swift /Users/admin/builder/spi-builder-workspace/Sources/Stitcher/DependencyInjection/Registration/RawDependencyRegistration.swift /Users/admin/builder/spi-builder-workspace/Sources/Stitcher/DependencyInjection/Registration/Representation/DependencyGroupRepresenting.swift /Users/admin/builder/spi-builder-workspace/Sources/Stitcher/DependencyInjection/Registration/Representation/DependencyRepresenting.swift /Users/admin/builder/spi-builder-workspace/Sources/Stitcher/DependencyInjection/Storage/Common/ManagedSingletonInstanceStorage.swift (in target 'Stitcher' from project 'Stitcher')
SwiftCompile normal arm64_32 /Users/admin/builder/spi-builder-workspace/Sources/Stitcher/DependencyInjection/Registration/DependenciesRegistrar.swift (in target 'Stitcher' from project 'Stitcher')
    cd /Users/admin/builder/spi-builder-workspace/.swiftpm/xcode
    builtin-SwiftPerFileCompile DependenciesRegistrar.swift
SwiftCompile normal arm64_32 /Users/admin/builder/spi-builder-workspace/Sources/Stitcher/DependencyInjection/Registration/Dependency.swift (in target 'Stitcher' from project 'Stitcher')
    cd /Users/admin/builder/spi-builder-workspace/.swiftpm/xcode
    builtin-SwiftPerFileCompile Dependency.swift
SwiftCompile normal arm64_32 /Users/admin/builder/spi-builder-workspace/Sources/Stitcher/DependencyInjection/Registration/DependencyGroup.swift (in target 'Stitcher' from project 'Stitcher')
    cd /Users/admin/builder/spi-builder-workspace/.swiftpm/xcode
    builtin-SwiftPerFileCompile DependencyGroup.swift
SwiftCompile normal arm64_32 /Users/admin/builder/spi-builder-workspace/Sources/Stitcher/DependencyInjection/Registration/DependencyRegistrarBuilder.swift (in target 'Stitcher' from project 'Stitcher')
    cd /Users/admin/builder/spi-builder-workspace/.swiftpm/xcode
    builtin-SwiftPerFileCompile DependencyRegistrarBuilder.swift
SwiftCompile normal arm64_32 /Users/admin/builder/spi-builder-workspace/Sources/Stitcher/DependencyInjection/Registration/RawDependencyRegistration.swift (in target 'Stitcher' from project 'Stitcher')
    cd /Users/admin/builder/spi-builder-workspace/.swiftpm/xcode
    builtin-SwiftPerFileCompile RawDependencyRegistration.swift
SwiftCompile normal arm64_32 /Users/admin/builder/spi-builder-workspace/Sources/Stitcher/DependencyInjection/Registration/Representation/DependencyGroupRepresenting.swift (in target 'Stitcher' from project 'Stitcher')
    cd /Users/admin/builder/spi-builder-workspace/.swiftpm/xcode
    builtin-SwiftPerFileCompile DependencyGroupRepresenting.swift
SwiftCompile normal arm64_32 /Users/admin/builder/spi-builder-workspace/Sources/Stitcher/DependencyInjection/Registration/Representation/DependencyRepresenting.swift (in target 'Stitcher' from project 'Stitcher')
    cd /Users/admin/builder/spi-builder-workspace/.swiftpm/xcode
    builtin-SwiftPerFileCompile DependencyRepresenting.swift
SwiftCompile normal arm64_32 /Users/admin/builder/spi-builder-workspace/Sources/Stitcher/DependencyInjection/Storage/Common/ManagedSingletonInstanceStorage.swift (in target 'Stitcher' from project 'Stitcher')
    cd /Users/admin/builder/spi-builder-workspace/.swiftpm/xcode
    builtin-SwiftPerFileCompile ManagedSingletonInstanceStorage.swift
SwiftEmitModule normal arm64_32 Emitting\ module\ for\ Stitcher (in target 'Stitcher' from project 'Stitcher')
/Users/admin/builder/spi-builder-workspace/Sources/Stitcher/DependencyInjection/Models/InjectionError.swift:52:10: warning: associated value 'invalidDependencyParameters(_:_:parameters:)' of 'Sendable'-conforming enum 'InjectionError' contains non-Sendable type '[AnyHashable]'
 50 |     case multipleDependencies(DependencyContext)
 51 |     case cyclicDependencyReference(DependencyCycleInstantationBacktrace)
 52 |     case invalidDependencyParameters(DependencyContext, DependencyParameterContext, parameters: [AnyHashable])
    |          `- warning: associated value 'invalidDependencyParameters(_:_:parameters:)' of 'Sendable'-conforming enum 'InjectionError' contains non-Sendable type '[AnyHashable]'
 53 |
 54 |     public var description: String {
Swift.Array:1:23: note: generic struct 'Array' does not conform to the 'Sendable' protocol
1 | @frozen public struct Array<Element> : _DestructorSafeContainer {
  |                       `- note: generic struct 'Array' does not conform to the 'Sendable' protocol
2 | }
SwiftCompile normal arm64_32 (in target 'Stitcher' from project 'Stitcher')
    cd /Users/admin/builder/spi-builder-workspace/.swiftpm/xcode

SwiftCompile normal arm64_32 Compiling\ DependencyLocator.swift,\ DependencyLocatorTraits.swift,\ DependencyParameters.swift,\ DependencyScope.swift,\ InjectionError.swift,\ ManagedDependencyScopeProviding.swift,\ ManagedDependencyScopeReceipt.swift,\ PipelineManagedDependencyScope.swift /Users/admin/builder/spi-builder-workspace/Sources/Stitcher/DependencyInjection/Models/DependencyLocator.swift /Users/admin/builder/spi-builder-workspace/Sources/Stitcher/DependencyInjection/Models/DependencyLocatorTraits.swift /Users/admin/builder/spi-builder-workspace/Sources/Stitcher/DependencyInjection/Models/DependencyParameters.swift /Users/admin/builder/spi-builder-workspace/Sources/Stitcher/DependencyInjection/Models/DependencyScope.swift /Users/admin/builder/spi-builder-workspace/Sources/Stitcher/DependencyInjection/Models/InjectionError.swift /Users/admin/builder/spi-builder-workspace/Sources/Stitcher/DependencyInjection/Models/ManagedScope/ManagedDependencyScopeProviding.swift /Users/admin/builder/spi-builder-workspace/Sources/Stitcher/DependencyInjection/Models/ManagedScope/ManagedDependencyScopeReceipt.swift /Users/admin/builder/spi-builder-workspace/Sources/Stitcher/DependencyInjection/Models/ManagedScope/PipelineManagedDependencyScope.swift (in target 'Stitcher' from project 'Stitcher')
SwiftCompile normal arm64_32 /Users/admin/builder/spi-builder-workspace/Sources/Stitcher/DependencyInjection/Models/DependencyLocator.swift (in target 'Stitcher' from project 'Stitcher')
    cd /Users/admin/builder/spi-builder-workspace/.swiftpm/xcode
    builtin-SwiftPerFileCompile DependencyLocator.swift
SwiftCompile normal arm64_32 /Users/admin/builder/spi-builder-workspace/Sources/Stitcher/DependencyInjection/Models/DependencyLocatorTraits.swift (in target 'Stitcher' from project 'Stitcher')
    cd /Users/admin/builder/spi-builder-workspace/.swiftpm/xcode
    builtin-SwiftPerFileCompile DependencyLocatorTraits.swift
SwiftCompile normal arm64_32 /Users/admin/builder/spi-builder-workspace/Sources/Stitcher/DependencyInjection/Models/DependencyParameters.swift (in target 'Stitcher' from project 'Stitcher')
    cd /Users/admin/builder/spi-builder-workspace/.swiftpm/xcode
    builtin-SwiftPerFileCompile DependencyParameters.swift
SwiftCompile normal arm64_32 /Users/admin/builder/spi-builder-workspace/Sources/Stitcher/DependencyInjection/Models/DependencyScope.swift (in target 'Stitcher' from project 'Stitcher')
    cd /Users/admin/builder/spi-builder-workspace/.swiftpm/xcode
    builtin-SwiftPerFileCompile DependencyScope.swift
SwiftCompile normal arm64_32 /Users/admin/builder/spi-builder-workspace/Sources/Stitcher/DependencyInjection/Models/InjectionError.swift (in target 'Stitcher' from project 'Stitcher')
    cd /Users/admin/builder/spi-builder-workspace/.swiftpm/xcode
    builtin-SwiftPerFileCompile InjectionError.swift
SwiftCompile normal arm64_32 /Users/admin/builder/spi-builder-workspace/Sources/Stitcher/DependencyInjection/Models/ManagedScope/ManagedDependencyScopeProviding.swift (in target 'Stitcher' from project 'Stitcher')
    cd /Users/admin/builder/spi-builder-workspace/.swiftpm/xcode
    builtin-SwiftPerFileCompile ManagedDependencyScopeProviding.swift
SwiftCompile normal arm64_32 /Users/admin/builder/spi-builder-workspace/Sources/Stitcher/DependencyInjection/Models/ManagedScope/ManagedDependencyScopeReceipt.swift (in target 'Stitcher' from project 'Stitcher')
    cd /Users/admin/builder/spi-builder-workspace/.swiftpm/xcode
    builtin-SwiftPerFileCompile ManagedDependencyScopeReceipt.swift
SwiftCompile normal arm64_32 /Users/admin/builder/spi-builder-workspace/Sources/Stitcher/DependencyInjection/Models/ManagedScope/PipelineManagedDependencyScope.swift (in target 'Stitcher' from project 'Stitcher')
    cd /Users/admin/builder/spi-builder-workspace/.swiftpm/xcode
    builtin-SwiftPerFileCompile PipelineManagedDependencyScope.swift
/Users/admin/builder/spi-builder-workspace/Sources/Stitcher/DependencyInjection/Models/DependencyParameters.swift:120:41: warning: cast from '(/* shape: each Element */ repeat DependencyParameters.AnyParameter)' to unrelated type 'DependencyParameters.AnyParameter' always fails
118 |
119 |         if tupleValues.isEmpty && mirror.displayStyle != .tuple {
120 |             let singleParameter = tuple as! AnyParameter
    |                                         `- warning: cast from '(/* shape: each Element */ repeat DependencyParameters.AnyParameter)' to unrelated type 'DependencyParameters.AnyParameter' always fails
121 |             tupleValues = [singleParameter]
122 |         }
/Users/admin/builder/spi-builder-workspace/Sources/Stitcher/DependencyInjection/Models/InjectionError.swift:52:10: warning: associated value 'invalidDependencyParameters(_:_:parameters:)' of 'Sendable'-conforming enum 'InjectionError' contains non-Sendable type '[AnyHashable]'
 50 |     case multipleDependencies(DependencyContext)
 51 |     case cyclicDependencyReference(DependencyCycleInstantationBacktrace)
 52 |     case invalidDependencyParameters(DependencyContext, DependencyParameterContext, parameters: [AnyHashable])
    |          `- warning: associated value 'invalidDependencyParameters(_:_:parameters:)' of 'Sendable'-conforming enum 'InjectionError' contains non-Sendable type '[AnyHashable]'
 53 |
 54 |     public var description: String {
Swift.Array:1:23: note: generic struct 'Array' does not conform to the 'Sendable' protocol
1 | @frozen public struct Array<Element> : _DestructorSafeContainer {
  |                       `- note: generic struct 'Array' does not conform to the 'Sendable' protocol
2 | }
SwiftCompile normal arm64_32 Compiling\ DependencyFactory+Function.swift,\ DependencyFactory.swift,\ InstantionNotificationCenter.swift,\ PostInstantiationAware.swift,\ DependencyCycleDetector.swift,\ DependencyCycleInstantationBacktrace.swift,\ DependencyGraph+Assertions.swift,\ DependencyGraph+NameInjection.swift /Users/admin/builder/spi-builder-workspace/Sources/Stitcher/DependencyInjection/Factory/DependencyFactory+Function.swift /Users/admin/builder/spi-builder-workspace/Sources/Stitcher/DependencyInjection/Factory/DependencyFactory.swift /Users/admin/builder/spi-builder-workspace/Sources/Stitcher/DependencyInjection/Factory/InstantionNotificationCenter.swift /Users/admin/builder/spi-builder-workspace/Sources/Stitcher/DependencyInjection/Factory/PostInstantiationAware.swift /Users/admin/builder/spi-builder-workspace/Sources/Stitcher/DependencyInjection/Graph/DependencyCycleDetection/DependencyCycleDetector.swift /Users/admin/builder/spi-builder-workspace/Sources/Stitcher/DependencyInjection/Graph/DependencyCycleDetection/DependencyCycleInstantationBacktrace.swift /Users/admin/builder/spi-builder-workspace/Sources/Stitcher/DependencyInjection/Graph/DependencyGraph+Assertions.swift /Users/admin/builder/spi-builder-workspace/Sources/Stitcher/DependencyInjection/Graph/DependencyGraph+NameInjection.swift (in target 'Stitcher' from project 'Stitcher')
SwiftCompile normal arm64_32 /Users/admin/builder/spi-builder-workspace/Sources/Stitcher/DependencyInjection/Factory/DependencyFactory+Function.swift (in target 'Stitcher' from project 'Stitcher')
    cd /Users/admin/builder/spi-builder-workspace/.swiftpm/xcode
    builtin-SwiftPerFileCompile DependencyFactory+Function.swift
SwiftCompile normal arm64_32 /Users/admin/builder/spi-builder-workspace/Sources/Stitcher/DependencyInjection/Factory/DependencyFactory.swift (in target 'Stitcher' from project 'Stitcher')
    cd /Users/admin/builder/spi-builder-workspace/.swiftpm/xcode
    builtin-SwiftPerFileCompile DependencyFactory.swift
SwiftCompile normal arm64_32 /Users/admin/builder/spi-builder-workspace/Sources/Stitcher/DependencyInjection/Factory/InstantionNotificationCenter.swift (in target 'Stitcher' from project 'Stitcher')
    cd /Users/admin/builder/spi-builder-workspace/.swiftpm/xcode
    builtin-SwiftPerFileCompile InstantionNotificationCenter.swift
SwiftCompile normal arm64_32 /Users/admin/builder/spi-builder-workspace/Sources/Stitcher/DependencyInjection/Factory/PostInstantiationAware.swift (in target 'Stitcher' from project 'Stitcher')
    cd /Users/admin/builder/spi-builder-workspace/.swiftpm/xcode
    builtin-SwiftPerFileCompile PostInstantiationAware.swift
SwiftCompile normal arm64_32 /Users/admin/builder/spi-builder-workspace/Sources/Stitcher/DependencyInjection/Graph/DependencyCycleDetection/DependencyCycleDetector.swift (in target 'Stitcher' from project 'Stitcher')
    cd /Users/admin/builder/spi-builder-workspace/.swiftpm/xcode
    builtin-SwiftPerFileCompile DependencyCycleDetector.swift
SwiftCompile normal arm64_32 /Users/admin/builder/spi-builder-workspace/Sources/Stitcher/DependencyInjection/Graph/DependencyCycleDetection/DependencyCycleInstantationBacktrace.swift (in target 'Stitcher' from project 'Stitcher')
    cd /Users/admin/builder/spi-builder-workspace/.swiftpm/xcode
    builtin-SwiftPerFileCompile DependencyCycleInstantationBacktrace.swift
SwiftCompile normal arm64_32 /Users/admin/builder/spi-builder-workspace/Sources/Stitcher/DependencyInjection/Graph/DependencyGraph+Assertions.swift (in target 'Stitcher' from project 'Stitcher')
    cd /Users/admin/builder/spi-builder-workspace/.swiftpm/xcode
    builtin-SwiftPerFileCompile DependencyGraph+Assertions.swift
SwiftCompile normal arm64_32 /Users/admin/builder/spi-builder-workspace/Sources/Stitcher/DependencyInjection/Graph/DependencyGraph+NameInjection.swift (in target 'Stitcher' from project 'Stitcher')
    cd /Users/admin/builder/spi-builder-workspace/.swiftpm/xcode
    builtin-SwiftPerFileCompile DependencyGraph+NameInjection.swift
SwiftCompile normal arm64_32 Compiling\ AutoregisterableDependencyCodeGenerator.swift,\ NameInjectionCodeGenerator.swift,\ TestInjectionCodeGenerator.swift,\ TypeInjectionCodeGenerator.swift,\ InjectionCodeGenerator.swift,\ InjectionCodeGenerators.swift,\ StitcherConfiguration.swift,\ DependencyContainer.swift /Users/admin/builder/spi-builder-workspace/Sources/Stitcher/CodeGeneration/AutoregisterableDependencyCodeGeneratio/AutoregisterableDependencyCodeGenerator.swift /Users/admin/builder/spi-builder-workspace/Sources/Stitcher/CodeGeneration/InjectionCodeGeneration/Common/NameInjectionCodeGenerator.swift /Users/admin/builder/spi-builder-workspace/Sources/Stitcher/CodeGeneration/InjectionCodeGeneration/Common/TestInjectionCodeGenerator.swift /Users/admin/builder/spi-builder-workspace/Sources/Stitcher/CodeGeneration/InjectionCodeGeneration/Common/TypeInjectionCodeGenerator.swift /Users/admin/builder/spi-builder-workspace/Sources/Stitcher/CodeGeneration/InjectionCodeGeneration/InjectionCodeGenerator.swift /Users/admin/builder/spi-builder-workspace/Sources/Stitcher/CodeGeneration/InjectionCodeGeneration/InjectionCodeGenerators.swift /Users/admin/builder/spi-builder-workspace/Sources/Stitcher/Configuration/StitcherConfiguration.swift /Users/admin/builder/spi-builder-workspace/Sources/Stitcher/DependencyInjection/DependencyContainer.swift (in target 'Stitcher' from project 'Stitcher')
/Users/admin/builder/spi-builder-workspace/Sources/Stitcher/DependencyInjection/DependencyContainer.swift:159:37: warning: 'weak' ownership of capture 'self' differs from implicitly-captured strong reference in outer scope [#ImplicitStrongCapture]
154 |         if #available(macOS 14.0, iOS 17.0, watchOS 10.0, tvOS 17.0, visionOS 1.0, *) {
155 |             let undecoratedDependenciesRegistrarProvider = dependenciesRegistrarProvider
156 |             self.dependenciesRegistrarProvider = {
    |                                                  |- note: 'self' implicitly strongly captured here
    |                                                  `- note: add 'self' as a capture list item to silence
157 |                 withObservationTracking {
158 |                     undecoratedDependenciesRegistrarProvider()
159 |                 } onChange: { [weak self] in
    |                                     |- warning: 'weak' ownership of capture 'self' differs from implicitly-captured strong reference in outer scope [#ImplicitStrongCapture]
    |                                     `- note: explicitly assign the capture list item to silence
160 |                     self?.invalidateDependenciesSubject.send()
161 |                 }
[#ImplicitStrongCapture]: <https://docs.swift.org/compiler/documentation/diagnostics/implicit-strong-capture>
SwiftCompile normal arm64_32 /Users/admin/builder/spi-builder-workspace/Sources/Stitcher/CodeGeneration/AutoregisterableDependencyCodeGeneratio/AutoregisterableDependencyCodeGenerator.swift (in target 'Stitcher' from project 'Stitcher')
    cd /Users/admin/builder/spi-builder-workspace/.swiftpm/xcode
    builtin-SwiftPerFileCompile AutoregisterableDependencyCodeGenerator.swift
SwiftCompile normal arm64_32 /Users/admin/builder/spi-builder-workspace/Sources/Stitcher/CodeGeneration/InjectionCodeGeneration/Common/NameInjectionCodeGenerator.swift (in target 'Stitcher' from project 'Stitcher')
    cd /Users/admin/builder/spi-builder-workspace/.swiftpm/xcode
    builtin-SwiftPerFileCompile NameInjectionCodeGenerator.swift
SwiftCompile normal arm64_32 /Users/admin/builder/spi-builder-workspace/Sources/Stitcher/CodeGeneration/InjectionCodeGeneration/Common/TestInjectionCodeGenerator.swift (in target 'Stitcher' from project 'Stitcher')
    cd /Users/admin/builder/spi-builder-workspace/.swiftpm/xcode
    builtin-SwiftPerFileCompile TestInjectionCodeGenerator.swift
SwiftCompile normal arm64_32 /Users/admin/builder/spi-builder-workspace/Sources/Stitcher/CodeGeneration/InjectionCodeGeneration/Common/TypeInjectionCodeGenerator.swift (in target 'Stitcher' from project 'Stitcher')
    cd /Users/admin/builder/spi-builder-workspace/.swiftpm/xcode
    builtin-SwiftPerFileCompile TypeInjectionCodeGenerator.swift
SwiftCompile normal arm64_32 /Users/admin/builder/spi-builder-workspace/Sources/Stitcher/CodeGeneration/InjectionCodeGeneration/InjectionCodeGenerator.swift (in target 'Stitcher' from project 'Stitcher')
    cd /Users/admin/builder/spi-builder-workspace/.swiftpm/xcode
    builtin-SwiftPerFileCompile InjectionCodeGenerator.swift
SwiftCompile normal arm64_32 /Users/admin/builder/spi-builder-workspace/Sources/Stitcher/CodeGeneration/InjectionCodeGeneration/InjectionCodeGenerators.swift (in target 'Stitcher' from project 'Stitcher')
    cd /Users/admin/builder/spi-builder-workspace/.swiftpm/xcode
    builtin-SwiftPerFileCompile InjectionCodeGenerators.swift
SwiftCompile normal arm64_32 /Users/admin/builder/spi-builder-workspace/Sources/Stitcher/Configuration/StitcherConfiguration.swift (in target 'Stitcher' from project 'Stitcher')
    cd /Users/admin/builder/spi-builder-workspace/.swiftpm/xcode
    builtin-SwiftPerFileCompile StitcherConfiguration.swift
SwiftCompile normal arm64_32 /Users/admin/builder/spi-builder-workspace/Sources/Stitcher/DependencyInjection/DependencyContainer.swift (in target 'Stitcher' from project 'Stitcher')
    cd /Users/admin/builder/spi-builder-workspace/.swiftpm/xcode
    builtin-SwiftPerFileCompile DependencyContainer.swift
SwiftCompile normal arm64_32 Compiling\ DependencyGraph+TypeInjection.swift,\ DependencyGraph+ValueInjection.swift,\ DependencyGraph.swift,\ DependencyRegistrarIndex.swift,\ Common.swift,\ DefaultIndexer.swift,\ ParallelIndexer.swift,\ PlainIndexer.swift /Users/admin/builder/spi-builder-workspace/Sources/Stitcher/DependencyInjection/Graph/DependencyGraph+TypeInjection.swift /Users/admin/builder/spi-builder-workspace/Sources/Stitcher/DependencyInjection/Graph/DependencyGraph+ValueInjection.swift /Users/admin/builder/spi-builder-workspace/Sources/Stitcher/DependencyInjection/Graph/DependencyGraph.swift /Users/admin/builder/spi-builder-workspace/Sources/Stitcher/DependencyInjection/Graph/Indexing/DependencyRegistrarIndex.swift /Users/admin/builder/spi-builder-workspace/Sources/Stitcher/DependencyInjection/Graph/Indexing/Implementations/Common.swift /Users/admin/builder/spi-builder-workspace/Sources/Stitcher/DependencyInjection/Graph/Indexing/Implementations/DefaultIndexer.swift /Users/admin/builder/spi-builder-workspace/Sources/Stitcher/DependencyInjection/Graph/Indexing/Implementations/ParallelIndexer.swift /Users/admin/builder/spi-builder-workspace/Sources/Stitcher/DependencyInjection/Graph/Indexing/Implementations/PlainIndexer.swift (in target 'Stitcher' from project 'Stitcher')
SwiftCompile normal arm64_32 /Users/admin/builder/spi-builder-workspace/Sources/Stitcher/DependencyInjection/Graph/DependencyGraph+TypeInjection.swift (in target 'Stitcher' from project 'Stitcher')
    cd /Users/admin/builder/spi-builder-workspace/.swiftpm/xcode
    builtin-SwiftPerFileCompile DependencyGraph+TypeInjection.swift
SwiftCompile normal arm64_32 /Users/admin/builder/spi-builder-workspace/Sources/Stitcher/DependencyInjection/Graph/DependencyGraph+ValueInjection.swift (in target 'Stitcher' from project 'Stitcher')
    cd /Users/admin/builder/spi-builder-workspace/.swiftpm/xcode
    builtin-SwiftPerFileCompile DependencyGraph+ValueInjection.swift
SwiftCompile normal arm64_32 /Users/admin/builder/spi-builder-workspace/Sources/Stitcher/DependencyInjection/Graph/DependencyGraph.swift (in target 'Stitcher' from project 'Stitcher')
    cd /Users/admin/builder/spi-builder-workspace/.swiftpm/xcode
    builtin-SwiftPerFileCompile DependencyGraph.swift
SwiftCompile normal arm64_32 /Users/admin/builder/spi-builder-workspace/Sources/Stitcher/DependencyInjection/Graph/Indexing/DependencyRegistrarIndex.swift (in target 'Stitcher' from project 'Stitcher')
    cd /Users/admin/builder/spi-builder-workspace/.swiftpm/xcode
    builtin-SwiftPerFileCompile DependencyRegistrarIndex.swift
SwiftCompile normal arm64_32 /Users/admin/builder/spi-builder-workspace/Sources/Stitcher/DependencyInjection/Graph/Indexing/Implementations/Common.swift (in target 'Stitcher' from project 'Stitcher')
    cd /Users/admin/builder/spi-builder-workspace/.swiftpm/xcode
    builtin-SwiftPerFileCompile Common.swift
SwiftCompile normal arm64_32 /Users/admin/builder/spi-builder-workspace/Sources/Stitcher/DependencyInjection/Graph/Indexing/Implementations/DefaultIndexer.swift (in target 'Stitcher' from project 'Stitcher')
    cd /Users/admin/builder/spi-builder-workspace/.swiftpm/xcode
    builtin-SwiftPerFileCompile DefaultIndexer.swift
SwiftCompile normal arm64_32 /Users/admin/builder/spi-builder-workspace/Sources/Stitcher/DependencyInjection/Graph/Indexing/Implementations/ParallelIndexer.swift (in target 'Stitcher' from project 'Stitcher')
    cd /Users/admin/builder/spi-builder-workspace/.swiftpm/xcode
    builtin-SwiftPerFileCompile ParallelIndexer.swift
SwiftCompile normal arm64_32 /Users/admin/builder/spi-builder-workspace/Sources/Stitcher/DependencyInjection/Graph/Indexing/Implementations/PlainIndexer.swift (in target 'Stitcher' from project 'Stitcher')
    cd /Users/admin/builder/spi-builder-workspace/.swiftpm/xcode
    builtin-SwiftPerFileCompile PlainIndexer.swift
SwiftEmitModule normal arm64 Emitting\ module\ for\ Stitcher (in target 'Stitcher' from project 'Stitcher')
/Users/admin/builder/spi-builder-workspace/Sources/Stitcher/DependencyInjection/Models/InjectionError.swift:52:10: warning: associated value 'invalidDependencyParameters(_:_:parameters:)' of 'Sendable'-conforming enum 'InjectionError' contains non-Sendable type '[AnyHashable]'
 50 |     case multipleDependencies(DependencyContext)
 51 |     case cyclicDependencyReference(DependencyCycleInstantationBacktrace)
 52 |     case invalidDependencyParameters(DependencyContext, DependencyParameterContext, parameters: [AnyHashable])
    |          `- warning: associated value 'invalidDependencyParameters(_:_:parameters:)' of 'Sendable'-conforming enum 'InjectionError' contains non-Sendable type '[AnyHashable]'
 53 |
 54 |     public var description: String {
Swift.Array:1:23: note: generic struct 'Array' does not conform to the 'Sendable' protocol
1 | @frozen public struct Array<Element> : _DestructorSafeContainer {
  |                       `- note: generic struct 'Array' does not conform to the 'Sendable' protocol
2 | }
SwiftCompile normal arm64 (in target 'Stitcher' from project 'Stitcher')
    cd /Users/admin/builder/spi-builder-workspace/.swiftpm/xcode

SwiftDriverJobDiscovery normal arm64_32 Emitting module for Stitcher (in target 'Stitcher' from project 'Stitcher')
SwiftDriver\ Compilation\ Requirements Stitcher normal arm64_32 com.apple.xcode.tools.swift.compiler (in target 'Stitcher' from project 'Stitcher')
    cd /Users/admin/builder/spi-builder-workspace/.swiftpm/xcode
    builtin-Swift-Compilation-Requirements -- /Applications/Xcode-27.0.0-Release.Candidate.app/Contents/Developer/Toolchains/XcodeDefault.xctoolchain/usr/bin/swiftc -parse-as-library -module-name Stitcher -Onone @/Users/admin/builder/spi-builder-workspace/.derivedData/Build/Intermediates.noindex/Stitcher.build/Debug-watchos/Stitcher-t.build/Objects-normal/arm64_32/Stitcher.SwiftFileList -DSWIFT_PACKAGE -DDEBUG -DSWIFT_MODULE_RESOURCE_BUNDLE_UNAVAILABLE -Xcc -fmodule-map-file\=/Users/admin/builder/spi-builder-workspace/.derivedData/Build/Intermediates.noindex/GeneratedModuleMaps-watchos/COpenCombineHelpers.modulemap -DXcode -plugin-path /Applications/Xcode-27.0.0-Release.Candidate.app/Contents/Developer/Toolchains/XcodeDefault.xctoolchain/usr/lib/swift/host/plugins/testing -enable-experimental-feature DebugDescriptionMacro -sdk /Applications/Xcode-27.0.0-Release.Candidate.app/Contents/Developer/Platforms/WatchOS.platform/Developer/SDKs/WatchOS27.0.sdk -target arm64_32-apple-watchos9.0 -g -module-cache-path /Users/admin/builder/spi-builder-workspace/.derivedData/ModuleCache.noindex -Xfrontend -serialize-debugging-options -profile-coverage-mapping -profile-generate -enable-testing -index-store-path /Users/admin/builder/spi-builder-workspace/.derivedData/Index.noindex/DataStore -Xcc -D_LIBCPP_HARDENING_MODE\=_LIBCPP_HARDENING_MODE_DEBUG -swift-version 5 -I /Users/admin/builder/spi-builder-workspace/.derivedData/Build/Products/Debug-watchos -Isystem /Applications/Xcode-27.0.0-Release.Candidate.app/Contents/Developer/Platforms/WatchOS.platform/Developer/usr/lib -F /Users/admin/builder/spi-builder-workspace/.derivedData/Build/Products/Debug-watchos/PackageFrameworks -F /Users/admin/builder/spi-builder-workspace/.derivedData/Build/Products/Debug-watchos -F /Applications/Xcode-27.0.0-Release.Candidate.app/Contents/Developer/Platforms/WatchOS.platform/Developer/Library/Frameworks -F /Applications/Xcode-27.0.0-Release.Candidate.app/Contents/Developer/Platforms/WatchOS.platform/Developer/SDKs/WatchOS27.0.sdk/Developer/Library/Frameworks -c -j10 -enable-batch-mode -incremental -Xcc -ivfsstatcache -Xcc /Users/admin/builder/spi-builder-workspace/.derivedData/SDKStatCaches.noindex/watchos27.0-24R360-e829b21a6f8c9b70876ba0858053c04477534ef55a1706bf4c1112bbb242f0a2.sdkstatcache -output-file-map /Users/admin/builder/spi-builder-workspace/.derivedData/Build/Intermediates.noindex/Stitcher.build/Debug-watchos/Stitcher-t.build/Objects-normal/arm64_32/Stitcher-OutputFileMap.json -save-temps -no-color-diagnostics -explicit-module-build -module-cache-path /Users/admin/builder/spi-builder-workspace/.derivedData/Build/Intermediates.noindex/SwiftExplicitPrecompiledModules -clang-scanner-module-cache-path /Users/admin/builder/spi-builder-workspace/.derivedData/ModuleCache.noindex -sdk-module-cache-path /Users/admin/builder/spi-builder-workspace/.derivedData/SDKExplicitPrecompiledModules -emit-dependencies -emit-module -emit-module-path /Users/admin/builder/spi-builder-workspace/.derivedData/Build/Intermediates.noindex/Stitcher.build/Debug-watchos/Stitcher-t.build/Objects-normal/arm64_32/Stitcher.swiftmodule -serialize-diagnostics -dependency-scan-serialize-diagnostics-path /Users/admin/builder/spi-builder-workspace/.derivedData/Build/Intermediates.noindex/Stitcher.build/Debug-watchos/Stitcher-t.build/Objects-normal/arm64_32/Stitcher-dependency-scan.dia -validate-clang-modules-once -clang-build-session-file /Users/admin/builder/spi-builder-workspace/.derivedData/ModuleCache.noindex/Session.modulevalidation -Xcc -fmodules-prune-interval\=86400 -Xcc -fmodules-prune-after\=345600 -package-name spi_builder_workspace -emit-const-values -const-gather-protocols-list /Users/admin/builder/spi-builder-workspace/.derivedData/Build/Intermediates.noindex/Stitcher.build/Debug-watchos/Stitcher-t.build/Objects-normal/arm64_32/Stitcher_const_extract_protocols.json -Xcc -I/Users/admin/builder/spi-builder-workspace/.dependencies/checkouts/OpenCombine/Sources/COpenCombineHelpers/include -Xcc -I/Users/admin/builder/spi-builder-workspace/.derivedData/Build/Products/Debug-watchos/include -Xcc -I/Users/admin/builder/spi-builder-workspace/.derivedData/Build/Intermediates.noindex/Stitcher.build/Debug-watchos/Stitcher-t.build/DerivedSources-normal/arm64_32 -Xcc -I/Users/admin/builder/spi-builder-workspace/.derivedData/Build/Intermediates.noindex/Stitcher.build/Debug-watchos/Stitcher-t.build/DerivedSources/arm64_32 -Xcc -I/Users/admin/builder/spi-builder-workspace/.derivedData/Build/Intermediates.noindex/Stitcher.build/Debug-watchos/Stitcher-t.build/DerivedSources -Xcc -DSWIFT_PACKAGE -Xcc -DDEBUG\=1 -emit-objc-header -emit-objc-header-path /Users/admin/builder/spi-builder-workspace/.derivedData/Build/Intermediates.noindex/Stitcher.build/Debug-watchos/Stitcher-t.build/Objects-normal/arm64_32/Stitcher-Swift.h -working-directory /Users/admin/builder/spi-builder-workspace/.swiftpm/xcode -experimental-emit-module-separately -disable-cmo
SwiftDriverJobDiscovery normal arm64 Emitting module for Stitcher (in target 'Stitcher' from project 'Stitcher')
SwiftDriver\ Compilation\ Requirements Stitcher normal arm64 com.apple.xcode.tools.swift.compiler (in target 'Stitcher' from project 'Stitcher')
    cd /Users/admin/builder/spi-builder-workspace/.swiftpm/xcode
    builtin-Swift-Compilation-Requirements -- /Applications/Xcode-27.0.0-Release.Candidate.app/Contents/Developer/Toolchains/XcodeDefault.xctoolchain/usr/bin/swiftc -parse-as-library -module-name Stitcher -Onone @/Users/admin/builder/spi-builder-workspace/.derivedData/Build/Intermediates.noindex/Stitcher.build/Debug-watchos/Stitcher-t.build/Objects-normal/arm64/Stitcher.SwiftFileList -DSWIFT_PACKAGE -DDEBUG -DSWIFT_MODULE_RESOURCE_BUNDLE_UNAVAILABLE -Xcc -fmodule-map-file\=/Users/admin/builder/spi-builder-workspace/.derivedData/Build/Intermediates.noindex/GeneratedModuleMaps-watchos/COpenCombineHelpers.modulemap -DXcode -plugin-path /Applications/Xcode-27.0.0-Release.Candidate.app/Contents/Developer/Toolchains/XcodeDefault.xctoolchain/usr/lib/swift/host/plugins/testing -enable-experimental-feature DebugDescriptionMacro -sdk /Applications/Xcode-27.0.0-Release.Candidate.app/Contents/Developer/Platforms/WatchOS.platform/Developer/SDKs/WatchOS27.0.sdk -target arm64-apple-watchos9.0 -g -module-cache-path /Users/admin/builder/spi-builder-workspace/.derivedData/ModuleCache.noindex -Xfrontend -serialize-debugging-options -profile-coverage-mapping -profile-generate -enable-testing -index-store-path /Users/admin/builder/spi-builder-workspace/.derivedData/Index.noindex/DataStore -Xcc -D_LIBCPP_HARDENING_MODE\=_LIBCPP_HARDENING_MODE_DEBUG -swift-version 5 -I /Users/admin/builder/spi-builder-workspace/.derivedData/Build/Products/Debug-watchos -Isystem /Applications/Xcode-27.0.0-Release.Candidate.app/Contents/Developer/Platforms/WatchOS.platform/Developer/usr/lib -F /Users/admin/builder/spi-builder-workspace/.derivedData/Build/Products/Debug-watchos/PackageFrameworks -F /Users/admin/builder/spi-builder-workspace/.derivedData/Build/Products/Debug-watchos -F /Applications/Xcode-27.0.0-Release.Candidate.app/Contents/Developer/Platforms/WatchOS.platform/Developer/Library/Frameworks -F /Applications/Xcode-27.0.0-Release.Candidate.app/Contents/Developer/Platforms/WatchOS.platform/Developer/SDKs/WatchOS27.0.sdk/Developer/Library/Frameworks -c -j10 -enable-batch-mode -incremental -Xcc -ivfsstatcache -Xcc /Users/admin/builder/spi-builder-workspace/.derivedData/SDKStatCaches.noindex/watchos27.0-24R360-e829b21a6f8c9b70876ba0858053c04477534ef55a1706bf4c1112bbb242f0a2.sdkstatcache -output-file-map /Users/admin/builder/spi-builder-workspace/.derivedData/Build/Intermediates.noindex/Stitcher.build/Debug-watchos/Stitcher-t.build/Objects-normal/arm64/Stitcher-OutputFileMap.json -save-temps -no-color-diagnostics -explicit-module-build -module-cache-path /Users/admin/builder/spi-builder-workspace/.derivedData/Build/Intermediates.noindex/SwiftExplicitPrecompiledModules -clang-scanner-module-cache-path /Users/admin/builder/spi-builder-workspace/.derivedData/ModuleCache.noindex -sdk-module-cache-path /Users/admin/builder/spi-builder-workspace/.derivedData/SDKExplicitPrecompiledModules -emit-dependencies -emit-module -emit-module-path /Users/admin/builder/spi-builder-workspace/.derivedData/Build/Intermediates.noindex/Stitcher.build/Debug-watchos/Stitcher-t.build/Objects-normal/arm64/Stitcher.swiftmodule -serialize-diagnostics -dependency-scan-serialize-diagnostics-path /Users/admin/builder/spi-builder-workspace/.derivedData/Build/Intermediates.noindex/Stitcher.build/Debug-watchos/Stitcher-t.build/Objects-normal/arm64/Stitcher-dependency-scan.dia -validate-clang-modules-once -clang-build-session-file /Users/admin/builder/spi-builder-workspace/.derivedData/ModuleCache.noindex/Session.modulevalidation -Xcc -fmodules-prune-interval\=86400 -Xcc -fmodules-prune-after\=345600 -package-name spi_builder_workspace -emit-const-values -const-gather-protocols-list /Users/admin/builder/spi-builder-workspace/.derivedData/Build/Intermediates.noindex/Stitcher.build/Debug-watchos/Stitcher-t.build/Objects-normal/arm64/Stitcher_const_extract_protocols.json -Xcc -I/Users/admin/builder/spi-builder-workspace/.dependencies/checkouts/OpenCombine/Sources/COpenCombineHelpers/include -Xcc -I/Users/admin/builder/spi-builder-workspace/.derivedData/Build/Products/Debug-watchos/include -Xcc -I/Users/admin/builder/spi-builder-workspace/.derivedData/Build/Intermediates.noindex/Stitcher.build/Debug-watchos/Stitcher-t.build/DerivedSources-normal/arm64 -Xcc -I/Users/admin/builder/spi-builder-workspace/.derivedData/Build/Intermediates.noindex/Stitcher.build/Debug-watchos/Stitcher-t.build/DerivedSources/arm64 -Xcc -I/Users/admin/builder/spi-builder-workspace/.derivedData/Build/Intermediates.noindex/Stitcher.build/Debug-watchos/Stitcher-t.build/DerivedSources -Xcc -DSWIFT_PACKAGE -Xcc -DDEBUG\=1 -emit-objc-header -emit-objc-header-path /Users/admin/builder/spi-builder-workspace/.derivedData/Build/Intermediates.noindex/Stitcher.build/Debug-watchos/Stitcher-t.build/Objects-normal/arm64/Stitcher-Swift.h -working-directory /Users/admin/builder/spi-builder-workspace/.swiftpm/xcode -experimental-emit-module-separately -disable-cmo
SwiftCompile normal arm64 Compiling\ ThreadLocal.swift,\ ThreadValues.swift,\ ThreadValuesKey.swift,\ DefaultValueProviding.swift,\ Extensions.swift,\ Functions.swift,\ Reference.swift,\ WeakReference.swift /Users/admin/builder/spi-builder-workspace/Sources/Stitcher/Threads/ThreadLocal.swift /Users/admin/builder/spi-builder-workspace/Sources/Stitcher/Threads/ThreadValues.swift /Users/admin/builder/spi-builder-workspace/Sources/Stitcher/Threads/ThreadValuesKey.swift /Users/admin/builder/spi-builder-workspace/Sources/Stitcher/Utils/DefaultValueProviding.swift /Users/admin/builder/spi-builder-workspace/Sources/Stitcher/Utils/Extensions.swift /Users/admin/builder/spi-builder-workspace/Sources/Stitcher/Utils/Functions.swift /Users/admin/builder/spi-builder-workspace/Sources/Stitcher/Utils/Reference.swift /Users/admin/builder/spi-builder-workspace/Sources/Stitcher/Utils/WeakReference.swift (in target 'Stitcher' from project 'Stitcher')
SwiftCompile normal arm64 /Users/admin/builder/spi-builder-workspace/Sources/Stitcher/Threads/ThreadLocal.swift (in target 'Stitcher' from project 'Stitcher')
    cd /Users/admin/builder/spi-builder-workspace/.swiftpm/xcode
    builtin-SwiftPerFileCompile ThreadLocal.swift
SwiftCompile normal arm64 /Users/admin/builder/spi-builder-workspace/Sources/Stitcher/Threads/ThreadValues.swift (in target 'Stitcher' from project 'Stitcher')
    cd /Users/admin/builder/spi-builder-workspace/.swiftpm/xcode
    builtin-SwiftPerFileCompile ThreadValues.swift
SwiftCompile normal arm64 /Users/admin/builder/spi-builder-workspace/Sources/Stitcher/Threads/ThreadValuesKey.swift (in target 'Stitcher' from project 'Stitcher')
    cd /Users/admin/builder/spi-builder-workspace/.swiftpm/xcode
    builtin-SwiftPerFileCompile ThreadValuesKey.swift
SwiftCompile normal arm64 /Users/admin/builder/spi-builder-workspace/Sources/Stitcher/Utils/DefaultValueProviding.swift (in target 'Stitcher' from project 'Stitcher')
    cd /Users/admin/builder/spi-builder-workspace/.swiftpm/xcode
    builtin-SwiftPerFileCompile DefaultValueProviding.swift
SwiftCompile normal arm64 /Users/admin/builder/spi-builder-workspace/Sources/Stitcher/Utils/Extensions.swift (in target 'Stitcher' from project 'Stitcher')
    cd /Users/admin/builder/spi-builder-workspace/.swiftpm/xcode
    builtin-SwiftPerFileCompile Extensions.swift
SwiftCompile normal arm64 /Users/admin/builder/spi-builder-workspace/Sources/Stitcher/Utils/Functions.swift (in target 'Stitcher' from project 'Stitcher')
    cd /Users/admin/builder/spi-builder-workspace/.swiftpm/xcode
    builtin-SwiftPerFileCompile Functions.swift
SwiftCompile normal arm64 /Users/admin/builder/spi-builder-workspace/Sources/Stitcher/Utils/Reference.swift (in target 'Stitcher' from project 'Stitcher')
    cd /Users/admin/builder/spi-builder-workspace/.swiftpm/xcode
    builtin-SwiftPerFileCompile Reference.swift
SwiftCompile normal arm64 /Users/admin/builder/spi-builder-workspace/Sources/Stitcher/Utils/WeakReference.swift (in target 'Stitcher' from project 'Stitcher')
    cd /Users/admin/builder/spi-builder-workspace/.swiftpm/xcode
    builtin-SwiftPerFileCompile WeakReference.swift
SwiftMergeGeneratedHeaders /Users/admin/builder/spi-builder-workspace/.derivedData/Build/Intermediates.noindex/GeneratedModuleMaps-watchos/Stitcher-Swift.h /Users/admin/builder/spi-builder-workspace/.derivedData/Build/Intermediates.noindex/Stitcher.build/Debug-watchos/Stitcher-t.build/Objects-normal/arm64/Stitcher-Swift.h /Users/admin/builder/spi-builder-workspace/.derivedData/Build/Intermediates.noindex/Stitcher.build/Debug-watchos/Stitcher-t.build/Objects-normal/arm64_32/Stitcher-Swift.h (in target 'Stitcher' from project 'Stitcher')
    cd /Users/admin/builder/spi-builder-workspace
    builtin-swiftHeaderTool -arch arm64 /Users/admin/builder/spi-builder-workspace/.derivedData/Build/Intermediates.noindex/Stitcher.build/Debug-watchos/Stitcher-t.build/Objects-normal/arm64/Stitcher-Swift.h -arch arm64_32 /Users/admin/builder/spi-builder-workspace/.derivedData/Build/Intermediates.noindex/Stitcher.build/Debug-watchos/Stitcher-t.build/Objects-normal/arm64_32/Stitcher-Swift.h -o /Users/admin/builder/spi-builder-workspace/.derivedData/Build/Intermediates.noindex/GeneratedModuleMaps-watchos/Stitcher-Swift.h
SwiftDriverJobDiscovery normal arm64_32 Compiling ThreadLocal.swift, ThreadValues.swift, ThreadValuesKey.swift, DefaultValueProviding.swift, Extensions.swift, Functions.swift, Reference.swift, WeakReference.swift (in target 'Stitcher' from project 'Stitcher')
Copy /Users/admin/builder/spi-builder-workspace/.derivedData/Build/Products/Debug-watchos/Stitcher.swiftmodule/arm64_32-apple-watchos.swiftmodule /Users/admin/builder/spi-builder-workspace/.derivedData/Build/Intermediates.noindex/Stitcher.build/Debug-watchos/Stitcher-t.build/Objects-normal/arm64_32/Stitcher.swiftmodule (in target 'Stitcher' from project 'Stitcher')
    cd /Users/admin/builder/spi-builder-workspace
    builtin-copy -exclude .DS_Store -exclude CVS -exclude .svn -exclude .git -exclude .hg -resolve-src-symlinks -rename /Users/admin/builder/spi-builder-workspace/.derivedData/Build/Intermediates.noindex/Stitcher.build/Debug-watchos/Stitcher-t.build/Objects-normal/arm64_32/Stitcher.swiftmodule /Users/admin/builder/spi-builder-workspace/.derivedData/Build/Products/Debug-watchos/Stitcher.swiftmodule/arm64_32-apple-watchos.swiftmodule
Copy /Users/admin/builder/spi-builder-workspace/.derivedData/Build/Products/Debug-watchos/Stitcher.swiftmodule/arm64_32-apple-watchos.swiftdoc /Users/admin/builder/spi-builder-workspace/.derivedData/Build/Intermediates.noindex/Stitcher.build/Debug-watchos/Stitcher-t.build/Objects-normal/arm64_32/Stitcher.swiftdoc (in target 'Stitcher' from project 'Stitcher')
    cd /Users/admin/builder/spi-builder-workspace
    builtin-copy -exclude .DS_Store -exclude CVS -exclude .svn -exclude .git -exclude .hg -resolve-src-symlinks -rename /Users/admin/builder/spi-builder-workspace/.derivedData/Build/Intermediates.noindex/Stitcher.build/Debug-watchos/Stitcher-t.build/Objects-normal/arm64_32/Stitcher.swiftdoc /Users/admin/builder/spi-builder-workspace/.derivedData/Build/Products/Debug-watchos/Stitcher.swiftmodule/arm64_32-apple-watchos.swiftdoc
Copy /Users/admin/builder/spi-builder-workspace/.derivedData/Build/Products/Debug-watchos/Stitcher.swiftmodule/arm64_32-apple-watchos.abi.json /Users/admin/builder/spi-builder-workspace/.derivedData/Build/Intermediates.noindex/Stitcher.build/Debug-watchos/Stitcher-t.build/Objects-normal/arm64_32/Stitcher.abi.json (in target 'Stitcher' from project 'Stitcher')
    cd /Users/admin/builder/spi-builder-workspace
    builtin-copy -exclude .DS_Store -exclude CVS -exclude .svn -exclude .git -exclude .hg -resolve-src-symlinks -rename /Users/admin/builder/spi-builder-workspace/.derivedData/Build/Intermediates.noindex/Stitcher.build/Debug-watchos/Stitcher-t.build/Objects-normal/arm64_32/Stitcher.abi.json /Users/admin/builder/spi-builder-workspace/.derivedData/Build/Products/Debug-watchos/Stitcher.swiftmodule/arm64_32-apple-watchos.abi.json
Copy /Users/admin/builder/spi-builder-workspace/.derivedData/Build/Products/Debug-watchos/Stitcher.swiftmodule/arm64-apple-watchos.swiftmodule /Users/admin/builder/spi-builder-workspace/.derivedData/Build/Intermediates.noindex/Stitcher.build/Debug-watchos/Stitcher-t.build/Objects-normal/arm64/Stitcher.swiftmodule (in target 'Stitcher' from project 'Stitcher')
    cd /Users/admin/builder/spi-builder-workspace
    builtin-copy -exclude .DS_Store -exclude CVS -exclude .svn -exclude .git -exclude .hg -resolve-src-symlinks -rename /Users/admin/builder/spi-builder-workspace/.derivedData/Build/Intermediates.noindex/Stitcher.build/Debug-watchos/Stitcher-t.build/Objects-normal/arm64/Stitcher.swiftmodule /Users/admin/builder/spi-builder-workspace/.derivedData/Build/Products/Debug-watchos/Stitcher.swiftmodule/arm64-apple-watchos.swiftmodule
Copy /Users/admin/builder/spi-builder-workspace/.derivedData/Build/Products/Debug-watchos/Stitcher.swiftmodule/arm64-apple-watchos.swiftdoc /Users/admin/builder/spi-builder-workspace/.derivedData/Build/Intermediates.noindex/Stitcher.build/Debug-watchos/Stitcher-t.build/Objects-normal/arm64/Stitcher.swiftdoc (in target 'Stitcher' from project 'Stitcher')
    cd /Users/admin/builder/spi-builder-workspace
    builtin-copy -exclude .DS_Store -exclude CVS -exclude .svn -exclude .git -exclude .hg -resolve-src-symlinks -rename /Users/admin/builder/spi-builder-workspace/.derivedData/Build/Intermediates.noindex/Stitcher.build/Debug-watchos/Stitcher-t.build/Objects-normal/arm64/Stitcher.swiftdoc /Users/admin/builder/spi-builder-workspace/.derivedData/Build/Products/Debug-watchos/Stitcher.swiftmodule/arm64-apple-watchos.swiftdoc
Copy /Users/admin/builder/spi-builder-workspace/.derivedData/Build/Products/Debug-watchos/Stitcher.swiftmodule/arm64-apple-watchos.abi.json /Users/admin/builder/spi-builder-workspace/.derivedData/Build/Intermediates.noindex/Stitcher.build/Debug-watchos/Stitcher-t.build/Objects-normal/arm64/Stitcher.abi.json (in target 'Stitcher' from project 'Stitcher')
    cd /Users/admin/builder/spi-builder-workspace
    builtin-copy -exclude .DS_Store -exclude CVS -exclude .svn -exclude .git -exclude .hg -resolve-src-symlinks -rename /Users/admin/builder/spi-builder-workspace/.derivedData/Build/Intermediates.noindex/Stitcher.build/Debug-watchos/Stitcher-t.build/Objects-normal/arm64/Stitcher.abi.json /Users/admin/builder/spi-builder-workspace/.derivedData/Build/Products/Debug-watchos/Stitcher.swiftmodule/arm64-apple-watchos.abi.json
Copy /Users/admin/builder/spi-builder-workspace/.derivedData/Build/Products/Debug-watchos/Stitcher.swiftmodule/Project/arm64_32-apple-watchos.swiftsourceinfo /Users/admin/builder/spi-builder-workspace/.derivedData/Build/Intermediates.noindex/Stitcher.build/Debug-watchos/Stitcher-t.build/Objects-normal/arm64_32/Stitcher.swiftsourceinfo (in target 'Stitcher' from project 'Stitcher')
    cd /Users/admin/builder/spi-builder-workspace
    builtin-copy -exclude .DS_Store -exclude CVS -exclude .svn -exclude .git -exclude .hg -resolve-src-symlinks -rename /Users/admin/builder/spi-builder-workspace/.derivedData/Build/Intermediates.noindex/Stitcher.build/Debug-watchos/Stitcher-t.build/Objects-normal/arm64_32/Stitcher.swiftsourceinfo /Users/admin/builder/spi-builder-workspace/.derivedData/Build/Products/Debug-watchos/Stitcher.swiftmodule/Project/arm64_32-apple-watchos.swiftsourceinfo
Copy /Users/admin/builder/spi-builder-workspace/.derivedData/Build/Products/Debug-watchos/Stitcher.swiftmodule/Project/arm64-apple-watchos.swiftsourceinfo /Users/admin/builder/spi-builder-workspace/.derivedData/Build/Intermediates.noindex/Stitcher.build/Debug-watchos/Stitcher-t.build/Objects-normal/arm64/Stitcher.swiftsourceinfo (in target 'Stitcher' from project 'Stitcher')
    cd /Users/admin/builder/spi-builder-workspace
    builtin-copy -exclude .DS_Store -exclude CVS -exclude .svn -exclude .git -exclude .hg -resolve-src-symlinks -rename /Users/admin/builder/spi-builder-workspace/.derivedData/Build/Intermediates.noindex/Stitcher.build/Debug-watchos/Stitcher-t.build/Objects-normal/arm64/Stitcher.swiftsourceinfo /Users/admin/builder/spi-builder-workspace/.derivedData/Build/Products/Debug-watchos/Stitcher.swiftmodule/Project/arm64-apple-watchos.swiftsourceinfo
SwiftCompile normal arm64 Compiling\ DependencyLocator.swift,\ DependencyLocatorTraits.swift,\ DependencyParameters.swift,\ DependencyScope.swift,\ InjectionError.swift,\ ManagedDependencyScopeProviding.swift,\ ManagedDependencyScopeReceipt.swift,\ PipelineManagedDependencyScope.swift /Users/admin/builder/spi-builder-workspace/Sources/Stitcher/DependencyInjection/Models/DependencyLocator.swift /Users/admin/builder/spi-builder-workspace/Sources/Stitcher/DependencyInjection/Models/DependencyLocatorTraits.swift /Users/admin/builder/spi-builder-workspace/Sources/Stitcher/DependencyInjection/Models/DependencyParameters.swift /Users/admin/builder/spi-builder-workspace/Sources/Stitcher/DependencyInjection/Models/DependencyScope.swift /Users/admin/builder/spi-builder-workspace/Sources/Stitcher/DependencyInjection/Models/InjectionError.swift /Users/admin/builder/spi-builder-workspace/Sources/Stitcher/DependencyInjection/Models/ManagedScope/ManagedDependencyScopeProviding.swift /Users/admin/builder/spi-builder-workspace/Sources/Stitcher/DependencyInjection/Models/ManagedScope/ManagedDependencyScopeReceipt.swift /Users/admin/builder/spi-builder-workspace/Sources/Stitcher/DependencyInjection/Models/ManagedScope/PipelineManagedDependencyScope.swift (in target 'Stitcher' from project 'Stitcher')
SwiftCompile normal arm64 /Users/admin/builder/spi-builder-workspace/Sources/Stitcher/DependencyInjection/Models/DependencyLocator.swift (in target 'Stitcher' from project 'Stitcher')
    cd /Users/admin/builder/spi-builder-workspace/.swiftpm/xcode
    builtin-SwiftPerFileCompile DependencyLocator.swift
SwiftCompile normal arm64 /Users/admin/builder/spi-builder-workspace/Sources/Stitcher/DependencyInjection/Models/DependencyLocatorTraits.swift (in target 'Stitcher' from project 'Stitcher')
    cd /Users/admin/builder/spi-builder-workspace/.swiftpm/xcode
    builtin-SwiftPerFileCompile DependencyLocatorTraits.swift
SwiftCompile normal arm64 /Users/admin/builder/spi-builder-workspace/Sources/Stitcher/DependencyInjection/Models/DependencyParameters.swift (in target 'Stitcher' from project 'Stitcher')
    cd /Users/admin/builder/spi-builder-workspace/.swiftpm/xcode
    builtin-SwiftPerFileCompile DependencyParameters.swift
SwiftCompile normal arm64 /Users/admin/builder/spi-builder-workspace/Sources/Stitcher/DependencyInjection/Models/DependencyScope.swift (in target 'Stitcher' from project 'Stitcher')
    cd /Users/admin/builder/spi-builder-workspace/.swiftpm/xcode
    builtin-SwiftPerFileCompile DependencyScope.swift
SwiftCompile normal arm64 /Users/admin/builder/spi-builder-workspace/Sources/Stitcher/DependencyInjection/Models/InjectionError.swift (in target 'Stitcher' from project 'Stitcher')
    cd /Users/admin/builder/spi-builder-workspace/.swiftpm/xcode
    builtin-SwiftPerFileCompile InjectionError.swift
SwiftCompile normal arm64 /Users/admin/builder/spi-builder-workspace/Sources/Stitcher/DependencyInjection/Models/ManagedScope/ManagedDependencyScopeProviding.swift (in target 'Stitcher' from project 'Stitcher')
    cd /Users/admin/builder/spi-builder-workspace/.swiftpm/xcode
    builtin-SwiftPerFileCompile ManagedDependencyScopeProviding.swift
SwiftCompile normal arm64 /Users/admin/builder/spi-builder-workspace/Sources/Stitcher/DependencyInjection/Models/ManagedScope/ManagedDependencyScopeReceipt.swift (in target 'Stitcher' from project 'Stitcher')
    cd /Users/admin/builder/spi-builder-workspace/.swiftpm/xcode
    builtin-SwiftPerFileCompile ManagedDependencyScopeReceipt.swift
SwiftCompile normal arm64 /Users/admin/builder/spi-builder-workspace/Sources/Stitcher/DependencyInjection/Models/ManagedScope/PipelineManagedDependencyScope.swift (in target 'Stitcher' from project 'Stitcher')
    cd /Users/admin/builder/spi-builder-workspace/.swiftpm/xcode
    builtin-SwiftPerFileCompile PipelineManagedDependencyScope.swift
/Users/admin/builder/spi-builder-workspace/Sources/Stitcher/DependencyInjection/Models/DependencyParameters.swift:120:41: warning: cast from '(/* shape: each Element */ repeat DependencyParameters.AnyParameter)' to unrelated type 'DependencyParameters.AnyParameter' always fails
118 |
119 |         if tupleValues.isEmpty && mirror.displayStyle != .tuple {
120 |             let singleParameter = tuple as! AnyParameter
    |                                         `- warning: cast from '(/* shape: each Element */ repeat DependencyParameters.AnyParameter)' to unrelated type 'DependencyParameters.AnyParameter' always fails
121 |             tupleValues = [singleParameter]
122 |         }
/Users/admin/builder/spi-builder-workspace/Sources/Stitcher/DependencyInjection/Models/InjectionError.swift:52:10: warning: associated value 'invalidDependencyParameters(_:_:parameters:)' of 'Sendable'-conforming enum 'InjectionError' contains non-Sendable type '[AnyHashable]'
 50 |     case multipleDependencies(DependencyContext)
 51 |     case cyclicDependencyReference(DependencyCycleInstantationBacktrace)
 52 |     case invalidDependencyParameters(DependencyContext, DependencyParameterContext, parameters: [AnyHashable])
    |          `- warning: associated value 'invalidDependencyParameters(_:_:parameters:)' of 'Sendable'-conforming enum 'InjectionError' contains non-Sendable type '[AnyHashable]'
 53 |
 54 |     public var description: String {
Swift.Array:1:23: note: generic struct 'Array' does not conform to the 'Sendable' protocol
1 | @frozen public struct Array<Element> : _DestructorSafeContainer {
  |                       `- note: generic struct 'Array' does not conform to the 'Sendable' protocol
2 | }
SwiftCompile normal arm64 Compiling\ DependencyGraph+TypeInjection.swift,\ DependencyGraph+ValueInjection.swift,\ DependencyGraph.swift,\ DependencyRegistrarIndex.swift,\ Common.swift,\ DefaultIndexer.swift,\ ParallelIndexer.swift,\ PlainIndexer.swift /Users/admin/builder/spi-builder-workspace/Sources/Stitcher/DependencyInjection/Graph/DependencyGraph+TypeInjection.swift /Users/admin/builder/spi-builder-workspace/Sources/Stitcher/DependencyInjection/Graph/DependencyGraph+ValueInjection.swift /Users/admin/builder/spi-builder-workspace/Sources/Stitcher/DependencyInjection/Graph/DependencyGraph.swift /Users/admin/builder/spi-builder-workspace/Sources/Stitcher/DependencyInjection/Graph/Indexing/DependencyRegistrarIndex.swift /Users/admin/builder/spi-builder-workspace/Sources/Stitcher/DependencyInjection/Graph/Indexing/Implementations/Common.swift /Users/admin/builder/spi-builder-workspace/Sources/Stitcher/DependencyInjection/Graph/Indexing/Implementations/DefaultIndexer.swift /Users/admin/builder/spi-builder-workspace/Sources/Stitcher/DependencyInjection/Graph/Indexing/Implementations/ParallelIndexer.swift /Users/admin/builder/spi-builder-workspace/Sources/Stitcher/DependencyInjection/Graph/Indexing/Implementations/PlainIndexer.swift (in target 'Stitcher' from project 'Stitcher')
SwiftCompile normal arm64 /Users/admin/builder/spi-builder-workspace/Sources/Stitcher/DependencyInjection/Graph/DependencyGraph+TypeInjection.swift (in target 'Stitcher' from project 'Stitcher')
    cd /Users/admin/builder/spi-builder-workspace/.swiftpm/xcode
    builtin-SwiftPerFileCompile DependencyGraph+TypeInjection.swift
SwiftCompile normal arm64 /Users/admin/builder/spi-builder-workspace/Sources/Stitcher/DependencyInjection/Graph/DependencyGraph+ValueInjection.swift (in target 'Stitcher' from project 'Stitcher')
    cd /Users/admin/builder/spi-builder-workspace/.swiftpm/xcode
    builtin-SwiftPerFileCompile DependencyGraph+ValueInjection.swift
SwiftCompile normal arm64 /Users/admin/builder/spi-builder-workspace/Sources/Stitcher/DependencyInjection/Graph/DependencyGraph.swift (in target 'Stitcher' from project 'Stitcher')
    cd /Users/admin/builder/spi-builder-workspace/.swiftpm/xcode
    builtin-SwiftPerFileCompile DependencyGraph.swift
SwiftCompile normal arm64 /Users/admin/builder/spi-builder-workspace/Sources/Stitcher/DependencyInjection/Graph/Indexing/DependencyRegistrarIndex.swift (in target 'Stitcher' from project 'Stitcher')
    cd /Users/admin/builder/spi-builder-workspace/.swiftpm/xcode
    builtin-SwiftPerFileCompile DependencyRegistrarIndex.swift
SwiftCompile normal arm64 /Users/admin/builder/spi-builder-workspace/Sources/Stitcher/DependencyInjection/Graph/Indexing/Implementations/Common.swift (in target 'Stitcher' from project 'Stitcher')
    cd /Users/admin/builder/spi-builder-workspace/.swiftpm/xcode
    builtin-SwiftPerFileCompile Common.swift
SwiftCompile normal arm64 /Users/admin/builder/spi-builder-workspace/Sources/Stitcher/DependencyInjection/Graph/Indexing/Implementations/DefaultIndexer.swift (in target 'Stitcher' from project 'Stitcher')
    cd /Users/admin/builder/spi-builder-workspace/.swiftpm/xcode
    builtin-SwiftPerFileCompile DefaultIndexer.swift
SwiftCompile normal arm64 /Users/admin/builder/spi-builder-workspace/Sources/Stitcher/DependencyInjection/Graph/Indexing/Implementations/ParallelIndexer.swift (in target 'Stitcher' from project 'Stitcher')
    cd /Users/admin/builder/spi-builder-workspace/.swiftpm/xcode
    builtin-SwiftPerFileCompile ParallelIndexer.swift
SwiftCompile normal arm64 /Users/admin/builder/spi-builder-workspace/Sources/Stitcher/DependencyInjection/Graph/Indexing/Implementations/PlainIndexer.swift (in target 'Stitcher' from project 'Stitcher')
    cd /Users/admin/builder/spi-builder-workspace/.swiftpm/xcode
    builtin-SwiftPerFileCompile PlainIndexer.swift
SwiftCompile normal arm64 Compiling\ NeverInstanceStorage.swift,\ SharedInstanceStorage.swift,\ SingletonInstanceStorage.swift,\ InstanceStorage.swift,\ InstanceStorageFactory.swift,\ InstanceStorageKey.swift,\ AnyPipeline.swift,\ AnyPipelineCancellable.swift /Users/admin/builder/spi-builder-workspace/Sources/Stitcher/DependencyInjection/Storage/Common/NeverInstanceStorage.swift /Users/admin/builder/spi-builder-workspace/Sources/Stitcher/DependencyInjection/Storage/Common/SharedInstanceStorage.swift /Users/admin/builder/spi-builder-workspace/Sources/Stitcher/DependencyInjection/Storage/Common/SingletonInstanceStorage.swift /Users/admin/builder/spi-builder-workspace/Sources/Stitcher/DependencyInjection/Storage/InstanceStorage.swift /Users/admin/builder/spi-builder-workspace/Sources/Stitcher/DependencyInjection/Storage/InstanceStorageFactory.swift /Users/admin/builder/spi-builder-workspace/Sources/Stitcher/DependencyInjection/Storage/InstanceStorageKey.swift /Users/admin/builder/spi-builder-workspace/Sources/Stitcher/ReactivePipeline/AnyPipeline.swift /Users/admin/builder/spi-builder-workspace/Sources/Stitcher/ReactivePipeline/AnyPipelineCancellable.swift (in target 'Stitcher' from project 'Stitcher')
SwiftCompile normal arm64 /Users/admin/builder/spi-builder-workspace/Sources/Stitcher/DependencyInjection/Storage/Common/NeverInstanceStorage.swift (in target 'Stitcher' from project 'Stitcher')
    cd /Users/admin/builder/spi-builder-workspace/.swiftpm/xcode
    builtin-SwiftPerFileCompile NeverInstanceStorage.swift
SwiftCompile normal arm64 /Users/admin/builder/spi-builder-workspace/Sources/Stitcher/DependencyInjection/Storage/Common/SharedInstanceStorage.swift (in target 'Stitcher' from project 'Stitcher')
    cd /Users/admin/builder/spi-builder-workspace/.swiftpm/xcode
    builtin-SwiftPerFileCompile SharedInstanceStorage.swift
SwiftCompile normal arm64 /Users/admin/builder/spi-builder-workspace/Sources/Stitcher/DependencyInjection/Storage/Common/SingletonInstanceStorage.swift (in target 'Stitcher' from project 'Stitcher')
    cd /Users/admin/builder/spi-builder-workspace/.swiftpm/xcode
    builtin-SwiftPerFileCompile SingletonInstanceStorage.swift
SwiftCompile normal arm64 /Users/admin/builder/spi-builder-workspace/Sources/Stitcher/DependencyInjection/Storage/InstanceStorage.swift (in target 'Stitcher' from project 'Stitcher')
    cd /Users/admin/builder/spi-builder-workspace/.swiftpm/xcode
    builtin-SwiftPerFileCompile InstanceStorage.swift
SwiftCompile normal arm64 /Users/admin/builder/spi-builder-workspace/Sources/Stitcher/DependencyInjection/Storage/InstanceStorageFactory.swift (in target 'Stitcher' from project 'Stitcher')
    cd /Users/admin/builder/spi-builder-workspace/.swiftpm/xcode
    builtin-SwiftPerFileCompile InstanceStorageFactory.swift
SwiftCompile normal arm64 /Users/admin/builder/spi-builder-workspace/Sources/Stitcher/DependencyInjection/Storage/InstanceStorageKey.swift (in target 'Stitcher' from project 'Stitcher')
    cd /Users/admin/builder/spi-builder-workspace/.swiftpm/xcode
    builtin-SwiftPerFileCompile InstanceStorageKey.swift
SwiftCompile normal arm64 /Users/admin/builder/spi-builder-workspace/Sources/Stitcher/ReactivePipeline/AnyPipeline.swift (in target 'Stitcher' from project 'Stitcher')
    cd /Users/admin/builder/spi-builder-workspace/.swiftpm/xcode
    builtin-SwiftPerFileCompile AnyPipeline.swift
SwiftCompile normal arm64 /Users/admin/builder/spi-builder-workspace/Sources/Stitcher/ReactivePipeline/AnyPipelineCancellable.swift (in target 'Stitcher' from project 'Stitcher')
    cd /Users/admin/builder/spi-builder-workspace/.swiftpm/xcode
    builtin-SwiftPerFileCompile AnyPipelineCancellable.swift
SwiftDriverJobDiscovery normal arm64_32 Compiling AutoregisterableDependencyCodeGenerator.swift, NameInjectionCodeGenerator.swift, TestInjectionCodeGenerator.swift, TypeInjectionCodeGenerator.swift, InjectionCodeGenerator.swift, InjectionCodeGenerators.swift, StitcherConfiguration.swift, DependencyContainer.swift (in target 'Stitcher' from project 'Stitcher')
SwiftCompile normal arm64 Compiling\ DependenciesRegistrar.swift,\ Dependency.swift,\ DependencyGroup.swift,\ DependencyRegistrarBuilder.swift,\ RawDependencyRegistration.swift,\ DependencyGroupRepresenting.swift,\ DependencyRepresenting.swift,\ ManagedSingletonInstanceStorage.swift /Users/admin/builder/spi-builder-workspace/Sources/Stitcher/DependencyInjection/Registration/DependenciesRegistrar.swift /Users/admin/builder/spi-builder-workspace/Sources/Stitcher/DependencyInjection/Registration/Dependency.swift /Users/admin/builder/spi-builder-workspace/Sources/Stitcher/DependencyInjection/Registration/DependencyGroup.swift /Users/admin/builder/spi-builder-workspace/Sources/Stitcher/DependencyInjection/Registration/DependencyRegistrarBuilder.swift /Users/admin/builder/spi-builder-workspace/Sources/Stitcher/DependencyInjection/Registration/RawDependencyRegistration.swift /Users/admin/builder/spi-builder-workspace/Sources/Stitcher/DependencyInjection/Registration/Representation/DependencyGroupRepresenting.swift /Users/admin/builder/spi-builder-workspace/Sources/Stitcher/DependencyInjection/Registration/Representation/DependencyRepresenting.swift /Users/admin/builder/spi-builder-workspace/Sources/Stitcher/DependencyInjection/Storage/Common/ManagedSingletonInstanceStorage.swift (in target 'Stitcher' from project 'Stitcher')
SwiftCompile normal arm64 /Users/admin/builder/spi-builder-workspace/Sources/Stitcher/DependencyInjection/Registration/DependenciesRegistrar.swift (in target 'Stitcher' from project 'Stitcher')
    cd /Users/admin/builder/spi-builder-workspace/.swiftpm/xcode
    builtin-SwiftPerFileCompile DependenciesRegistrar.swift
SwiftCompile normal arm64 /Users/admin/builder/spi-builder-workspace/Sources/Stitcher/DependencyInjection/Registration/Dependency.swift (in target 'Stitcher' from project 'Stitcher')
    cd /Users/admin/builder/spi-builder-workspace/.swiftpm/xcode
    builtin-SwiftPerFileCompile Dependency.swift
SwiftCompile normal arm64 /Users/admin/builder/spi-builder-workspace/Sources/Stitcher/DependencyInjection/Registration/DependencyGroup.swift (in target 'Stitcher' from project 'Stitcher')
    cd /Users/admin/builder/spi-builder-workspace/.swiftpm/xcode
    builtin-SwiftPerFileCompile DependencyGroup.swift
SwiftCompile normal arm64 /Users/admin/builder/spi-builder-workspace/Sources/Stitcher/DependencyInjection/Registration/DependencyRegistrarBuilder.swift (in target 'Stitcher' from project 'Stitcher')
    cd /Users/admin/builder/spi-builder-workspace/.swiftpm/xcode
    builtin-SwiftPerFileCompile DependencyRegistrarBuilder.swift
SwiftCompile normal arm64 /Users/admin/builder/spi-builder-workspace/Sources/Stitcher/DependencyInjection/Registration/RawDependencyRegistration.swift (in target 'Stitcher' from project 'Stitcher')
    cd /Users/admin/builder/spi-builder-workspace/.swiftpm/xcode
    builtin-SwiftPerFileCompile RawDependencyRegistration.swift
SwiftCompile normal arm64 /Users/admin/builder/spi-builder-workspace/Sources/Stitcher/DependencyInjection/Registration/Representation/DependencyGroupRepresenting.swift (in target 'Stitcher' from project 'Stitcher')
    cd /Users/admin/builder/spi-builder-workspace/.swiftpm/xcode
    builtin-SwiftPerFileCompile DependencyGroupRepresenting.swift
SwiftCompile normal arm64 /Users/admin/builder/spi-builder-workspace/Sources/Stitcher/DependencyInjection/Registration/Representation/DependencyRepresenting.swift (in target 'Stitcher' from project 'Stitcher')
    cd /Users/admin/builder/spi-builder-workspace/.swiftpm/xcode
    builtin-SwiftPerFileCompile DependencyRepresenting.swift
SwiftCompile normal arm64 /Users/admin/builder/spi-builder-workspace/Sources/Stitcher/DependencyInjection/Storage/Common/ManagedSingletonInstanceStorage.swift (in target 'Stitcher' from project 'Stitcher')
    cd /Users/admin/builder/spi-builder-workspace/.swiftpm/xcode
    builtin-SwiftPerFileCompile ManagedSingletonInstanceStorage.swift
SwiftCompile normal arm64 Compiling\ DependencyFactory+Function.swift,\ DependencyFactory.swift,\ InstantionNotificationCenter.swift,\ PostInstantiationAware.swift,\ DependencyCycleDetector.swift,\ DependencyCycleInstantationBacktrace.swift,\ DependencyGraph+Assertions.swift,\ DependencyGraph+NameInjection.swift /Users/admin/builder/spi-builder-workspace/Sources/Stitcher/DependencyInjection/Factory/DependencyFactory+Function.swift /Users/admin/builder/spi-builder-workspace/Sources/Stitcher/DependencyInjection/Factory/DependencyFactory.swift /Users/admin/builder/spi-builder-workspace/Sources/Stitcher/DependencyInjection/Factory/InstantionNotificationCenter.swift /Users/admin/builder/spi-builder-workspace/Sources/Stitcher/DependencyInjection/Factory/PostInstantiationAware.swift /Users/admin/builder/spi-builder-workspace/Sources/Stitcher/DependencyInjection/Graph/DependencyCycleDetection/DependencyCycleDetector.swift /Users/admin/builder/spi-builder-workspace/Sources/Stitcher/DependencyInjection/Graph/DependencyCycleDetection/DependencyCycleInstantationBacktrace.swift /Users/admin/builder/spi-builder-workspace/Sources/Stitcher/DependencyInjection/Graph/DependencyGraph+Assertions.swift /Users/admin/builder/spi-builder-workspace/Sources/Stitcher/DependencyInjection/Graph/DependencyGraph+NameInjection.swift (in target 'Stitcher' from project 'Stitcher')
SwiftCompile normal arm64 /Users/admin/builder/spi-builder-workspace/Sources/Stitcher/DependencyInjection/Factory/DependencyFactory+Function.swift (in target 'Stitcher' from project 'Stitcher')
    cd /Users/admin/builder/spi-builder-workspace/.swiftpm/xcode
    builtin-SwiftPerFileCompile DependencyFactory+Function.swift
SwiftCompile normal arm64 /Users/admin/builder/spi-builder-workspace/Sources/Stitcher/DependencyInjection/Factory/DependencyFactory.swift (in target 'Stitcher' from project 'Stitcher')
    cd /Users/admin/builder/spi-builder-workspace/.swiftpm/xcode
    builtin-SwiftPerFileCompile DependencyFactory.swift
SwiftCompile normal arm64 /Users/admin/builder/spi-builder-workspace/Sources/Stitcher/DependencyInjection/Factory/InstantionNotificationCenter.swift (in target 'Stitcher' from project 'Stitcher')
    cd /Users/admin/builder/spi-builder-workspace/.swiftpm/xcode
    builtin-SwiftPerFileCompile InstantionNotificationCenter.swift
SwiftCompile normal arm64 /Users/admin/builder/spi-builder-workspace/Sources/Stitcher/DependencyInjection/Factory/PostInstantiationAware.swift (in target 'Stitcher' from project 'Stitcher')
    cd /Users/admin/builder/spi-builder-workspace/.swiftpm/xcode
    builtin-SwiftPerFileCompile PostInstantiationAware.swift
SwiftCompile normal arm64 /Users/admin/builder/spi-builder-workspace/Sources/Stitcher/DependencyInjection/Graph/DependencyCycleDetection/DependencyCycleDetector.swift (in target 'Stitcher' from project 'Stitcher')
    cd /Users/admin/builder/spi-builder-workspace/.swiftpm/xcode
    builtin-SwiftPerFileCompile DependencyCycleDetector.swift
SwiftCompile normal arm64 /Users/admin/builder/spi-builder-workspace/Sources/Stitcher/DependencyInjection/Graph/DependencyCycleDetection/DependencyCycleInstantationBacktrace.swift (in target 'Stitcher' from project 'Stitcher')
    cd /Users/admin/builder/spi-builder-workspace/.swiftpm/xcode
    builtin-SwiftPerFileCompile DependencyCycleInstantationBacktrace.swift
SwiftCompile normal arm64 /Users/admin/builder/spi-builder-workspace/Sources/Stitcher/DependencyInjection/Graph/DependencyGraph+Assertions.swift (in target 'Stitcher' from project 'Stitcher')
    cd /Users/admin/builder/spi-builder-workspace/.swiftpm/xcode
    builtin-SwiftPerFileCompile DependencyGraph+Assertions.swift
SwiftCompile normal arm64 /Users/admin/builder/spi-builder-workspace/Sources/Stitcher/DependencyInjection/Graph/DependencyGraph+NameInjection.swift (in target 'Stitcher' from project 'Stitcher')
    cd /Users/admin/builder/spi-builder-workspace/.swiftpm/xcode
    builtin-SwiftPerFileCompile DependencyGraph+NameInjection.swift
SwiftCompile normal arm64 Compiling\ Pipeline.swift,\ PipelineSubject.swift,\ Stitcher.swift,\ AsyncTask.swift,\ CancellableTask.swift,\ RawThreadKey.swift,\ RawThreadKeyError.swift,\ ThreadIdentifierThreadValuesKey.swift /Users/admin/builder/spi-builder-workspace/Sources/Stitcher/ReactivePipeline/Pipeline.swift /Users/admin/builder/spi-builder-workspace/Sources/Stitcher/ReactivePipeline/PipelineSubject.swift /Users/admin/builder/spi-builder-workspace/Sources/Stitcher/Stitcher.swift /Users/admin/builder/spi-builder-workspace/Sources/Stitcher/Task/AsyncTask.swift /Users/admin/builder/spi-builder-workspace/Sources/Stitcher/Task/CancellableTask.swift /Users/admin/builder/spi-builder-workspace/Sources/Stitcher/Threads/RawThreadKey.swift /Users/admin/builder/spi-builder-workspace/Sources/Stitcher/Threads/RawThreadKeyError.swift /Users/admin/builder/spi-builder-workspace/Sources/Stitcher/Threads/ThreadIdentifierThreadValuesKey.swift (in target 'Stitcher' from project 'Stitcher')
SwiftCompile normal arm64 /Users/admin/builder/spi-builder-workspace/Sources/Stitcher/ReactivePipeline/Pipeline.swift (in target 'Stitcher' from project 'Stitcher')
    cd /Users/admin/builder/spi-builder-workspace/.swiftpm/xcode
    builtin-SwiftPerFileCompile Pipeline.swift
SwiftCompile normal arm64 /Users/admin/builder/spi-builder-workspace/Sources/Stitcher/ReactivePipeline/PipelineSubject.swift (in target 'Stitcher' from project 'Stitcher')
    cd /Users/admin/builder/spi-builder-workspace/.swiftpm/xcode
    builtin-SwiftPerFileCompile PipelineSubject.swift
SwiftCompile normal arm64 /Users/admin/builder/spi-builder-workspace/Sources/Stitcher/Stitcher.swift (in target 'Stitcher' from project 'Stitcher')
    cd /Users/admin/builder/spi-builder-workspace/.swiftpm/xcode
    builtin-SwiftPerFileCompile Stitcher.swift
SwiftCompile normal arm64 /Users/admin/builder/spi-builder-workspace/Sources/Stitcher/Task/AsyncTask.swift (in target 'Stitcher' from project 'Stitcher')
    cd /Users/admin/builder/spi-builder-workspace/.swiftpm/xcode
    builtin-SwiftPerFileCompile AsyncTask.swift
SwiftCompile normal arm64 /Users/admin/builder/spi-builder-workspace/Sources/Stitcher/Task/CancellableTask.swift (in target 'Stitcher' from project 'Stitcher')
    cd /Users/admin/builder/spi-builder-workspace/.swiftpm/xcode
    builtin-SwiftPerFileCompile CancellableTask.swift
SwiftCompile normal arm64 /Users/admin/builder/spi-builder-workspace/Sources/Stitcher/Threads/RawThreadKey.swift (in target 'Stitcher' from project 'Stitcher')
    cd /Users/admin/builder/spi-builder-workspace/.swiftpm/xcode
    builtin-SwiftPerFileCompile RawThreadKey.swift
SwiftCompile normal arm64 /Users/admin/builder/spi-builder-workspace/Sources/Stitcher/Threads/RawThreadKeyError.swift (in target 'Stitcher' from project 'Stitcher')
    cd /Users/admin/builder/spi-builder-workspace/.swiftpm/xcode
    builtin-SwiftPerFileCompile RawThreadKeyError.swift
SwiftCompile normal arm64 /Users/admin/builder/spi-builder-workspace/Sources/Stitcher/Threads/ThreadIdentifierThreadValuesKey.swift (in target 'Stitcher' from project 'Stitcher')
    cd /Users/admin/builder/spi-builder-workspace/.swiftpm/xcode
    builtin-SwiftPerFileCompile ThreadIdentifierThreadValuesKey.swift
SwiftCompile normal arm64 Compiling\ TypeName.swift,\ Atomic.swift,\ Dependencies.swift,\ Injected+Init.swift,\ Injected.swift,\ AutoregisterableDependency.swift,\ GeneratedDependencyRegistration.swift,\ RegisterableDependency.swift /Users/admin/builder/spi-builder-workspace/Sources/Stitcher/DependencyInjection/Models/TypeName.swift /Users/admin/builder/spi-builder-workspace/Sources/Stitcher/DependencyInjection/PropertyWrappers/Atomic.swift /Users/admin/builder/spi-builder-workspace/Sources/Stitcher/DependencyInjection/PropertyWrappers/Dependencies.swift /Users/admin/builder/spi-builder-workspace/Sources/Stitcher/DependencyInjection/PropertyWrappers/Injected+Init.swift /Users/admin/builder/spi-builder-workspace/Sources/Stitcher/DependencyInjection/PropertyWrappers/Injected.swift /Users/admin/builder/spi-builder-workspace/Sources/Stitcher/DependencyInjection/Registration/Autoregistration/AutoregisterableDependency.swift /Users/admin/builder/spi-builder-workspace/Sources/Stitcher/DependencyInjection/Registration/Autoregistration/GeneratedDependencyRegistration.swift /Users/admin/builder/spi-builder-workspace/Sources/Stitcher/DependencyInjection/Registration/Autoregistration/RegisterableDependency.swift (in target 'Stitcher' from project 'Stitcher')
SwiftCompile normal arm64 /Users/admin/builder/spi-builder-workspace/Sources/Stitcher/DependencyInjection/Models/TypeName.swift (in target 'Stitcher' from project 'Stitcher')
    cd /Users/admin/builder/spi-builder-workspace/.swiftpm/xcode
    builtin-SwiftPerFileCompile TypeName.swift
SwiftCompile normal arm64 /Users/admin/builder/spi-builder-workspace/Sources/Stitcher/DependencyInjection/PropertyWrappers/Atomic.swift (in target 'Stitcher' from project 'Stitcher')
    cd /Users/admin/builder/spi-builder-workspace/.swiftpm/xcode
    builtin-SwiftPerFileCompile Atomic.swift
SwiftCompile normal arm64 /Users/admin/builder/spi-builder-workspace/Sources/Stitcher/DependencyInjection/PropertyWrappers/Dependencies.swift (in target 'Stitcher' from project 'Stitcher')
    cd /Users/admin/builder/spi-builder-workspace/.swiftpm/xcode
    builtin-SwiftPerFileCompile Dependencies.swift
SwiftCompile normal arm64 /Users/admin/builder/spi-builder-workspace/Sources/Stitcher/DependencyInjection/PropertyWrappers/Injected+Init.swift (in target 'Stitcher' from project 'Stitcher')
    cd /Users/admin/builder/spi-builder-workspace/.swiftpm/xcode
    builtin-SwiftPerFileCompile Injected+Init.swift
SwiftCompile normal arm64 /Users/admin/builder/spi-builder-workspace/Sources/Stitcher/DependencyInjection/PropertyWrappers/Injected.swift (in target 'Stitcher' from project 'Stitcher')
    cd /Users/admin/builder/spi-builder-workspace/.swiftpm/xcode
    builtin-SwiftPerFileCompile Injected.swift
SwiftCompile normal arm64 /Users/admin/builder/spi-builder-workspace/Sources/Stitcher/DependencyInjection/Registration/Autoregistration/AutoregisterableDependency.swift (in target 'Stitcher' from project 'Stitcher')
    cd /Users/admin/builder/spi-builder-workspace/.swiftpm/xcode
    builtin-SwiftPerFileCompile AutoregisterableDependency.swift
SwiftCompile normal arm64 /Users/admin/builder/spi-builder-workspace/Sources/Stitcher/DependencyInjection/Registration/Autoregistration/GeneratedDependencyRegistration.swift (in target 'Stitcher' from project 'Stitcher')
    cd /Users/admin/builder/spi-builder-workspace/.swiftpm/xcode
    builtin-SwiftPerFileCompile GeneratedDependencyRegistration.swift
SwiftCompile normal arm64 /Users/admin/builder/spi-builder-workspace/Sources/Stitcher/DependencyInjection/Registration/Autoregistration/RegisterableDependency.swift (in target 'Stitcher' from project 'Stitcher')
    cd /Users/admin/builder/spi-builder-workspace/.swiftpm/xcode
    builtin-SwiftPerFileCompile RegisterableDependency.swift
SwiftCompile normal arm64 Compiling\ AutoregisterableDependencyCodeGenerator.swift,\ NameInjectionCodeGenerator.swift,\ TestInjectionCodeGenerator.swift,\ TypeInjectionCodeGenerator.swift,\ InjectionCodeGenerator.swift,\ InjectionCodeGenerators.swift,\ StitcherConfiguration.swift,\ DependencyContainer.swift /Users/admin/builder/spi-builder-workspace/Sources/Stitcher/CodeGeneration/AutoregisterableDependencyCodeGeneratio/AutoregisterableDependencyCodeGenerator.swift /Users/admin/builder/spi-builder-workspace/Sources/Stitcher/CodeGeneration/InjectionCodeGeneration/Common/NameInjectionCodeGenerator.swift /Users/admin/builder/spi-builder-workspace/Sources/Stitcher/CodeGeneration/InjectionCodeGeneration/Common/TestInjectionCodeGenerator.swift /Users/admin/builder/spi-builder-workspace/Sources/Stitcher/CodeGeneration/InjectionCodeGeneration/Common/TypeInjectionCodeGenerator.swift /Users/admin/builder/spi-builder-workspace/Sources/Stitcher/CodeGeneration/InjectionCodeGeneration/InjectionCodeGenerator.swift /Users/admin/builder/spi-builder-workspace/Sources/Stitcher/CodeGeneration/InjectionCodeGeneration/InjectionCodeGenerators.swift /Users/admin/builder/spi-builder-workspace/Sources/Stitcher/Configuration/StitcherConfiguration.swift /Users/admin/builder/spi-builder-workspace/Sources/Stitcher/DependencyInjection/DependencyContainer.swift (in target 'Stitcher' from project 'Stitcher')
/Users/admin/builder/spi-builder-workspace/Sources/Stitcher/DependencyInjection/DependencyContainer.swift:159:37: warning: 'weak' ownership of capture 'self' differs from implicitly-captured strong reference in outer scope [#ImplicitStrongCapture]
154 |         if #available(macOS 14.0, iOS 17.0, watchOS 10.0, tvOS 17.0, visionOS 1.0, *) {
155 |             let undecoratedDependenciesRegistrarProvider = dependenciesRegistrarProvider
156 |             self.dependenciesRegistrarProvider = {
    |                                                  |- note: 'self' implicitly strongly captured here
    |                                                  `- note: add 'self' as a capture list item to silence
157 |                 withObservationTracking {
158 |                     undecoratedDependenciesRegistrarProvider()
159 |                 } onChange: { [weak self] in
    |                                     |- warning: 'weak' ownership of capture 'self' differs from implicitly-captured strong reference in outer scope [#ImplicitStrongCapture]
    |                                     `- note: explicitly assign the capture list item to silence
160 |                     self?.invalidateDependenciesSubject.send()
161 |                 }
[#ImplicitStrongCapture]: <https://docs.swift.org/compiler/documentation/diagnostics/implicit-strong-capture>
SwiftCompile normal arm64 /Users/admin/builder/spi-builder-workspace/Sources/Stitcher/CodeGeneration/AutoregisterableDependencyCodeGeneratio/AutoregisterableDependencyCodeGenerator.swift (in target 'Stitcher' from project 'Stitcher')
    cd /Users/admin/builder/spi-builder-workspace/.swiftpm/xcode
    builtin-SwiftPerFileCompile AutoregisterableDependencyCodeGenerator.swift
SwiftCompile normal arm64 /Users/admin/builder/spi-builder-workspace/Sources/Stitcher/CodeGeneration/InjectionCodeGeneration/Common/NameInjectionCodeGenerator.swift (in target 'Stitcher' from project 'Stitcher')
    cd /Users/admin/builder/spi-builder-workspace/.swiftpm/xcode
    builtin-SwiftPerFileCompile NameInjectionCodeGenerator.swift
SwiftCompile normal arm64 /Users/admin/builder/spi-builder-workspace/Sources/Stitcher/CodeGeneration/InjectionCodeGeneration/Common/TestInjectionCodeGenerator.swift (in target 'Stitcher' from project 'Stitcher')
    cd /Users/admin/builder/spi-builder-workspace/.swiftpm/xcode
    builtin-SwiftPerFileCompile TestInjectionCodeGenerator.swift
SwiftCompile normal arm64 /Users/admin/builder/spi-builder-workspace/Sources/Stitcher/CodeGeneration/InjectionCodeGeneration/Common/TypeInjectionCodeGenerator.swift (in target 'Stitcher' from project 'Stitcher')
    cd /Users/admin/builder/spi-builder-workspace/.swiftpm/xcode
    builtin-SwiftPerFileCompile TypeInjectionCodeGenerator.swift
SwiftCompile normal arm64 /Users/admin/builder/spi-builder-workspace/Sources/Stitcher/CodeGeneration/InjectionCodeGeneration/InjectionCodeGenerator.swift (in target 'Stitcher' from project 'Stitcher')
    cd /Users/admin/builder/spi-builder-workspace/.swiftpm/xcode
    builtin-SwiftPerFileCompile InjectionCodeGenerator.swift
SwiftCompile normal arm64 /Users/admin/builder/spi-builder-workspace/Sources/Stitcher/CodeGeneration/InjectionCodeGeneration/InjectionCodeGenerators.swift (in target 'Stitcher' from project 'Stitcher')
    cd /Users/admin/builder/spi-builder-workspace/.swiftpm/xcode
    builtin-SwiftPerFileCompile InjectionCodeGenerators.swift
SwiftCompile normal arm64 /Users/admin/builder/spi-builder-workspace/Sources/Stitcher/Configuration/StitcherConfiguration.swift (in target 'Stitcher' from project 'Stitcher')
    cd /Users/admin/builder/spi-builder-workspace/.swiftpm/xcode
    builtin-SwiftPerFileCompile StitcherConfiguration.swift
SwiftCompile normal arm64 /Users/admin/builder/spi-builder-workspace/Sources/Stitcher/DependencyInjection/DependencyContainer.swift (in target 'Stitcher' from project 'Stitcher')
    cd /Users/admin/builder/spi-builder-workspace/.swiftpm/xcode
    builtin-SwiftPerFileCompile DependencyContainer.swift
SwiftCompile normal arm64 Compiling\ IndexedDependencyContainer.swift,\ Indexing.swift,\ IndexingCoordinator.swift,\ IndexingKey.swift,\ IndexingTask.swift,\ StorageCleaner.swift,\ DependencyContainingCollection.swift,\ DependencyEagerness.swift /Users/admin/builder/spi-builder-workspace/Sources/Stitcher/DependencyInjection/Graph/Indexing/IndexedDependencyContainer.swift /Users/admin/builder/spi-builder-workspace/Sources/Stitcher/DependencyInjection/Graph/Indexing/Indexing.swift /Users/admin/builder/spi-builder-workspace/Sources/Stitcher/DependencyInjection/Graph/Indexing/IndexingCoordinator.swift /Users/admin/builder/spi-builder-workspace/Sources/Stitcher/DependencyInjection/Graph/Indexing/IndexingKey.swift /Users/admin/builder/spi-builder-workspace/Sources/Stitcher/DependencyInjection/Graph/Indexing/IndexingTask.swift /Users/admin/builder/spi-builder-workspace/Sources/Stitcher/DependencyInjection/Graph/StorageCleaner/StorageCleaner.swift /Users/admin/builder/spi-builder-workspace/Sources/Stitcher/DependencyInjection/Models/DependencyContainingCollection.swift /Users/admin/builder/spi-builder-workspace/Sources/Stitcher/DependencyInjection/Models/DependencyEagerness.swift (in target 'Stitcher' from project 'Stitcher')
/Users/admin/builder/spi-builder-workspace/Sources/Stitcher/DependencyInjection/Graph/StorageCleaner/StorageCleaner.swift:40:33: error: 'UIApplication' is unavailable in watchOS
38 |         if #available(iOS 13.0, macOS 10.15, macCatalyst 13.0, tvOS 13.0, watchOS 6.0, visionOS 1.0, *) {
39 |             NotificationCenter.default
40 |                 .publisher(for: UIApplication.willResignActiveNotification)
   |                                 `- error: 'UIApplication' is unavailable in watchOS
41 |                 .sink { [weak self] _ in
42 |                     self?.cleanupStorage(priority: .high)
/Applications/Xcode-27.0.0-Release.Candidate.app/Contents/Developer/Platforms/WatchOS.platform/Developer/SDKs/WatchOS27.0.sdk/System/Library/Frameworks/UIKit.framework/Headers/UIApplication.h:85:12: note: 'UIApplication' has been explicitly marked unavailable here
 83 |
 84 | UIKIT_EXTERN API_AVAILABLE(ios(2.0)) API_UNAVAILABLE(watchos) NS_SWIFT_UI_ACTOR
 85 | @interface UIApplication : UIResponder
    |            `- note: 'UIApplication' has been explicitly marked unavailable here
 86 |
 87 | @property(class, nonatomic, readonly) UIApplication *sharedApplication NS_EXTENSION_UNAVAILABLE_IOS("Use view controller based solutions where appropriate instead.");
/Users/admin/builder/spi-builder-workspace/Sources/Stitcher/DependencyInjection/Graph/StorageCleaner/StorageCleaner.swift:40:47: error: 'willResignActiveNotification' is unavailable in watchOS
38 |         if #available(iOS 13.0, macOS 10.15, macCatalyst 13.0, tvOS 13.0, watchOS 6.0, visionOS 1.0, *) {
39 |             NotificationCenter.default
40 |                 .publisher(for: UIApplication.willResignActiveNotification)
   |                                               `- error: 'willResignActiveNotification' is unavailable in watchOS
41 |                 .sink { [weak self] _ in
42 |                     self?.cleanupStorage(priority: .high)
/Applications/Xcode-27.0.0-Release.Candidate.app/Contents/Developer/Platforms/WatchOS.platform/Developer/SDKs/WatchOS27.0.sdk/System/Library/Frameworks/UIKit.framework/Headers/UIApplication.h:574:39: note: 'willResignActiveNotification' has been explicitly marked unavailable here
572 | UIKIT_EXTERN NSNotificationName const UIApplicationDidFinishLaunchingNotification API_UNAVAILABLE(watchos) NS_SWIFT_NONISOLATED;
573 | UIKIT_EXTERN NSNotificationName const UIApplicationDidBecomeActiveNotification API_UNAVAILABLE(watchos) NS_SWIFT_NONISOLATED;
574 | UIKIT_EXTERN NSNotificationName const UIApplicationWillResignActiveNotification API_UNAVAILABLE(watchos) NS_SWIFT_NONISOLATED;
    |                                       `- note: 'willResignActiveNotification' has been explicitly marked unavailable here
575 | UIKIT_EXTERN NSNotificationName const UIApplicationDidReceiveMemoryWarningNotification API_UNAVAILABLE(watchos) NS_SWIFT_NONISOLATED;
576 | UIKIT_EXTERN NSNotificationName const UIApplicationWillTerminateNotification API_UNAVAILABLE(watchos) NS_SWIFT_NONISOLATED;
/Users/admin/builder/spi-builder-workspace/Sources/Stitcher/DependencyInjection/Graph/StorageCleaner/StorageCleaner.swift:47:33: error: 'UIApplication' is unavailable in watchOS
45 |
46 |             NotificationCenter.default
47 |                 .publisher(for: UIApplication.didReceiveMemoryWarningNotification)
   |                                 `- error: 'UIApplication' is unavailable in watchOS
48 |                 .sink { [weak self] _ in
49 |                     self?.cleanupStorage(priority: .medium)
/Applications/Xcode-27.0.0-Release.Candidate.app/Contents/Developer/Platforms/WatchOS.platform/Developer/SDKs/WatchOS27.0.sdk/System/Library/Frameworks/UIKit.framework/Headers/UIApplication.h:85:12: note: 'UIApplication' has been explicitly marked unavailable here
 83 |
 84 | UIKIT_EXTERN API_AVAILABLE(ios(2.0)) API_UNAVAILABLE(watchos) NS_SWIFT_UI_ACTOR
 85 | @interface UIApplication : UIResponder
    |            `- note: 'UIApplication' has been explicitly marked unavailable here
 86 |
 87 | @property(class, nonatomic, readonly) UIApplication *sharedApplication NS_EXTENSION_UNAVAILABLE_IOS("Use view controller based solutions where appropriate instead.");
/Users/admin/builder/spi-builder-workspace/Sources/Stitcher/DependencyInjection/Graph/StorageCleaner/StorageCleaner.swift:47:47: error: 'didReceiveMemoryWarningNotification' is unavailable in watchOS
45 |
46 |             NotificationCenter.default
47 |                 .publisher(for: UIApplication.didReceiveMemoryWarningNotification)
   |                                               `- error: 'didReceiveMemoryWarningNotification' is unavailable in watchOS
48 |                 .sink { [weak self] _ in
49 |                     self?.cleanupStorage(priority: .medium)
/Applications/Xcode-27.0.0-Release.Candidate.app/Contents/Developer/Platforms/WatchOS.platform/Developer/SDKs/WatchOS27.0.sdk/System/Library/Frameworks/UIKit.framework/Headers/UIApplication.h:575:39: note: 'didReceiveMemoryWarningNotification' has been explicitly marked unavailable here
573 | UIKIT_EXTERN NSNotificationName const UIApplicationDidBecomeActiveNotification API_UNAVAILABLE(watchos) NS_SWIFT_NONISOLATED;
574 | UIKIT_EXTERN NSNotificationName const UIApplicationWillResignActiveNotification API_UNAVAILABLE(watchos) NS_SWIFT_NONISOLATED;
575 | UIKIT_EXTERN NSNotificationName const UIApplicationDidReceiveMemoryWarningNotification API_UNAVAILABLE(watchos) NS_SWIFT_NONISOLATED;
    |                                       `- note: 'didReceiveMemoryWarningNotification' has been explicitly marked unavailable here
576 | UIKIT_EXTERN NSNotificationName const UIApplicationWillTerminateNotification API_UNAVAILABLE(watchos) NS_SWIFT_NONISOLATED;
577 | UIKIT_EXTERN NSNotificationName const UIApplicationSignificantTimeChangeNotification API_UNAVAILABLE(watchos) NS_SWIFT_NONISOLATED;
Failed frontend command:
SwiftCompile normal arm64 /Users/admin/builder/spi-builder-workspace/Sources/Stitcher/DependencyInjection/Graph/Indexing/IndexedDependencyContainer.swift (in target 'Stitcher' from project 'Stitcher')
    cd /Users/admin/builder/spi-builder-workspace/.swiftpm/xcode
    builtin-SwiftPerFileCompile IndexedDependencyContainer.swift
SwiftCompile normal arm64 /Users/admin/builder/spi-builder-workspace/Sources/Stitcher/DependencyInjection/Graph/Indexing/Indexing.swift (in target 'Stitcher' from project 'Stitcher')
    cd /Users/admin/builder/spi-builder-workspace/.swiftpm/xcode
    builtin-SwiftPerFileCompile Indexing.swift
SwiftCompile normal arm64 /Users/admin/builder/spi-builder-workspace/Sources/Stitcher/DependencyInjection/Graph/Indexing/IndexingCoordinator.swift (in target 'Stitcher' from project 'Stitcher')
    cd /Users/admin/builder/spi-builder-workspace/.swiftpm/xcode
    builtin-SwiftPerFileCompile IndexingCoordinator.swift
SwiftCompile normal arm64 /Users/admin/builder/spi-builder-workspace/Sources/Stitcher/DependencyInjection/Graph/Indexing/IndexingKey.swift (in target 'Stitcher' from project 'Stitcher')
    cd /Users/admin/builder/spi-builder-workspace/.swiftpm/xcode
    builtin-SwiftPerFileCompile IndexingKey.swift
SwiftCompile normal arm64 /Users/admin/builder/spi-builder-workspace/Sources/Stitcher/DependencyInjection/Graph/Indexing/IndexingTask.swift (in target 'Stitcher' from project 'Stitcher')
    cd /Users/admin/builder/spi-builder-workspace/.swiftpm/xcode
    builtin-SwiftPerFileCompile IndexingTask.swift
SwiftCompile normal arm64 /Users/admin/builder/spi-builder-workspace/Sources/Stitcher/DependencyInjection/Graph/StorageCleaner/StorageCleaner.swift (in target 'Stitcher' from project 'Stitcher')
    cd /Users/admin/builder/spi-builder-workspace/.swiftpm/xcode
    builtin-SwiftPerFileCompile StorageCleaner.swift
SwiftCompile normal arm64 /Users/admin/builder/spi-builder-workspace/Sources/Stitcher/DependencyInjection/Models/DependencyContainingCollection.swift (in target 'Stitcher' from project 'Stitcher')
    cd /Users/admin/builder/spi-builder-workspace/.swiftpm/xcode
    builtin-SwiftPerFileCompile DependencyContainingCollection.swift
SwiftCompile normal arm64 /Users/admin/builder/spi-builder-workspace/Sources/Stitcher/DependencyInjection/Models/DependencyEagerness.swift (in target 'Stitcher' from project 'Stitcher')
    cd /Users/admin/builder/spi-builder-workspace/.swiftpm/xcode
    builtin-SwiftPerFileCompile DependencyEagerness.swift
/Applications/Xcode-27.0.0-Release.Candidate.app/Contents/Developer/Toolchains/XcodeDefault.xctoolchain/usr/bin/swift-frontend -frontend -c /Users/admin/builder/spi-builder-workspace/Sources/Stitcher/CodeGeneration/AutoregisterableDependencyCodeGeneratio/AutoregisterableDependencyCodeGenerator.swift /Users/admin/builder/spi-builder-workspace/Sources/Stitcher/CodeGeneration/InjectionCodeGeneration/Common/NameInjectionCodeGenerator.swift /Users/admin/builder/spi-builder-workspace/Sources/Stitcher/CodeGeneration/InjectionCodeGeneration/Common/TestInjectionCodeGenerator.swift /Users/admin/builder/spi-builder-workspace/Sources/Stitcher/CodeGeneration/InjectionCodeGeneration/Common/TypeInjectionCodeGenerator.swift /Users/admin/builder/spi-builder-workspace/Sources/Stitcher/CodeGeneration/InjectionCodeGeneration/InjectionCodeGenerator.swift /Users/admin/builder/spi-builder-workspace/Sources/Stitcher/CodeGeneration/InjectionCodeGeneration/InjectionCodeGenerators.swift /Users/admin/builder/spi-builder-workspace/Sources/Stitcher/Configuration/StitcherConfiguration.swift /Users/admin/builder/spi-builder-workspace/Sources/Stitcher/DependencyInjection/DependencyContainer.swift /Users/admin/builder/spi-builder-workspace/Sources/Stitcher/DependencyInjection/Factory/DependencyFactory+Function.swift /Users/admin/builder/spi-builder-workspace/Sources/Stitcher/DependencyInjection/Factory/DependencyFactory.swift /Users/admin/builder/spi-builder-workspace/Sources/Stitcher/DependencyInjection/Factory/InstantionNotificationCenter.swift /Users/admin/builder/spi-builder-workspace/Sources/Stitcher/DependencyInjection/Factory/PostInstantiationAware.swift /Users/admin/builder/spi-builder-workspace/Sources/Stitcher/DependencyInjection/Graph/DependencyCycleDetection/DependencyCycleDetector.swift /Users/admin/builder/spi-builder-workspace/Sources/Stitcher/DependencyInjection/Graph/DependencyCycleDetection/DependencyCycleInstantationBacktrace.swift /Users/admin/builder/spi-builder-workspace/Sources/Stitcher/DependencyInjection/Graph/DependencyGraph+Assertions.swift /Users/admin/builder/spi-builder-workspace/Sources/Stitcher/DependencyInjection/Graph/DependencyGraph+NameInjection.swift /Users/admin/builder/spi-builder-workspace/Sources/Stitcher/DependencyInjection/Graph/DependencyGraph+TypeInjection.swift /Users/admin/builder/spi-builder-workspace/Sources/Stitcher/DependencyInjection/Graph/DependencyGraph+ValueInjection.swift /Users/admin/builder/spi-builder-workspace/Sources/Stitcher/DependencyInjection/Graph/DependencyGraph.swift /Users/admin/builder/spi-builder-workspace/Sources/Stitcher/DependencyInjection/Graph/Indexing/DependencyRegistrarIndex.swift /Users/admin/builder/spi-builder-workspace/Sources/Stitcher/DependencyInjection/Graph/Indexing/Implementations/Common.swift /Users/admin/builder/spi-builder-workspace/Sources/Stitcher/DependencyInjection/Graph/Indexing/Implementations/DefaultIndexer.swift /Users/admin/builder/spi-builder-workspace/Sources/Stitcher/DependencyInjection/Graph/Indexing/Implementations/ParallelIndexer.swift /Users/admin/builder/spi-builder-workspace/Sources/Stitcher/DependencyInjection/Graph/Indexing/Implementations/PlainIndexer.swift -primary-file /Users/admin/builder/spi-builder-workspace/Sources/Stitcher/DependencyInjection/Graph/Indexing/IndexedDependencyContainer.swift -primary-file /Users/admin/builder/spi-builder-workspace/Sources/Stitcher/DependencyInjection/Graph/Indexing/Indexing.swift -primary-file /Users/admin/builder/spi-builder-workspace/Sources/Stitcher/DependencyInjection/Graph/Indexing/IndexingCoordinator.swift -primary-file /Users/admin/builder/spi-builder-workspace/Sources/Stitcher/DependencyInjection/Graph/Indexing/IndexingKey.swift -primary-file /Users/admin/builder/spi-builder-workspace/Sources/Stitcher/DependencyInjection/Graph/Indexing/IndexingTask.swift -primary-file /Users/admin/builder/spi-builder-workspace/Sources/Stitcher/DependencyInjection/Graph/StorageCleaner/StorageCleaner.swift -primary-file /Users/admin/builder/spi-builder-workspace/Sources/Stitcher/DependencyInjection/Models/DependencyContainingCollection.swift -primary-file /Users/admin/builder/spi-builder-workspace/Sources/Stitcher/DependencyInjection/Models/DependencyEagerness.swift /Users/admin/builder/spi-builder-workspace/Sources/Stitcher/DependencyInjection/Models/DependencyLocator.swift /Users/admin/builder/spi-builder-workspace/Sources/Stitcher/DependencyInjection/Models/DependencyLocatorTraits.swift /Users/admin/builder/spi-builder-workspace/Sources/Stitcher/DependencyInjection/Models/DependencyParameters.swift /Users/admin/builder/spi-builder-workspace/Sources/Stitcher/DependencyInjection/Models/DependencyScope.swift /Users/admin/builder/spi-builder-workspace/Sources/Stitcher/DependencyInjection/Models/InjectionError.swift /Users/admin/builder/spi-builder-workspace/Sources/Stitcher/DependencyInjection/Models/ManagedScope/ManagedDependencyScopeProviding.swift /Users/admin/builder/spi-builder-workspace/Sources/Stitcher/DependencyInjection/Models/ManagedScope/ManagedDependencyScopeReceipt.swift /Users/admin/builder/spi-builder-workspace/Sources/Stitcher/DependencyInjection/Models/ManagedScope/PipelineManagedDependencyScope.swift /Users/admin/builder/spi-builder-workspace/Sources/Stitcher/DependencyInjection/Models/TypeName.swift /Users/admin/builder/spi-builder-workspace/Sources/Stitcher/DependencyInjection/PropertyWrappers/Atomic.swift /Users/admin/builder/spi-builder-workspace/Sources/Stitcher/DependencyInjection/PropertyWrappers/Dependencies.swift /Users/admin/builder/spi-builder-workspace/Sources/Stitcher/DependencyInjection/PropertyWrappers/Injected+Init.swift /Users/admin/builder/spi-builder-workspace/Sources/Stitcher/DependencyInjection/PropertyWrappers/Injected.swift /Users/admin/builder/spi-builder-workspace/Sources/Stitcher/DependencyInjection/Registration/Autoregistration/AutoregisterableDependency.swift /Users/admin/builder/spi-builder-workspace/Sources/Stitcher/DependencyInjection/Registration/Autoregistration/GeneratedDependencyRegistration.swift /Users/admin/builder/spi-builder-workspace/Sources/Stitcher/DependencyInjection/Registration/Autoregistration/RegisterableDependency.swift /Users/admin/builder/spi-builder-workspace/Sources/Stitcher/DependencyInjection/Registration/DependenciesRegistrar.swift /Users/admin/builder/spi-builder-workspace/Sources/Stitcher/DependencyInjection/Registration/Dependency.swift /Users/admin/builder/spi-builder-workspace/Sources/Stitcher/DependencyInjection/Registration/DependencyGroup.swift /Users/admin/builder/spi-builder-workspace/Sources/Stitcher/DependencyInjection/Registration/DependencyRegistrarBuilder.swift /Users/admin/builder/spi-builder-workspace/Sources/Stitcher/DependencyInjection/Registration/RawDependencyRegistration.swift /Users/admin/builder/spi-builder-workspace/Sources/Stitcher/DependencyInjection/Registration/Representation/DependencyGroupRepresenting.swift /Users/admin/builder/spi-builder-workspace/Sources/Stitcher/DependencyInjection/Registration/Representation/DependencyRepresenting.swift /Users/admin/builder/spi-builder-workspace/Sources/Stitcher/DependencyInjection/Storage/Common/ManagedSingletonInstanceStorage.swift /Users/admin/builder/spi-builder-workspace/Sources/Stitcher/DependencyInjection/Storage/Common/NeverInstanceStorage.swift /Users/admin/builder/spi-builder-workspace/Sources/Stitcher/DependencyInjection/Storage/Common/SharedInstanceStorage.swift /Users/admin/builder/spi-builder-workspace/Sources/Stitcher/DependencyInjection/Storage/Common/SingletonInstanceStorage.swift /Users/admin/builder/spi-builder-workspace/Sources/Stitcher/DependencyInjection/Storage/InstanceStorage.swift /Users/admin/builder/spi-builder-workspace/Sources/Stitcher/DependencyInjection/Storage/InstanceStorageFactory.swift /Users/admin/builder/spi-builder-workspace/Sources/Stitcher/DependencyInjection/Storage/InstanceStorageKey.swift /Users/admin/builder/spi-builder-workspace/Sources/Stitcher/ReactivePipeline/AnyPipeline.swift /Users/admin/builder/spi-builder-workspace/Sources/Stitcher/ReactivePipeline/AnyPipelineCancellable.swift /Users/admin/builder/spi-builder-workspace/Sources/Stitcher/ReactivePipeline/Pipeline.swift /Users/admin/builder/spi-builder-workspace/Sources/Stitcher/ReactivePipeline/PipelineSubject.swift /Users/admin/builder/spi-builder-workspace/Sources/Stitcher/Stitcher.swift /Users/admin/builder/spi-builder-workspace/Sources/Stitcher/Task/AsyncTask.swift /Users/admin/builder/spi-builder-workspace/Sources/Stitcher/Task/CancellableTask.swift /Users/admin/builder/spi-builder-workspace/Sources/Stitcher/Threads/RawThreadKey.swift /Users/admin/builder/spi-builder-workspace/Sources/Stitcher/Threads/RawThreadKeyError.swift /Users/admin/builder/spi-builder-workspace/Sources/Stitcher/Threads/ThreadIdentifierThreadValuesKey.swift /Users/admin/builder/spi-builder-workspace/Sources/Stitcher/Threads/ThreadLocal.swift /Users/admin/builder/spi-builder-workspace/Sources/Stitcher/Threads/ThreadValues.swift /Users/admin/builder/spi-builder-workspace/Sources/Stitcher/Threads/ThreadValuesKey.swift /Users/admin/builder/spi-builder-workspace/Sources/Stitcher/Utils/DefaultValueProviding.swift /Users/admin/builder/spi-builder-workspace/Sources/Stitcher/Utils/Extensions.swift /Users/admin/builder/spi-builder-workspace/Sources/Stitcher/Utils/Functions.swift /Users/admin/builder/spi-builder-workspace/Sources/Stitcher/Utils/Reference.swift /Users/admin/builder/spi-builder-workspace/Sources/Stitcher/Utils/WeakReference.swift -supplementary-output-file-map /Users/admin/builder/spi-builder-workspace/.derivedData/Build/Intermediates.noindex/Stitcher.build/Debug-watchos/Stitcher-t.build/Objects-normal/arm64/supplementaryOutputs-107 -target arm64-apple-watchos9.0 -module-can-import-version Combine 3023 0 -module-can-import-version Observation 6.4.0.31 0 -module-can-import OpenCombine -module-can-import-version UIKit 9127.0.84.1 9127.0.84 -disable-cross-import-overlay-search -load-resolved-plugin /Applications/Xcode-27.0.0-Release.Candidate.app/Contents/Developer/Platforms/WatchOS.platform/Developer/usr/lib/swift/host/plugins/libFoundationMacros.dylib\#/Applications/Xcode-27.0.0-Release.Candidate.app/Contents/Developer/Platforms/WatchOS.platform/Developer/usr/bin/swift-plugin-server\#FoundationMacros -load-resolved-plugin /Applications/Xcode-27.0.0-Release.Candidate.app/Contents/Developer/Platforms/WatchOS.platform/Developer/usr/lib/swift/host/plugins/libObservationMacros.dylib\#/Applications/Xcode-27.0.0-Release.Candidate.app/Contents/Developer/Platforms/WatchOS.platform/Developer/usr/bin/swift-plugin-server\#ObservationMacros -load-resolved-plugin /Applications/Xcode-27.0.0-Release.Candidate.app/Contents/Developer/Platforms/WatchOS.platform/Developer/usr/lib/swift/host/plugins/libSwiftMacros.dylib\#/Applications/Xcode-27.0.0-Release.Candidate.app/Contents/Developer/Platforms/WatchOS.platform/Developer/usr/bin/swift-plugin-server\#SwiftMacros -load-resolved-plugin /Applications/Xcode-27.0.0-Release.Candidate.app/Contents/Developer/Platforms/WatchOS.platform/Developer/usr/lib/swift/host/plugins/libSwiftUIMacros.dylib\#/Applications/Xcode-27.0.0-Release.Candidate.app/Contents/Developer/Platforms/WatchOS.platform/Developer/usr/bin/swift-plugin-server\#SwiftUIMacros -disable-implicit-swift-modules -Xcc -fno-implicit-modules -Xcc -fno-implicit-module-maps -explicit-swift-module-map-file /Users/admin/builder/spi-builder-workspace/.derivedData/Build/Intermediates.noindex/Stitcher.build/Debug-watchos/Stitcher-t.build/Objects-normal/arm64/Stitcher-dependencies-1.json -Xllvm -aarch64-use-tbi -enable-objc-interop -stack-check -sdk /Applications/Xcode-27.0.0-Release.Candidate.app/Contents/Developer/Platforms/WatchOS.platform/Developer/SDKs/WatchOS27.0.sdk -I /Users/admin/builder/spi-builder-workspace/.derivedData/Build/Products/Debug-watchos -Isystem /Applications/Xcode-27.0.0-Release.Candidate.app/Contents/Developer/Platforms/WatchOS.platform/Developer/usr/lib -F /Users/admin/builder/spi-builder-workspace/.derivedData/Build/Products/Debug-watchos/PackageFrameworks -F /Users/admin/builder/spi-builder-workspace/.derivedData/Build/Products/Debug-watchos -F /Applications/Xcode-27.0.0-Release.Candidate.app/Contents/Developer/Platforms/WatchOS.platform/Developer/Library/Frameworks -F /Applications/Xcode-27.0.0-Release.Candidate.app/Contents/Developer/Platforms/WatchOS.platform/Developer/SDKs/WatchOS27.0.sdk/Developer/Library/Frameworks -module-cache-path /Users/admin/builder/spi-builder-workspace/.derivedData/Build/Intermediates.noindex/SwiftExplicitPrecompiledModules -no-color-diagnostics -Xcc -fno-color-diagnostics -enable-testing -g -debug-info-format\=dwarf -dwarf-version\=4 -profile-generate -profile-coverage-mapping -swift-version 5 -Onone -D SWIFT_PACKAGE -D DEBUG -D SWIFT_MODULE_RESOURCE_BUNDLE_UNAVAILABLE -D Xcode -serialize-debugging-options -enable-experimental-feature DebugDescriptionMacro -empty-abi-descriptor -validate-clang-modules-once -clang-build-session-file /Users/admin/builder/spi-builder-workspace/.derivedData/ModuleCache.noindex/Session.modulevalidation -Xcc -working-directory -Xcc /Users/admin/builder/spi-builder-workspace/.swiftpm/xcode -enable-anonymous-context-mangled-names -file-compilation-dir /Users/admin/builder/spi-builder-workspace/.swiftpm/xcode -Xcc -fmodule-map-file\=/Users/admin/builder/spi-builder-workspace/.derivedData/Build/Intermediates.noindex/GeneratedModuleMaps-watchos/COpenCombineHelpers.modulemap -Xcc -D_LIBCPP_HARDENING_MODE\=_LIBCPP_HARDENING_MODE_DEBUG -Xcc -ivfsstatcache -Xcc /Users/admin/builder/spi-builder-workspace/.derivedData/SDKStatCaches.noindex/watchos27.0-24R360-e829b21a6f8c9b70876ba0858053c04477534ef55a1706bf4c1112bbb242f0a2.sdkstatcache -Xcc -fmodules-prune-interval\=86400 -Xcc -fmodules-prune-after\=345600 -Xcc -I/Users/admin/builder/spi-builder-workspace/.dependencies/checkouts/OpenCombine/Sources/COpenCombineHelpers/include -Xcc -I/Users/admin/builder/spi-builder-workspace/.derivedData/Build/Products/Debug-watchos/include -Xcc -I/Users/admin/builder/spi-builder-workspace/.derivedData/Build/Intermediates.noindex/Stitcher.build/Debug-watchos/Stitcher-t.build/DerivedSources-normal/arm64 -Xcc -I/Users/admin/builder/spi-builder-workspace/.derivedData/Build/Intermediates.noindex/Stitcher.build/Debug-watchos/Stitcher-t.build/DerivedSources/arm64 -Xcc -I/Users/admin/builder/spi-builder-workspace/.derivedData/Build/Intermediates.noindex/Stitcher.build/Debug-watchos/Stitcher-t.build/DerivedSources -Xcc -DSWIFT_PACKAGE -Xcc -DDEBUG\=1 -no-auto-bridging-header-chaining -module-name Stitcher -package-name spi_builder_workspace -const-gather-protocols-file /Users/admin/builder/spi-builder-workspace/.derivedData/Build/Intermediates.noindex/Stitcher.build/Debug-watchos/Stitcher-t.build/Objects-normal/arm64/Stitcher_const_extract_protocols.json -disable-clang-spi -clang-target arm64-apple-watchos27.0 -target-sdk-version 27.0 -target-sdk-name watchos27.0 -in-process-plugin-server-path /Applications/Xcode-27.0.0-Release.Candidate.app/Contents/Developer/Toolchains/XcodeDefault.xctoolchain/usr/lib/swift/host/libSwiftInProcPluginServer.dylib -parse-as-library -o /Users/admin/builder/spi-builder-workspace/.derivedData/Build/Intermediates.noindex/Stitcher.build/Debug-watchos/Stitcher-t.build/Objects-normal/arm64/IndexedDependencyContainer.o -o /Users/admin/builder/spi-builder-workspace/.derivedData/Build/Intermediates.noindex/Stitcher.build/Debug-watchos/Stitcher-t.build/Objects-normal/arm64/Indexing.o -o /Users/admin/builder/spi-builder-workspace/.derivedData/Build/Intermediates.noindex/Stitcher.build/Debug-watchos/Stitcher-t.build/Objects-normal/arm64/IndexingCoordinator.o -o /Users/admin/builder/spi-builder-workspace/.derivedData/Build/Intermediates.noindex/Stitcher.build/Debug-watchos/Stitcher-t.build/Objects-normal/arm64/IndexingKey.o -o /Users/admin/builder/spi-builder-workspace/.derivedData/Build/Intermediates.noindex/Stitcher.build/Debug-watchos/Stitcher-t.build/Objects-normal/arm64/IndexingTask.o -o /Users/admin/builder/spi-builder-workspace/.derivedData/Build/Intermediates.noindex/Stitcher.build/Debug-watchos/Stitcher-t.build/Objects-normal/arm64/StorageCleaner.o -o /Users/admin/builder/spi-builder-workspace/.derivedData/Build/Intermediates.noindex/Stitcher.build/Debug-watchos/Stitcher-t.build/Objects-normal/arm64/DependencyContainingCollection.o -o /Users/admin/builder/spi-builder-workspace/.derivedData/Build/Intermediates.noindex/Stitcher.build/Debug-watchos/Stitcher-t.build/Objects-normal/arm64/DependencyEagerness.o -debug-module-path /Users/admin/builder/spi-builder-workspace/.derivedData/Build/Intermediates.noindex/Stitcher.build/Debug-watchos/Stitcher-t.build/Objects-normal/arm64/Stitcher.swiftmodule -index-unit-output-path /Stitcher.build/Debug-watchos/Stitcher-t.build/Objects-normal/arm64/IndexedDependencyContainer.o -index-unit-output-path /Stitcher.build/Debug-watchos/Stitcher-t.build/Objects-normal/arm64/Indexing.o -index-unit-output-path /Stitcher.build/Debug-watchos/Stitcher-t.build/Objects-normal/arm64/IndexingCoordinator.o -index-unit-output-path /Stitcher.build/Debug-watchos/Stitcher-t.build/Objects-normal/arm64/IndexingKey.o -index-unit-output-path /Stitcher.build/Debug-watchos/Stitcher-t.build/Objects-normal/arm64/IndexingTask.o -index-unit-output-path /Stitcher.build/Debug-watchos/Stitcher-t.build/Objects-normal/arm64/StorageCleaner.o -index-unit-output-path /Stitcher.build/Debug-watchos/Stitcher-t.build/Objects-normal/arm64/DependencyContainingCollection.o -index-unit-output-path /Stitcher.build/Debug-watchos/Stitcher-t.build/Objects-normal/arm64/DependencyEagerness.o -index-store-path /Users/admin/builder/spi-builder-workspace/.derivedData/Index.noindex/DataStore -index-system-modules
SwiftDriverJobDiscovery normal arm64_32 Compiling Pipeline.swift, PipelineSubject.swift, Stitcher.swift, AsyncTask.swift, CancellableTask.swift, RawThreadKey.swift, RawThreadKeyError.swift, ThreadIdentifierThreadValuesKey.swift (in target 'Stitcher' from project 'Stitcher')
SwiftDriverJobDiscovery normal arm64_32 Compiling NeverInstanceStorage.swift, SharedInstanceStorage.swift, SingletonInstanceStorage.swift, InstanceStorage.swift, InstanceStorageFactory.swift, InstanceStorageKey.swift, AnyPipeline.swift, AnyPipelineCancellable.swift (in target 'Stitcher' from project 'Stitcher')
SwiftDriverJobDiscovery normal arm64_32 Compiling DependenciesRegistrar.swift, Dependency.swift, DependencyGroup.swift, DependencyRegistrarBuilder.swift, RawDependencyRegistration.swift, DependencyGroupRepresenting.swift, DependencyRepresenting.swift, ManagedSingletonInstanceStorage.swift (in target 'Stitcher' from project 'Stitcher')
SwiftDriverJobDiscovery normal arm64_32 Compiling DependencyLocator.swift, DependencyLocatorTraits.swift, DependencyParameters.swift, DependencyScope.swift, InjectionError.swift, ManagedDependencyScopeProviding.swift, ManagedDependencyScopeReceipt.swift, PipelineManagedDependencyScope.swift (in target 'Stitcher' from project 'Stitcher')
SwiftDriverJobDiscovery normal arm64_32 Compiling TypeName.swift, Atomic.swift, Dependencies.swift, Injected+Init.swift, Injected.swift, AutoregisterableDependency.swift, GeneratedDependencyRegistration.swift, RegisterableDependency.swift (in target 'Stitcher' from project 'Stitcher')
SwiftDriverJobDiscovery normal arm64_32 Compiling DependencyGraph+TypeInjection.swift, DependencyGraph+ValueInjection.swift, DependencyGraph.swift, DependencyRegistrarIndex.swift, Common.swift, DefaultIndexer.swift, ParallelIndexer.swift, PlainIndexer.swift (in target 'Stitcher' from project 'Stitcher')
SwiftDriverJobDiscovery normal arm64_32 Compiling DependencyFactory+Function.swift, DependencyFactory.swift, InstantionNotificationCenter.swift, PostInstantiationAware.swift, DependencyCycleDetector.swift, DependencyCycleInstantationBacktrace.swift, DependencyGraph+Assertions.swift, DependencyGraph+NameInjection.swift (in target 'Stitcher' from project 'Stitcher')
SwiftDriverJobDiscovery normal arm64 Compiling ThreadLocal.swift, ThreadValues.swift, ThreadValuesKey.swift, DefaultValueProviding.swift, Extensions.swift, Functions.swift, Reference.swift, WeakReference.swift (in target 'Stitcher' from project 'Stitcher')
SwiftCompile normal arm64_32 Compiling\ IndexedDependencyContainer.swift,\ Indexing.swift,\ IndexingCoordinator.swift,\ IndexingKey.swift,\ IndexingTask.swift,\ StorageCleaner.swift,\ DependencyContainingCollection.swift,\ DependencyEagerness.swift /Users/admin/builder/spi-builder-workspace/Sources/Stitcher/DependencyInjection/Graph/Indexing/IndexedDependencyContainer.swift /Users/admin/builder/spi-builder-workspace/Sources/Stitcher/DependencyInjection/Graph/Indexing/Indexing.swift /Users/admin/builder/spi-builder-workspace/Sources/Stitcher/DependencyInjection/Graph/Indexing/IndexingCoordinator.swift /Users/admin/builder/spi-builder-workspace/Sources/Stitcher/DependencyInjection/Graph/Indexing/IndexingKey.swift /Users/admin/builder/spi-builder-workspace/Sources/Stitcher/DependencyInjection/Graph/Indexing/IndexingTask.swift /Users/admin/builder/spi-builder-workspace/Sources/Stitcher/DependencyInjection/Graph/StorageCleaner/StorageCleaner.swift /Users/admin/builder/spi-builder-workspace/Sources/Stitcher/DependencyInjection/Models/DependencyContainingCollection.swift /Users/admin/builder/spi-builder-workspace/Sources/Stitcher/DependencyInjection/Models/DependencyEagerness.swift (in target 'Stitcher' from project 'Stitcher')
SwiftCompile normal arm64_32 /Users/admin/builder/spi-builder-workspace/Sources/Stitcher/DependencyInjection/Graph/Indexing/IndexedDependencyContainer.swift (in target 'Stitcher' from project 'Stitcher')
    cd /Users/admin/builder/spi-builder-workspace/.swiftpm/xcode
    builtin-SwiftPerFileCompile IndexedDependencyContainer.swift
SwiftCompile normal arm64_32 /Users/admin/builder/spi-builder-workspace/Sources/Stitcher/DependencyInjection/Graph/Indexing/Indexing.swift (in target 'Stitcher' from project 'Stitcher')
    cd /Users/admin/builder/spi-builder-workspace/.swiftpm/xcode
    builtin-SwiftPerFileCompile Indexing.swift
SwiftCompile normal arm64_32 /Users/admin/builder/spi-builder-workspace/Sources/Stitcher/DependencyInjection/Graph/Indexing/IndexingCoordinator.swift (in target 'Stitcher' from project 'Stitcher')
    cd /Users/admin/builder/spi-builder-workspace/.swiftpm/xcode
    builtin-SwiftPerFileCompile IndexingCoordinator.swift
SwiftCompile normal arm64_32 /Users/admin/builder/spi-builder-workspace/Sources/Stitcher/DependencyInjection/Graph/Indexing/IndexingKey.swift (in target 'Stitcher' from project 'Stitcher')
    cd /Users/admin/builder/spi-builder-workspace/.swiftpm/xcode
    builtin-SwiftPerFileCompile IndexingKey.swift
SwiftCompile normal arm64_32 /Users/admin/builder/spi-builder-workspace/Sources/Stitcher/DependencyInjection/Graph/Indexing/IndexingTask.swift (in target 'Stitcher' from project 'Stitcher')
    cd /Users/admin/builder/spi-builder-workspace/.swiftpm/xcode
    builtin-SwiftPerFileCompile IndexingTask.swift
SwiftCompile normal arm64_32 /Users/admin/builder/spi-builder-workspace/Sources/Stitcher/DependencyInjection/Graph/StorageCleaner/StorageCleaner.swift (in target 'Stitcher' from project 'Stitcher')
    cd /Users/admin/builder/spi-builder-workspace/.swiftpm/xcode
    builtin-SwiftPerFileCompile StorageCleaner.swift
SwiftCompile normal arm64_32 /Users/admin/builder/spi-builder-workspace/Sources/Stitcher/DependencyInjection/Models/DependencyContainingCollection.swift (in target 'Stitcher' from project 'Stitcher')
    cd /Users/admin/builder/spi-builder-workspace/.swiftpm/xcode
    builtin-SwiftPerFileCompile DependencyContainingCollection.swift
SwiftCompile normal arm64_32 /Users/admin/builder/spi-builder-workspace/Sources/Stitcher/DependencyInjection/Models/DependencyEagerness.swift (in target 'Stitcher' from project 'Stitcher')
    cd /Users/admin/builder/spi-builder-workspace/.swiftpm/xcode
    builtin-SwiftPerFileCompile DependencyEagerness.swift
/Users/admin/builder/spi-builder-workspace/Sources/Stitcher/DependencyInjection/Graph/StorageCleaner/StorageCleaner.swift:40:33: error: 'UIApplication' is unavailable in watchOS
38 |         if #available(iOS 13.0, macOS 10.15, macCatalyst 13.0, tvOS 13.0, watchOS 6.0, visionOS 1.0, *) {
39 |             NotificationCenter.default
40 |                 .publisher(for: UIApplication.willResignActiveNotification)
   |                                 `- error: 'UIApplication' is unavailable in watchOS
41 |                 .sink { [weak self] _ in
42 |                     self?.cleanupStorage(priority: .high)
/Applications/Xcode-27.0.0-Release.Candidate.app/Contents/Developer/Platforms/WatchOS.platform/Developer/SDKs/WatchOS27.0.sdk/System/Library/Frameworks/UIKit.framework/Headers/UIApplication.h:85:12: note: 'UIApplication' has been explicitly marked unavailable here
 83 |
 84 | UIKIT_EXTERN API_AVAILABLE(ios(2.0)) API_UNAVAILABLE(watchos) NS_SWIFT_UI_ACTOR
 85 | @interface UIApplication : UIResponder
    |            `- note: 'UIApplication' has been explicitly marked unavailable here
 86 |
 87 | @property(class, nonatomic, readonly) UIApplication *sharedApplication NS_EXTENSION_UNAVAILABLE_IOS("Use view controller based solutions where appropriate instead.");
/Users/admin/builder/spi-builder-workspace/Sources/Stitcher/DependencyInjection/Graph/StorageCleaner/StorageCleaner.swift:40:47: error: 'willResignActiveNotification' is unavailable in watchOS
38 |         if #available(iOS 13.0, macOS 10.15, macCatalyst 13.0, tvOS 13.0, watchOS 6.0, visionOS 1.0, *) {
39 |             NotificationCenter.default
40 |                 .publisher(for: UIApplication.willResignActiveNotification)
   |                                               `- error: 'willResignActiveNotification' is unavailable in watchOS
41 |                 .sink { [weak self] _ in
42 |                     self?.cleanupStorage(priority: .high)
/Applications/Xcode-27.0.0-Release.Candidate.app/Contents/Developer/Platforms/WatchOS.platform/Developer/SDKs/WatchOS27.0.sdk/System/Library/Frameworks/UIKit.framework/Headers/UIApplication.h:574:39: note: 'willResignActiveNotification' has been explicitly marked unavailable here
572 | UIKIT_EXTERN NSNotificationName const UIApplicationDidFinishLaunchingNotification API_UNAVAILABLE(watchos) NS_SWIFT_NONISOLATED;
573 | UIKIT_EXTERN NSNotificationName const UIApplicationDidBecomeActiveNotification API_UNAVAILABLE(watchos) NS_SWIFT_NONISOLATED;
574 | UIKIT_EXTERN NSNotificationName const UIApplicationWillResignActiveNotification API_UNAVAILABLE(watchos) NS_SWIFT_NONISOLATED;
    |                                       `- note: 'willResignActiveNotification' has been explicitly marked unavailable here
575 | UIKIT_EXTERN NSNotificationName const UIApplicationDidReceiveMemoryWarningNotification API_UNAVAILABLE(watchos) NS_SWIFT_NONISOLATED;
576 | UIKIT_EXTERN NSNotificationName const UIApplicationWillTerminateNotification API_UNAVAILABLE(watchos) NS_SWIFT_NONISOLATED;
/Users/admin/builder/spi-builder-workspace/Sources/Stitcher/DependencyInjection/Graph/StorageCleaner/StorageCleaner.swift:47:33: error: 'UIApplication' is unavailable in watchOS
45 |
46 |             NotificationCenter.default
47 |                 .publisher(for: UIApplication.didReceiveMemoryWarningNotification)
   |                                 `- error: 'UIApplication' is unavailable in watchOS
48 |                 .sink { [weak self] _ in
49 |                     self?.cleanupStorage(priority: .medium)
/Applications/Xcode-27.0.0-Release.Candidate.app/Contents/Developer/Platforms/WatchOS.platform/Developer/SDKs/WatchOS27.0.sdk/System/Library/Frameworks/UIKit.framework/Headers/UIApplication.h:85:12: note: 'UIApplication' has been explicitly marked unavailable here
 83 |
 84 | UIKIT_EXTERN API_AVAILABLE(ios(2.0)) API_UNAVAILABLE(watchos) NS_SWIFT_UI_ACTOR
 85 | @interface UIApplication : UIResponder
    |            `- note: 'UIApplication' has been explicitly marked unavailable here
 86 |
 87 | @property(class, nonatomic, readonly) UIApplication *sharedApplication NS_EXTENSION_UNAVAILABLE_IOS("Use view controller based solutions where appropriate instead.");
SwiftDriverJobDiscovery normal arm64 Compiling NeverInstanceStorage.swift, SharedInstanceStorage.swift, SingletonInstanceStorage.swift, InstanceStorage.swift, InstanceStorageFactory.swift, InstanceStorageKey.swift, AnyPipeline.swift, AnyPipelineCancellable.swift (in target 'Stitcher' from project 'Stitcher')
SwiftDriverJobDiscovery normal arm64 Compiling DependencyFactory+Function.swift, DependencyFactory.swift, InstantionNotificationCenter.swift, PostInstantiationAware.swift, DependencyCycleDetector.swift, DependencyCycleInstantationBacktrace.swift, DependencyGraph+Assertions.swift, DependencyGraph+NameInjection.swift (in target 'Stitcher' from project 'Stitcher')
SwiftDriverJobDiscovery normal arm64 Compiling DependencyGraph+TypeInjection.swift, DependencyGraph+ValueInjection.swift, DependencyGraph.swift, DependencyRegistrarIndex.swift, Common.swift, DefaultIndexer.swift, ParallelIndexer.swift, PlainIndexer.swift (in target 'Stitcher' from project 'Stitcher')
SwiftDriverJobDiscovery normal arm64 Compiling DependencyLocator.swift, DependencyLocatorTraits.swift, DependencyParameters.swift, DependencyScope.swift, InjectionError.swift, ManagedDependencyScopeProviding.swift, ManagedDependencyScopeReceipt.swift, PipelineManagedDependencyScope.swift (in target 'Stitcher' from project 'Stitcher')
SwiftDriverJobDiscovery normal arm64 Compiling TypeName.swift, Atomic.swift, Dependencies.swift, Injected+Init.swift, Injected.swift, AutoregisterableDependency.swift, GeneratedDependencyRegistration.swift, RegisterableDependency.swift (in target 'Stitcher' from project 'Stitcher')
SwiftDriverJobDiscovery normal arm64 Compiling AutoregisterableDependencyCodeGenerator.swift, NameInjectionCodeGenerator.swift, TestInjectionCodeGenerator.swift, TypeInjectionCodeGenerator.swift, InjectionCodeGenerator.swift, InjectionCodeGenerators.swift, StitcherConfiguration.swift, DependencyContainer.swift (in target 'Stitcher' from project 'Stitcher')
SwiftDriverJobDiscovery normal arm64 Compiling DependenciesRegistrar.swift, Dependency.swift, DependencyGroup.swift, DependencyRegistrarBuilder.swift, RawDependencyRegistration.swift, DependencyGroupRepresenting.swift, DependencyRepresenting.swift, ManagedSingletonInstanceStorage.swift (in target 'Stitcher' from project 'Stitcher')
SwiftDriverJobDiscovery normal arm64 Compiling Pipeline.swift, PipelineSubject.swift, Stitcher.swift, AsyncTask.swift, CancellableTask.swift, RawThreadKey.swift, RawThreadKeyError.swift, ThreadIdentifierThreadValuesKey.swift (in target 'Stitcher' from project 'Stitcher')
PruneExplicitPrecompiledModules /Users/admin/builder/spi-builder-workspace/.derivedData/Build/Intermediates.noindex/SwiftExplicitPrecompiledModules
PruneExplicitPrecompiledModules /Users/admin/builder/spi-builder-workspace/.derivedData/SDKExplicitPrecompiledModules
PruneExplicitPrecompiledModules /Users/admin/builder/spi-builder-workspace/.derivedData/Build/Intermediates.noindex/ExplicitPrecompiledModules
2026-09-20 16:19:01.143 xcodebuild[698:4153] [MT] IDERunDestination: Supported platforms for the buildables in the current scheme is empty.
** BUILD FAILED **
The following build commands failed:
	SwiftCompile normal arm64 /Users/admin/builder/spi-builder-workspace/Sources/Stitcher/DependencyInjection/Graph/StorageCleaner/StorageCleaner.swift (in target 'Stitcher' from project 'Stitcher')
	SwiftCompile normal arm64 Compiling\ IndexedDependencyContainer.swift,\ Indexing.swift,\ IndexingCoordinator.swift,\ IndexingKey.swift,\ IndexingTask.swift,\ StorageCleaner.swift,\ DependencyContainingCollection.swift,\ DependencyEagerness.swift /Users/admin/builder/spi-builder-workspace/Sources/Stitcher/DependencyInjection/Graph/Indexing/IndexedDependencyContainer.swift /Users/admin/builder/spi-builder-workspace/Sources/Stitcher/DependencyInjection/Graph/Indexing/Indexing.swift /Users/admin/builder/spi-builder-workspace/Sources/Stitcher/DependencyInjection/Graph/Indexing/IndexingCoordinator.swift /Users/admin/builder/spi-builder-workspace/Sources/Stitcher/DependencyInjection/Graph/Indexing/IndexingKey.swift /Users/admin/builder/spi-builder-workspace/Sources/Stitcher/DependencyInjection/Graph/Indexing/IndexingTask.swift /Users/admin/builder/spi-builder-workspace/Sources/Stitcher/DependencyInjection/Graph/StorageCleaner/StorageCleaner.swift /Users/admin/builder/spi-builder-workspace/Sources/Stitcher/DependencyInjection/Models/DependencyContainingCollection.swift /Users/admin/builder/spi-builder-workspace/Sources/Stitcher/DependencyInjection/Models/DependencyEagerness.swift (in target 'Stitcher' from project 'Stitcher')
	Building workspace Stitcher with scheme Stitcher
(3 failures)
Command line invocation:
    /Applications/Xcode-27.0.0-Release.Candidate.app/Contents/Developer/usr/bin/xcodebuild -IDEClonedSourcePackagesDirPathOverride=/Users/admin/builder/spi-builder-workspace/.dependencies -resolvePackageDependencies
Resolve Package Graph
Resolved source packages:
  swift-collections: https://github.com/apple/swift-collections.git @ 1.1.6
  Stitcher: /Users/admin/builder/spi-builder-workspace
  OpenCombine: https://github.com/OpenCombine/OpenCombine.git @ 0.14.0
resolved source packages: swift-collections, Stitcher, OpenCombine
2026-09-20 16:19:20.122 xcodebuild[1133:6862] [MT] IDERunDestination: Supported platforms for the buildables in the current scheme is empty.
{
  "dependencies" : [
    {
      "identity" : "swift-collections",
      "requirement" : {
        "range" : [
          {
            "lower_bound" : "1.1.0",
            "upper_bound" : "1.2.0"
          }
        ]
      },
      "type" : "sourceControl",
      "url" : "https://github.com/apple/swift-collections.git"
    },
    {
      "identity" : "opencombine",
      "requirement" : {
        "exact" : [
          "0.14.0"
        ]
      },
      "type" : "sourceControl",
      "url" : "https://github.com/OpenCombine/OpenCombine.git"
    }
  ],
  "manifest_display_name" : "Stitcher",
  "name" : "Stitcher",
  "path" : "/Users/admin/builder/spi-builder-workspace",
  "platforms" : [
  ],
  "products" : [
    {
      "name" : "Stitcher",
      "targets" : [
        "Stitcher"
      ],
      "type" : {
        "library" : [
          "automatic"
        ]
      }
    }
  ],
  "targets" : [
    {
      "c99name" : "StitcherTests",
      "module_type" : "SwiftTarget",
      "name" : "StitcherTests",
      "path" : "Tests/StitcherTests",
      "sources" : [
        "DependencyGraphTests/DependencyScopeAndEagernessTests.swift",
        "DependencyGraphTests/InjectionParameterTests.swift",
        "DependencyGraphTests/NameInjectionTests.swift",
        "DependencyGraphTests/TypeInjectionTests.swift",
        "DependencyGraphTests/ValueInjectionTests.swift",
        "GenericTests/ArraySlicingTests.swift",
        "GenericTests/AsyncTaskTests.swift",
        "GenericTests/DependenciesWrapperTests.swift",
        "GenericTests/DependencyContainerTests.swift",
        "GenericTests/DependencyCycleDetectorTests.swift",
        "GenericTests/DependencyValidationTests.swift",
        "GenericTests/GenericTests.swift",
        "GenericTests/IndexingKeyTests.swift",
        "GenericTests/InjectPropertWrapperTests.swift",
        "PerformanceTests/DependencyGraphPerformanceTests.swift",
        "PipelineTests/PipelineTests.swift",
        "StitcherTests.swift",
        "TestTypes/RepeatDependency.swift",
        "TestTypes/TestTypes.swift"
      ],
      "target_dependencies" : [
        "Stitcher"
      ],
      "type" : "test"
    },
    {
      "c99name" : "Stitcher",
      "module_type" : "SwiftTarget",
      "name" : "Stitcher",
      "path" : "Sources/Stitcher",
      "product_dependencies" : [
        "Collections",
        "OpenCombine",
        "OpenCombineDispatch"
      ],
      "product_memberships" : [
        "Stitcher"
      ],
      "sources" : [
        "CodeGeneration/AutoregisterableDependencyCodeGeneratio/AutoregisterableDependencyCodeGenerator.swift",
        "CodeGeneration/InjectionCodeGeneration/Common/NameInjectionCodeGenerator.swift",
        "CodeGeneration/InjectionCodeGeneration/Common/TestInjectionCodeGenerator.swift",
        "CodeGeneration/InjectionCodeGeneration/Common/TypeInjectionCodeGenerator.swift",
        "CodeGeneration/InjectionCodeGeneration/InjectionCodeGenerator.swift",
        "CodeGeneration/InjectionCodeGeneration/InjectionCodeGenerators.swift",
        "Configuration/StitcherConfiguration.swift",
        "DependencyInjection/DependencyContainer.swift",
        "DependencyInjection/Factory/DependencyFactory+Function.swift",
        "DependencyInjection/Factory/DependencyFactory.swift",
        "DependencyInjection/Factory/InstantionNotificationCenter.swift",
        "DependencyInjection/Factory/PostInstantiationAware.swift",
        "DependencyInjection/Graph/DependencyCycleDetection/DependencyCycleDetector.swift",
        "DependencyInjection/Graph/DependencyCycleDetection/DependencyCycleInstantationBacktrace.swift",
        "DependencyInjection/Graph/DependencyGraph+Assertions.swift",
        "DependencyInjection/Graph/DependencyGraph+NameInjection.swift",
        "DependencyInjection/Graph/DependencyGraph+TypeInjection.swift",
        "DependencyInjection/Graph/DependencyGraph+ValueInjection.swift",
        "DependencyInjection/Graph/DependencyGraph.swift",
        "DependencyInjection/Graph/Indexing/DependencyRegistrarIndex.swift",
        "DependencyInjection/Graph/Indexing/Implementations/Common.swift",
        "DependencyInjection/Graph/Indexing/Implementations/DefaultIndexer.swift",
        "DependencyInjection/Graph/Indexing/Implementations/ParallelIndexer.swift",
        "DependencyInjection/Graph/Indexing/Implementations/PlainIndexer.swift",
        "DependencyInjection/Graph/Indexing/IndexedDependencyContainer.swift",
        "DependencyInjection/Graph/Indexing/Indexing.swift",
        "DependencyInjection/Graph/Indexing/IndexingCoordinator.swift",
        "DependencyInjection/Graph/Indexing/IndexingKey.swift",
        "DependencyInjection/Graph/Indexing/IndexingTask.swift",
        "DependencyInjection/Graph/StorageCleaner/StorageCleaner.swift",
        "DependencyInjection/Models/DependencyContainingCollection.swift",
        "DependencyInjection/Models/DependencyEagerness.swift",
        "DependencyInjection/Models/DependencyLocator.swift",
        "DependencyInjection/Models/DependencyLocatorTraits.swift",
        "DependencyInjection/Models/DependencyParameters.swift",
        "DependencyInjection/Models/DependencyScope.swift",
        "DependencyInjection/Models/InjectionError.swift",
        "DependencyInjection/Models/ManagedScope/ManagedDependencyScopeProviding.swift",
        "DependencyInjection/Models/ManagedScope/ManagedDependencyScopeReceipt.swift",
        "DependencyInjection/Models/ManagedScope/PipelineManagedDependencyScope.swift",
        "DependencyInjection/Models/TypeName.swift",
        "DependencyInjection/PropertyWrappers/Atomic.swift",
        "DependencyInjection/PropertyWrappers/Dependencies.swift",
        "DependencyInjection/PropertyWrappers/Injected+Init.swift",
        "DependencyInjection/PropertyWrappers/Injected.swift",
        "DependencyInjection/Registration/Autoregistration/AutoregisterableDependency.swift",
        "DependencyInjection/Registration/Autoregistration/GeneratedDependencyRegistration.swift",
        "DependencyInjection/Registration/Autoregistration/RegisterableDependency.swift",
        "DependencyInjection/Registration/DependenciesRegistrar.swift",
        "DependencyInjection/Registration/Dependency.swift",
        "DependencyInjection/Registration/DependencyGroup.swift",
        "DependencyInjection/Registration/DependencyRegistrarBuilder.swift",
        "DependencyInjection/Registration/RawDependencyRegistration.swift",
        "DependencyInjection/Registration/Representation/DependencyGroupRepresenting.swift",
        "DependencyInjection/Registration/Representation/DependencyRepresenting.swift",
        "DependencyInjection/Storage/Common/ManagedSingletonInstanceStorage.swift",
        "DependencyInjection/Storage/Common/NeverInstanceStorage.swift",
        "DependencyInjection/Storage/Common/SharedInstanceStorage.swift",
        "DependencyInjection/Storage/Common/SingletonInstanceStorage.swift",
        "DependencyInjection/Storage/InstanceStorage.swift",
        "DependencyInjection/Storage/InstanceStorageFactory.swift",
        "DependencyInjection/Storage/InstanceStorageKey.swift",
        "ReactivePipeline/AnyPipeline.swift",
        "ReactivePipeline/AnyPipelineCancellable.swift",
        "ReactivePipeline/Pipeline.swift",
        "ReactivePipeline/PipelineSubject.swift",
        "Stitcher.swift",
        "Task/AsyncTask.swift",
        "Task/CancellableTask.swift",
        "Threads/RawThreadKey.swift",
        "Threads/RawThreadKeyError.swift",
        "Threads/ThreadIdentifierThreadValuesKey.swift",
        "Threads/ThreadLocal.swift",
        "Threads/ThreadValues.swift",
        "Threads/ThreadValuesKey.swift",
        "Utils/DefaultValueProviding.swift",
        "Utils/Extensions.swift",
        "Utils/Functions.swift",
        "Utils/Reference.swift",
        "Utils/WeakReference.swift"
      ],
      "type" : "library"
    }
  ],
  "tools_version" : "5.9"
}
{
  "workspace" : {
    "name" : "Stitcher",
    "schemes" : [
      "Stitcher"
    ]
  }
}
2026-09-20 16:19:21.575 xcodebuild[1141:6933] [MT] IDERunDestination: Supported platforms for the buildables in the current scheme is empty.
Running build ...
env DEVELOPER_DIR=/Applications/Xcode-27.0.0-Release.Candidate.app xcrun xcodebuild -IDEClonedSourcePackagesDirPathOverride=$PWD/.dependencies -skipMacroValidation -skipPackagePluginValidation -derivedDataPath $PWD/.derivedData build -scheme Stitcher -destination generic/platform=watchOS
Command line invocation:
    /Applications/Xcode-27.0.0-Release.Candidate.app/Contents/Developer/usr/bin/xcodebuild -IDEClonedSourcePackagesDirPathOverride=/Users/admin/builder/spi-builder-workspace/.dependencies -skipMacroValidation -skipPackagePluginValidation -derivedDataPath /Users/admin/builder/spi-builder-workspace/.derivedData build -scheme Stitcher -destination generic/platform=watchOS
Resolve Package Graph
Resolved source packages:
  Stitcher: /Users/admin/builder/spi-builder-workspace
  swift-collections: https://github.com/apple/swift-collections.git @ 1.1.6
  OpenCombine: https://github.com/OpenCombine/OpenCombine.git @ 0.14.0
ComputePackagePrebuildTargetDependencyGraph
Prepare packages
CreateBuildRequest
SendProjectDescription
CreateBuildOperation
ComputeTargetDependencyGraph
note: Building targets in dependency order
note: Target dependency graph (16 targets)
    Target 'Stitcher-product' in project 'Stitcher'
        ➜ Explicit dependency on target 'Stitcher' in project 'Stitcher'
        ➜ Explicit dependency on target 'Collections-product' in project 'swift-collections'
        ➜ Explicit dependency on target 'OpenCombine-product' in project 'OpenCombine'
        ➜ Explicit dependency on target 'OpenCombineDispatch-product' in project 'OpenCombine'
    Target 'Stitcher' in project 'Stitcher'
        ➜ Explicit dependency on target 'Collections-product' in project 'swift-collections'
        ➜ Explicit dependency on target 'OpenCombine-product' in project 'OpenCombine'
        ➜ Explicit dependency on target 'OpenCombineDispatch-product' in project 'OpenCombine'
    Target 'OpenCombineDispatch-product' in project 'OpenCombine'
        ➜ Explicit dependency on target 'OpenCombineDispatch' in project 'OpenCombine'
        ➜ Explicit dependency on target 'COpenCombineHelpers' in project 'OpenCombine'
        ➜ Explicit dependency on target 'OpenCombine' in project 'OpenCombine'
    Target 'OpenCombineDispatch' in project 'OpenCombine'
        ➜ Explicit dependency on target 'COpenCombineHelpers' in project 'OpenCombine'
        ➜ Explicit dependency on target 'OpenCombine' in project 'OpenCombine'
    Target 'OpenCombine-product' in project 'OpenCombine'
        ➜ Explicit dependency on target 'OpenCombine' in project 'OpenCombine'
        ➜ Explicit dependency on target 'COpenCombineHelpers' in project 'OpenCombine'
    Target 'OpenCombine' in project 'OpenCombine'
        ➜ Explicit dependency on target 'COpenCombineHelpers' in project 'OpenCombine'
    Target 'COpenCombineHelpers' in project 'OpenCombine' (no dependencies)
    Target 'Collections-product' in project 'swift-collections'
        ➜ Explicit dependency on target 'Collections' in project 'swift-collections'
        ➜ Explicit dependency on target 'InternalCollectionsUtilities' in project 'swift-collections'
        ➜ Explicit dependency on target 'BitCollections' in project 'swift-collections'
        ➜ Explicit dependency on target 'DequeModule' in project 'swift-collections'
        ➜ Explicit dependency on target 'HashTreeCollections' in project 'swift-collections'
        ➜ Explicit dependency on target 'HeapModule' in project 'swift-collections'
        ➜ Explicit dependency on target 'OrderedCollections' in project 'swift-collections'
        ➜ Explicit dependency on target '_RopeModule' in project 'swift-collections'
    Target 'Collections' in project 'swift-collections'
        ➜ Explicit dependency on target 'InternalCollectionsUtilities' in project 'swift-collections'
        ➜ Explicit dependency on target 'BitCollections' in project 'swift-collections'
        ➜ Explicit dependency on target 'DequeModule' in project 'swift-collections'
        ➜ Explicit dependency on target 'HashTreeCollections' in project 'swift-collections'
        ➜ Explicit dependency on target 'HeapModule' in project 'swift-collections'
        ➜ Explicit dependency on target 'OrderedCollections' in project 'swift-collections'
        ➜ Explicit dependency on target '_RopeModule' in project 'swift-collections'
    Target '_RopeModule' in project 'swift-collections'
        ➜ Explicit dependency on target 'InternalCollectionsUtilities' in project 'swift-collections'
    Target 'OrderedCollections' in project 'swift-collections'
        ➜ Explicit dependency on target 'InternalCollectionsUtilities' in project 'swift-collections'
    Target 'HeapModule' in project 'swift-collections'
        ➜ Explicit dependency on target 'InternalCollectionsUtilities' in project 'swift-collections'
    Target 'HashTreeCollections' in project 'swift-collections'
        ➜ Explicit dependency on target 'InternalCollectionsUtilities' in project 'swift-collections'
    Target 'DequeModule' in project 'swift-collections'
        ➜ Explicit dependency on target 'InternalCollectionsUtilities' in project 'swift-collections'
    Target 'BitCollections' in project 'swift-collections'
        ➜ Explicit dependency on target 'InternalCollectionsUtilities' in project 'swift-collections'
    Target 'InternalCollectionsUtilities' in project 'swift-collections' (no dependencies)
GatherProvisioningInputs
CreateBuildDescription
ClangStatCache /Applications/Xcode-27.0.0-Release.Candidate.app/Contents/Developer/Toolchains/XcodeDefault.xctoolchain/usr/bin/clang-stat-cache /Applications/Xcode-27.0.0-Release.Candidate.app/Contents/Developer/Platforms/WatchOS.platform/Developer/SDKs/WatchOS27.0.sdk /Users/admin/builder/spi-builder-workspace/.derivedData/SDKStatCaches.noindex/watchos27.0-24R360-e829b21a6f8c9b70876ba0858053c04477534ef55a1706bf4c1112bbb242f0a2.sdkstatcache
    cd /Users/admin/builder/spi-builder-workspace/.swiftpm/xcode
    /Applications/Xcode-27.0.0-Release.Candidate.app/Contents/Developer/Toolchains/XcodeDefault.xctoolchain/usr/bin/clang-stat-cache /Applications/Xcode-27.0.0-Release.Candidate.app/Contents/Developer/Platforms/WatchOS.platform/Developer/SDKs/WatchOS27.0.sdk -o /Users/admin/builder/spi-builder-workspace/.derivedData/SDKStatCaches.noindex/watchos27.0-24R360-e829b21a6f8c9b70876ba0858053c04477534ef55a1706bf4c1112bbb242f0a2.sdkstatcache
SwiftDriver Stitcher normal arm64_32 com.apple.xcode.tools.swift.compiler (in target 'Stitcher' from project 'Stitcher')
    cd /Users/admin/builder/spi-builder-workspace/.swiftpm/xcode
    builtin-SwiftDriver -- /Applications/Xcode-27.0.0-Release.Candidate.app/Contents/Developer/Toolchains/XcodeDefault.xctoolchain/usr/bin/swiftc -parse-as-library -module-name Stitcher -Onone @/Users/admin/builder/spi-builder-workspace/.derivedData/Build/Intermediates.noindex/Stitcher.build/Debug-watchos/Stitcher-t.build/Objects-normal/arm64_32/Stitcher.SwiftFileList -DSWIFT_PACKAGE -DDEBUG -DSWIFT_MODULE_RESOURCE_BUNDLE_UNAVAILABLE -Xcc -fmodule-map-file\=/Users/admin/builder/spi-builder-workspace/.derivedData/Build/Intermediates.noindex/GeneratedModuleMaps-watchos/COpenCombineHelpers.modulemap -DXcode -plugin-path /Applications/Xcode-27.0.0-Release.Candidate.app/Contents/Developer/Toolchains/XcodeDefault.xctoolchain/usr/lib/swift/host/plugins/testing -enable-experimental-feature DebugDescriptionMacro -sdk /Applications/Xcode-27.0.0-Release.Candidate.app/Contents/Developer/Platforms/WatchOS.platform/Developer/SDKs/WatchOS27.0.sdk -target arm64_32-apple-watchos9.0 -g -module-cache-path /Users/admin/builder/spi-builder-workspace/.derivedData/ModuleCache.noindex -Xfrontend -serialize-debugging-options -profile-coverage-mapping -profile-generate -enable-testing -index-store-path /Users/admin/builder/spi-builder-workspace/.derivedData/Index.noindex/DataStore -Xcc -D_LIBCPP_HARDENING_MODE\=_LIBCPP_HARDENING_MODE_DEBUG -swift-version 5 -I /Users/admin/builder/spi-builder-workspace/.derivedData/Build/Products/Debug-watchos -Isystem /Applications/Xcode-27.0.0-Release.Candidate.app/Contents/Developer/Platforms/WatchOS.platform/Developer/usr/lib -F /Users/admin/builder/spi-builder-workspace/.derivedData/Build/Products/Debug-watchos/PackageFrameworks -F /Users/admin/builder/spi-builder-workspace/.derivedData/Build/Products/Debug-watchos -F /Applications/Xcode-27.0.0-Release.Candidate.app/Contents/Developer/Platforms/WatchOS.platform/Developer/Library/Frameworks -F /Applications/Xcode-27.0.0-Release.Candidate.app/Contents/Developer/Platforms/WatchOS.platform/Developer/SDKs/WatchOS27.0.sdk/Developer/Library/Frameworks -c -j10 -enable-batch-mode -incremental -Xcc -ivfsstatcache -Xcc /Users/admin/builder/spi-builder-workspace/.derivedData/SDKStatCaches.noindex/watchos27.0-24R360-e829b21a6f8c9b70876ba0858053c04477534ef55a1706bf4c1112bbb242f0a2.sdkstatcache -output-file-map /Users/admin/builder/spi-builder-workspace/.derivedData/Build/Intermediates.noindex/Stitcher.build/Debug-watchos/Stitcher-t.build/Objects-normal/arm64_32/Stitcher-OutputFileMap.json -save-temps -no-color-diagnostics -explicit-module-build -module-cache-path /Users/admin/builder/spi-builder-workspace/.derivedData/Build/Intermediates.noindex/SwiftExplicitPrecompiledModules -clang-scanner-module-cache-path /Users/admin/builder/spi-builder-workspace/.derivedData/ModuleCache.noindex -sdk-module-cache-path /Users/admin/builder/spi-builder-workspace/.derivedData/SDKExplicitPrecompiledModules -emit-dependencies -emit-module -emit-module-path /Users/admin/builder/spi-builder-workspace/.derivedData/Build/Intermediates.noindex/Stitcher.build/Debug-watchos/Stitcher-t.build/Objects-normal/arm64_32/Stitcher.swiftmodule -serialize-diagnostics -dependency-scan-serialize-diagnostics-path /Users/admin/builder/spi-builder-workspace/.derivedData/Build/Intermediates.noindex/Stitcher.build/Debug-watchos/Stitcher-t.build/Objects-normal/arm64_32/Stitcher-dependency-scan.dia -validate-clang-modules-once -clang-build-session-file /Users/admin/builder/spi-builder-workspace/.derivedData/ModuleCache.noindex/Session.modulevalidation -Xcc -fmodules-prune-interval\=86400 -Xcc -fmodules-prune-after\=345600 -package-name spi_builder_workspace -emit-const-values -const-gather-protocols-list /Users/admin/builder/spi-builder-workspace/.derivedData/Build/Intermediates.noindex/Stitcher.build/Debug-watchos/Stitcher-t.build/Objects-normal/arm64_32/Stitcher_const_extract_protocols.json -Xcc -I/Users/admin/builder/spi-builder-workspace/.dependencies/checkouts/OpenCombine/Sources/COpenCombineHelpers/include -Xcc -I/Users/admin/builder/spi-builder-workspace/.derivedData/Build/Products/Debug-watchos/include -Xcc -I/Users/admin/builder/spi-builder-workspace/.derivedData/Build/Intermediates.noindex/Stitcher.build/Debug-watchos/Stitcher-t.build/DerivedSources-normal/arm64_32 -Xcc -I/Users/admin/builder/spi-builder-workspace/.derivedData/Build/Intermediates.noindex/Stitcher.build/Debug-watchos/Stitcher-t.build/DerivedSources/arm64_32 -Xcc -I/Users/admin/builder/spi-builder-workspace/.derivedData/Build/Intermediates.noindex/Stitcher.build/Debug-watchos/Stitcher-t.build/DerivedSources -Xcc -DSWIFT_PACKAGE -Xcc -DDEBUG\=1 -emit-objc-header -emit-objc-header-path /Users/admin/builder/spi-builder-workspace/.derivedData/Build/Intermediates.noindex/Stitcher.build/Debug-watchos/Stitcher-t.build/Objects-normal/arm64_32/Stitcher-Swift.h -working-directory /Users/admin/builder/spi-builder-workspace/.swiftpm/xcode -experimental-emit-module-separately -disable-cmo
SwiftDriver Stitcher normal arm64 com.apple.xcode.tools.swift.compiler (in target 'Stitcher' from project 'Stitcher')
    cd /Users/admin/builder/spi-builder-workspace/.swiftpm/xcode
    builtin-SwiftDriver -- /Applications/Xcode-27.0.0-Release.Candidate.app/Contents/Developer/Toolchains/XcodeDefault.xctoolchain/usr/bin/swiftc -parse-as-library -module-name Stitcher -Onone @/Users/admin/builder/spi-builder-workspace/.derivedData/Build/Intermediates.noindex/Stitcher.build/Debug-watchos/Stitcher-t.build/Objects-normal/arm64/Stitcher.SwiftFileList -DSWIFT_PACKAGE -DDEBUG -DSWIFT_MODULE_RESOURCE_BUNDLE_UNAVAILABLE -Xcc -fmodule-map-file\=/Users/admin/builder/spi-builder-workspace/.derivedData/Build/Intermediates.noindex/GeneratedModuleMaps-watchos/COpenCombineHelpers.modulemap -DXcode -plugin-path /Applications/Xcode-27.0.0-Release.Candidate.app/Contents/Developer/Toolchains/XcodeDefault.xctoolchain/usr/lib/swift/host/plugins/testing -enable-experimental-feature DebugDescriptionMacro -sdk /Applications/Xcode-27.0.0-Release.Candidate.app/Contents/Developer/Platforms/WatchOS.platform/Developer/SDKs/WatchOS27.0.sdk -target arm64-apple-watchos9.0 -g -module-cache-path /Users/admin/builder/spi-builder-workspace/.derivedData/ModuleCache.noindex -Xfrontend -serialize-debugging-options -profile-coverage-mapping -profile-generate -enable-testing -index-store-path /Users/admin/builder/spi-builder-workspace/.derivedData/Index.noindex/DataStore -Xcc -D_LIBCPP_HARDENING_MODE\=_LIBCPP_HARDENING_MODE_DEBUG -swift-version 5 -I /Users/admin/builder/spi-builder-workspace/.derivedData/Build/Products/Debug-watchos -Isystem /Applications/Xcode-27.0.0-Release.Candidate.app/Contents/Developer/Platforms/WatchOS.platform/Developer/usr/lib -F /Users/admin/builder/spi-builder-workspace/.derivedData/Build/Products/Debug-watchos/PackageFrameworks -F /Users/admin/builder/spi-builder-workspace/.derivedData/Build/Products/Debug-watchos -F /Applications/Xcode-27.0.0-Release.Candidate.app/Contents/Developer/Platforms/WatchOS.platform/Developer/Library/Frameworks -F /Applications/Xcode-27.0.0-Release.Candidate.app/Contents/Developer/Platforms/WatchOS.platform/Developer/SDKs/WatchOS27.0.sdk/Developer/Library/Frameworks -c -j10 -enable-batch-mode -incremental -Xcc -ivfsstatcache -Xcc /Users/admin/builder/spi-builder-workspace/.derivedData/SDKStatCaches.noindex/watchos27.0-24R360-e829b21a6f8c9b70876ba0858053c04477534ef55a1706bf4c1112bbb242f0a2.sdkstatcache -output-file-map /Users/admin/builder/spi-builder-workspace/.derivedData/Build/Intermediates.noindex/Stitcher.build/Debug-watchos/Stitcher-t.build/Objects-normal/arm64/Stitcher-OutputFileMap.json -save-temps -no-color-diagnostics -explicit-module-build -module-cache-path /Users/admin/builder/spi-builder-workspace/.derivedData/Build/Intermediates.noindex/SwiftExplicitPrecompiledModules -clang-scanner-module-cache-path /Users/admin/builder/spi-builder-workspace/.derivedData/ModuleCache.noindex -sdk-module-cache-path /Users/admin/builder/spi-builder-workspace/.derivedData/SDKExplicitPrecompiledModules -emit-dependencies -emit-module -emit-module-path /Users/admin/builder/spi-builder-workspace/.derivedData/Build/Intermediates.noindex/Stitcher.build/Debug-watchos/Stitcher-t.build/Objects-normal/arm64/Stitcher.swiftmodule -serialize-diagnostics -dependency-scan-serialize-diagnostics-path /Users/admin/builder/spi-builder-workspace/.derivedData/Build/Intermediates.noindex/Stitcher.build/Debug-watchos/Stitcher-t.build/Objects-normal/arm64/Stitcher-dependency-scan.dia -validate-clang-modules-once -clang-build-session-file /Users/admin/builder/spi-builder-workspace/.derivedData/ModuleCache.noindex/Session.modulevalidation -Xcc -fmodules-prune-interval\=86400 -Xcc -fmodules-prune-after\=345600 -package-name spi_builder_workspace -emit-const-values -const-gather-protocols-list /Users/admin/builder/spi-builder-workspace/.derivedData/Build/Intermediates.noindex/Stitcher.build/Debug-watchos/Stitcher-t.build/Objects-normal/arm64/Stitcher_const_extract_protocols.json -Xcc -I/Users/admin/builder/spi-builder-workspace/.dependencies/checkouts/OpenCombine/Sources/COpenCombineHelpers/include -Xcc -I/Users/admin/builder/spi-builder-workspace/.derivedData/Build/Products/Debug-watchos/include -Xcc -I/Users/admin/builder/spi-builder-workspace/.derivedData/Build/Intermediates.noindex/Stitcher.build/Debug-watchos/Stitcher-t.build/DerivedSources-normal/arm64 -Xcc -I/Users/admin/builder/spi-builder-workspace/.derivedData/Build/Intermediates.noindex/Stitcher.build/Debug-watchos/Stitcher-t.build/DerivedSources/arm64 -Xcc -I/Users/admin/builder/spi-builder-workspace/.derivedData/Build/Intermediates.noindex/Stitcher.build/Debug-watchos/Stitcher-t.build/DerivedSources -Xcc -DSWIFT_PACKAGE -Xcc -DDEBUG\=1 -emit-objc-header -emit-objc-header-path /Users/admin/builder/spi-builder-workspace/.derivedData/Build/Intermediates.noindex/Stitcher.build/Debug-watchos/Stitcher-t.build/Objects-normal/arm64/Stitcher-Swift.h -working-directory /Users/admin/builder/spi-builder-workspace/.swiftpm/xcode -experimental-emit-module-separately -disable-cmo
SwiftCompile normal arm64_32 Compiling\ IndexedDependencyContainer.swift /Users/admin/builder/spi-builder-workspace/Sources/Stitcher/DependencyInjection/Graph/Indexing/IndexedDependencyContainer.swift (in target 'Stitcher' from project 'Stitcher')
SwiftCompile normal arm64_32 /Users/admin/builder/spi-builder-workspace/Sources/Stitcher/DependencyInjection/Graph/Indexing/IndexedDependencyContainer.swift (in target 'Stitcher' from project 'Stitcher')
    cd /Users/admin/builder/spi-builder-workspace/.swiftpm/xcode
    builtin-SwiftPerFileCompile IndexedDependencyContainer.swift
SwiftCompile normal arm64_32 Compiling\ DependencyContainingCollection.swift /Users/admin/builder/spi-builder-workspace/Sources/Stitcher/DependencyInjection/Models/DependencyContainingCollection.swift (in target 'Stitcher' from project 'Stitcher')
SwiftCompile normal arm64_32 /Users/admin/builder/spi-builder-workspace/Sources/Stitcher/DependencyInjection/Models/DependencyContainingCollection.swift (in target 'Stitcher' from project 'Stitcher')
    cd /Users/admin/builder/spi-builder-workspace/.swiftpm/xcode
    builtin-SwiftPerFileCompile DependencyContainingCollection.swift
SwiftCompile normal arm64_32 Compiling\ IndexingKey.swift /Users/admin/builder/spi-builder-workspace/Sources/Stitcher/DependencyInjection/Graph/Indexing/IndexingKey.swift (in target 'Stitcher' from project 'Stitcher')
SwiftCompile normal arm64_32 /Users/admin/builder/spi-builder-workspace/Sources/Stitcher/DependencyInjection/Graph/Indexing/IndexingKey.swift (in target 'Stitcher' from project 'Stitcher')
    cd /Users/admin/builder/spi-builder-workspace/.swiftpm/xcode
    builtin-SwiftPerFileCompile IndexingKey.swift
SwiftCompile normal arm64_32 Compiling\ IndexingCoordinator.swift /Users/admin/builder/spi-builder-workspace/Sources/Stitcher/DependencyInjection/Graph/Indexing/IndexingCoordinator.swift (in target 'Stitcher' from project 'Stitcher')
SwiftCompile normal arm64_32 /Users/admin/builder/spi-builder-workspace/Sources/Stitcher/DependencyInjection/Graph/Indexing/IndexingCoordinator.swift (in target 'Stitcher' from project 'Stitcher')
    cd /Users/admin/builder/spi-builder-workspace/.swiftpm/xcode
    builtin-SwiftPerFileCompile IndexingCoordinator.swift
SwiftCompile normal arm64_32 Compiling\ StorageCleaner.swift /Users/admin/builder/spi-builder-workspace/Sources/Stitcher/DependencyInjection/Graph/StorageCleaner/StorageCleaner.swift (in target 'Stitcher' from project 'Stitcher')
/Users/admin/builder/spi-builder-workspace/Sources/Stitcher/DependencyInjection/Graph/StorageCleaner/StorageCleaner.swift:40:33: error: 'UIApplication' is unavailable in watchOS
38 |         if #available(iOS 13.0, macOS 10.15, macCatalyst 13.0, tvOS 13.0, watchOS 6.0, visionOS 1.0, *) {
39 |             NotificationCenter.default
40 |                 .publisher(for: UIApplication.willResignActiveNotification)
   |                                 `- error: 'UIApplication' is unavailable in watchOS
41 |                 .sink { [weak self] _ in
42 |                     self?.cleanupStorage(priority: .high)
/Applications/Xcode-27.0.0-Release.Candidate.app/Contents/Developer/Platforms/WatchOS.platform/Developer/SDKs/WatchOS27.0.sdk/System/Library/Frameworks/UIKit.framework/Headers/UIApplication.h:85:12: note: 'UIApplication' has been explicitly marked unavailable here
 83 |
 84 | UIKIT_EXTERN API_AVAILABLE(ios(2.0)) API_UNAVAILABLE(watchos) NS_SWIFT_UI_ACTOR
 85 | @interface UIApplication : UIResponder
    |            `- note: 'UIApplication' has been explicitly marked unavailable here
 86 |
 87 | @property(class, nonatomic, readonly) UIApplication *sharedApplication NS_EXTENSION_UNAVAILABLE_IOS("Use view controller based solutions where appropriate instead.");
/Users/admin/builder/spi-builder-workspace/Sources/Stitcher/DependencyInjection/Graph/StorageCleaner/StorageCleaner.swift:40:47: error: 'willResignActiveNotification' is unavailable in watchOS
38 |         if #available(iOS 13.0, macOS 10.15, macCatalyst 13.0, tvOS 13.0, watchOS 6.0, visionOS 1.0, *) {
39 |             NotificationCenter.default
40 |                 .publisher(for: UIApplication.willResignActiveNotification)
   |                                               `- error: 'willResignActiveNotification' is unavailable in watchOS
41 |                 .sink { [weak self] _ in
42 |                     self?.cleanupStorage(priority: .high)
/Applications/Xcode-27.0.0-Release.Candidate.app/Contents/Developer/Platforms/WatchOS.platform/Developer/SDKs/WatchOS27.0.sdk/System/Library/Frameworks/UIKit.framework/Headers/UIApplication.h:574:39: note: 'willResignActiveNotification' has been explicitly marked unavailable here
572 | UIKIT_EXTERN NSNotificationName const UIApplicationDidFinishLaunchingNotification API_UNAVAILABLE(watchos) NS_SWIFT_NONISOLATED;
573 | UIKIT_EXTERN NSNotificationName const UIApplicationDidBecomeActiveNotification API_UNAVAILABLE(watchos) NS_SWIFT_NONISOLATED;
574 | UIKIT_EXTERN NSNotificationName const UIApplicationWillResignActiveNotification API_UNAVAILABLE(watchos) NS_SWIFT_NONISOLATED;
    |                                       `- note: 'willResignActiveNotification' has been explicitly marked unavailable here
575 | UIKIT_EXTERN NSNotificationName const UIApplicationDidReceiveMemoryWarningNotification API_UNAVAILABLE(watchos) NS_SWIFT_NONISOLATED;
576 | UIKIT_EXTERN NSNotificationName const UIApplicationWillTerminateNotification API_UNAVAILABLE(watchos) NS_SWIFT_NONISOLATED;
/Users/admin/builder/spi-builder-workspace/Sources/Stitcher/DependencyInjection/Graph/StorageCleaner/StorageCleaner.swift:47:33: error: 'UIApplication' is unavailable in watchOS
45 |
46 |             NotificationCenter.default
47 |                 .publisher(for: UIApplication.didReceiveMemoryWarningNotification)
   |                                 `- error: 'UIApplication' is unavailable in watchOS
48 |                 .sink { [weak self] _ in
49 |                     self?.cleanupStorage(priority: .medium)
/Applications/Xcode-27.0.0-Release.Candidate.app/Contents/Developer/Platforms/WatchOS.platform/Developer/SDKs/WatchOS27.0.sdk/System/Library/Frameworks/UIKit.framework/Headers/UIApplication.h:85:12: note: 'UIApplication' has been explicitly marked unavailable here
 83 |
 84 | UIKIT_EXTERN API_AVAILABLE(ios(2.0)) API_UNAVAILABLE(watchos) NS_SWIFT_UI_ACTOR
 85 | @interface UIApplication : UIResponder
    |            `- note: 'UIApplication' has been explicitly marked unavailable here
 86 |
 87 | @property(class, nonatomic, readonly) UIApplication *sharedApplication NS_EXTENSION_UNAVAILABLE_IOS("Use view controller based solutions where appropriate instead.");
/Users/admin/builder/spi-builder-workspace/Sources/Stitcher/DependencyInjection/Graph/StorageCleaner/StorageCleaner.swift:47:47: error: 'didReceiveMemoryWarningNotification' is unavailable in watchOS
45 |
46 |             NotificationCenter.default
47 |                 .publisher(for: UIApplication.didReceiveMemoryWarningNotification)
   |                                               `- error: 'didReceiveMemoryWarningNotification' is unavailable in watchOS
48 |                 .sink { [weak self] _ in
49 |                     self?.cleanupStorage(priority: .medium)
/Applications/Xcode-27.0.0-Release.Candidate.app/Contents/Developer/Platforms/WatchOS.platform/Developer/SDKs/WatchOS27.0.sdk/System/Library/Frameworks/UIKit.framework/Headers/UIApplication.h:575:39: note: 'didReceiveMemoryWarningNotification' has been explicitly marked unavailable here
573 | UIKIT_EXTERN NSNotificationName const UIApplicationDidBecomeActiveNotification API_UNAVAILABLE(watchos) NS_SWIFT_NONISOLATED;
574 | UIKIT_EXTERN NSNotificationName const UIApplicationWillResignActiveNotification API_UNAVAILABLE(watchos) NS_SWIFT_NONISOLATED;
575 | UIKIT_EXTERN NSNotificationName const UIApplicationDidReceiveMemoryWarningNotification API_UNAVAILABLE(watchos) NS_SWIFT_NONISOLATED;
    |                                       `- note: 'didReceiveMemoryWarningNotification' has been explicitly marked unavailable here
576 | UIKIT_EXTERN NSNotificationName const UIApplicationWillTerminateNotification API_UNAVAILABLE(watchos) NS_SWIFT_NONISOLATED;
577 | UIKIT_EXTERN NSNotificationName const UIApplicationSignificantTimeChangeNotification API_UNAVAILABLE(watchos) NS_SWIFT_NONISOLATED;
Failed frontend command:
SwiftCompile normal arm64_32 /Users/admin/builder/spi-builder-workspace/Sources/Stitcher/DependencyInjection/Graph/StorageCleaner/StorageCleaner.swift (in target 'Stitcher' from project 'Stitcher')
    cd /Users/admin/builder/spi-builder-workspace/.swiftpm/xcode
    builtin-SwiftPerFileCompile StorageCleaner.swift
/Applications/Xcode-27.0.0-Release.Candidate.app/Contents/Developer/Toolchains/XcodeDefault.xctoolchain/usr/bin/swift-frontend -frontend -c /Users/admin/builder/spi-builder-workspace/Sources/Stitcher/CodeGeneration/AutoregisterableDependencyCodeGeneratio/AutoregisterableDependencyCodeGenerator.swift /Users/admin/builder/spi-builder-workspace/Sources/Stitcher/CodeGeneration/InjectionCodeGeneration/Common/NameInjectionCodeGenerator.swift /Users/admin/builder/spi-builder-workspace/Sources/Stitcher/CodeGeneration/InjectionCodeGeneration/Common/TestInjectionCodeGenerator.swift /Users/admin/builder/spi-builder-workspace/Sources/Stitcher/CodeGeneration/InjectionCodeGeneration/Common/TypeInjectionCodeGenerator.swift /Users/admin/builder/spi-builder-workspace/Sources/Stitcher/CodeGeneration/InjectionCodeGeneration/InjectionCodeGenerator.swift /Users/admin/builder/spi-builder-workspace/Sources/Stitcher/CodeGeneration/InjectionCodeGeneration/InjectionCodeGenerators.swift /Users/admin/builder/spi-builder-workspace/Sources/Stitcher/Configuration/StitcherConfiguration.swift /Users/admin/builder/spi-builder-workspace/Sources/Stitcher/DependencyInjection/DependencyContainer.swift /Users/admin/builder/spi-builder-workspace/Sources/Stitcher/DependencyInjection/Factory/DependencyFactory+Function.swift /Users/admin/builder/spi-builder-workspace/Sources/Stitcher/DependencyInjection/Factory/DependencyFactory.swift /Users/admin/builder/spi-builder-workspace/Sources/Stitcher/DependencyInjection/Factory/InstantionNotificationCenter.swift /Users/admin/builder/spi-builder-workspace/Sources/Stitcher/DependencyInjection/Factory/PostInstantiationAware.swift /Users/admin/builder/spi-builder-workspace/Sources/Stitcher/DependencyInjection/Graph/DependencyCycleDetection/DependencyCycleDetector.swift /Users/admin/builder/spi-builder-workspace/Sources/Stitcher/DependencyInjection/Graph/DependencyCycleDetection/DependencyCycleInstantationBacktrace.swift /Users/admin/builder/spi-builder-workspace/Sources/Stitcher/DependencyInjection/Graph/DependencyGraph+Assertions.swift /Users/admin/builder/spi-builder-workspace/Sources/Stitcher/DependencyInjection/Graph/DependencyGraph+NameInjection.swift /Users/admin/builder/spi-builder-workspace/Sources/Stitcher/DependencyInjection/Graph/DependencyGraph+TypeInjection.swift /Users/admin/builder/spi-builder-workspace/Sources/Stitcher/DependencyInjection/Graph/DependencyGraph+ValueInjection.swift /Users/admin/builder/spi-builder-workspace/Sources/Stitcher/DependencyInjection/Graph/DependencyGraph.swift /Users/admin/builder/spi-builder-workspace/Sources/Stitcher/DependencyInjection/Graph/Indexing/DependencyRegistrarIndex.swift /Users/admin/builder/spi-builder-workspace/Sources/Stitcher/DependencyInjection/Graph/Indexing/Implementations/Common.swift /Users/admin/builder/spi-builder-workspace/Sources/Stitcher/DependencyInjection/Graph/Indexing/Implementations/DefaultIndexer.swift /Users/admin/builder/spi-builder-workspace/Sources/Stitcher/DependencyInjection/Graph/Indexing/Implementations/ParallelIndexer.swift /Users/admin/builder/spi-builder-workspace/Sources/Stitcher/DependencyInjection/Graph/Indexing/Implementations/PlainIndexer.swift /Users/admin/builder/spi-builder-workspace/Sources/Stitcher/DependencyInjection/Graph/Indexing/IndexedDependencyContainer.swift /Users/admin/builder/spi-builder-workspace/Sources/Stitcher/DependencyInjection/Graph/Indexing/Indexing.swift /Users/admin/builder/spi-builder-workspace/Sources/Stitcher/DependencyInjection/Graph/Indexing/IndexingCoordinator.swift /Users/admin/builder/spi-builder-workspace/Sources/Stitcher/DependencyInjection/Graph/Indexing/IndexingKey.swift /Users/admin/builder/spi-builder-workspace/Sources/Stitcher/DependencyInjection/Graph/Indexing/IndexingTask.swift -primary-file /Users/admin/builder/spi-builder-workspace/Sources/Stitcher/DependencyInjection/Graph/StorageCleaner/StorageCleaner.swift /Users/admin/builder/spi-builder-workspace/Sources/Stitcher/DependencyInjection/Models/DependencyContainingCollection.swift /Users/admin/builder/spi-builder-workspace/Sources/Stitcher/DependencyInjection/Models/DependencyEagerness.swift /Users/admin/builder/spi-builder-workspace/Sources/Stitcher/DependencyInjection/Models/DependencyLocator.swift /Users/admin/builder/spi-builder-workspace/Sources/Stitcher/DependencyInjection/Models/DependencyLocatorTraits.swift /Users/admin/builder/spi-builder-workspace/Sources/Stitcher/DependencyInjection/Models/DependencyParameters.swift /Users/admin/builder/spi-builder-workspace/Sources/Stitcher/DependencyInjection/Models/DependencyScope.swift /Users/admin/builder/spi-builder-workspace/Sources/Stitcher/DependencyInjection/Models/InjectionError.swift /Users/admin/builder/spi-builder-workspace/Sources/Stitcher/DependencyInjection/Models/ManagedScope/ManagedDependencyScopeProviding.swift /Users/admin/builder/spi-builder-workspace/Sources/Stitcher/DependencyInjection/Models/ManagedScope/ManagedDependencyScopeReceipt.swift /Users/admin/builder/spi-builder-workspace/Sources/Stitcher/DependencyInjection/Models/ManagedScope/PipelineManagedDependencyScope.swift /Users/admin/builder/spi-builder-workspace/Sources/Stitcher/DependencyInjection/Models/TypeName.swift /Users/admin/builder/spi-builder-workspace/Sources/Stitcher/DependencyInjection/PropertyWrappers/Atomic.swift /Users/admin/builder/spi-builder-workspace/Sources/Stitcher/DependencyInjection/PropertyWrappers/Dependencies.swift /Users/admin/builder/spi-builder-workspace/Sources/Stitcher/DependencyInjection/PropertyWrappers/Injected+Init.swift /Users/admin/builder/spi-builder-workspace/Sources/Stitcher/DependencyInjection/PropertyWrappers/Injected.swift /Users/admin/builder/spi-builder-workspace/Sources/Stitcher/DependencyInjection/Registration/Autoregistration/AutoregisterableDependency.swift /Users/admin/builder/spi-builder-workspace/Sources/Stitcher/DependencyInjection/Registration/Autoregistration/GeneratedDependencyRegistration.swift /Users/admin/builder/spi-builder-workspace/Sources/Stitcher/DependencyInjection/Registration/Autoregistration/RegisterableDependency.swift /Users/admin/builder/spi-builder-workspace/Sources/Stitcher/DependencyInjection/Registration/DependenciesRegistrar.swift /Users/admin/builder/spi-builder-workspace/Sources/Stitcher/DependencyInjection/Registration/Dependency.swift /Users/admin/builder/spi-builder-workspace/Sources/Stitcher/DependencyInjection/Registration/DependencyGroup.swift /Users/admin/builder/spi-builder-workspace/Sources/Stitcher/DependencyInjection/Registration/DependencyRegistrarBuilder.swift /Users/admin/builder/spi-builder-workspace/Sources/Stitcher/DependencyInjection/Registration/RawDependencyRegistration.swift /Users/admin/builder/spi-builder-workspace/Sources/Stitcher/DependencyInjection/Registration/Representation/DependencyGroupRepresenting.swift /Users/admin/builder/spi-builder-workspace/Sources/Stitcher/DependencyInjection/Registration/Representation/DependencyRepresenting.swift /Users/admin/builder/spi-builder-workspace/Sources/Stitcher/DependencyInjection/Storage/Common/ManagedSingletonInstanceStorage.swift /Users/admin/builder/spi-builder-workspace/Sources/Stitcher/DependencyInjection/Storage/Common/NeverInstanceStorage.swift /Users/admin/builder/spi-builder-workspace/Sources/Stitcher/DependencyInjection/Storage/Common/SharedInstanceStorage.swift /Users/admin/builder/spi-builder-workspace/Sources/Stitcher/DependencyInjection/Storage/Common/SingletonInstanceStorage.swift /Users/admin/builder/spi-builder-workspace/Sources/Stitcher/DependencyInjection/Storage/InstanceStorage.swift /Users/admin/builder/spi-builder-workspace/Sources/Stitcher/DependencyInjection/Storage/InstanceStorageFactory.swift /Users/admin/builder/spi-builder-workspace/Sources/Stitcher/DependencyInjection/Storage/InstanceStorageKey.swift /Users/admin/builder/spi-builder-workspace/Sources/Stitcher/ReactivePipeline/AnyPipeline.swift /Users/admin/builder/spi-builder-workspace/Sources/Stitcher/ReactivePipeline/AnyPipelineCancellable.swift /Users/admin/builder/spi-builder-workspace/Sources/Stitcher/ReactivePipeline/Pipeline.swift /Users/admin/builder/spi-builder-workspace/Sources/Stitcher/ReactivePipeline/PipelineSubject.swift /Users/admin/builder/spi-builder-workspace/Sources/Stitcher/Stitcher.swift /Users/admin/builder/spi-builder-workspace/Sources/Stitcher/Task/AsyncTask.swift /Users/admin/builder/spi-builder-workspace/Sources/Stitcher/Task/CancellableTask.swift /Users/admin/builder/spi-builder-workspace/Sources/Stitcher/Threads/RawThreadKey.swift /Users/admin/builder/spi-builder-workspace/Sources/Stitcher/Threads/RawThreadKeyError.swift /Users/admin/builder/spi-builder-workspace/Sources/Stitcher/Threads/ThreadIdentifierThreadValuesKey.swift /Users/admin/builder/spi-builder-workspace/Sources/Stitcher/Threads/ThreadLocal.swift /Users/admin/builder/spi-builder-workspace/Sources/Stitcher/Threads/ThreadValues.swift /Users/admin/builder/spi-builder-workspace/Sources/Stitcher/Threads/ThreadValuesKey.swift /Users/admin/builder/spi-builder-workspace/Sources/Stitcher/Utils/DefaultValueProviding.swift /Users/admin/builder/spi-builder-workspace/Sources/Stitcher/Utils/Extensions.swift /Users/admin/builder/spi-builder-workspace/Sources/Stitcher/Utils/Functions.swift /Users/admin/builder/spi-builder-workspace/Sources/Stitcher/Utils/Reference.swift /Users/admin/builder/spi-builder-workspace/Sources/Stitcher/Utils/WeakReference.swift -emit-dependencies-path /Users/admin/builder/spi-builder-workspace/.derivedData/Build/Intermediates.noindex/Stitcher.build/Debug-watchos/Stitcher-t.build/Objects-normal/arm64_32/StorageCleaner.d -emit-const-values-path /Users/admin/builder/spi-builder-workspace/.derivedData/Build/Intermediates.noindex/Stitcher.build/Debug-watchos/Stitcher-t.build/Objects-normal/arm64_32/StorageCleaner.swiftconstvalues -emit-reference-dependencies-path /Users/admin/builder/spi-builder-workspace/.derivedData/Build/Intermediates.noindex/Stitcher.build/Debug-watchos/Stitcher-t.build/Objects-normal/arm64_32/StorageCleaner.swiftdeps -serialize-diagnostics-path /Users/admin/builder/spi-builder-workspace/.derivedData/Build/Intermediates.noindex/Stitcher.build/Debug-watchos/Stitcher-t.build/Objects-normal/arm64_32/StorageCleaner.dia -target arm64_32-apple-watchos9.0 -module-can-import-version Combine 3023 0 -module-can-import-version Observation 6.4.0.31 0 -module-can-import OpenCombine -module-can-import-version UIKit 9127.0.84.1 9127.0.84 -disable-cross-import-overlay-search -load-resolved-plugin /Applications/Xcode-27.0.0-Release.Candidate.app/Contents/Developer/Platforms/WatchOS.platform/Developer/usr/lib/swift/host/plugins/libFoundationMacros.dylib\#/Applications/Xcode-27.0.0-Release.Candidate.app/Contents/Developer/Platforms/WatchOS.platform/Developer/usr/bin/swift-plugin-server\#FoundationMacros -load-resolved-plugin /Applications/Xcode-27.0.0-Release.Candidate.app/Contents/Developer/Platforms/WatchOS.platform/Developer/usr/lib/swift/host/plugins/libObservationMacros.dylib\#/Applications/Xcode-27.0.0-Release.Candidate.app/Contents/Developer/Platforms/WatchOS.platform/Developer/usr/bin/swift-plugin-server\#ObservationMacros -load-resolved-plugin /Applications/Xcode-27.0.0-Release.Candidate.app/Contents/Developer/Platforms/WatchOS.platform/Developer/usr/lib/swift/host/plugins/libSwiftMacros.dylib\#/Applications/Xcode-27.0.0-Release.Candidate.app/Contents/Developer/Platforms/WatchOS.platform/Developer/usr/bin/swift-plugin-server\#SwiftMacros -load-resolved-plugin /Applications/Xcode-27.0.0-Release.Candidate.app/Contents/Developer/Platforms/WatchOS.platform/Developer/usr/lib/swift/host/plugins/libSwiftUIMacros.dylib\#/Applications/Xcode-27.0.0-Release.Candidate.app/Contents/Developer/Platforms/WatchOS.platform/Developer/usr/bin/swift-plugin-server\#SwiftUIMacros -disable-implicit-swift-modules -Xcc -fno-implicit-modules -Xcc -fno-implicit-module-maps -explicit-swift-module-map-file /Users/admin/builder/spi-builder-workspace/.derivedData/Build/Intermediates.noindex/Stitcher.build/Debug-watchos/Stitcher-t.build/Objects-normal/arm64_32/Stitcher-dependencies-2.json -enable-objc-interop -sdk /Applications/Xcode-27.0.0-Release.Candidate.app/Contents/Developer/Platforms/WatchOS.platform/Developer/SDKs/WatchOS27.0.sdk -I /Users/admin/builder/spi-builder-workspace/.derivedData/Build/Products/Debug-watchos -Isystem /Applications/Xcode-27.0.0-Release.Candidate.app/Contents/Developer/Platforms/WatchOS.platform/Developer/usr/lib -F /Users/admin/builder/spi-builder-workspace/.derivedData/Build/Products/Debug-watchos/PackageFrameworks -F /Users/admin/builder/spi-builder-workspace/.derivedData/Build/Products/Debug-watchos -F /Applications/Xcode-27.0.0-Release.Candidate.app/Contents/Developer/Platforms/WatchOS.platform/Developer/Library/Frameworks -F /Applications/Xcode-27.0.0-Release.Candidate.app/Contents/Developer/Platforms/WatchOS.platform/Developer/SDKs/WatchOS27.0.sdk/Developer/Library/Frameworks -module-cache-path /Users/admin/builder/spi-builder-workspace/.derivedData/Build/Intermediates.noindex/SwiftExplicitPrecompiledModules -no-color-diagnostics -Xcc -fno-color-diagnostics -enable-testing -g -debug-info-format\=dwarf -dwarf-version\=4 -profile-generate -profile-coverage-mapping -swift-version 5 -Onone -D SWIFT_PACKAGE -D DEBUG -D SWIFT_MODULE_RESOURCE_BUNDLE_UNAVAILABLE -D Xcode -serialize-debugging-options -enable-experimental-feature DebugDescriptionMacro -empty-abi-descriptor -validate-clang-modules-once -clang-build-session-file /Users/admin/builder/spi-builder-workspace/.derivedData/ModuleCache.noindex/Session.modulevalidation -Xcc -working-directory -Xcc /Users/admin/builder/spi-builder-workspace/.swiftpm/xcode -enable-anonymous-context-mangled-names -file-compilation-dir /Users/admin/builder/spi-builder-workspace/.swiftpm/xcode -Xcc -fmodule-map-file\=/Users/admin/builder/spi-builder-workspace/.derivedData/Build/Intermediates.noindex/GeneratedModuleMaps-watchos/COpenCombineHelpers.modulemap -Xcc -D_LIBCPP_HARDENING_MODE\=_LIBCPP_HARDENING_MODE_DEBUG -Xcc -ivfsstatcache -Xcc /Users/admin/builder/spi-builder-workspace/.derivedData/SDKStatCaches.noindex/watchos27.0-24R360-e829b21a6f8c9b70876ba0858053c04477534ef55a1706bf4c1112bbb242f0a2.sdkstatcache -Xcc -fmodules-prune-interval\=86400 -Xcc -fmodules-prune-after\=345600 -Xcc -I/Users/admin/builder/spi-builder-workspace/.dependencies/checkouts/OpenCombine/Sources/COpenCombineHelpers/include -Xcc -I/Users/admin/builder/spi-builder-workspace/.derivedData/Build/Products/Debug-watchos/include -Xcc -I/Users/admin/builder/spi-builder-workspace/.derivedData/Build/Intermediates.noindex/Stitcher.build/Debug-watchos/Stitcher-t.build/DerivedSources-normal/arm64_32 -Xcc -I/Users/admin/builder/spi-builder-workspace/.derivedData/Build/Intermediates.noindex/Stitcher.build/Debug-watchos/Stitcher-t.build/DerivedSources/arm64_32 -Xcc -I/Users/admin/builder/spi-builder-workspace/.derivedData/Build/Intermediates.noindex/Stitcher.build/Debug-watchos/Stitcher-t.build/DerivedSources -Xcc -DSWIFT_PACKAGE -Xcc -DDEBUG\=1 -no-auto-bridging-header-chaining -module-name Stitcher -package-name spi_builder_workspace -const-gather-protocols-file /Users/admin/builder/spi-builder-workspace/.derivedData/Build/Intermediates.noindex/Stitcher.build/Debug-watchos/Stitcher-t.build/Objects-normal/arm64_32/Stitcher_const_extract_protocols.json -disable-clang-spi -clang-target arm64_32-apple-watchos27.0 -target-sdk-version 27.0 -target-sdk-name watchos27.0 -in-process-plugin-server-path /Applications/Xcode-27.0.0-Release.Candidate.app/Contents/Developer/Toolchains/XcodeDefault.xctoolchain/usr/lib/swift/host/libSwiftInProcPluginServer.dylib -parse-as-library -o /Users/admin/builder/spi-builder-workspace/.derivedData/Build/Intermediates.noindex/Stitcher.build/Debug-watchos/Stitcher-t.build/Objects-normal/arm64_32/StorageCleaner.o -debug-module-path /Users/admin/builder/spi-builder-workspace/.derivedData/Build/Intermediates.noindex/Stitcher.build/Debug-watchos/Stitcher-t.build/Objects-normal/arm64_32/Stitcher.swiftmodule -index-unit-output-path /Stitcher.build/Debug-watchos/Stitcher-t.build/Objects-normal/arm64_32/StorageCleaner.o -index-store-path /Users/admin/builder/spi-builder-workspace/.derivedData/Index.noindex/DataStore -index-system-modules
SwiftEmitModule normal arm64_32 Emitting\ module\ for\ Stitcher (in target 'Stitcher' from project 'Stitcher')
/Users/admin/builder/spi-builder-workspace/Sources/Stitcher/DependencyInjection/Models/InjectionError.swift:52:10: warning: associated value 'invalidDependencyParameters(_:_:parameters:)' of 'Sendable'-conforming enum 'InjectionError' contains non-Sendable type '[AnyHashable]'
 50 |     case multipleDependencies(DependencyContext)
 51 |     case cyclicDependencyReference(DependencyCycleInstantationBacktrace)
 52 |     case invalidDependencyParameters(DependencyContext, DependencyParameterContext, parameters: [AnyHashable])
    |          `- warning: associated value 'invalidDependencyParameters(_:_:parameters:)' of 'Sendable'-conforming enum 'InjectionError' contains non-Sendable type '[AnyHashable]'
 53 |
 54 |     public var description: String {
Swift.Array:1:23: note: generic struct 'Array' does not conform to the 'Sendable' protocol
1 | @frozen public struct Array<Element> : _DestructorSafeContainer {
  |                       `- note: generic struct 'Array' does not conform to the 'Sendable' protocol
2 | }
SwiftCompile normal arm64_32 (in target 'Stitcher' from project 'Stitcher')
    cd /Users/admin/builder/spi-builder-workspace/.swiftpm/xcode

SwiftCompile normal arm64_32 Compiling\ DependencyEagerness.swift /Users/admin/builder/spi-builder-workspace/Sources/Stitcher/DependencyInjection/Models/DependencyEagerness.swift (in target 'Stitcher' from project 'Stitcher')
SwiftCompile normal arm64_32 /Users/admin/builder/spi-builder-workspace/Sources/Stitcher/DependencyInjection/Models/DependencyEagerness.swift (in target 'Stitcher' from project 'Stitcher')
    cd /Users/admin/builder/spi-builder-workspace/.swiftpm/xcode
    builtin-SwiftPerFileCompile DependencyEagerness.swift
SwiftCompile normal arm64_32 Compiling\ IndexingTask.swift /Users/admin/builder/spi-builder-workspace/Sources/Stitcher/DependencyInjection/Graph/Indexing/IndexingTask.swift (in target 'Stitcher' from project 'Stitcher')
SwiftCompile normal arm64_32 /Users/admin/builder/spi-builder-workspace/Sources/Stitcher/DependencyInjection/Graph/Indexing/IndexingTask.swift (in target 'Stitcher' from project 'Stitcher')
    cd /Users/admin/builder/spi-builder-workspace/.swiftpm/xcode
    builtin-SwiftPerFileCompile IndexingTask.swift
SwiftCompile normal arm64_32 Compiling\ Indexing.swift /Users/admin/builder/spi-builder-workspace/Sources/Stitcher/DependencyInjection/Graph/Indexing/Indexing.swift (in target 'Stitcher' from project 'Stitcher')
SwiftCompile normal arm64_32 /Users/admin/builder/spi-builder-workspace/Sources/Stitcher/DependencyInjection/Graph/Indexing/Indexing.swift (in target 'Stitcher' from project 'Stitcher')
    cd /Users/admin/builder/spi-builder-workspace/.swiftpm/xcode
    builtin-SwiftPerFileCompile Indexing.swift
SwiftEmitModule normal arm64 Emitting\ module\ for\ Stitcher (in target 'Stitcher' from project 'Stitcher')
/Users/admin/builder/spi-builder-workspace/Sources/Stitcher/DependencyInjection/Models/InjectionError.swift:52:10: warning: associated value 'invalidDependencyParameters(_:_:parameters:)' of 'Sendable'-conforming enum 'InjectionError' contains non-Sendable type '[AnyHashable]'
 50 |     case multipleDependencies(DependencyContext)
 51 |     case cyclicDependencyReference(DependencyCycleInstantationBacktrace)
 52 |     case invalidDependencyParameters(DependencyContext, DependencyParameterContext, parameters: [AnyHashable])
    |          `- warning: associated value 'invalidDependencyParameters(_:_:parameters:)' of 'Sendable'-conforming enum 'InjectionError' contains non-Sendable type '[AnyHashable]'
 53 |
 54 |     public var description: String {
Swift.Array:1:23: note: generic struct 'Array' does not conform to the 'Sendable' protocol
1 | @frozen public struct Array<Element> : _DestructorSafeContainer {
  |                       `- note: generic struct 'Array' does not conform to the 'Sendable' protocol
2 | }
SwiftCompile normal arm64 (in target 'Stitcher' from project 'Stitcher')
    cd /Users/admin/builder/spi-builder-workspace/.swiftpm/xcode

SwiftCompile normal arm64 Compiling\ Indexing.swift /Users/admin/builder/spi-builder-workspace/Sources/Stitcher/DependencyInjection/Graph/Indexing/Indexing.swift (in target 'Stitcher' from project 'Stitcher')
SwiftCompile normal arm64 /Users/admin/builder/spi-builder-workspace/Sources/Stitcher/DependencyInjection/Graph/Indexing/Indexing.swift (in target 'Stitcher' from project 'Stitcher')
    cd /Users/admin/builder/spi-builder-workspace/.swiftpm/xcode
    builtin-SwiftPerFileCompile Indexing.swift
SwiftDriverJobDiscovery normal arm64_32 Compiling Indexing.swift (in target 'Stitcher' from project 'Stitcher')
SwiftCompile normal arm64_32 Compiling\ DefaultIndexer.swift /Users/admin/builder/spi-builder-workspace/Sources/Stitcher/DependencyInjection/Graph/Indexing/Implementations/DefaultIndexer.swift (in target 'Stitcher' from project 'Stitcher')
SwiftCompile normal arm64_32 /Users/admin/builder/spi-builder-workspace/Sources/Stitcher/DependencyInjection/Graph/Indexing/Implementations/DefaultIndexer.swift (in target 'Stitcher' from project 'Stitcher')
    cd /Users/admin/builder/spi-builder-workspace/.swiftpm/xcode
    builtin-SwiftPerFileCompile DefaultIndexer.swift
SwiftDriverJobDiscovery normal arm64_32 Compiling DependencyContainingCollection.swift (in target 'Stitcher' from project 'Stitcher')
SwiftCompile normal arm64_32 Compiling\ ParallelIndexer.swift /Users/admin/builder/spi-builder-workspace/Sources/Stitcher/DependencyInjection/Graph/Indexing/Implementations/ParallelIndexer.swift (in target 'Stitcher' from project 'Stitcher')
SwiftCompile normal arm64_32 /Users/admin/builder/spi-builder-workspace/Sources/Stitcher/DependencyInjection/Graph/Indexing/Implementations/ParallelIndexer.swift (in target 'Stitcher' from project 'Stitcher')
    cd /Users/admin/builder/spi-builder-workspace/.swiftpm/xcode
    builtin-SwiftPerFileCompile ParallelIndexer.swift
SwiftDriverJobDiscovery normal arm64_32 Compiling IndexingCoordinator.swift (in target 'Stitcher' from project 'Stitcher')
SwiftCompile normal arm64 Compiling\ IndexingTask.swift /Users/admin/builder/spi-builder-workspace/Sources/Stitcher/DependencyInjection/Graph/Indexing/IndexingTask.swift (in target 'Stitcher' from project 'Stitcher')
SwiftCompile normal arm64 /Users/admin/builder/spi-builder-workspace/Sources/Stitcher/DependencyInjection/Graph/Indexing/IndexingTask.swift (in target 'Stitcher' from project 'Stitcher')
    cd /Users/admin/builder/spi-builder-workspace/.swiftpm/xcode
    builtin-SwiftPerFileCompile IndexingTask.swift
SwiftDriverJobDiscovery normal arm64_32 Compiling IndexingTask.swift (in target 'Stitcher' from project 'Stitcher')
SwiftCompile normal arm64_32 Compiling\ InjectionError.swift,\ TypeName.swift,\ Dependencies.swift,\ Injected+Init.swift /Users/admin/builder/spi-builder-workspace/Sources/Stitcher/DependencyInjection/Models/InjectionError.swift /Users/admin/builder/spi-builder-workspace/Sources/Stitcher/DependencyInjection/Models/TypeName.swift /Users/admin/builder/spi-builder-workspace/Sources/Stitcher/DependencyInjection/PropertyWrappers/Dependencies.swift /Users/admin/builder/spi-builder-workspace/Sources/Stitcher/DependencyInjection/PropertyWrappers/Injected+Init.swift (in target 'Stitcher' from project 'Stitcher')
/Users/admin/builder/spi-builder-workspace/Sources/Stitcher/DependencyInjection/Models/InjectionError.swift:52:10: warning: associated value 'invalidDependencyParameters(_:_:parameters:)' of 'Sendable'-conforming enum 'InjectionError' contains non-Sendable type '[AnyHashable]'
 50 |     case multipleDependencies(DependencyContext)
 51 |     case cyclicDependencyReference(DependencyCycleInstantationBacktrace)
 52 |     case invalidDependencyParameters(DependencyContext, DependencyParameterContext, parameters: [AnyHashable])
    |          `- warning: associated value 'invalidDependencyParameters(_:_:parameters:)' of 'Sendable'-conforming enum 'InjectionError' contains non-Sendable type '[AnyHashable]'
 53 |
 54 |     public var description: String {
Swift.Array:1:23: note: generic struct 'Array' does not conform to the 'Sendable' protocol
1 | @frozen public struct Array<Element> : _DestructorSafeContainer {
  |                       `- note: generic struct 'Array' does not conform to the 'Sendable' protocol
2 | }
SwiftCompile normal arm64_32 /Users/admin/builder/spi-builder-workspace/Sources/Stitcher/DependencyInjection/Models/InjectionError.swift (in target 'Stitcher' from project 'Stitcher')
    cd /Users/admin/builder/spi-builder-workspace/.swiftpm/xcode
    builtin-SwiftPerFileCompile InjectionError.swift
SwiftCompile normal arm64_32 /Users/admin/builder/spi-builder-workspace/Sources/Stitcher/DependencyInjection/Models/TypeName.swift (in target 'Stitcher' from project 'Stitcher')
    cd /Users/admin/builder/spi-builder-workspace/.swiftpm/xcode
    builtin-SwiftPerFileCompile TypeName.swift
SwiftCompile normal arm64_32 /Users/admin/builder/spi-builder-workspace/Sources/Stitcher/DependencyInjection/PropertyWrappers/Dependencies.swift (in target 'Stitcher' from project 'Stitcher')
    cd /Users/admin/builder/spi-builder-workspace/.swiftpm/xcode
    builtin-SwiftPerFileCompile Dependencies.swift
SwiftCompile normal arm64_32 /Users/admin/builder/spi-builder-workspace/Sources/Stitcher/DependencyInjection/PropertyWrappers/Injected+Init.swift (in target 'Stitcher' from project 'Stitcher')
    cd /Users/admin/builder/spi-builder-workspace/.swiftpm/xcode
    builtin-SwiftPerFileCompile Injected+Init.swift
SwiftDriverJobDiscovery normal arm64_32 Compiling DependencyEagerness.swift (in target 'Stitcher' from project 'Stitcher')
SwiftCompile normal arm64_32 Compiling\ ThreadValues.swift,\ DefaultValueProviding.swift,\ Extensions.swift,\ Functions.swift /Users/admin/builder/spi-builder-workspace/Sources/Stitcher/Threads/ThreadValues.swift /Users/admin/builder/spi-builder-workspace/Sources/Stitcher/Utils/DefaultValueProviding.swift /Users/admin/builder/spi-builder-workspace/Sources/Stitcher/Utils/Extensions.swift /Users/admin/builder/spi-builder-workspace/Sources/Stitcher/Utils/Functions.swift (in target 'Stitcher' from project 'Stitcher')
SwiftCompile normal arm64_32 /Users/admin/builder/spi-builder-workspace/Sources/Stitcher/Threads/ThreadValues.swift (in target 'Stitcher' from project 'Stitcher')
    cd /Users/admin/builder/spi-builder-workspace/.swiftpm/xcode
    builtin-SwiftPerFileCompile ThreadValues.swift
SwiftCompile normal arm64_32 /Users/admin/builder/spi-builder-workspace/Sources/Stitcher/Utils/DefaultValueProviding.swift (in target 'Stitcher' from project 'Stitcher')
    cd /Users/admin/builder/spi-builder-workspace/.swiftpm/xcode
    builtin-SwiftPerFileCompile DefaultValueProviding.swift
SwiftCompile normal arm64_32 /Users/admin/builder/spi-builder-workspace/Sources/Stitcher/Utils/Extensions.swift (in target 'Stitcher' from project 'Stitcher')
    cd /Users/admin/builder/spi-builder-workspace/.swiftpm/xcode
    builtin-SwiftPerFileCompile Extensions.swift
SwiftCompile normal arm64_32 /Users/admin/builder/spi-builder-workspace/Sources/Stitcher/Utils/Functions.swift (in target 'Stitcher' from project 'Stitcher')
    cd /Users/admin/builder/spi-builder-workspace/.swiftpm/xcode
    builtin-SwiftPerFileCompile Functions.swift
SwiftDriverJobDiscovery normal arm64_32 Compiling IndexingKey.swift (in target 'Stitcher' from project 'Stitcher')
SwiftCompile normal arm64_32 Compiling\ InstanceStorage.swift,\ InstanceStorageFactory.swift,\ InstanceStorageKey.swift,\ AnyPipelineCancellable.swift /Users/admin/builder/spi-builder-workspace/Sources/Stitcher/DependencyInjection/Storage/InstanceStorage.swift /Users/admin/builder/spi-builder-workspace/Sources/Stitcher/DependencyInjection/Storage/InstanceStorageFactory.swift /Users/admin/builder/spi-builder-workspace/Sources/Stitcher/DependencyInjection/Storage/InstanceStorageKey.swift /Users/admin/builder/spi-builder-workspace/Sources/Stitcher/ReactivePipeline/AnyPipelineCancellable.swift (in target 'Stitcher' from project 'Stitcher')
SwiftCompile normal arm64_32 /Users/admin/builder/spi-builder-workspace/Sources/Stitcher/DependencyInjection/Storage/InstanceStorage.swift (in target 'Stitcher' from project 'Stitcher')
    cd /Users/admin/builder/spi-builder-workspace/.swiftpm/xcode
    builtin-SwiftPerFileCompile InstanceStorage.swift
SwiftCompile normal arm64_32 /Users/admin/builder/spi-builder-workspace/Sources/Stitcher/DependencyInjection/Storage/InstanceStorageFactory.swift (in target 'Stitcher' from project 'Stitcher')
    cd /Users/admin/builder/spi-builder-workspace/.swiftpm/xcode
    builtin-SwiftPerFileCompile InstanceStorageFactory.swift
SwiftCompile normal arm64_32 /Users/admin/builder/spi-builder-workspace/Sources/Stitcher/DependencyInjection/Storage/InstanceStorageKey.swift (in target 'Stitcher' from project 'Stitcher')
    cd /Users/admin/builder/spi-builder-workspace/.swiftpm/xcode
    builtin-SwiftPerFileCompile InstanceStorageKey.swift
SwiftCompile normal arm64_32 /Users/admin/builder/spi-builder-workspace/Sources/Stitcher/ReactivePipeline/AnyPipelineCancellable.swift (in target 'Stitcher' from project 'Stitcher')
    cd /Users/admin/builder/spi-builder-workspace/.swiftpm/xcode
    builtin-SwiftPerFileCompile AnyPipelineCancellable.swift
SwiftDriverJobDiscovery normal arm64_32 Compiling IndexedDependencyContainer.swift (in target 'Stitcher' from project 'Stitcher')
SwiftCompile normal arm64_32 Compiling\ StitcherConfiguration.swift /Users/admin/builder/spi-builder-workspace/Sources/Stitcher/Configuration/StitcherConfiguration.swift (in target 'Stitcher' from project 'Stitcher')
SwiftCompile normal arm64_32 /Users/admin/builder/spi-builder-workspace/Sources/Stitcher/Configuration/StitcherConfiguration.swift (in target 'Stitcher' from project 'Stitcher')
    cd /Users/admin/builder/spi-builder-workspace/.swiftpm/xcode
    builtin-SwiftPerFileCompile StitcherConfiguration.swift
SwiftDriverJobDiscovery normal arm64 Compiling Indexing.swift (in target 'Stitcher' from project 'Stitcher')
SwiftCompile normal arm64 Compiling\ DependencyGraph.swift /Users/admin/builder/spi-builder-workspace/Sources/Stitcher/DependencyInjection/Graph/DependencyGraph.swift (in target 'Stitcher' from project 'Stitcher')
SwiftCompile normal arm64 /Users/admin/builder/spi-builder-workspace/Sources/Stitcher/DependencyInjection/Graph/DependencyGraph.swift (in target 'Stitcher' from project 'Stitcher')
    cd /Users/admin/builder/spi-builder-workspace/.swiftpm/xcode
    builtin-SwiftPerFileCompile DependencyGraph.swift
SwiftDriverJobDiscovery normal arm64 Compiling IndexingTask.swift (in target 'Stitcher' from project 'Stitcher')
SwiftCompile normal arm64 Compiling\ StorageCleaner.swift /Users/admin/builder/spi-builder-workspace/Sources/Stitcher/DependencyInjection/Graph/StorageCleaner/StorageCleaner.swift (in target 'Stitcher' from project 'Stitcher')
SwiftCompile normal arm64 /Users/admin/builder/spi-builder-workspace/Sources/Stitcher/DependencyInjection/Graph/StorageCleaner/StorageCleaner.swift (in target 'Stitcher' from project 'Stitcher')
    cd /Users/admin/builder/spi-builder-workspace/.swiftpm/xcode
    builtin-SwiftPerFileCompile StorageCleaner.swift
SwiftDriverJobDiscovery normal arm64_32 Compiling DefaultIndexer.swift (in target 'Stitcher' from project 'Stitcher')
SwiftCompile normal arm64_32 Compiling\ DependencyGroup.swift,\ DependencyRegistrarBuilder.swift,\ RawDependencyRegistration.swift,\ DependencyRepresenting.swift /Users/admin/builder/spi-builder-workspace/Sources/Stitcher/DependencyInjection/Registration/DependencyGroup.swift /Users/admin/builder/spi-builder-workspace/Sources/Stitcher/DependencyInjection/Registration/DependencyRegistrarBuilder.swift /Users/admin/builder/spi-builder-workspace/Sources/Stitcher/DependencyInjection/Registration/RawDependencyRegistration.swift /Users/admin/builder/spi-builder-workspace/Sources/Stitcher/DependencyInjection/Registration/Representation/DependencyRepresenting.swift (in target 'Stitcher' from project 'Stitcher')
SwiftCompile normal arm64_32 /Users/admin/builder/spi-builder-workspace/Sources/Stitcher/DependencyInjection/Registration/DependencyGroup.swift (in target 'Stitcher' from project 'Stitcher')
    cd /Users/admin/builder/spi-builder-workspace/.swiftpm/xcode
    builtin-SwiftPerFileCompile DependencyGroup.swift
SwiftCompile normal arm64_32 /Users/admin/builder/spi-builder-workspace/Sources/Stitcher/DependencyInjection/Registration/DependencyRegistrarBuilder.swift (in target 'Stitcher' from project 'Stitcher')
    cd /Users/admin/builder/spi-builder-workspace/.swiftpm/xcode
    builtin-SwiftPerFileCompile DependencyRegistrarBuilder.swift
SwiftCompile normal arm64_32 /Users/admin/builder/spi-builder-workspace/Sources/Stitcher/DependencyInjection/Registration/RawDependencyRegistration.swift (in target 'Stitcher' from project 'Stitcher')
    cd /Users/admin/builder/spi-builder-workspace/.swiftpm/xcode
    builtin-SwiftPerFileCompile RawDependencyRegistration.swift
SwiftCompile normal arm64_32 /Users/admin/builder/spi-builder-workspace/Sources/Stitcher/DependencyInjection/Registration/Representation/DependencyRepresenting.swift (in target 'Stitcher' from project 'Stitcher')
    cd /Users/admin/builder/spi-builder-workspace/.swiftpm/xcode
    builtin-SwiftPerFileCompile DependencyRepresenting.swift
SwiftDriverJobDiscovery normal arm64_32 Compiling ParallelIndexer.swift (in target 'Stitcher' from project 'Stitcher')
SwiftCompile normal arm64 Compiling\ DefaultIndexer.swift /Users/admin/builder/spi-builder-workspace/Sources/Stitcher/DependencyInjection/Graph/Indexing/Implementations/DefaultIndexer.swift (in target 'Stitcher' from project 'Stitcher')
SwiftCompile normal arm64 /Users/admin/builder/spi-builder-workspace/Sources/Stitcher/DependencyInjection/Graph/Indexing/Implementations/DefaultIndexer.swift (in target 'Stitcher' from project 'Stitcher')
    cd /Users/admin/builder/spi-builder-workspace/.swiftpm/xcode
    builtin-SwiftPerFileCompile DefaultIndexer.swift
SwiftCompile normal arm64 Compiling\ ParallelIndexer.swift /Users/admin/builder/spi-builder-workspace/Sources/Stitcher/DependencyInjection/Graph/Indexing/Implementations/ParallelIndexer.swift (in target 'Stitcher' from project 'Stitcher')
SwiftCompile normal arm64 /Users/admin/builder/spi-builder-workspace/Sources/Stitcher/DependencyInjection/Graph/Indexing/Implementations/ParallelIndexer.swift (in target 'Stitcher' from project 'Stitcher')
    cd /Users/admin/builder/spi-builder-workspace/.swiftpm/xcode
    builtin-SwiftPerFileCompile ParallelIndexer.swift
SwiftCompile normal arm64_32 Compiling\ DependencyGraph.swift /Users/admin/builder/spi-builder-workspace/Sources/Stitcher/DependencyInjection/Graph/DependencyGraph.swift (in target 'Stitcher' from project 'Stitcher')
SwiftCompile normal arm64_32 /Users/admin/builder/spi-builder-workspace/Sources/Stitcher/DependencyInjection/Graph/DependencyGraph.swift (in target 'Stitcher' from project 'Stitcher')
    cd /Users/admin/builder/spi-builder-workspace/.swiftpm/xcode
    builtin-SwiftPerFileCompile DependencyGraph.swift
SwiftDriverJobDiscovery normal arm64_32 Compiling ThreadValues.swift, DefaultValueProviding.swift, Extensions.swift, Functions.swift (in target 'Stitcher' from project 'Stitcher')
SwiftCompile normal arm64 Compiling\ IndexingCoordinator.swift /Users/admin/builder/spi-builder-workspace/Sources/Stitcher/DependencyInjection/Graph/Indexing/IndexingCoordinator.swift (in target 'Stitcher' from project 'Stitcher')
SwiftCompile normal arm64 /Users/admin/builder/spi-builder-workspace/Sources/Stitcher/DependencyInjection/Graph/Indexing/IndexingCoordinator.swift (in target 'Stitcher' from project 'Stitcher')
    cd /Users/admin/builder/spi-builder-workspace/.swiftpm/xcode
    builtin-SwiftPerFileCompile IndexingCoordinator.swift
SwiftDriverJobDiscovery normal arm64_32 Compiling StitcherConfiguration.swift (in target 'Stitcher' from project 'Stitcher')
SwiftCompile normal arm64 Compiling\ DependencyContainingCollection.swift /Users/admin/builder/spi-builder-workspace/Sources/Stitcher/DependencyInjection/Models/DependencyContainingCollection.swift (in target 'Stitcher' from project 'Stitcher')
SwiftCompile normal arm64 /Users/admin/builder/spi-builder-workspace/Sources/Stitcher/DependencyInjection/Models/DependencyContainingCollection.swift (in target 'Stitcher' from project 'Stitcher')
    cd /Users/admin/builder/spi-builder-workspace/.swiftpm/xcode
    builtin-SwiftPerFileCompile DependencyContainingCollection.swift
SwiftDriverJobDiscovery normal arm64_32 Compiling InstanceStorage.swift, InstanceStorageFactory.swift, InstanceStorageKey.swift, AnyPipelineCancellable.swift (in target 'Stitcher' from project 'Stitcher')
SwiftCompile normal arm64_32 Compiling\ InstantionNotificationCenter.swift,\ DependencyCycleDetector.swift,\ DependencyCycleInstantationBacktrace.swift,\ DependencyGraph+Assertions.swift,\ DependencyGraph+NameInjection.swift /Users/admin/builder/spi-builder-workspace/Sources/Stitcher/DependencyInjection/Factory/InstantionNotificationCenter.swift /Users/admin/builder/spi-builder-workspace/Sources/Stitcher/DependencyInjection/Graph/DependencyCycleDetection/DependencyCycleDetector.swift /Users/admin/builder/spi-builder-workspace/Sources/Stitcher/DependencyInjection/Graph/DependencyCycleDetection/DependencyCycleInstantationBacktrace.swift /Users/admin/builder/spi-builder-workspace/Sources/Stitcher/DependencyInjection/Graph/DependencyGraph+Assertions.swift /Users/admin/builder/spi-builder-workspace/Sources/Stitcher/DependencyInjection/Graph/DependencyGraph+NameInjection.swift (in target 'Stitcher' from project 'Stitcher')
SwiftCompile normal arm64_32 /Users/admin/builder/spi-builder-workspace/Sources/Stitcher/DependencyInjection/Factory/InstantionNotificationCenter.swift (in target 'Stitcher' from project 'Stitcher')
    cd /Users/admin/builder/spi-builder-workspace/.swiftpm/xcode
    builtin-SwiftPerFileCompile InstantionNotificationCenter.swift
SwiftCompile normal arm64_32 /Users/admin/builder/spi-builder-workspace/Sources/Stitcher/DependencyInjection/Graph/DependencyCycleDetection/DependencyCycleDetector.swift (in target 'Stitcher' from project 'Stitcher')
    cd /Users/admin/builder/spi-builder-workspace/.swiftpm/xcode
    builtin-SwiftPerFileCompile DependencyCycleDetector.swift
SwiftCompile normal arm64_32 /Users/admin/builder/spi-builder-workspace/Sources/Stitcher/DependencyInjection/Graph/DependencyCycleDetection/DependencyCycleInstantationBacktrace.swift (in target 'Stitcher' from project 'Stitcher')
    cd /Users/admin/builder/spi-builder-workspace/.swiftpm/xcode
    builtin-SwiftPerFileCompile DependencyCycleInstantationBacktrace.swift
SwiftCompile normal arm64_32 /Users/admin/builder/spi-builder-workspace/Sources/Stitcher/DependencyInjection/Graph/DependencyGraph+Assertions.swift (in target 'Stitcher' from project 'Stitcher')
    cd /Users/admin/builder/spi-builder-workspace/.swiftpm/xcode
    builtin-SwiftPerFileCompile DependencyGraph+Assertions.swift
SwiftCompile normal arm64_32 /Users/admin/builder/spi-builder-workspace/Sources/Stitcher/DependencyInjection/Graph/DependencyGraph+NameInjection.swift (in target 'Stitcher' from project 'Stitcher')
    cd /Users/admin/builder/spi-builder-workspace/.swiftpm/xcode
    builtin-SwiftPerFileCompile DependencyGraph+NameInjection.swift
SwiftDriverJobDiscovery normal arm64_32 Compiling InjectionError.swift, TypeName.swift, Dependencies.swift, Injected+Init.swift (in target 'Stitcher' from project 'Stitcher')
PruneExplicitPrecompiledModules /Users/admin/builder/spi-builder-workspace/.derivedData/SDKExplicitPrecompiledModules
PruneExplicitPrecompiledModules /Users/admin/builder/spi-builder-workspace/.derivedData/Build/Intermediates.noindex/ExplicitPrecompiledModules
PruneExplicitPrecompiledModules /Users/admin/builder/spi-builder-workspace/.derivedData/Build/Intermediates.noindex/SwiftExplicitPrecompiledModules
2026-09-20 16:19:22.767 xcodebuild[1142:6964] [MT] IDERunDestination: Supported platforms for the buildables in the current scheme is empty.
** BUILD FAILED **
The following build commands failed:
	SwiftCompile normal arm64_32 /Users/admin/builder/spi-builder-workspace/Sources/Stitcher/DependencyInjection/Graph/StorageCleaner/StorageCleaner.swift (in target 'Stitcher' from project 'Stitcher')
	SwiftCompile normal arm64_32 Compiling\ StorageCleaner.swift /Users/admin/builder/spi-builder-workspace/Sources/Stitcher/DependencyInjection/Graph/StorageCleaner/StorageCleaner.swift (in target 'Stitcher' from project 'Stitcher')
	Building workspace Stitcher with scheme Stitcher
(3 failures)
BUILD FAILURE 6.4 watchOS