The Swift Package Index logo.Swift Package Index

Build Information

Failed to build URLMock, reference master (6d52a5), with Swift 6.4 for Linux on 23 Sep 2026 02:34:29 UTC.

Build Command

bash -c docker run --pull=always --rm -v "checkouts-54344844-0":/host -w "$PWD" -e JAVA_HOME="/root/.sdkman/candidates/java/current" -e SPI_BUILD="1" -e SPI_PROCESSING="1" registry.gitlab.com/saguaro1/spi-images:basic-6.4-latest swift build --triple x86_64-unknown-linux-gnu 2>&1

Build Log

========================================
RunAll
========================================
Builder version: 5.1.0
Interrupt handler set up.
========================================
Checkout
========================================
Clone URL: https://github.com/prachigauriar/URLMock.git
Reference: master
Initialized empty Git repository in /host/spi-builder-workspace/.git/
hint: Using 'master' as the name for the initial branch. This default branch name
hint: is subject to change. To configure the initial branch name to use in all
hint: of your new repositories, which will suppress this warning, call:
hint:
hint: 	git config --global init.defaultBranch <name>
hint:
hint: Names commonly chosen instead of 'master' are 'main', 'trunk' and
hint: 'development'. The just-created branch can be renamed via this command:
hint:
hint: 	git branch -m <name>
From https://github.com/prachigauriar/URLMock
 * branch            master     -> FETCH_HEAD
 * [new branch]      master     -> origin/master
HEAD is now at 6d52a5e Add support for SwiftPM
Cloned https://github.com/prachigauriar/URLMock.git
Revision (git rev-parse @):
6d52a5e64c9f5e3a1248de6269d100fe39c5bdc8
SUCCESS checkout https://github.com/prachigauriar/URLMock.git at master
========================================
Build
========================================
Selected platform:         linux
Swift version:             6.4
Building package at path:  $PWD
https://github.com/prachigauriar/URLMock.git
Running build ...
bash -c docker run --pull=always --rm -v "checkouts-54344844-0":/host -w "$PWD" -e JAVA_HOME="/root/.sdkman/candidates/java/current" -e SPI_BUILD="1" -e SPI_PROCESSING="1" registry.gitlab.com/saguaro1/spi-images:basic-6.4-latest swift build --triple x86_64-unknown-linux-gnu 2>&1
basic-6.4-latest: Pulling from saguaro1/spi-images
Digest: sha256:c77fcce225e223ac0fafed844619173fc6de8d62dd560eeb28db3182af6a282b
Status: Image is up to date for registry.gitlab.com/saguaro1/spi-images:basic-6.4-latest
Building for debugging...
[Planning deferred tasks]
In file included from /host/spi-builder-workspace/Sources/URLMock/Utilities/UMKURLEncodedParameterStringParser.m:27:
/host/spi-builder-workspace/Sources/URLMock/Headers/Private/UMKURLEncodedParameterStringParser.h:27:9: fatal error: 'Foundation/Foundation.h' file not found
   27 | #import <Foundation/Foundation.h>
      |         ^~~~~~~~~~~~~~~~~~~~~~~~~
1 error generated.
error: CompileC /host/spi-builder-workspace/.build/out/Intermediates.noindex/URLMock.build/Debug-linux-x86_64/URLMock-t.build/Objects-normal/x86_64/UMKURLEncodedParameterStringParser.o /host/spi-builder-workspace/Sources/URLMock/Utilities/UMKURLEncodedParameterStringParser.m normal x86_64 objective-c com.apple.compilers.llvm.clang.1_0.compiler failed with a nonzero exit code. Command line:     cd /host

    Using response file: /host/spi-builder-workspace/.build/out/Intermediates.noindex/URLMock.build/Debug-linux-x86_64/URLMock-t.build/Objects-normal/x86_64/6f95552a3397ee1cec971b90cf334075d5f321c3a3b0689ad55c3d1e24702600-common-args.resp

    /usr/bin/clang -x objective-c -target x86_64-unknown-linux-gnu -fmessage-length\=0 -fdiagnostics-show-note-include-stack -fmacro-backtrace-limit\=0 -fcolor-diagnostics -Wno-trigraphs -Wno-missing-field-initializers -Wno-missing-prototypes -Wno-return-type -Wno-implicit-atomic-properties -Wno-objc-interface-ivars -Wno-arc-repeated-use-of-weak -Wno-missing-braces -Wparentheses -Wswitch -Wno-unused-function -Wno-unused-label -Wno-unused-parameter -Wno-unused-variable -Wunused-value -Wno-empty-body -Wno-uninitialized -Wno-unknown-pragmas -Wno-shadow -Wno-four-char-constants -Wno-conversion -Wno-constant-conversion -Wno-int-conversion -Wno-bool-conversion -Wno-enum-conversion -Wno-float-conversion -Wno-non-literal-null-conversion -Wno-objc-literal-conversion -Wno-shorten-64-to-32 -Wpointer-sign -Wno-newline-eof -Wno-selector -Wno-strict-selector-match -Wno-undeclared-selector -Wno-deprecated-implementations -Wno-implicit-fallthrough -fstrict-aliasing -Wprotocol -Wdeprecated-declarations -Wno-sign-conversion -Wno-infinite-recursion -Wno-comma -Wno-block-capture-autoreleasing -Wno-strict-prototypes -Wno-semicolon-before-method-body --sysroot / @/host/spi-builder-workspace/.build/out/Intermediates.noindex/URLMock.build/Debug-linux-x86_64/URLMock-t.build/Objects-normal/x86_64/6f95552a3397ee1cec971b90cf334075d5f321c3a3b0689ad55c3d1e24702600-common-args.resp -MMD -MT dependencies -MF /host/spi-builder-workspace/.build/out/Intermediates.noindex/URLMock.build/Debug-linux-x86_64/URLMock-t.build/Objects-normal/x86_64/UMKURLEncodedParameterStringParser.d --serialize-diagnostics /host/spi-builder-workspace/.build/out/Intermediates.noindex/URLMock.build/Debug-linux-x86_64/URLMock-t.build/Objects-normal/x86_64/UMKURLEncodedParameterStringParser.dia -c /host/spi-builder-workspace/Sources/URLMock/Utilities/UMKURLEncodedParameterStringParser.m -o /host/spi-builder-workspace/.build/out/Intermediates.noindex/URLMock.build/Debug-linux-x86_64/URLMock-t.build/Objects-normal/x86_64/UMKURLEncodedParameterStringParser.o
In file included from /host/spi-builder-workspace/Sources/URLMock/Mock URL Protocol/UMKMockURLProtocol.m:27:
/host/spi-builder-workspace/Sources/URLMock/Headers/Public/URLMock/UMKMockURLProtocol.h:27:9: fatal error: 'Foundation/Foundation.h' file not found
   27 | #import <Foundation/Foundation.h>
      |         ^~~~~~~~~~~~~~~~~~~~~~~~~
1 error generated.
error: CompileC /host/spi-builder-workspace/.build/out/Intermediates.noindex/URLMock.build/Debug-linux-x86_64/URLMock-t.build/Objects-normal/x86_64/UMKMockURLProtocol.o /host/spi-builder-workspace/Sources/URLMock/Mock\ URL\ Protocol/UMKMockURLProtocol.m normal x86_64 objective-c com.apple.compilers.llvm.clang.1_0.compiler failed with a nonzero exit code. Command line:     cd /host

    Using response file: /host/spi-builder-workspace/.build/out/Intermediates.noindex/URLMock.build/Debug-linux-x86_64/URLMock-t.build/Objects-normal/x86_64/6f95552a3397ee1cec971b90cf334075d5f321c3a3b0689ad55c3d1e24702600-common-args.resp

    /usr/bin/clang -x objective-c -target x86_64-unknown-linux-gnu -fmessage-length\=0 -fdiagnostics-show-note-include-stack -fmacro-backtrace-limit\=0 -fcolor-diagnostics -Wno-trigraphs -Wno-missing-field-initializers -Wno-missing-prototypes -Wno-return-type -Wno-implicit-atomic-properties -Wno-objc-interface-ivars -Wno-arc-repeated-use-of-weak -Wno-missing-braces -Wparentheses -Wswitch -Wno-unused-function -Wno-unused-label -Wno-unused-parameter -Wno-unused-variable -Wunused-value -Wno-empty-body -Wno-uninitialized -Wno-unknown-pragmas -Wno-shadow -Wno-four-char-constants -Wno-conversion -Wno-constant-conversion -Wno-int-conversion -Wno-bool-conversion -Wno-enum-conversion -Wno-float-conversion -Wno-non-literal-null-conversion -Wno-objc-literal-conversion -Wno-shorten-64-to-32 -Wpointer-sign -Wno-newline-eof -Wno-selector -Wno-strict-selector-match -Wno-undeclared-selector -Wno-deprecated-implementations -Wno-implicit-fallthrough -fstrict-aliasing -Wprotocol -Wdeprecated-declarations -Wno-sign-conversion -Wno-infinite-recursion -Wno-comma -Wno-block-capture-autoreleasing -Wno-strict-prototypes -Wno-semicolon-before-method-body --sysroot / @/host/spi-builder-workspace/.build/out/Intermediates.noindex/URLMock.build/Debug-linux-x86_64/URLMock-t.build/Objects-normal/x86_64/6f95552a3397ee1cec971b90cf334075d5f321c3a3b0689ad55c3d1e24702600-common-args.resp -MMD -MT dependencies -MF /host/spi-builder-workspace/.build/out/Intermediates.noindex/URLMock.build/Debug-linux-x86_64/URLMock-t.build/Objects-normal/x86_64/UMKMockURLProtocol.d --serialize-diagnostics /host/spi-builder-workspace/.build/out/Intermediates.noindex/URLMock.build/Debug-linux-x86_64/URLMock-t.build/Objects-normal/x86_64/UMKMockURLProtocol.dia -c /host/spi-builder-workspace/Sources/URLMock/Mock\ URL\ Protocol/UMKMockURLProtocol.m -o /host/spi-builder-workspace/.build/out/Intermediates.noindex/URLMock.build/Debug-linux-x86_64/URLMock-t.build/Objects-normal/x86_64/UMKMockURLProtocol.o
In file included from /host/spi-builder-workspace/Sources/URLMock/Utilities/UMKParameterPair.m:28:
/host/spi-builder-workspace/Sources/URLMock/Headers/Private/UMKParameterPair.h:28:9: fatal error: 'Foundation/Foundation.h' file not found
   28 | #import <Foundation/Foundation.h>
      |         ^~~~~~~~~~~~~~~~~~~~~~~~~
1 error generated.
error: CompileC /host/spi-builder-workspace/.build/out/Intermediates.noindex/URLMock.build/Debug-linux-x86_64/URLMock-t.build/Objects-normal/x86_64/UMKParameterPair.o /host/spi-builder-workspace/Sources/URLMock/Utilities/UMKParameterPair.m normal x86_64 objective-c com.apple.compilers.llvm.clang.1_0.compiler failed with a nonzero exit code. Command line:     cd /host

    Using response file: /host/spi-builder-workspace/.build/out/Intermediates.noindex/URLMock.build/Debug-linux-x86_64/URLMock-t.build/Objects-normal/x86_64/6f95552a3397ee1cec971b90cf334075d5f321c3a3b0689ad55c3d1e24702600-common-args.resp

    /usr/bin/clang -x objective-c -target x86_64-unknown-linux-gnu -fmessage-length\=0 -fdiagnostics-show-note-include-stack -fmacro-backtrace-limit\=0 -fcolor-diagnostics -Wno-trigraphs -Wno-missing-field-initializers -Wno-missing-prototypes -Wno-return-type -Wno-implicit-atomic-properties -Wno-objc-interface-ivars -Wno-arc-repeated-use-of-weak -Wno-missing-braces -Wparentheses -Wswitch -Wno-unused-function -Wno-unused-label -Wno-unused-parameter -Wno-unused-variable -Wunused-value -Wno-empty-body -Wno-uninitialized -Wno-unknown-pragmas -Wno-shadow -Wno-four-char-constants -Wno-conversion -Wno-constant-conversion -Wno-int-conversion -Wno-bool-conversion -Wno-enum-conversion -Wno-float-conversion -Wno-non-literal-null-conversion -Wno-objc-literal-conversion -Wno-shorten-64-to-32 -Wpointer-sign -Wno-newline-eof -Wno-selector -Wno-strict-selector-match -Wno-undeclared-selector -Wno-deprecated-implementations -Wno-implicit-fallthrough -fstrict-aliasing -Wprotocol -Wdeprecated-declarations -Wno-sign-conversion -Wno-infinite-recursion -Wno-comma -Wno-block-capture-autoreleasing -Wno-strict-prototypes -Wno-semicolon-before-method-body --sysroot / @/host/spi-builder-workspace/.build/out/Intermediates.noindex/URLMock.build/Debug-linux-x86_64/URLMock-t.build/Objects-normal/x86_64/6f95552a3397ee1cec971b90cf334075d5f321c3a3b0689ad55c3d1e24702600-common-args.resp -MMD -MT dependencies -MF /host/spi-builder-workspace/.build/out/Intermediates.noindex/URLMock.build/Debug-linux-x86_64/URLMock-t.build/Objects-normal/x86_64/UMKParameterPair.d --serialize-diagnostics /host/spi-builder-workspace/.build/out/Intermediates.noindex/URLMock.build/Debug-linux-x86_64/URLMock-t.build/Objects-normal/x86_64/UMKParameterPair.dia -c /host/spi-builder-workspace/Sources/URLMock/Utilities/UMKParameterPair.m -o /host/spi-builder-workspace/.build/out/Intermediates.noindex/URLMock.build/Debug-linux-x86_64/URLMock-t.build/Objects-normal/x86_64/UMKParameterPair.o
In file included from /host/spi-builder-workspace/Sources/URLMock/Utilities/UMKTestUtilities.m:27:
/host/spi-builder-workspace/Sources/URLMock/Headers/Public/URLMock/UMKTestUtilities.h:33:9: fatal error: 'Foundation/Foundation.h' file not found
   33 | #import <Foundation/Foundation.h>
      |         ^~~~~~~~~~~~~~~~~~~~~~~~~
1 error generated.
error: CompileC /host/spi-builder-workspace/.build/out/Intermediates.noindex/URLMock.build/Debug-linux-x86_64/URLMock-t.build/Objects-normal/x86_64/UMKTestUtilities.o /host/spi-builder-workspace/Sources/URLMock/Utilities/UMKTestUtilities.m normal x86_64 objective-c com.apple.compilers.llvm.clang.1_0.compiler failed with a nonzero exit code. Command line:     cd /host

    Using response file: /host/spi-builder-workspace/.build/out/Intermediates.noindex/URLMock.build/Debug-linux-x86_64/URLMock-t.build/Objects-normal/x86_64/6f95552a3397ee1cec971b90cf334075d5f321c3a3b0689ad55c3d1e24702600-common-args.resp

    /usr/bin/clang -x objective-c -target x86_64-unknown-linux-gnu -fmessage-length\=0 -fdiagnostics-show-note-include-stack -fmacro-backtrace-limit\=0 -fcolor-diagnostics -Wno-trigraphs -Wno-missing-field-initializers -Wno-missing-prototypes -Wno-return-type -Wno-implicit-atomic-properties -Wno-objc-interface-ivars -Wno-arc-repeated-use-of-weak -Wno-missing-braces -Wparentheses -Wswitch -Wno-unused-function -Wno-unused-label -Wno-unused-parameter -Wno-unused-variable -Wunused-value -Wno-empty-body -Wno-uninitialized -Wno-unknown-pragmas -Wno-shadow -Wno-four-char-constants -Wno-conversion -Wno-constant-conversion -Wno-int-conversion -Wno-bool-conversion -Wno-enum-conversion -Wno-float-conversion -Wno-non-literal-null-conversion -Wno-objc-literal-conversion -Wno-shorten-64-to-32 -Wpointer-sign -Wno-newline-eof -Wno-selector -Wno-strict-selector-match -Wno-undeclared-selector -Wno-deprecated-implementations -Wno-implicit-fallthrough -fstrict-aliasing -Wprotocol -Wdeprecated-declarations -Wno-sign-conversion -Wno-infinite-recursion -Wno-comma -Wno-block-capture-autoreleasing -Wno-strict-prototypes -Wno-semicolon-before-method-body --sysroot / @/host/spi-builder-workspace/.build/out/Intermediates.noindex/URLMock.build/Debug-linux-x86_64/URLMock-t.build/Objects-normal/x86_64/6f95552a3397ee1cec971b90cf334075d5f321c3a3b0689ad55c3d1e24702600-common-args.resp -MMD -MT dependencies -MF /host/spi-builder-workspace/.build/out/Intermediates.noindex/URLMock.build/Debug-linux-x86_64/URLMock-t.build/Objects-normal/x86_64/UMKTestUtilities.d --serialize-diagnostics /host/spi-builder-workspace/.build/out/Intermediates.noindex/URLMock.build/Debug-linux-x86_64/URLMock-t.build/Objects-normal/x86_64/UMKTestUtilities.dia -c /host/spi-builder-workspace/Sources/URLMock/Utilities/UMKTestUtilities.m -o /host/spi-builder-workspace/.build/out/Intermediates.noindex/URLMock.build/Debug-linux-x86_64/URLMock-t.build/Objects-normal/x86_64/UMKTestUtilities.o
In file included from /host/spi-builder-workspace/Sources/URLMock/Utilities/UMKMessageCountingProxy.m:27:
/host/spi-builder-workspace/Sources/URLMock/Headers/Public/URLMock/UMKMessageCountingProxy.h:27:9: fatal error: 'Foundation/Foundation.h' file not found
   27 | #import <Foundation/Foundation.h>
      |         ^~~~~~~~~~~~~~~~~~~~~~~~~
1 error generated.
error: CompileC /host/spi-builder-workspace/.build/out/Intermediates.noindex/URLMock.build/Debug-linux-x86_64/URLMock-t.build/Objects-normal/x86_64/UMKMessageCountingProxy.o /host/spi-builder-workspace/Sources/URLMock/Utilities/UMKMessageCountingProxy.m normal x86_64 objective-c com.apple.compilers.llvm.clang.1_0.compiler failed with a nonzero exit code. Command line:     cd /host

    Using response file: /host/spi-builder-workspace/.build/out/Intermediates.noindex/URLMock.build/Debug-linux-x86_64/URLMock-t.build/Objects-normal/x86_64/6f95552a3397ee1cec971b90cf334075d5f321c3a3b0689ad55c3d1e24702600-common-args.resp

    /usr/bin/clang -x objective-c -target x86_64-unknown-linux-gnu -fmessage-length\=0 -fdiagnostics-show-note-include-stack -fmacro-backtrace-limit\=0 -fcolor-diagnostics -Wno-trigraphs -Wno-missing-field-initializers -Wno-missing-prototypes -Wno-return-type -Wno-implicit-atomic-properties -Wno-objc-interface-ivars -Wno-arc-repeated-use-of-weak -Wno-missing-braces -Wparentheses -Wswitch -Wno-unused-function -Wno-unused-label -Wno-unused-parameter -Wno-unused-variable -Wunused-value -Wno-empty-body -Wno-uninitialized -Wno-unknown-pragmas -Wno-shadow -Wno-four-char-constants -Wno-conversion -Wno-constant-conversion -Wno-int-conversion -Wno-bool-conversion -Wno-enum-conversion -Wno-float-conversion -Wno-non-literal-null-conversion -Wno-objc-literal-conversion -Wno-shorten-64-to-32 -Wpointer-sign -Wno-newline-eof -Wno-selector -Wno-strict-selector-match -Wno-undeclared-selector -Wno-deprecated-implementations -Wno-implicit-fallthrough -fstrict-aliasing -Wprotocol -Wdeprecated-declarations -Wno-sign-conversion -Wno-infinite-recursion -Wno-comma -Wno-block-capture-autoreleasing -Wno-strict-prototypes -Wno-semicolon-before-method-body --sysroot / @/host/spi-builder-workspace/.build/out/Intermediates.noindex/URLMock.build/Debug-linux-x86_64/URLMock-t.build/Objects-normal/x86_64/6f95552a3397ee1cec971b90cf334075d5f321c3a3b0689ad55c3d1e24702600-common-args.resp -MMD -MT dependencies -MF /host/spi-builder-workspace/.build/out/Intermediates.noindex/URLMock.build/Debug-linux-x86_64/URLMock-t.build/Objects-normal/x86_64/UMKMessageCountingProxy.d --serialize-diagnostics /host/spi-builder-workspace/.build/out/Intermediates.noindex/URLMock.build/Debug-linux-x86_64/URLMock-t.build/Objects-normal/x86_64/UMKMessageCountingProxy.dia -c /host/spi-builder-workspace/Sources/URLMock/Utilities/UMKMessageCountingProxy.m -o /host/spi-builder-workspace/.build/out/Intermediates.noindex/URLMock.build/Debug-linux-x86_64/URLMock-t.build/Objects-normal/x86_64/UMKMessageCountingProxy.o
In file included from /host/spi-builder-workspace/Sources/URLMock/Pattern-Matching Mock Requests/UMKPatternMatchingMockRequest.m:27:
/host/spi-builder-workspace/Sources/URLMock/Headers/Public/URLMock/UMKPatternMatchingMockRequest.h:27:9: fatal error: 'Foundation/Foundation.h' file not found
   27 | #import <Foundation/Foundation.h>
      |         ^~~~~~~~~~~~~~~~~~~~~~~~~
1 error generated.
error: CompileC /host/spi-builder-workspace/.build/out/Intermediates.noindex/URLMock.build/Debug-linux-x86_64/URLMock-t.build/Objects-normal/x86_64/UMKPatternMatchingMockRequest.o /host/spi-builder-workspace/Sources/URLMock/Pattern-Matching\ Mock\ Requests/UMKPatternMatchingMockRequest.m normal x86_64 objective-c com.apple.compilers.llvm.clang.1_0.compiler failed with a nonzero exit code. Command line:     cd /host

    Using response file: /host/spi-builder-workspace/.build/out/Intermediates.noindex/URLMock.build/Debug-linux-x86_64/URLMock-t.build/Objects-normal/x86_64/6f95552a3397ee1cec971b90cf334075d5f321c3a3b0689ad55c3d1e24702600-common-args.resp

    /usr/bin/clang -x objective-c -target x86_64-unknown-linux-gnu -fmessage-length\=0 -fdiagnostics-show-note-include-stack -fmacro-backtrace-limit\=0 -fcolor-diagnostics -Wno-trigraphs -Wno-missing-field-initializers -Wno-missing-prototypes -Wno-return-type -Wno-implicit-atomic-properties -Wno-objc-interface-ivars -Wno-arc-repeated-use-of-weak -Wno-missing-braces -Wparentheses -Wswitch -Wno-unused-function -Wno-unused-label -Wno-unused-parameter -Wno-unused-variable -Wunused-value -Wno-empty-body -Wno-uninitialized -Wno-unknown-pragmas -Wno-shadow -Wno-four-char-constants -Wno-conversion -Wno-constant-conversion -Wno-int-conversion -Wno-bool-conversion -Wno-enum-conversion -Wno-float-conversion -Wno-non-literal-null-conversion -Wno-objc-literal-conversion -Wno-shorten-64-to-32 -Wpointer-sign -Wno-newline-eof -Wno-selector -Wno-strict-selector-match -Wno-undeclared-selector -Wno-deprecated-implementations -Wno-implicit-fallthrough -fstrict-aliasing -Wprotocol -Wdeprecated-declarations -Wno-sign-conversion -Wno-infinite-recursion -Wno-comma -Wno-block-capture-autoreleasing -Wno-strict-prototypes -Wno-semicolon-before-method-body --sysroot / @/host/spi-builder-workspace/.build/out/Intermediates.noindex/URLMock.build/Debug-linux-x86_64/URLMock-t.build/Objects-normal/x86_64/6f95552a3397ee1cec971b90cf334075d5f321c3a3b0689ad55c3d1e24702600-common-args.resp -MMD -MT dependencies -MF /host/spi-builder-workspace/.build/out/Intermediates.noindex/URLMock.build/Debug-linux-x86_64/URLMock-t.build/Objects-normal/x86_64/UMKPatternMatchingMockRequest.d --serialize-diagnostics /host/spi-builder-workspace/.build/out/Intermediates.noindex/URLMock.build/Debug-linux-x86_64/URLMock-t.build/Objects-normal/x86_64/UMKPatternMatchingMockRequest.dia -c /host/spi-builder-workspace/Sources/URLMock/Pattern-Matching\ Mock\ Requests/UMKPatternMatchingMockRequest.m -o /host/spi-builder-workspace/.build/out/Intermediates.noindex/URLMock.build/Debug-linux-x86_64/URLMock-t.build/Objects-normal/x86_64/UMKPatternMatchingMockRequest.o
In file included from /host/spi-builder-workspace/Sources/URLMock/Mock Messages/UMKMockHTTPResponder.m:27:
In file included from /host/spi-builder-workspace/Sources/URLMock/Headers/Public/URLMock/UMKMockHTTPResponder.h:27:
/host/spi-builder-workspace/Sources/URLMock/Headers/Public/URLMock/UMKMockHTTPMessage.h:27:9: fatal error: 'Foundation/Foundation.h' file not found
   27 | #import <Foundation/Foundation.h>
      |         ^~~~~~~~~~~~~~~~~~~~~~~~~
1 error generated.
error: CompileC /host/spi-builder-workspace/.build/out/Intermediates.noindex/URLMock.build/Debug-linux-x86_64/URLMock-t.build/Objects-normal/x86_64/UMKMockHTTPResponder.o /host/spi-builder-workspace/Sources/URLMock/Mock\ Messages/UMKMockHTTPResponder.m normal x86_64 objective-c com.apple.compilers.llvm.clang.1_0.compiler failed with a nonzero exit code. Command line:     cd /host

    Using response file: /host/spi-builder-workspace/.build/out/Intermediates.noindex/URLMock.build/Debug-linux-x86_64/URLMock-t.build/Objects-normal/x86_64/6f95552a3397ee1cec971b90cf334075d5f321c3a3b0689ad55c3d1e24702600-common-args.resp

    /usr/bin/clang -x objective-c -target x86_64-unknown-linux-gnu -fmessage-length\=0 -fdiagnostics-show-note-include-stack -fmacro-backtrace-limit\=0 -fcolor-diagnostics -Wno-trigraphs -Wno-missing-field-initializers -Wno-missing-prototypes -Wno-return-type -Wno-implicit-atomic-properties -Wno-objc-interface-ivars -Wno-arc-repeated-use-of-weak -Wno-missing-braces -Wparentheses -Wswitch -Wno-unused-function -Wno-unused-label -Wno-unused-parameter -Wno-unused-variable -Wunused-value -Wno-empty-body -Wno-uninitialized -Wno-unknown-pragmas -Wno-shadow -Wno-four-char-constants -Wno-conversion -Wno-constant-conversion -Wno-int-conversion -Wno-bool-conversion -Wno-enum-conversion -Wno-float-conversion -Wno-non-literal-null-conversion -Wno-objc-literal-conversion -Wno-shorten-64-to-32 -Wpointer-sign -Wno-newline-eof -Wno-selector -Wno-strict-selector-match -Wno-undeclared-selector -Wno-deprecated-implementations -Wno-implicit-fallthrough -fstrict-aliasing -Wprotocol -Wdeprecated-declarations -Wno-sign-conversion -Wno-infinite-recursion -Wno-comma -Wno-block-capture-autoreleasing -Wno-strict-prototypes -Wno-semicolon-before-method-body --sysroot / @/host/spi-builder-workspace/.build/out/Intermediates.noindex/URLMock.build/Debug-linux-x86_64/URLMock-t.build/Objects-normal/x86_64/6f95552a3397ee1cec971b90cf334075d5f321c3a3b0689ad55c3d1e24702600-common-args.resp -MMD -MT dependencies -MF /host/spi-builder-workspace/.build/out/Intermediates.noindex/URLMock.build/Debug-linux-x86_64/URLMock-t.build/Objects-normal/x86_64/UMKMockHTTPResponder.d --serialize-diagnostics /host/spi-builder-workspace/.build/out/Intermediates.noindex/URLMock.build/Debug-linux-x86_64/URLMock-t.build/Objects-normal/x86_64/UMKMockHTTPResponder.dia -c /host/spi-builder-workspace/Sources/URLMock/Mock\ Messages/UMKMockHTTPResponder.m -o /host/spi-builder-workspace/.build/out/Intermediates.noindex/URLMock.build/Debug-linux-x86_64/URLMock-t.build/Objects-normal/x86_64/UMKMockHTTPResponder.o
error: Build failed
BUILD FAILURE 6.4 linux