Build Information
Failed to build Airship, reference 21.0.2 (67cd1c), with Swift 6.3 for Android on 27 Sep 2026 02:48:46 UTC.
Build Command
bash -c docker run --pull=always --rm -v "checkouts-54344844-0":/host -w "$PWD" -e JAVA_HOME="/root/.sdkman/candidates/java/current" -e SPI_BUILD="1" -e SPI_PROCESSING="1" registry.gitlab.com/saguaro1/spi-images:android-6.3-latest swift build --swift-sdk aarch64-unknown-linux-android28 2>&1Build Log
========================================
RunAll
========================================
Builder version: 5.1.0
Interrupt handler set up.
========================================
Checkout
========================================
Clone URL: https://github.com/urbanairship/ios-library.git
Reference: 21.0.2
Initialized empty Git repository in /host/spi-builder-workspace/.git/
hint: Using 'master' as the name for the initial branch. This default branch name
hint: is subject to change. To configure the initial branch name to use in all
hint: of your new repositories, which will suppress this warning, call:
hint:
hint: git config --global init.defaultBranch <name>
hint:
hint: Names commonly chosen instead of 'master' are 'main', 'trunk' and
hint: 'development'. The just-created branch can be renamed via this command:
hint:
hint: git branch -m <name>
From https://github.com/urbanairship/ios-library
* tag 21.0.2 -> FETCH_HEAD
HEAD is now at 67cd1cb Bump version to 21.0.2 and add changelog entry (#4053)
Cloned https://github.com/urbanairship/ios-library.git
Revision (git rev-parse @):
67cd1cb0c2cfd7f0748d247a876a9ed77181e107
SUCCESS checkout https://github.com/urbanairship/ios-library.git at 21.0.2
========================================
Build
========================================
Selected platform: android
Swift version: 6.3
Building package at path: $PWD
https://github.com/urbanairship/ios-library.git
Running build ...
bash -c docker run --pull=always --rm -v "checkouts-54344844-0":/host -w "$PWD" -e JAVA_HOME="/root/.sdkman/candidates/java/current" -e SPI_BUILD="1" -e SPI_PROCESSING="1" registry.gitlab.com/saguaro1/spi-images:android-6.3-latest swift build --swift-sdk aarch64-unknown-linux-android28 2>&1
android-6.3-latest: Pulling from saguaro1/spi-images
Digest: sha256:8ca9e1e6d70fd53f5b05e4f64d92569d697563f7f457a1485802bc9eb2cd1382
Status: Image is up to date for registry.gitlab.com/saguaro1/spi-images:android-6.3-latest
warning: 'spi-builder-workspace': Invalid Exclude '/host/spi-builder-workspace/Airship/AirshipFoundationModels/Tests': File not found.
warning: 'spi-builder-workspace': found 1 file(s) which are unhandled; explicitly declare them as resources or exclude from the target
/host/spi-builder-workspace/AirshipExtensions/AirshipNotificationServiceExtension/airship.jpg
warning: 'spi-builder-workspace': found 14 file(s) which are unhandled; explicitly declare them as resources or exclude from the target
/host/spi-builder-workspace/Airship/AirshipBasement/Tests/Utils/AirshipObservableTimerTest.swift
/host/spi-builder-workspace/Airship/AirshipBasement/Tests/Utils/AirshipVersionUtilsTest.swift
/host/spi-builder-workspace/Airship/AirshipBasement/Tests/Json/Predicate/JSONPredicateTest.swift
/host/spi-builder-workspace/Airship/AirshipBasement/Tests/Json/AirshipJSONTest.swift
/host/spi-builder-workspace/Airship/AirshipBasement/Tests/Utils/AirshipColorTests.swift
/host/spi-builder-workspace/Airship/AirshipBasement/Tests/App State/AppStateTrackerTest.swift
/host/spi-builder-workspace/Airship/AirshipBasement/Tests/Json/Predicate/JsonMatcherTest.swift
/host/spi-builder-workspace/Airship/AirshipBasement/Tests/Json/Predicate/JsonValueMatcherTest.swift
/host/spi-builder-workspace/Airship/AirshipBasement/Tests/UI/AirshipImageDataTest.swift
/host/spi-builder-workspace/Airship/AirshipBasement/Tests/Utils/AirshipDate.swift
/host/spi-builder-workspace/Airship/AirshipBasement/Tests/Utils/DefaultTaskSleeperTest.swift
/host/spi-builder-workspace/Airship/AirshipBasement/Tests/Utils/AishipFontTests.swift
/host/spi-builder-workspace/Airship/AirshipBasement/Tests/Utils/AirshipDateFormatterTest.swift
/host/spi-builder-workspace/Airship/AirshipBasement/Tests/Json/Predicate/AirshipIvyVersionMatcherTest.swift
Building for debugging...
[0/86] Copying Info.plist
[2/86] Copying UrbanAirship.strings
[13/86] Copying UAInboxDataMappingV3toV4.xcmappingmodel
[14/86] Copying UAInboxDataMappingV2toV4.xcmappingmodel
[15/86] Write sources
[16/86] Copying UAInboxDataMappingV1toV4.xcmappingmodel
[17/86] Copying TestAssets.xcassets
[18/86] Copying UAInbox.xcdatamodeld
[19/86] Copying AirshipDebugPushData.xcdatamodeld
[20/86] Copying UrbanAirship.strings
[20/86] Copying AirshipDebugEventData.xcdatamodeld
[22/86] Copying UrbanAirship.strings
[28/86] Write sources
[31/86] Copying UrbanAirship.strings
[60/86] Write sources
[62/86] Copying UAirshipCache.xcdatamodeld
[63/86] Write sources
[64/86] Copying UARemoteDataMappingV2toV4.xcmappingmodel
[64/86] Copying UARemoteDataMappingV3toV4.xcmappingmodel
[64/86] Copying UANativeBridge
[67/86] Copying UANotificationCategories.plist
[67/86] Copying Info.plist
[69/86] Copying UARemoteData.xcdatamodeld
[70/86] Copying UAFrequencyLimits.xcdatamodeld
[71/86] Copying Info.plist
[72/86] Copying AirshipLedger.xcdatamodeld
[73/86] Copying AirshipAutomation.xcdatamodeld
[74/86] Copying UAMeteredUsage.xcdatamodeld
[75/86] Copying UARemoteDataMappingV1toV4.xcmappingmodel
[76/86] Copying UAAutomation.xcdatamodeld
[77/86] Copying PrivacyInfo.xcprivacy
[77/86] Copying UAEvents.xcdatamodeld
[79/86] Write sources
[85/86] Write swift-version-272D24FF697CF451.txt
error: emit-module command failed with exit code 1 (use -v to see invocation)
[87/129] Emitting module AirshipBasement
/host/spi-builder-workspace/Airship/AirshipBasement/Source/AirshipLogPrivacyLevel.swift:4:8: error: no such module 'os'
2 |
3 | import Foundation
4 | import os
| `- error: no such module 'os'
5 |
6 | /// Represents the possible log privacy level.
[88/133] Compiling AirshipBasement AirshipLogHandler.swift
/host/spi-builder-workspace/Airship/AirshipBasement/Source/AirshipLogPrivacyLevel.swift:4:8: error: no such module 'os'
2 |
3 | import Foundation
4 | import os
| `- error: no such module 'os'
5 |
6 | /// Represents the possible log privacy level.
[89/133] Compiling AirshipBasement AirshipLogPrivacyLevel.swift
/host/spi-builder-workspace/Airship/AirshipBasement/Source/AirshipLogPrivacyLevel.swift:4:8: error: no such module 'os'
2 |
3 | import Foundation
4 | import os
| `- error: no such module 'os'
5 |
6 | /// Represents the possible log privacy level.
[90/133] Compiling AirshipBasement AirshipLogger.swift
/host/spi-builder-workspace/Airship/AirshipBasement/Source/AirshipLogPrivacyLevel.swift:4:8: error: no such module 'os'
2 |
3 | import Foundation
4 | import os
| `- error: no such module 'os'
5 |
6 | /// Represents the possible log privacy level.
[91/133] Compiling AirshipBasement AppStateTracker.swift
/host/spi-builder-workspace/Airship/AirshipBasement/Source/AirshipLogPrivacyLevel.swift:4:8: error: no such module 'os'
2 |
3 | import Foundation
4 | import os
| `- error: no such module 'os'
5 |
6 | /// Represents the possible log privacy level.
[92/133] Compiling AirshipBasement AppStateTrackerAdapter.swift
/host/spi-builder-workspace/Airship/AirshipBasement/Source/AirshipLogPrivacyLevel.swift:4:8: error: no such module 'os'
2 |
3 | import Foundation
4 | import os
| `- error: no such module 'os'
5 |
6 | /// Represents the possible log privacy level.
[93/133] Compiling AirshipBasement AirshipActorValue.swift
/host/spi-builder-workspace/Airship/AirshipBasement/Source/AirshipLogPrivacyLevel.swift:4:8: error: no such module 'os'
2 |
3 | import Foundation
4 | import os
| `- error: no such module 'os'
5 |
6 | /// Represents the possible log privacy level.
[94/133] Compiling AirshipBasement AirshipAtomicValue.swift
/host/spi-builder-workspace/Airship/AirshipBasement/Source/AirshipLogPrivacyLevel.swift:4:8: error: no such module 'os'
2 |
3 | import Foundation
4 | import os
| `- error: no such module 'os'
5 |
6 | /// Represents the possible log privacy level.
[95/133] Compiling AirshipBasement AirshipCancellable.swift
/host/spi-builder-workspace/Airship/AirshipBasement/Source/AirshipLogPrivacyLevel.swift:4:8: error: no such module 'os'
2 |
3 | import Foundation
4 | import os
| `- error: no such module 'os'
5 |
6 | /// Represents the possible log privacy level.
[96/133] Compiling AirshipBasement AirshipColor.swift
/host/spi-builder-workspace/Airship/AirshipBasement/Source/AirshipLogPrivacyLevel.swift:4:8: error: no such module 'os'
2 |
3 | import Foundation
4 | import os
| `- error: no such module 'os'
5 |
6 | /// Represents the possible log privacy level.
[97/133] Compiling AirshipBasement AirshipDate.swift
/host/spi-builder-workspace/Airship/AirshipBasement/Source/AirshipLogPrivacyLevel.swift:4:8: error: no such module 'os'
2 |
3 | import Foundation
4 | import os
| `- error: no such module 'os'
5 |
6 | /// Represents the possible log privacy level.
[98/133] Compiling AirshipBasement AirshipObservableTimer.swift
/host/spi-builder-workspace/Airship/AirshipBasement/Source/AirshipLogPrivacyLevel.swift:4:8: error: no such module 'os'
2 |
3 | import Foundation
4 | import os
| `- error: no such module 'os'
5 |
6 | /// Represents the possible log privacy level.
[99/133] Compiling AirshipBasement AirshipTaskSleeper.swift
/host/spi-builder-workspace/Airship/AirshipBasement/Source/AirshipLogPrivacyLevel.swift:4:8: error: no such module 'os'
2 |
3 | import Foundation
4 | import os
| `- error: no such module 'os'
5 |
6 | /// Represents the possible log privacy level.
[100/133] Compiling AirshipBasement AirshipTimerProtocol.swift
/host/spi-builder-workspace/Airship/AirshipBasement/Source/AirshipLogPrivacyLevel.swift:4:8: error: no such module 'os'
2 |
3 | import Foundation
4 | import os
| `- error: no such module 'os'
5 |
6 | /// Represents the possible log privacy level.
[101/133] Compiling AirshipBasement AirshipVersionUtils.swift
/host/spi-builder-workspace/Airship/AirshipBasement/Source/AirshipLogPrivacyLevel.swift:4:8: error: no such module 'os'
2 |
3 | import Foundation
4 | import os
| `- error: no such module 'os'
5 |
6 | /// Represents the possible log privacy level.
[102/133] Compiling AirshipNotificationServiceExtension UANotificationServiceExtension.swift
/host/spi-builder-workspace/AirshipExtensions/AirshipNotificationServiceExtension/Source/AirshipExtensionLogger.swift:4:8: error: no such module 'os'
2 |
3 | import Foundation
4 | import os
| `- error: no such module 'os'
5 |
6 | /// Represents the possible log levels.
[103/133] Compiling AirshipBasement ActionArguments.swift
/host/spi-builder-workspace/Airship/AirshipBasement/Source/AirshipLogPrivacyLevel.swift:4:8: error: no such module 'os'
2 |
3 | import Foundation
4 | import os
| `- error: no such module 'os'
5 |
6 | /// Represents the possible log privacy level.
[104/133] Compiling AirshipBasement ActionResult.swift
/host/spi-builder-workspace/Airship/AirshipBasement/Source/AirshipLogPrivacyLevel.swift:4:8: error: no such module 'os'
2 |
3 | import Foundation
4 | import os
| `- error: no such module 'os'
5 |
6 | /// Represents the possible log privacy level.
[105/133] Compiling AirshipBasement AirshipAction.swift
/host/spi-builder-workspace/Airship/AirshipBasement/Source/AirshipLogPrivacyLevel.swift:4:8: error: no such module 'os'
2 |
3 | import Foundation
4 | import os
| `- error: no such module 'os'
5 |
6 | /// Represents the possible log privacy level.
[106/133] Compiling AirshipBasement AirshipErrors.swift
/host/spi-builder-workspace/Airship/AirshipBasement/Source/AirshipLogPrivacyLevel.swift:4:8: error: no such module 'os'
2 |
3 | import Foundation
4 | import os
| `- error: no such module 'os'
5 |
6 | /// Represents the possible log privacy level.
[107/133] Compiling AirshipBasement AirshipEventType.swift
/host/spi-builder-workspace/Airship/AirshipBasement/Source/AirshipLogPrivacyLevel.swift:4:8: error: no such module 'os'
2 |
3 | import Foundation
4 | import os
| `- error: no such module 'os'
5 |
6 | /// Represents the possible log privacy level.
[108/133] Compiling AirshipNotificationServiceExtension AirshipNotificationMutationProvider.swift
/host/spi-builder-workspace/AirshipExtensions/AirshipNotificationServiceExtension/Source/AirshipExtensionLogger.swift:4:8: error: no such module 'os'
2 |
3 | import Foundation
4 | import os
| `- error: no such module 'os'
5 |
6 | /// Represents the possible log levels.
[109/133] Compiling AirshipNotificationServiceExtension ChallengeResolver.swift
/host/spi-builder-workspace/AirshipExtensions/AirshipNotificationServiceExtension/Source/AirshipExtensionLogger.swift:4:8: error: no such module 'os'
2 |
3 | import Foundation
4 | import os
| `- error: no such module 'os'
5 |
6 | /// Represents the possible log levels.
[110/133] Compiling AirshipNotificationServiceExtension MediaAttachmentPayload.swift
/host/spi-builder-workspace/AirshipExtensions/AirshipNotificationServiceExtension/Source/AirshipExtensionLogger.swift:4:8: error: no such module 'os'
2 |
3 | import Foundation
4 | import os
| `- error: no such module 'os'
5 |
6 | /// Represents the possible log levels.
[111/133] Compiling AirshipBasement AirshipDateFormatter.swift
/host/spi-builder-workspace/Airship/AirshipBasement/Source/AirshipLogPrivacyLevel.swift:4:8: error: no such module 'os'
2 |
3 | import Foundation
4 | import os
| `- error: no such module 'os'
5 |
6 | /// Represents the possible log privacy level.
[112/133] Compiling AirshipBasement AirshipFont.swift
/host/spi-builder-workspace/Airship/AirshipBasement/Source/AirshipLogPrivacyLevel.swift:4:8: error: no such module 'os'
2 |
3 | import Foundation
4 | import os
| `- error: no such module 'os'
5 |
6 | /// Represents the possible log privacy level.
[113/133] Compiling AirshipBasement AirshipInputValidator.swift
/host/spi-builder-workspace/Airship/AirshipBasement/Source/AirshipLogPrivacyLevel.swift:4:8: error: no such module 'os'
2 |
3 | import Foundation
4 | import os
| `- error: no such module 'os'
5 |
6 | /// Represents the possible log privacy level.
[114/133] Compiling AirshipBasement AirshipLock.swift
/host/spi-builder-workspace/Airship/AirshipBasement/Source/AirshipLogPrivacyLevel.swift:4:8: error: no such module 'os'
2 |
3 | import Foundation
4 | import os
| `- error: no such module 'os'
5 |
6 | /// Represents the possible log privacy level.
[115/133] Compiling AirshipBasement AirshipNativePlatform.swift
/host/spi-builder-workspace/Airship/AirshipBasement/Source/AirshipLogPrivacyLevel.swift:4:8: error: no such module 'os'
2 |
3 | import Foundation
4 | import os
| `- error: no such module 'os'
5 |
6 | /// Represents the possible log privacy level.
[116/133] Compiling AirshipBasement ApplicationState.swift
/host/spi-builder-workspace/Airship/AirshipBasement/Source/AirshipLogPrivacyLevel.swift:4:8: error: no such module 'os'
2 |
3 | import Foundation
4 | import os
| `- error: no such module 'os'
5 |
6 | /// Represents the possible log privacy level.
[117/133] Compiling AirshipBasement DefaultLogHandler.swift
/host/spi-builder-workspace/Airship/AirshipBasement/Source/AirshipLogPrivacyLevel.swift:4:8: error: no such module 'os'
2 |
3 | import Foundation
4 | import os
| `- error: no such module 'os'
5 |
6 | /// Represents the possible log privacy level.
[118/133] Compiling AirshipBasement AirshipJSON.swift
/host/spi-builder-workspace/Airship/AirshipBasement/Source/AirshipLogPrivacyLevel.swift:4:8: error: no such module 'os'
2 |
3 | import Foundation
4 | import os
| `- error: no such module 'os'
5 |
6 | /// Represents the possible log privacy level.
[119/133] Compiling AirshipBasement AirshipJSONSchema.swift
/host/spi-builder-workspace/Airship/AirshipBasement/Source/AirshipLogPrivacyLevel.swift:4:8: error: no such module 'os'
2 |
3 | import Foundation
4 | import os
| `- error: no such module 'os'
5 |
6 | /// Represents the possible log privacy level.
[120/133] Compiling AirshipBasement AirshipIvyVersionMatcher.swift
/host/spi-builder-workspace/Airship/AirshipBasement/Source/AirshipLogPrivacyLevel.swift:4:8: error: no such module 'os'
2 |
3 | import Foundation
4 | import os
| `- error: no such module 'os'
5 |
6 | /// Represents the possible log privacy level.
[121/133] Compiling AirshipBasement AirshipColorExtensions.swift
/host/spi-builder-workspace/Airship/AirshipBasement/Source/AirshipLogPrivacyLevel.swift:4:8: error: no such module 'os'
2 |
3 | import Foundation
4 | import os
| `- error: no such module 'os'
5 |
6 | /// Represents the possible log privacy level.
[122/133] Compiling AirshipBasement AirshipImageData.swift
/host/spi-builder-workspace/Airship/AirshipBasement/Source/AirshipLogPrivacyLevel.swift:4:8: error: no such module 'os'
2 |
3 | import Foundation
4 | import os
| `- error: no such module 'os'
5 |
6 | /// Represents the possible log privacy level.
[123/133] Compiling AirshipBasement AirshipImageLoader.swift
/host/spi-builder-workspace/Airship/AirshipBasement/Source/AirshipLogPrivacyLevel.swift:4:8: error: no such module 'os'
2 |
3 | import Foundation
4 | import os
| `- error: no such module 'os'
5 |
6 | /// Represents the possible log privacy level.
[124/133] Compiling AirshipBasement AirshipImageProvider.swift
/host/spi-builder-workspace/Airship/AirshipBasement/Source/AirshipLogPrivacyLevel.swift:4:8: error: no such module 'os'
2 |
3 | import Foundation
4 | import os
| `- error: no such module 'os'
5 |
6 | /// Represents the possible log privacy level.
[125/133] Compiling AirshipBasement AirshipViewExtensions.swift
/host/spi-builder-workspace/Airship/AirshipBasement/Source/AirshipLogPrivacyLevel.swift:4:8: error: no such module 'os'
2 |
3 | import Foundation
4 | import os
| `- error: no such module 'os'
5 |
6 | /// Represents the possible log privacy level.
error: emit-module command failed with exit code 1 (use -v to see invocation)
[126/133] Emitting module AirshipNotificationServiceExtension
/host/spi-builder-workspace/AirshipExtensions/AirshipNotificationServiceExtension/Source/AirshipExtensionLogger.swift:4:8: error: no such module 'os'
2 |
3 | import Foundation
4 | import os
| `- error: no such module 'os'
5 |
6 | /// Represents the possible log levels.
[127/133] Compiling AirshipNotificationServiceExtension AirshipExtensionConfig.swift
/host/spi-builder-workspace/AirshipExtensions/AirshipNotificationServiceExtension/Source/AirshipExtensionLogger.swift:4:8: error: no such module 'os'
2 |
3 | import Foundation
4 | import os
| `- error: no such module 'os'
5 |
6 | /// Represents the possible log levels.
[128/133] Compiling AirshipNotificationServiceExtension AirshipExtensionLogger.swift
/host/spi-builder-workspace/AirshipExtensions/AirshipNotificationServiceExtension/Source/AirshipExtensionLogger.swift:4:8: error: no such module 'os'
2 |
3 | import Foundation
4 | import os
| `- error: no such module 'os'
5 |
6 | /// Represents the possible log levels.
/host/spi-builder-workspace/Airship/AirshipBasement/Source/AirshipLogPrivacyLevel.swift:4:8: error: no such module 'os'
2 |
3 | import Foundation
4 | import os
| `- error: no such module 'os'
5 |
6 | /// Represents the possible log privacy level.
BUILD FAILURE 6.3 android