Build Information
Failed to build DSFQuickActionBar, reference main (7be7b3), with Swift 6.4 for watchOS using Xcode 27.0 on 21 Sep 2026 00:23:27 UTC.
Build Command
env DEVELOPER_DIR=/Applications/Xcode-27.0.0-Release.Candidate.app xcrun xcodebuild -IDEClonedSourcePackagesDirPathOverride=$PWD/.dependencies -skipMacroValidation -skipPackagePluginValidation -derivedDataPath $PWD/.derivedData build -scheme DSFQuickActionBar-Package -destination generic/platform=watchOSBuild Log
========================================
RunAll
========================================
Builder version: 5.1.0
Interrupt handler set up.
========================================
Checkout
========================================
Clone URL: https://github.com/dagronf/DSFQuickActionBar.git
Reference: main
Initialized empty Git repository in /Users/admin/builder/spi-builder-workspace/.git/
From https://github.com/dagronf/DSFQuickActionBar
* branch main -> FETCH_HEAD
* [new branch] main -> origin/main
HEAD is now at 7be7b3b Update dependencies
Cloned https://github.com/dagronf/DSFQuickActionBar.git
Revision (git rev-parse @):
7be7b3bd2cebb19ee119ba1f972ecce581de5aeb
SUCCESS checkout https://github.com/dagronf/DSFQuickActionBar.git at main
========================================
Build
========================================
Selected platform: watchOS
Swift version: 6.4
Building package at path: $PWD
https://github.com/dagronf/DSFQuickActionBar.git
Command line invocation:
/Applications/Xcode-27.0.0-Release.Candidate.app/Contents/Developer/usr/bin/xcodebuild -IDEClonedSourcePackagesDirPathOverride=/Users/admin/builder/spi-builder-workspace/.dependencies -resolvePackageDependencies
Resolve Package Graph
Fetching from https://github.com/dagronf/DSFAppearanceManager
Creating working copy of package ‘DSFAppearanceManager’
Checking out 3.5.1 of package ‘DSFAppearanceManager’
Resolve Package Graph
Resolved source packages:
DSFAppearanceManager: https://github.com/dagronf/DSFAppearanceManager @ 3.5.1
DSFQuickActionBar: /Users/admin/builder/spi-builder-workspace
resolved source packages: DSFAppearanceManager, DSFQuickActionBar
2026-09-20 20:22:34.459 xcodebuild[525:2995] [MT] IDERunDestination: Supported platforms for the buildables in the current scheme is empty.
{
"dependencies" : [
{
"identity" : "dsfappearancemanager",
"requirement" : {
"range" : [
{
"lower_bound" : "3.5.0",
"upper_bound" : "3.6.0"
}
]
},
"type" : "sourceControl",
"url" : "https://github.com/dagronf/DSFAppearanceManager"
}
],
"manifest_display_name" : "DSFQuickActionBar",
"name" : "DSFQuickActionBar",
"path" : "/Users/admin/builder/spi-builder-workspace",
"platforms" : [
{
"name" : "macos",
"version" : "10.13"
}
],
"products" : [
{
"name" : "DSFQuickActionBar",
"targets" : [
"DSFQuickActionBar"
],
"type" : {
"library" : [
"automatic"
]
}
},
{
"name" : "DSFQuickActionBar-static",
"targets" : [
"DSFQuickActionBar"
],
"type" : {
"library" : [
"static"
]
}
},
{
"name" : "DSFQuickActionBar-shared",
"targets" : [
"DSFQuickActionBar"
],
"type" : {
"library" : [
"dynamic"
]
}
}
],
"targets" : [
{
"c99name" : "DSFQuickActionBarTests",
"module_type" : "SwiftTarget",
"name" : "DSFQuickActionBarTests",
"path" : "Tests/DSFQuickActionBarTests",
"sources" : [
"DSFQuickActionBarTests.swift"
],
"target_dependencies" : [
"DSFQuickActionBar"
],
"type" : "test"
},
{
"c99name" : "DSFQuickActionBar",
"module_type" : "SwiftTarget",
"name" : "DSFQuickActionBar",
"path" : "Sources/DSFQuickActionBar",
"product_dependencies" : [
"DSFAppearanceManager"
],
"product_memberships" : [
"DSFQuickActionBar",
"DSFQuickActionBar-static",
"DSFQuickActionBar-shared"
],
"resources" : [
{
"path" : "/Users/admin/builder/spi-builder-workspace/Sources/DSFQuickActionBar/PrivacyInfo.xcprivacy",
"rule" : {
"copy" : {
}
}
}
],
"sources" : [
"DSFQuickActionBar+Delegate.swift",
"DSFQuickActionBar+SearchTask.swift",
"DSFQuickActionBar.swift",
"QuickActionBar.swift",
"private/DSFQuickActionBar+DefaultImage.swift",
"private/DSFQuickActionBar+ResultsView.swift",
"private/DSFQuickActionBar+Window.swift",
"private/util/DSFDebounce.swift",
"private/util/DSFDelayedIndeterminiteRadialProgressIndicator.swift",
"private/util/DSFFlippedClipView.swift",
"private/util/DSFPrimaryRoundedView.swift",
"private/util/DSFSingleShotTimer.swift",
"private/util/DSFTextField.swift",
"private/util/EphemeralWindow.swift",
"private/util/MainThread+extensions.swift",
"private/util/NSImage+extensions.swift",
"private/util/NSImage+scaling.swift",
"private/util/NSLock+extensions.swift",
"private/util/NSScroller+extensions.swift",
"private/util/NSTextField+extensions.swift"
],
"type" : "library"
}
],
"tools_version" : "5.4"
}
{
"workspace" : {
"name" : "DSFQuickActionBar",
"schemes" : [
"DSFQuickActionBar",
"DSFQuickActionBar-Package",
"DSFQuickActionBar-shared",
"DSFQuickActionBar-static"
]
}
}
2026-09-20 20:23:15.838 xcodebuild[711:4409] [MT] IDERunDestination: Supported platforms for the buildables in the current scheme is empty.
Running build ...
env DEVELOPER_DIR=/Applications/Xcode-27.0.0-Release.Candidate.app xcrun xcodebuild -IDEClonedSourcePackagesDirPathOverride=$PWD/.dependencies -skipMacroValidation -skipPackagePluginValidation -derivedDataPath $PWD/.derivedData build -scheme DSFQuickActionBar-Package -destination generic/platform=watchOS
Command line invocation:
/Applications/Xcode-27.0.0-Release.Candidate.app/Contents/Developer/usr/bin/xcodebuild -IDEClonedSourcePackagesDirPathOverride=/Users/admin/builder/spi-builder-workspace/.dependencies -skipMacroValidation -skipPackagePluginValidation -derivedDataPath /Users/admin/builder/spi-builder-workspace/.derivedData build -scheme DSFQuickActionBar-Package -destination generic/platform=watchOS
Resolve Package Graph
Resolve Package Graph
Resolved source packages:
DSFQuickActionBar: /Users/admin/builder/spi-builder-workspace
DSFAppearanceManager: https://github.com/dagronf/DSFAppearanceManager @ 3.5.1
ComputePackagePrebuildTargetDependencyGraph
Prepare packages
CreateBuildRequest
SendProjectDescription
CreateBuildOperation
ComputeTargetDependencyGraph
note: Building targets in dependency order
note: Target dependency graph (7 targets)
Target 'DSFQuickActionBar-shared-product' in project 'DSFQuickActionBar'
➜ Explicit dependency on target 'DSFQuickActionBar' in project 'DSFQuickActionBar'
➜ Explicit dependency on target 'DSFQuickActionBar_DSFQuickActionBar' in project 'DSFQuickActionBar'
➜ Explicit dependency on target 'DSFAppearanceManager-product' in project 'DSFAppearanceManager'
Target 'DSFQuickActionBar-static-product' in project 'DSFQuickActionBar'
➜ Explicit dependency on target 'DSFQuickActionBar' in project 'DSFQuickActionBar'
➜ Explicit dependency on target 'DSFQuickActionBar_DSFQuickActionBar' in project 'DSFQuickActionBar'
➜ Explicit dependency on target 'DSFAppearanceManager-product' in project 'DSFAppearanceManager'
Target 'DSFQuickActionBar-product' in project 'DSFQuickActionBar'
➜ Explicit dependency on target 'DSFQuickActionBar' in project 'DSFQuickActionBar'
➜ Explicit dependency on target 'DSFQuickActionBar_DSFQuickActionBar' in project 'DSFQuickActionBar'
➜ Explicit dependency on target 'DSFAppearanceManager-product' in project 'DSFAppearanceManager'
Target 'DSFQuickActionBar' in project 'DSFQuickActionBar'
➜ Explicit dependency on target 'DSFQuickActionBar_DSFQuickActionBar' in project 'DSFQuickActionBar'
➜ Explicit dependency on target 'DSFAppearanceManager-product' in project 'DSFAppearanceManager'
Target 'DSFAppearanceManager-product' in project 'DSFAppearanceManager'
➜ Explicit dependency on target 'DSFAppearanceManager' in project 'DSFAppearanceManager'
Target 'DSFAppearanceManager' in project 'DSFAppearanceManager' (no dependencies)
Target 'DSFQuickActionBar_DSFQuickActionBar' in project 'DSFQuickActionBar' (no dependencies)
GatherProvisioningInputs
CreateBuildDescription
ExecuteExternalTool /Applications/Xcode-27.0.0-Release.Candidate.app/Contents/Developer/Toolchains/XcodeDefault.xctoolchain/usr/bin/swiftc --version
ExecuteExternalTool /Applications/Xcode-27.0.0-Release.Candidate.app/Contents/Developer/Toolchains/XcodeDefault.xctoolchain/usr/bin/clang -v -E -dM -isysroot /Applications/Xcode-27.0.0-Release.Candidate.app/Contents/Developer/Platforms/WatchOS.platform/Developer/SDKs/WatchOS27.0.sdk -x c -c /dev/null
ExecuteExternalTool /Applications/Xcode-27.0.0-Release.Candidate.app/Contents/Developer/Toolchains/XcodeDefault.xctoolchain/usr/bin/ld -version_details
Build description signature: af0f90bf08443f29883c80e7b7fca4ba
Build description path: /Users/admin/builder/spi-builder-workspace/.derivedData/Build/Intermediates.noindex/XCBuildData/af0f90bf08443f29883c80e7b7fca4ba.xcbuilddata
CreateBuildDirectory /Users/admin/builder/spi-builder-workspace/.derivedData/SDKExplicitPrecompiledModules
cd /Users/admin/builder/spi-builder-workspace/.swiftpm/xcode
builtin-create-build-directory /Users/admin/builder/spi-builder-workspace/.derivedData/SDKExplicitPrecompiledModules
CreateBuildDirectory /Users/admin/builder/spi-builder-workspace/.derivedData/CompilationCache.noindex
cd /Users/admin/builder/spi-builder-workspace/.swiftpm/xcode
builtin-create-build-directory /Users/admin/builder/spi-builder-workspace/.derivedData/CompilationCache.noindex
CreateBuildDirectory /Users/admin/builder/spi-builder-workspace/.derivedData/ModuleCache.noindex
cd /Users/admin/builder/spi-builder-workspace/.swiftpm/xcode
builtin-create-build-directory /Users/admin/builder/spi-builder-workspace/.derivedData/ModuleCache.noindex
ClangStatCache /Applications/Xcode-27.0.0-Release.Candidate.app/Contents/Developer/Toolchains/XcodeDefault.xctoolchain/usr/bin/clang-stat-cache /Applications/Xcode-27.0.0-Release.Candidate.app/Contents/Developer/Platforms/WatchOS.platform/Developer/SDKs/WatchOS27.0.sdk /Users/admin/builder/spi-builder-workspace/.derivedData/SDKStatCaches.noindex/watchos27.0-24R360-e829b21a6f8c9b70876ba0858053c04477534ef55a1706bf4c1112bbb242f0a2.sdkstatcache
cd /Users/admin/builder/spi-builder-workspace/.swiftpm/xcode
/Applications/Xcode-27.0.0-Release.Candidate.app/Contents/Developer/Toolchains/XcodeDefault.xctoolchain/usr/bin/clang-stat-cache /Applications/Xcode-27.0.0-Release.Candidate.app/Contents/Developer/Platforms/WatchOS.platform/Developer/SDKs/WatchOS27.0.sdk -o /Users/admin/builder/spi-builder-workspace/.derivedData/SDKStatCaches.noindex/watchos27.0-24R360-e829b21a6f8c9b70876ba0858053c04477534ef55a1706bf4c1112bbb242f0a2.sdkstatcache
CreateBuildDirectory /Users/admin/builder/spi-builder-workspace/.derivedData/Build/Products
cd /Users/admin/builder/spi-builder-workspace/.swiftpm/xcode
builtin-create-build-directory /Users/admin/builder/spi-builder-workspace/.derivedData/Build/Products
CreateBuildDirectory /Users/admin/builder/spi-builder-workspace/.derivedData/Build/Intermediates.noindex
cd /Users/admin/builder/spi-builder-workspace/.swiftpm/xcode
builtin-create-build-directory /Users/admin/builder/spi-builder-workspace/.derivedData/Build/Intermediates.noindex
CreateBuildDirectory /Users/admin/builder/spi-builder-workspace/.derivedData/Build/Intermediates.noindex/SwiftExplicitPrecompiledModules
cd /Users/admin/builder/spi-builder-workspace/.swiftpm/xcode
builtin-create-build-directory /Users/admin/builder/spi-builder-workspace/.derivedData/Build/Intermediates.noindex/SwiftExplicitPrecompiledModules
CreateBuildDirectory /Users/admin/builder/spi-builder-workspace/.derivedData/Build/Intermediates.noindex/PrecompiledHeaders
cd /Users/admin/builder/spi-builder-workspace/.swiftpm/xcode
builtin-create-build-directory /Users/admin/builder/spi-builder-workspace/.derivedData/Build/Intermediates.noindex/PrecompiledHeaders
CreateBuildDirectory /Users/admin/builder/spi-builder-workspace/.derivedData/Build/Intermediates.noindex/ExplicitPrecompiledModules
cd /Users/admin/builder/spi-builder-workspace/.swiftpm/xcode
builtin-create-build-directory /Users/admin/builder/spi-builder-workspace/.derivedData/Build/Intermediates.noindex/ExplicitPrecompiledModules
CreateBuildDirectory /Users/admin/builder/spi-builder-workspace/.derivedData/Build/Intermediates.noindex/EagerLinkingTBDs/Debug-watchos
cd /Users/admin/builder/spi-builder-workspace/.swiftpm/xcode
builtin-create-build-directory /Users/admin/builder/spi-builder-workspace/.derivedData/Build/Intermediates.noindex/EagerLinkingTBDs/Debug-watchos
CreateBuildDirectory /Users/admin/builder/spi-builder-workspace/.derivedData/Build/Products/Debug-watchos
cd /Users/admin/builder/spi-builder-workspace/.swiftpm/xcode
builtin-create-build-directory /Users/admin/builder/spi-builder-workspace/.derivedData/Build/Products/Debug-watchos
CreateBuildDirectory /Users/admin/builder/spi-builder-workspace/.derivedData/Build/Products/Debug-watchos/PackageFrameworks
cd /Users/admin/builder/spi-builder-workspace/.swiftpm/xcode
builtin-create-build-directory /Users/admin/builder/spi-builder-workspace/.derivedData/Build/Products/Debug-watchos/PackageFrameworks
WriteAuxiliaryFile /Users/admin/builder/spi-builder-workspace/.derivedData/Build/Intermediates.noindex/DSFQuickActionBar.build/Debug-watchos/DSFQuickActionBar-shared-product-t.build/DSFQuickActionBar-shared.DependencyStaticMetadataFileList (in target 'DSFQuickActionBar-shared-product' from project 'DSFQuickActionBar')
cd /Users/admin/builder/spi-builder-workspace
write-file /Users/admin/builder/spi-builder-workspace/.derivedData/Build/Intermediates.noindex/DSFQuickActionBar.build/Debug-watchos/DSFQuickActionBar-shared-product-t.build/DSFQuickActionBar-shared.DependencyStaticMetadataFileList
WriteAuxiliaryFile /Users/admin/builder/spi-builder-workspace/.derivedData/Build/Intermediates.noindex/DSFQuickActionBar.build/Debug-watchos/DSFQuickActionBar_DSFQuickActionBar-b.build/empty-DSFQuickActionBar_DSFQuickActionBar.plist (in target 'DSFQuickActionBar_DSFQuickActionBar' from project 'DSFQuickActionBar')
cd /Users/admin/builder/spi-builder-workspace
write-file /Users/admin/builder/spi-builder-workspace/.derivedData/Build/Intermediates.noindex/DSFQuickActionBar.build/Debug-watchos/DSFQuickActionBar_DSFQuickActionBar-b.build/empty-DSFQuickActionBar_DSFQuickActionBar.plist
WriteAuxiliaryFile /Users/admin/builder/spi-builder-workspace/.derivedData/Build/Intermediates.noindex/DSFQuickActionBar.build/Debug-watchos/DSFQuickActionBar_DSFQuickActionBar-b.build/DSFQuickActionBar_DSFQuickActionBar.DependencyStaticMetadataFileList (in target 'DSFQuickActionBar_DSFQuickActionBar' from project 'DSFQuickActionBar')
cd /Users/admin/builder/spi-builder-workspace
write-file /Users/admin/builder/spi-builder-workspace/.derivedData/Build/Intermediates.noindex/DSFQuickActionBar.build/Debug-watchos/DSFQuickActionBar_DSFQuickActionBar-b.build/DSFQuickActionBar_DSFQuickActionBar.DependencyStaticMetadataFileList
WriteAuxiliaryFile /Users/admin/builder/spi-builder-workspace/.derivedData/Build/Intermediates.noindex/DSFQuickActionBar.build/Debug-watchos/DSFQuickActionBar-shared-product-t.build/empty-DSFQuickActionBar-shared.plist (in target 'DSFQuickActionBar-shared-product' from project 'DSFQuickActionBar')
cd /Users/admin/builder/spi-builder-workspace
write-file /Users/admin/builder/spi-builder-workspace/.derivedData/Build/Intermediates.noindex/DSFQuickActionBar.build/Debug-watchos/DSFQuickActionBar-shared-product-t.build/empty-DSFQuickActionBar-shared.plist
WriteAuxiliaryFile /Users/admin/builder/spi-builder-workspace/.derivedData/Build/Intermediates.noindex/DSFQuickActionBar.build/Debug-watchos/DSFQuickActionBar_DSFQuickActionBar-b.build/DSFQuickActionBar_DSFQuickActionBar.DependencyMetadataFileList (in target 'DSFQuickActionBar_DSFQuickActionBar' from project 'DSFQuickActionBar')
cd /Users/admin/builder/spi-builder-workspace
write-file /Users/admin/builder/spi-builder-workspace/.derivedData/Build/Intermediates.noindex/DSFQuickActionBar.build/Debug-watchos/DSFQuickActionBar_DSFQuickActionBar-b.build/DSFQuickActionBar_DSFQuickActionBar.DependencyMetadataFileList
WriteAuxiliaryFile /Users/admin/builder/spi-builder-workspace/.derivedData/Build/Intermediates.noindex/DSFQuickActionBar.build/Debug-watchos/DSFQuickActionBar-shared-product-t.build/DSFQuickActionBar-shared.DependencyMetadataFileList (in target 'DSFQuickActionBar-shared-product' from project 'DSFQuickActionBar')
cd /Users/admin/builder/spi-builder-workspace
write-file /Users/admin/builder/spi-builder-workspace/.derivedData/Build/Intermediates.noindex/DSFQuickActionBar.build/Debug-watchos/DSFQuickActionBar-shared-product-t.build/DSFQuickActionBar-shared.DependencyMetadataFileList
WriteAuxiliaryFile /Users/admin/builder/spi-builder-workspace/.derivedData/Build/Intermediates.noindex/DSFQuickActionBar.build/Debug-watchos/DSFQuickActionBar-shared-product-t.build/Objects-normal/arm64/DSFQuickActionBar-shared.LinkFileList (in target 'DSFQuickActionBar-shared-product' from project 'DSFQuickActionBar')
cd /Users/admin/builder/spi-builder-workspace
write-file /Users/admin/builder/spi-builder-workspace/.derivedData/Build/Intermediates.noindex/DSFQuickActionBar.build/Debug-watchos/DSFQuickActionBar-shared-product-t.build/Objects-normal/arm64/DSFQuickActionBar-shared.LinkFileList
WriteAuxiliaryFile /Users/admin/builder/spi-builder-workspace/.derivedData/Build/Intermediates.noindex/DSFQuickActionBar.build/Debug-watchos/DSFQuickActionBar-shared-product-t.build/Objects-normal/arm64_32/DSFQuickActionBar-shared.LinkFileList (in target 'DSFQuickActionBar-shared-product' from project 'DSFQuickActionBar')
cd /Users/admin/builder/spi-builder-workspace
write-file /Users/admin/builder/spi-builder-workspace/.derivedData/Build/Intermediates.noindex/DSFQuickActionBar.build/Debug-watchos/DSFQuickActionBar-shared-product-t.build/Objects-normal/arm64_32/DSFQuickActionBar-shared.LinkFileList
WriteAuxiliaryFile /Users/admin/builder/spi-builder-workspace/.derivedData/Build/Intermediates.noindex/DSFQuickActionBar.build/Debug-watchos/DSFQuickActionBar-t.build/Objects-normal/arm64_32/DSFQuickActionBar_const_extract_protocols.json (in target 'DSFQuickActionBar' from project 'DSFQuickActionBar')
cd /Users/admin/builder/spi-builder-workspace
write-file /Users/admin/builder/spi-builder-workspace/.derivedData/Build/Intermediates.noindex/DSFQuickActionBar.build/Debug-watchos/DSFQuickActionBar-t.build/Objects-normal/arm64_32/DSFQuickActionBar_const_extract_protocols.json
WriteAuxiliaryFile /Users/admin/builder/spi-builder-workspace/.derivedData/Build/Intermediates.noindex/DSFQuickActionBar.build/Debug-watchos/DSFQuickActionBar-t.build/Objects-normal/arm64_32/DSFQuickActionBar.SwiftConstValuesFileList (in target 'DSFQuickActionBar' from project 'DSFQuickActionBar')
cd /Users/admin/builder/spi-builder-workspace
write-file /Users/admin/builder/spi-builder-workspace/.derivedData/Build/Intermediates.noindex/DSFQuickActionBar.build/Debug-watchos/DSFQuickActionBar-t.build/Objects-normal/arm64_32/DSFQuickActionBar.SwiftConstValuesFileList
WriteAuxiliaryFile /Users/admin/builder/spi-builder-workspace/.derivedData/Build/Intermediates.noindex/DSFQuickActionBar.build/Debug-watchos/DSFQuickActionBar-t.build/Objects-normal/arm64_32/DSFQuickActionBar.SwiftFileList (in target 'DSFQuickActionBar' from project 'DSFQuickActionBar')
cd /Users/admin/builder/spi-builder-workspace
write-file /Users/admin/builder/spi-builder-workspace/.derivedData/Build/Intermediates.noindex/DSFQuickActionBar.build/Debug-watchos/DSFQuickActionBar-t.build/Objects-normal/arm64_32/DSFQuickActionBar.SwiftFileList
WriteAuxiliaryFile /Users/admin/builder/spi-builder-workspace/.derivedData/Build/Intermediates.noindex/DSFQuickActionBar.build/Debug-watchos/DSFQuickActionBar-t.build/Objects-normal/arm64_32/DSFQuickActionBar.LinkFileList (in target 'DSFQuickActionBar' from project 'DSFQuickActionBar')
cd /Users/admin/builder/spi-builder-workspace
write-file /Users/admin/builder/spi-builder-workspace/.derivedData/Build/Intermediates.noindex/DSFQuickActionBar.build/Debug-watchos/DSFQuickActionBar-t.build/Objects-normal/arm64_32/DSFQuickActionBar.LinkFileList
WriteAuxiliaryFile /Users/admin/builder/spi-builder-workspace/.derivedData/Build/Intermediates.noindex/DSFQuickActionBar.build/Debug-watchos/DSFQuickActionBar-t.build/Objects-normal/arm64_32/DSFQuickActionBar-OutputFileMap.json (in target 'DSFQuickActionBar' from project 'DSFQuickActionBar')
cd /Users/admin/builder/spi-builder-workspace
write-file /Users/admin/builder/spi-builder-workspace/.derivedData/Build/Intermediates.noindex/DSFQuickActionBar.build/Debug-watchos/DSFQuickActionBar-t.build/Objects-normal/arm64_32/DSFQuickActionBar-OutputFileMap.json
WriteAuxiliaryFile /Users/admin/builder/spi-builder-workspace/.derivedData/Build/Intermediates.noindex/DSFQuickActionBar.build/Debug-watchos/DSFQuickActionBar-t.build/Objects-normal/arm64/DSFQuickActionBar_const_extract_protocols.json (in target 'DSFQuickActionBar' from project 'DSFQuickActionBar')
cd /Users/admin/builder/spi-builder-workspace
write-file /Users/admin/builder/spi-builder-workspace/.derivedData/Build/Intermediates.noindex/DSFQuickActionBar.build/Debug-watchos/DSFQuickActionBar-t.build/Objects-normal/arm64/DSFQuickActionBar_const_extract_protocols.json
WriteAuxiliaryFile /Users/admin/builder/spi-builder-workspace/.derivedData/Build/Intermediates.noindex/DSFQuickActionBar.build/Debug-watchos/DSFQuickActionBar-t.build/Objects-normal/arm64/DSFQuickActionBar.SwiftFileList (in target 'DSFQuickActionBar' from project 'DSFQuickActionBar')
cd /Users/admin/builder/spi-builder-workspace
write-file /Users/admin/builder/spi-builder-workspace/.derivedData/Build/Intermediates.noindex/DSFQuickActionBar.build/Debug-watchos/DSFQuickActionBar-t.build/Objects-normal/arm64/DSFQuickActionBar.SwiftFileList
WriteAuxiliaryFile /Users/admin/builder/spi-builder-workspace/.derivedData/Build/Intermediates.noindex/DSFQuickActionBar.build/Debug-watchos/DSFQuickActionBar-t.build/Objects-normal/arm64/DSFQuickActionBar.LinkFileList (in target 'DSFQuickActionBar' from project 'DSFQuickActionBar')
cd /Users/admin/builder/spi-builder-workspace
write-file /Users/admin/builder/spi-builder-workspace/.derivedData/Build/Intermediates.noindex/DSFQuickActionBar.build/Debug-watchos/DSFQuickActionBar-t.build/Objects-normal/arm64/DSFQuickActionBar.LinkFileList
WriteAuxiliaryFile /Users/admin/builder/spi-builder-workspace/.derivedData/Build/Intermediates.noindex/DSFQuickActionBar.build/Debug-watchos/DSFQuickActionBar-t.build/Objects-normal/arm64/DSFQuickActionBar.SwiftConstValuesFileList (in target 'DSFQuickActionBar' from project 'DSFQuickActionBar')
cd /Users/admin/builder/spi-builder-workspace
write-file /Users/admin/builder/spi-builder-workspace/.derivedData/Build/Intermediates.noindex/DSFQuickActionBar.build/Debug-watchos/DSFQuickActionBar-t.build/Objects-normal/arm64/DSFQuickActionBar.SwiftConstValuesFileList
WriteAuxiliaryFile /Users/admin/builder/spi-builder-workspace/.derivedData/Build/Intermediates.noindex/DSFQuickActionBar.build/Debug-watchos/DSFQuickActionBar-t.build/Objects-normal/arm64/DSFQuickActionBar-OutputFileMap.json (in target 'DSFQuickActionBar' from project 'DSFQuickActionBar')
cd /Users/admin/builder/spi-builder-workspace
write-file /Users/admin/builder/spi-builder-workspace/.derivedData/Build/Intermediates.noindex/DSFQuickActionBar.build/Debug-watchos/DSFQuickActionBar-t.build/Objects-normal/arm64/DSFQuickActionBar-OutputFileMap.json
WriteAuxiliaryFile /Users/admin/builder/spi-builder-workspace/.derivedData/Build/Intermediates.noindex/DSFQuickActionBar.build/Debug-watchos/DSFQuickActionBar-t.build/DSFQuickActionBar.modulemap (in target 'DSFQuickActionBar' from project 'DSFQuickActionBar')
cd /Users/admin/builder/spi-builder-workspace
write-file /Users/admin/builder/spi-builder-workspace/.derivedData/Build/Intermediates.noindex/DSFQuickActionBar.build/Debug-watchos/DSFQuickActionBar-t.build/DSFQuickActionBar.modulemap
WriteAuxiliaryFile /Users/admin/builder/spi-builder-workspace/.derivedData/Build/Intermediates.noindex/DSFQuickActionBar.build/Debug-watchos/DSFQuickActionBar-t.build/DerivedSources/resource_bundle_accessor.swift (in target 'DSFQuickActionBar' from project 'DSFQuickActionBar')
cd /Users/admin/builder/spi-builder-workspace
write-file /Users/admin/builder/spi-builder-workspace/.derivedData/Build/Intermediates.noindex/DSFQuickActionBar.build/Debug-watchos/DSFQuickActionBar-t.build/DerivedSources/resource_bundle_accessor.swift
WriteAuxiliaryFile /Users/admin/builder/spi-builder-workspace/.derivedData/Build/Intermediates.noindex/DSFQuickActionBar.build/Debug-watchos/DSFQuickActionBar-t.build/DSFQuickActionBar.DependencyStaticMetadataFileList (in target 'DSFQuickActionBar' from project 'DSFQuickActionBar')
cd /Users/admin/builder/spi-builder-workspace
write-file /Users/admin/builder/spi-builder-workspace/.derivedData/Build/Intermediates.noindex/DSFQuickActionBar.build/Debug-watchos/DSFQuickActionBar-t.build/DSFQuickActionBar.DependencyStaticMetadataFileList
WriteAuxiliaryFile /Users/admin/builder/spi-builder-workspace/.derivedData/Build/Intermediates.noindex/DSFQuickActionBar.build/Debug-watchos/DSFQuickActionBar-t.build/DSFQuickActionBar.DependencyMetadataFileList (in target 'DSFQuickActionBar' from project 'DSFQuickActionBar')
cd /Users/admin/builder/spi-builder-workspace
write-file /Users/admin/builder/spi-builder-workspace/.derivedData/Build/Intermediates.noindex/DSFQuickActionBar.build/Debug-watchos/DSFQuickActionBar-t.build/DSFQuickActionBar.DependencyMetadataFileList
WriteAuxiliaryFile /Users/admin/builder/spi-builder-workspace/.derivedData/Build/Intermediates.noindex/DSFAppearanceManager.build/Debug-watchos/DSFAppearanceManager-t.build/Objects-normal/arm64_32/DSFAppearanceManager.SwiftFileList (in target 'DSFAppearanceManager' from project 'DSFAppearanceManager')
cd /Users/admin/builder/spi-builder-workspace/.dependencies/checkouts/DSFAppearanceManager
write-file /Users/admin/builder/spi-builder-workspace/.derivedData/Build/Intermediates.noindex/DSFAppearanceManager.build/Debug-watchos/DSFAppearanceManager-t.build/Objects-normal/arm64_32/DSFAppearanceManager.SwiftFileList
WriteAuxiliaryFile /Users/admin/builder/spi-builder-workspace/.derivedData/Build/Intermediates.noindex/DSFAppearanceManager.build/Debug-watchos/DSFAppearanceManager-t.build/Objects-normal/arm64_32/DSFAppearanceManager_const_extract_protocols.json (in target 'DSFAppearanceManager' from project 'DSFAppearanceManager')
cd /Users/admin/builder/spi-builder-workspace/.dependencies/checkouts/DSFAppearanceManager
write-file /Users/admin/builder/spi-builder-workspace/.derivedData/Build/Intermediates.noindex/DSFAppearanceManager.build/Debug-watchos/DSFAppearanceManager-t.build/Objects-normal/arm64_32/DSFAppearanceManager_const_extract_protocols.json
WriteAuxiliaryFile /Users/admin/builder/spi-builder-workspace/.derivedData/Build/Intermediates.noindex/DSFAppearanceManager.build/Debug-watchos/DSFAppearanceManager-t.build/Objects-normal/arm64_32/DSFAppearanceManager.SwiftConstValuesFileList (in target 'DSFAppearanceManager' from project 'DSFAppearanceManager')
cd /Users/admin/builder/spi-builder-workspace/.dependencies/checkouts/DSFAppearanceManager
write-file /Users/admin/builder/spi-builder-workspace/.derivedData/Build/Intermediates.noindex/DSFAppearanceManager.build/Debug-watchos/DSFAppearanceManager-t.build/Objects-normal/arm64_32/DSFAppearanceManager.SwiftConstValuesFileList
WriteAuxiliaryFile /Users/admin/builder/spi-builder-workspace/.derivedData/Build/Intermediates.noindex/DSFAppearanceManager.build/Debug-watchos/DSFAppearanceManager-t.build/Objects-normal/arm64_32/DSFAppearanceManager.LinkFileList (in target 'DSFAppearanceManager' from project 'DSFAppearanceManager')
cd /Users/admin/builder/spi-builder-workspace/.dependencies/checkouts/DSFAppearanceManager
write-file /Users/admin/builder/spi-builder-workspace/.derivedData/Build/Intermediates.noindex/DSFAppearanceManager.build/Debug-watchos/DSFAppearanceManager-t.build/Objects-normal/arm64_32/DSFAppearanceManager.LinkFileList
WriteAuxiliaryFile /Users/admin/builder/spi-builder-workspace/.derivedData/Build/Intermediates.noindex/DSFAppearanceManager.build/Debug-watchos/DSFAppearanceManager-t.build/Objects-normal/arm64_32/DSFAppearanceManager-OutputFileMap.json (in target 'DSFAppearanceManager' from project 'DSFAppearanceManager')
cd /Users/admin/builder/spi-builder-workspace/.dependencies/checkouts/DSFAppearanceManager
write-file /Users/admin/builder/spi-builder-workspace/.derivedData/Build/Intermediates.noindex/DSFAppearanceManager.build/Debug-watchos/DSFAppearanceManager-t.build/Objects-normal/arm64_32/DSFAppearanceManager-OutputFileMap.json
WriteAuxiliaryFile /Users/admin/builder/spi-builder-workspace/.derivedData/Build/Intermediates.noindex/DSFAppearanceManager.build/Debug-watchos/DSFAppearanceManager-t.build/Objects-normal/arm64/DSFAppearanceManager.SwiftConstValuesFileList (in target 'DSFAppearanceManager' from project 'DSFAppearanceManager')
cd /Users/admin/builder/spi-builder-workspace/.dependencies/checkouts/DSFAppearanceManager
write-file /Users/admin/builder/spi-builder-workspace/.derivedData/Build/Intermediates.noindex/DSFAppearanceManager.build/Debug-watchos/DSFAppearanceManager-t.build/Objects-normal/arm64/DSFAppearanceManager.SwiftConstValuesFileList
WriteAuxiliaryFile /Users/admin/builder/spi-builder-workspace/.derivedData/Build/Intermediates.noindex/DSFAppearanceManager.build/Debug-watchos/DSFAppearanceManager-t.build/Objects-normal/arm64/DSFAppearanceManager.SwiftFileList (in target 'DSFAppearanceManager' from project 'DSFAppearanceManager')
cd /Users/admin/builder/spi-builder-workspace/.dependencies/checkouts/DSFAppearanceManager
write-file /Users/admin/builder/spi-builder-workspace/.derivedData/Build/Intermediates.noindex/DSFAppearanceManager.build/Debug-watchos/DSFAppearanceManager-t.build/Objects-normal/arm64/DSFAppearanceManager.SwiftFileList
WriteAuxiliaryFile /Users/admin/builder/spi-builder-workspace/.derivedData/Build/Intermediates.noindex/DSFAppearanceManager.build/Debug-watchos/DSFAppearanceManager-t.build/Objects-normal/arm64/DSFAppearanceManager_const_extract_protocols.json (in target 'DSFAppearanceManager' from project 'DSFAppearanceManager')
cd /Users/admin/builder/spi-builder-workspace/.dependencies/checkouts/DSFAppearanceManager
write-file /Users/admin/builder/spi-builder-workspace/.derivedData/Build/Intermediates.noindex/DSFAppearanceManager.build/Debug-watchos/DSFAppearanceManager-t.build/Objects-normal/arm64/DSFAppearanceManager_const_extract_protocols.json
Copy /Users/admin/builder/spi-builder-workspace/.derivedData/Build/Intermediates.noindex/GeneratedModuleMaps-watchos/DSFQuickActionBar.modulemap /Users/admin/builder/spi-builder-workspace/.derivedData/Build/Intermediates.noindex/DSFQuickActionBar.build/Debug-watchos/DSFQuickActionBar-t.build/DSFQuickActionBar.modulemap (in target 'DSFQuickActionBar' from project 'DSFQuickActionBar')
cd /Users/admin/builder/spi-builder-workspace
builtin-copy -exclude .DS_Store -exclude CVS -exclude .svn -exclude .git -exclude .hg -resolve-src-symlinks /Users/admin/builder/spi-builder-workspace/.derivedData/Build/Intermediates.noindex/DSFQuickActionBar.build/Debug-watchos/DSFQuickActionBar-t.build/DSFQuickActionBar.modulemap /Users/admin/builder/spi-builder-workspace/.derivedData/Build/Intermediates.noindex/GeneratedModuleMaps-watchos
WriteAuxiliaryFile /Users/admin/builder/spi-builder-workspace/.derivedData/Build/Intermediates.noindex/DSFAppearanceManager.build/Debug-watchos/DSFAppearanceManager-t.build/Objects-normal/arm64/DSFAppearanceManager.LinkFileList (in target 'DSFAppearanceManager' from project 'DSFAppearanceManager')
cd /Users/admin/builder/spi-builder-workspace/.dependencies/checkouts/DSFAppearanceManager
write-file /Users/admin/builder/spi-builder-workspace/.derivedData/Build/Intermediates.noindex/DSFAppearanceManager.build/Debug-watchos/DSFAppearanceManager-t.build/Objects-normal/arm64/DSFAppearanceManager.LinkFileList
WriteAuxiliaryFile /Users/admin/builder/spi-builder-workspace/.derivedData/Build/Intermediates.noindex/DSFAppearanceManager.build/Debug-watchos/DSFAppearanceManager-t.build/Objects-normal/arm64/DSFAppearanceManager-OutputFileMap.json (in target 'DSFAppearanceManager' from project 'DSFAppearanceManager')
cd /Users/admin/builder/spi-builder-workspace/.dependencies/checkouts/DSFAppearanceManager
write-file /Users/admin/builder/spi-builder-workspace/.derivedData/Build/Intermediates.noindex/DSFAppearanceManager.build/Debug-watchos/DSFAppearanceManager-t.build/Objects-normal/arm64/DSFAppearanceManager-OutputFileMap.json
WriteAuxiliaryFile /Users/admin/builder/spi-builder-workspace/.derivedData/Build/Intermediates.noindex/DSFAppearanceManager.build/Debug-watchos/DSFAppearanceManager-t.build/DSFAppearanceManager.modulemap (in target 'DSFAppearanceManager' from project 'DSFAppearanceManager')
cd /Users/admin/builder/spi-builder-workspace/.dependencies/checkouts/DSFAppearanceManager
write-file /Users/admin/builder/spi-builder-workspace/.derivedData/Build/Intermediates.noindex/DSFAppearanceManager.build/Debug-watchos/DSFAppearanceManager-t.build/DSFAppearanceManager.modulemap
WriteAuxiliaryFile /Users/admin/builder/spi-builder-workspace/.derivedData/Build/Intermediates.noindex/DSFAppearanceManager.build/Debug-watchos/DSFAppearanceManager-t.build/DSFAppearanceManager.DependencyStaticMetadataFileList (in target 'DSFAppearanceManager' from project 'DSFAppearanceManager')
cd /Users/admin/builder/spi-builder-workspace/.dependencies/checkouts/DSFAppearanceManager
write-file /Users/admin/builder/spi-builder-workspace/.derivedData/Build/Intermediates.noindex/DSFAppearanceManager.build/Debug-watchos/DSFAppearanceManager-t.build/DSFAppearanceManager.DependencyStaticMetadataFileList
WriteAuxiliaryFile /Users/admin/builder/spi-builder-workspace/.derivedData/Build/Intermediates.noindex/DSFAppearanceManager.build/Debug-watchos/DSFAppearanceManager-t.build/DSFAppearanceManager.DependencyMetadataFileList (in target 'DSFAppearanceManager' from project 'DSFAppearanceManager')
cd /Users/admin/builder/spi-builder-workspace/.dependencies/checkouts/DSFAppearanceManager
write-file /Users/admin/builder/spi-builder-workspace/.derivedData/Build/Intermediates.noindex/DSFAppearanceManager.build/Debug-watchos/DSFAppearanceManager-t.build/DSFAppearanceManager.DependencyMetadataFileList
MkDir /Users/admin/builder/spi-builder-workspace/.derivedData/Build/Products/Debug-watchos/DSFQuickActionBar_DSFQuickActionBar.bundle (in target 'DSFQuickActionBar_DSFQuickActionBar' from project 'DSFQuickActionBar')
cd /Users/admin/builder/spi-builder-workspace
/bin/mkdir -p /Users/admin/builder/spi-builder-workspace/.derivedData/Build/Products/Debug-watchos/DSFQuickActionBar_DSFQuickActionBar.bundle
MkDir /Users/admin/builder/spi-builder-workspace/.derivedData/Build/Products/Debug-watchos/PackageFrameworks/DSFQuickActionBar-shared.framework (in target 'DSFQuickActionBar-shared-product' from project 'DSFQuickActionBar')
cd /Users/admin/builder/spi-builder-workspace
/bin/mkdir -p /Users/admin/builder/spi-builder-workspace/.derivedData/Build/Products/Debug-watchos/PackageFrameworks/DSFQuickActionBar-shared.framework
Copy /Users/admin/builder/spi-builder-workspace/.derivedData/Build/Intermediates.noindex/GeneratedModuleMaps-watchos/DSFAppearanceManager.modulemap /Users/admin/builder/spi-builder-workspace/.derivedData/Build/Intermediates.noindex/DSFAppearanceManager.build/Debug-watchos/DSFAppearanceManager-t.build/DSFAppearanceManager.modulemap (in target 'DSFAppearanceManager' from project 'DSFAppearanceManager')
cd /Users/admin/builder/spi-builder-workspace/.dependencies/checkouts/DSFAppearanceManager
builtin-copy -exclude .DS_Store -exclude CVS -exclude .svn -exclude .git -exclude .hg -resolve-src-symlinks /Users/admin/builder/spi-builder-workspace/.derivedData/Build/Intermediates.noindex/DSFAppearanceManager.build/Debug-watchos/DSFAppearanceManager-t.build/DSFAppearanceManager.modulemap /Users/admin/builder/spi-builder-workspace/.derivedData/Build/Intermediates.noindex/GeneratedModuleMaps-watchos
ProcessInfoPlistFile /Users/admin/builder/spi-builder-workspace/.derivedData/Build/Products/Debug-watchos/DSFQuickActionBar_DSFQuickActionBar.bundle/Info.plist /Users/admin/builder/spi-builder-workspace/.derivedData/Build/Intermediates.noindex/DSFQuickActionBar.build/Debug-watchos/DSFQuickActionBar_DSFQuickActionBar-b.build/empty-DSFQuickActionBar_DSFQuickActionBar.plist (in target 'DSFQuickActionBar_DSFQuickActionBar' from project 'DSFQuickActionBar')
cd /Users/admin/builder/spi-builder-workspace
builtin-infoPlistUtility /Users/admin/builder/spi-builder-workspace/.derivedData/Build/Intermediates.noindex/DSFQuickActionBar.build/Debug-watchos/DSFQuickActionBar_DSFQuickActionBar-b.build/empty-DSFQuickActionBar_DSFQuickActionBar.plist -producttype com.apple.product-type.bundle -expandbuildsettings -format binary -platform watchos -o /Users/admin/builder/spi-builder-workspace/.derivedData/Build/Products/Debug-watchos/DSFQuickActionBar_DSFQuickActionBar.bundle/Info.plist
CpResource /Users/admin/builder/spi-builder-workspace/.derivedData/Build/Products/Debug-watchos/DSFQuickActionBar_DSFQuickActionBar.bundle/PrivacyInfo.xcprivacy /Users/admin/builder/spi-builder-workspace/Sources/DSFQuickActionBar/PrivacyInfo.xcprivacy (in target 'DSFQuickActionBar_DSFQuickActionBar' from project 'DSFQuickActionBar')
cd /Users/admin/builder/spi-builder-workspace
builtin-copy -exclude .DS_Store -exclude CVS -exclude .svn -exclude .git -exclude .hg -resolve-src-symlinks /Users/admin/builder/spi-builder-workspace/Sources/DSFQuickActionBar/PrivacyInfo.xcprivacy /Users/admin/builder/spi-builder-workspace/.derivedData/Build/Products/Debug-watchos/DSFQuickActionBar_DSFQuickActionBar.bundle
RegisterExecutionPolicyException /Users/admin/builder/spi-builder-workspace/.derivedData/Build/Products/Debug-watchos/DSFQuickActionBar_DSFQuickActionBar.bundle (in target 'DSFQuickActionBar_DSFQuickActionBar' from project 'DSFQuickActionBar')
cd /Users/admin/builder/spi-builder-workspace
builtin-RegisterExecutionPolicyException /Users/admin/builder/spi-builder-workspace/.derivedData/Build/Products/Debug-watchos/DSFQuickActionBar_DSFQuickActionBar.bundle
Touch /Users/admin/builder/spi-builder-workspace/.derivedData/Build/Products/Debug-watchos/DSFQuickActionBar_DSFQuickActionBar.bundle (in target 'DSFQuickActionBar_DSFQuickActionBar' from project 'DSFQuickActionBar')
cd /Users/admin/builder/spi-builder-workspace
/usr/bin/touch -c /Users/admin/builder/spi-builder-workspace/.derivedData/Build/Products/Debug-watchos/DSFQuickActionBar_DSFQuickActionBar.bundle
SwiftDriver DSFAppearanceManager normal arm64_32 com.apple.xcode.tools.swift.compiler (in target 'DSFAppearanceManager' from project 'DSFAppearanceManager')
cd /Users/admin/builder/spi-builder-workspace/.swiftpm/xcode
builtin-SwiftDriver -- /Applications/Xcode-27.0.0-Release.Candidate.app/Contents/Developer/Toolchains/XcodeDefault.xctoolchain/usr/bin/swiftc -parse-as-library -module-name DSFAppearanceManager -Onone @/Users/admin/builder/spi-builder-workspace/.derivedData/Build/Intermediates.noindex/DSFAppearanceManager.build/Debug-watchos/DSFAppearanceManager-t.build/Objects-normal/arm64_32/DSFAppearanceManager.SwiftFileList -DSWIFT_PACKAGE -DDEBUG -DSWIFT_MODULE_RESOURCE_BUNDLE_UNAVAILABLE -DXcode -plugin-path /Applications/Xcode-27.0.0-Release.Candidate.app/Contents/Developer/Toolchains/XcodeDefault.xctoolchain/usr/lib/swift/host/plugins/testing -enable-experimental-feature DebugDescriptionMacro -sdk /Applications/Xcode-27.0.0-Release.Candidate.app/Contents/Developer/Platforms/WatchOS.platform/Developer/SDKs/WatchOS27.0.sdk -target arm64_32-apple-watchos9.0 -g -module-cache-path /Users/admin/builder/spi-builder-workspace/.derivedData/ModuleCache.noindex -Xfrontend -serialize-debugging-options -profile-coverage-mapping -profile-generate -enable-testing -suppress-warnings -index-store-path /Users/admin/builder/spi-builder-workspace/.derivedData/Index.noindex/DataStore -Xcc -D_LIBCPP_HARDENING_MODE\=_LIBCPP_HARDENING_MODE_DEBUG -swift-version 5 -I /Users/admin/builder/spi-builder-workspace/.derivedData/Build/Products/Debug-watchos -Isystem /Applications/Xcode-27.0.0-Release.Candidate.app/Contents/Developer/Platforms/WatchOS.platform/Developer/usr/lib -F /Users/admin/builder/spi-builder-workspace/.derivedData/Build/Products/Debug-watchos -F /Applications/Xcode-27.0.0-Release.Candidate.app/Contents/Developer/Platforms/WatchOS.platform/Developer/Library/Frameworks -F /Applications/Xcode-27.0.0-Release.Candidate.app/Contents/Developer/Platforms/WatchOS.platform/Developer/SDKs/WatchOS27.0.sdk/Developer/Library/Frameworks -c -j10 -enable-batch-mode -incremental -Xcc -ivfsstatcache -Xcc /Users/admin/builder/spi-builder-workspace/.derivedData/SDKStatCaches.noindex/watchos27.0-24R360-e829b21a6f8c9b70876ba0858053c04477534ef55a1706bf4c1112bbb242f0a2.sdkstatcache -output-file-map /Users/admin/builder/spi-builder-workspace/.derivedData/Build/Intermediates.noindex/DSFAppearanceManager.build/Debug-watchos/DSFAppearanceManager-t.build/Objects-normal/arm64_32/DSFAppearanceManager-OutputFileMap.json -save-temps -no-color-diagnostics -explicit-module-build -module-cache-path /Users/admin/builder/spi-builder-workspace/.derivedData/Build/Intermediates.noindex/SwiftExplicitPrecompiledModules -clang-scanner-module-cache-path /Users/admin/builder/spi-builder-workspace/.derivedData/ModuleCache.noindex -sdk-module-cache-path /Users/admin/builder/spi-builder-workspace/.derivedData/SDKExplicitPrecompiledModules -emit-dependencies -emit-module -emit-module-path /Users/admin/builder/spi-builder-workspace/.derivedData/Build/Intermediates.noindex/DSFAppearanceManager.build/Debug-watchos/DSFAppearanceManager-t.build/Objects-normal/arm64_32/DSFAppearanceManager.swiftmodule -serialize-diagnostics -dependency-scan-serialize-diagnostics-path /Users/admin/builder/spi-builder-workspace/.derivedData/Build/Intermediates.noindex/DSFAppearanceManager.build/Debug-watchos/DSFAppearanceManager-t.build/Objects-normal/arm64_32/DSFAppearanceManager-dependency-scan.dia -validate-clang-modules-once -clang-build-session-file /Users/admin/builder/spi-builder-workspace/.derivedData/ModuleCache.noindex/Session.modulevalidation -Xcc -fmodules-prune-interval\=86400 -Xcc -fmodules-prune-after\=345600 -emit-const-values -const-gather-protocols-list /Users/admin/builder/spi-builder-workspace/.derivedData/Build/Intermediates.noindex/DSFAppearanceManager.build/Debug-watchos/DSFAppearanceManager-t.build/Objects-normal/arm64_32/DSFAppearanceManager_const_extract_protocols.json -Xcc -I/Users/admin/builder/spi-builder-workspace/.derivedData/Build/Products/Debug-watchos/include -Xcc -I/Users/admin/builder/spi-builder-workspace/.derivedData/Build/Intermediates.noindex/DSFAppearanceManager.build/Debug-watchos/DSFAppearanceManager-t.build/DerivedSources-normal/arm64_32 -Xcc -I/Users/admin/builder/spi-builder-workspace/.derivedData/Build/Intermediates.noindex/DSFAppearanceManager.build/Debug-watchos/DSFAppearanceManager-t.build/DerivedSources/arm64_32 -Xcc -I/Users/admin/builder/spi-builder-workspace/.derivedData/Build/Intermediates.noindex/DSFAppearanceManager.build/Debug-watchos/DSFAppearanceManager-t.build/DerivedSources -Xcc -DSWIFT_PACKAGE -Xcc -DDEBUG\=1 -emit-objc-header -emit-objc-header-path /Users/admin/builder/spi-builder-workspace/.derivedData/Build/Intermediates.noindex/DSFAppearanceManager.build/Debug-watchos/DSFAppearanceManager-t.build/Objects-normal/arm64_32/DSFAppearanceManager-Swift.h -working-directory /Users/admin/builder/spi-builder-workspace/.swiftpm/xcode -experimental-emit-module-separately -disable-cmo
SwiftDriver DSFAppearanceManager normal arm64 com.apple.xcode.tools.swift.compiler (in target 'DSFAppearanceManager' from project 'DSFAppearanceManager')
cd /Users/admin/builder/spi-builder-workspace/.swiftpm/xcode
builtin-SwiftDriver -- /Applications/Xcode-27.0.0-Release.Candidate.app/Contents/Developer/Toolchains/XcodeDefault.xctoolchain/usr/bin/swiftc -parse-as-library -module-name DSFAppearanceManager -Onone @/Users/admin/builder/spi-builder-workspace/.derivedData/Build/Intermediates.noindex/DSFAppearanceManager.build/Debug-watchos/DSFAppearanceManager-t.build/Objects-normal/arm64/DSFAppearanceManager.SwiftFileList -DSWIFT_PACKAGE -DDEBUG -DSWIFT_MODULE_RESOURCE_BUNDLE_UNAVAILABLE -DXcode -plugin-path /Applications/Xcode-27.0.0-Release.Candidate.app/Contents/Developer/Toolchains/XcodeDefault.xctoolchain/usr/lib/swift/host/plugins/testing -enable-experimental-feature DebugDescriptionMacro -sdk /Applications/Xcode-27.0.0-Release.Candidate.app/Contents/Developer/Platforms/WatchOS.platform/Developer/SDKs/WatchOS27.0.sdk -target arm64-apple-watchos9.0 -g -module-cache-path /Users/admin/builder/spi-builder-workspace/.derivedData/ModuleCache.noindex -Xfrontend -serialize-debugging-options -profile-coverage-mapping -profile-generate -enable-testing -suppress-warnings -index-store-path /Users/admin/builder/spi-builder-workspace/.derivedData/Index.noindex/DataStore -Xcc -D_LIBCPP_HARDENING_MODE\=_LIBCPP_HARDENING_MODE_DEBUG -swift-version 5 -I /Users/admin/builder/spi-builder-workspace/.derivedData/Build/Products/Debug-watchos -Isystem /Applications/Xcode-27.0.0-Release.Candidate.app/Contents/Developer/Platforms/WatchOS.platform/Developer/usr/lib -F /Users/admin/builder/spi-builder-workspace/.derivedData/Build/Products/Debug-watchos -F /Applications/Xcode-27.0.0-Release.Candidate.app/Contents/Developer/Platforms/WatchOS.platform/Developer/Library/Frameworks -F /Applications/Xcode-27.0.0-Release.Candidate.app/Contents/Developer/Platforms/WatchOS.platform/Developer/SDKs/WatchOS27.0.sdk/Developer/Library/Frameworks -c -j10 -enable-batch-mode -incremental -Xcc -ivfsstatcache -Xcc /Users/admin/builder/spi-builder-workspace/.derivedData/SDKStatCaches.noindex/watchos27.0-24R360-e829b21a6f8c9b70876ba0858053c04477534ef55a1706bf4c1112bbb242f0a2.sdkstatcache -output-file-map /Users/admin/builder/spi-builder-workspace/.derivedData/Build/Intermediates.noindex/DSFAppearanceManager.build/Debug-watchos/DSFAppearanceManager-t.build/Objects-normal/arm64/DSFAppearanceManager-OutputFileMap.json -save-temps -no-color-diagnostics -explicit-module-build -module-cache-path /Users/admin/builder/spi-builder-workspace/.derivedData/Build/Intermediates.noindex/SwiftExplicitPrecompiledModules -clang-scanner-module-cache-path /Users/admin/builder/spi-builder-workspace/.derivedData/ModuleCache.noindex -sdk-module-cache-path /Users/admin/builder/spi-builder-workspace/.derivedData/SDKExplicitPrecompiledModules -emit-dependencies -emit-module -emit-module-path /Users/admin/builder/spi-builder-workspace/.derivedData/Build/Intermediates.noindex/DSFAppearanceManager.build/Debug-watchos/DSFAppearanceManager-t.build/Objects-normal/arm64/DSFAppearanceManager.swiftmodule -serialize-diagnostics -dependency-scan-serialize-diagnostics-path /Users/admin/builder/spi-builder-workspace/.derivedData/Build/Intermediates.noindex/DSFAppearanceManager.build/Debug-watchos/DSFAppearanceManager-t.build/Objects-normal/arm64/DSFAppearanceManager-dependency-scan.dia -validate-clang-modules-once -clang-build-session-file /Users/admin/builder/spi-builder-workspace/.derivedData/ModuleCache.noindex/Session.modulevalidation -Xcc -fmodules-prune-interval\=86400 -Xcc -fmodules-prune-after\=345600 -emit-const-values -const-gather-protocols-list /Users/admin/builder/spi-builder-workspace/.derivedData/Build/Intermediates.noindex/DSFAppearanceManager.build/Debug-watchos/DSFAppearanceManager-t.build/Objects-normal/arm64/DSFAppearanceManager_const_extract_protocols.json -Xcc -I/Users/admin/builder/spi-builder-workspace/.derivedData/Build/Products/Debug-watchos/include -Xcc -I/Users/admin/builder/spi-builder-workspace/.derivedData/Build/Intermediates.noindex/DSFAppearanceManager.build/Debug-watchos/DSFAppearanceManager-t.build/DerivedSources-normal/arm64 -Xcc -I/Users/admin/builder/spi-builder-workspace/.derivedData/Build/Intermediates.noindex/DSFAppearanceManager.build/Debug-watchos/DSFAppearanceManager-t.build/DerivedSources/arm64 -Xcc -I/Users/admin/builder/spi-builder-workspace/.derivedData/Build/Intermediates.noindex/DSFAppearanceManager.build/Debug-watchos/DSFAppearanceManager-t.build/DerivedSources -Xcc -DSWIFT_PACKAGE -Xcc -DDEBUG\=1 -emit-objc-header -emit-objc-header-path /Users/admin/builder/spi-builder-workspace/.derivedData/Build/Intermediates.noindex/DSFAppearanceManager.build/Debug-watchos/DSFAppearanceManager-t.build/Objects-normal/arm64/DSFAppearanceManager-Swift.h -working-directory /Users/admin/builder/spi-builder-workspace/.swiftpm/xcode -experimental-emit-module-separately -disable-cmo
SwiftExplicitDependencyGeneratePcm arm64 /Users/admin/builder/spi-builder-workspace/.derivedData/SDKExplicitPrecompiledModules/_Builtin_float-C0CW5Q4HGBQYKE77TC42IAFB5.pcm
SwiftExplicitDependencyGeneratePcm arm64_32 /Users/admin/builder/spi-builder-workspace/.derivedData/SDKExplicitPrecompiledModules/ptrcheck-7ELIH9BTIGVKX3UBITM9N72WD.pcm
SwiftExplicitDependencyGeneratePcm arm64 /Users/admin/builder/spi-builder-workspace/.derivedData/SDKExplicitPrecompiledModules/_Builtin_stddef-1FU30Y8SWFB7OUUHMJQH5J6FM.pcm
SwiftExplicitDependencyGeneratePcm arm64_32 /Users/admin/builder/spi-builder-workspace/.derivedData/SDKExplicitPrecompiledModules/_SwiftConcurrencyShims-6RTBPQ03V7BM9SPRK8SUE055H.pcm
SwiftExplicitDependencyGeneratePcm arm64 /Users/admin/builder/spi-builder-workspace/.derivedData/SDKExplicitPrecompiledModules/ptrcheck-AIF0NDOYZ8ORBNHQAQR5NNB8M.pcm
SwiftExplicitDependencyGeneratePcm arm64_32 /Users/admin/builder/spi-builder-workspace/.derivedData/SDKExplicitPrecompiledModules/_Builtin_stdbool-A967K8W8YUYEC9SN52KJ7OO88.pcm
SwiftExplicitDependencyGeneratePcm arm64 /Users/admin/builder/spi-builder-workspace/.derivedData/SDKExplicitPrecompiledModules/ptrauth-3TZ9WJCGLYD25HQPWH4968ONX.pcm
SwiftExplicitDependencyGeneratePcm arm64_32 /Users/admin/builder/spi-builder-workspace/.derivedData/SDKExplicitPrecompiledModules/_Builtin_stddef-H44EFHQX6XSS5MZ7QP6YJZ76.pcm
SwiftExplicitDependencyGeneratePcm arm64 /Users/admin/builder/spi-builder-workspace/.derivedData/SDKExplicitPrecompiledModules/_Builtin_stdbool-83J96QSOFE9VX04AAS6310UAE.pcm
SwiftExplicitDependencyGeneratePcm arm64 /Users/admin/builder/spi-builder-workspace/.derivedData/SDKExplicitPrecompiledModules/_AvailabilityInternal-BUNV3UXM65NT37THI4W1AM0SF.pcm
SwiftExplicitDependencyGeneratePcm arm64 /Users/admin/builder/spi-builder-workspace/.derivedData/SDKExplicitPrecompiledModules/_Builtin_stdarg-A7UU8LE6MP85SM26YO7PBZNUQ.pcm
SwiftExplicitDependencyGeneratePcm arm64 /Users/admin/builder/spi-builder-workspace/.derivedData/SDKExplicitPrecompiledModules/SwiftShims-4MXFZPV6FEB0XBYXCGPWAMQGL.pcm
SwiftExplicitDependencyGeneratePcm arm64 /Users/admin/builder/spi-builder-workspace/.derivedData/SDKExplicitPrecompiledModules/_SwiftConcurrencyShims-659N52XSKR5F0QSB880BH2FJR.pcm
SwiftExplicitDependencyGeneratePcm arm64_32 /Users/admin/builder/spi-builder-workspace/.derivedData/SDKExplicitPrecompiledModules/SwiftShims-9CQQGWTSNTN9EB5NSHDWUJICH.pcm
SwiftExplicitDependencyGeneratePcm arm64_32 /Users/admin/builder/spi-builder-workspace/.derivedData/SDKExplicitPrecompiledModules/_Builtin_float-6KO8O3PEWRCA4WC6PPLOYO6WJ.pcm
SwiftExplicitDependencyGeneratePcm arm64_32 /Users/admin/builder/spi-builder-workspace/.derivedData/SDKExplicitPrecompiledModules/_Builtin_stdarg-D305JG44A2WPI6CJY37X3QJE8.pcm
SwiftExplicitDependencyGeneratePcm arm64_32 /Users/admin/builder/spi-builder-workspace/.derivedData/SDKExplicitPrecompiledModules/ptrauth-BFXF358ME5AK535N5A9Z766WU.pcm
SwiftExplicitDependencyGeneratePcm arm64_32 /Users/admin/builder/spi-builder-workspace/.derivedData/SDKExplicitPrecompiledModules/_AvailabilityInternal-244WAN3Z1QBT7PIA64EZEFY1R.pcm
SwiftExplicitDependencyGeneratePcm arm64 /Users/admin/builder/spi-builder-workspace/.derivedData/SDKExplicitPrecompiledModules/_DarwinFoundation1-7SPX3MD0HMP55E4OLNCPNDQ53.pcm
SwiftExplicitDependencyGeneratePcm arm64_32 /Users/admin/builder/spi-builder-workspace/.derivedData/SDKExplicitPrecompiledModules/_DarwinFoundation1-2GWF9RFMPLQW4PDHS3NARVI3G.pcm
SwiftExplicitDependencyGeneratePcm arm64 /Users/admin/builder/spi-builder-workspace/.derivedData/SDKExplicitPrecompiledModules/_Builtin_limits-9GWPA2B0H20DYUNYHYCWKABJG.pcm
SwiftExplicitDependencyGeneratePcm arm64 /Users/admin/builder/spi-builder-workspace/.derivedData/SDKExplicitPrecompiledModules/_DarwinFoundation2-D0XAPJU49S5E9XMKYOFGSTB1Q.pcm
SwiftExplicitDependencyGeneratePcm arm64_32 /Users/admin/builder/spi-builder-workspace/.derivedData/SDKExplicitPrecompiledModules/_Builtin_limits-3VKBU2AFTD65PAJZ5CJ3LHFM2.pcm
SwiftExplicitDependencyGeneratePcm arm64_32 /Users/admin/builder/spi-builder-workspace/.derivedData/SDKExplicitPrecompiledModules/_DarwinFoundation2-9MY8GOSYRO0M9MKNXF6D3MBNK.pcm
SwiftExplicitDependencyGeneratePcm arm64 /Users/admin/builder/spi-builder-workspace/.derivedData/SDKExplicitPrecompiledModules/sys_types-2KXQLI78OUCDP779AE68GZJ2.pcm
SwiftExplicitDependencyGeneratePcm arm64 /Users/admin/builder/spi-builder-workspace/.derivedData/SDKExplicitPrecompiledModules/_Builtin_stdint-8XMILLJZEGRN2XG7XZUXZ5RLX.pcm
SwiftExplicitDependencyGeneratePcm arm64 /Users/admin/builder/spi-builder-workspace/.derivedData/SDKExplicitPrecompiledModules/string_h-E6PRXK75PHIPCZFWOFCQ3QBMK.pcm
SwiftExplicitDependencyGeneratePcm arm64 /Users/admin/builder/spi-builder-workspace/.derivedData/SDKExplicitPrecompiledModules/_DarwinFoundation3-B97LRG0E9GON2NUE65TVG81HU.pcm
SwiftExplicitDependencyGeneratePcm arm64_32 /Users/admin/builder/spi-builder-workspace/.derivedData/SDKExplicitPrecompiledModules/string_h-BFVLUQUSBZWYMLCU9QI7VZALW.pcm
SwiftExplicitDependencyGeneratePcm arm64_32 /Users/admin/builder/spi-builder-workspace/.derivedData/SDKExplicitPrecompiledModules/sys_types-8TLLMW08ZJWDGIIPKOYFGHHZW.pcm
SwiftExplicitDependencyGeneratePcm arm64_32 /Users/admin/builder/spi-builder-workspace/.derivedData/SDKExplicitPrecompiledModules/_Builtin_stdint-1HMXWI3V0V4TXHRWZOMZGZ80Y.pcm
SwiftExplicitDependencyGeneratePcm arm64_32 /Users/admin/builder/spi-builder-workspace/.derivedData/SDKExplicitPrecompiledModules/_DarwinFoundation3-3DUTYQDQSD9HUAAVY947NMWOI.pcm
SwiftExplicitDependencyGeneratePcm arm64 /Users/admin/builder/spi-builder-workspace/.derivedData/SDKExplicitPrecompiledModules/_Builtin_inttypes-3UQSCM7WNM9EK4HZML8TY5J3D.pcm
SwiftExplicitDependencyGeneratePcm arm64_32 /Users/admin/builder/spi-builder-workspace/.derivedData/SDKExplicitPrecompiledModules/_Builtin_inttypes-D2KPCR4PEX9AQA33NGLUT5SBR.pcm
SwiftExplicitDependencyGeneratePcm arm64 /Users/admin/builder/spi-builder-workspace/.derivedData/SDKExplicitPrecompiledModules/Darwin-3984OXKFNSPE77NT743WK8SEX.pcm
SwiftExplicitDependencyGeneratePcm arm64_32 /Users/admin/builder/spi-builder-workspace/.derivedData/SDKExplicitPrecompiledModules/Darwin-3FVT1SKLN2ZQ5RVOABMTQBB34.pcm
SwiftExplicitDependencyGeneratePcm arm64 /Users/admin/builder/spi-builder-workspace/.derivedData/SDKExplicitPrecompiledModules/ObjectiveC-72IVD3VS2RS8Q28D9PIMY0KQP.pcm
SwiftExplicitDependencyGeneratePcm arm64_32 /Users/admin/builder/spi-builder-workspace/.derivedData/SDKExplicitPrecompiledModules/ObjectiveC-6IJNELR2E80E7LUKESVCP2KET.pcm
SwiftExplicitDependencyGeneratePcm arm64 /Users/admin/builder/spi-builder-workspace/.derivedData/SDKExplicitPrecompiledModules/os_object-3SDKD7F87FTZ26OON37DRYT6O.pcm
SwiftExplicitDependencyGeneratePcm arm64_32 /Users/admin/builder/spi-builder-workspace/.derivedData/SDKExplicitPrecompiledModules/os_object-5YWTC6L4756IWSTPGXS5NM0D0.pcm
SwiftExplicitDependencyGeneratePcm arm64 /Users/admin/builder/spi-builder-workspace/.derivedData/SDKExplicitPrecompiledModules/os_workgroup-89GG5G7YC2D0ZTK6AZXXQ20DH.pcm
SwiftExplicitDependencyGeneratePcm arm64_32 /Users/admin/builder/spi-builder-workspace/.derivedData/SDKExplicitPrecompiledModules/os_workgroup-5JHTPDMNBUNHLJI8LPHKQK1JK.pcm
SwiftExplicitDependencyGeneratePcm arm64 /Users/admin/builder/spi-builder-workspace/.derivedData/SDKExplicitPrecompiledModules/Dispatch-1NLJOVAK60XP0DUB05XA59EIM.pcm
SwiftExplicitDependencyGeneratePcm arm64_32 /Users/admin/builder/spi-builder-workspace/.derivedData/SDKExplicitPrecompiledModules/Dispatch-2P62F1T4XV63S4P99TUDTOK2Q.pcm
SwiftExplicitDependencyGeneratePcm arm64 /Users/admin/builder/spi-builder-workspace/.derivedData/SDKExplicitPrecompiledModules/CoreFoundation-8T2L24YC5NU7WO6WQJWRY7W08.pcm
SwiftExplicitDependencyGeneratePcm arm64 /Users/admin/builder/spi-builder-workspace/.derivedData/SDKExplicitPrecompiledModules/XPC-40DR0X1DHKGCV4J1IOLFS8MOU.pcm
SwiftExplicitDependencyGeneratePcm arm64_32 /Users/admin/builder/spi-builder-workspace/.derivedData/SDKExplicitPrecompiledModules/CoreFoundation-8E6Y4BA3EXYKUGJ24GT9LGV3N.pcm
SwiftExplicitDependencyGeneratePcm arm64_32 /Users/admin/builder/spi-builder-workspace/.derivedData/SDKExplicitPrecompiledModules/XPC-81Y45QFY96XYYFCW2GT6FY8S4.pcm
SwiftExplicitDependencyGeneratePcm arm64 /Users/admin/builder/spi-builder-workspace/.derivedData/SDKExplicitPrecompiledModules/Security-6RZ6YBRU8WCUHRFFRVUK5WKMM.pcm
SwiftExplicitDependencyGeneratePcm arm64_32 /Users/admin/builder/spi-builder-workspace/.derivedData/SDKExplicitPrecompiledModules/Security-D7TOWF88VWF67TB9HAFP5UWB1.pcm
SwiftExplicitDependencyGeneratePcm arm64 /Users/admin/builder/spi-builder-workspace/.derivedData/SDKExplicitPrecompiledModules/Foundation-DLBKUSGXN8QHAT8W0OARR9S8A.pcm
SwiftExplicitDependencyGeneratePcm arm64_32 /Users/admin/builder/spi-builder-workspace/.derivedData/SDKExplicitPrecompiledModules/Foundation-BJ2VQGI3OGR34500MEQ1VKHPH.pcm
SwiftEmitModule normal arm64 Emitting\ module\ for\ DSFAppearanceManager (in target 'DSFAppearanceManager' from project 'DSFAppearanceManager')
SwiftCompile normal arm64 (in target 'DSFAppearanceManager' from project 'DSFAppearanceManager')
cd /Users/admin/builder/spi-builder-workspace/.swiftpm/xcode
SwiftCompile normal arm64 Compiling\ DSFSimpleLock.swift /Users/admin/builder/spi-builder-workspace/.dependencies/checkouts/DSFAppearanceManager/Sources/DSFAppearanceManager/private/util/DSFSimpleLock.swift (in target 'DSFAppearanceManager' from project 'DSFAppearanceManager')
SwiftCompile normal arm64 /Users/admin/builder/spi-builder-workspace/.dependencies/checkouts/DSFAppearanceManager/Sources/DSFAppearanceManager/private/util/DSFSimpleLock.swift (in target 'DSFAppearanceManager' from project 'DSFAppearanceManager')
cd /Users/admin/builder/spi-builder-workspace/.swiftpm/xcode
builtin-SwiftPerFileCompile DSFSimpleLock.swift
SwiftCompile normal arm64 Compiling\ WeakBox.swift /Users/admin/builder/spi-builder-workspace/.dependencies/checkouts/DSFAppearanceManager/Sources/DSFAppearanceManager/private/weak/WeakBox.swift (in target 'DSFAppearanceManager' from project 'DSFAppearanceManager')
SwiftCompile normal arm64 /Users/admin/builder/spi-builder-workspace/.dependencies/checkouts/DSFAppearanceManager/Sources/DSFAppearanceManager/private/weak/WeakBox.swift (in target 'DSFAppearanceManager' from project 'DSFAppearanceManager')
cd /Users/admin/builder/spi-builder-workspace/.swiftpm/xcode
builtin-SwiftPerFileCompile WeakBox.swift
SwiftCompile normal arm64 Compiling\ WeakBag.swift /Users/admin/builder/spi-builder-workspace/.dependencies/checkouts/DSFAppearanceManager/Sources/DSFAppearanceManager/private/weak/WeakBag.swift (in target 'DSFAppearanceManager' from project 'DSFAppearanceManager')
SwiftCompile normal arm64 /Users/admin/builder/spi-builder-workspace/.dependencies/checkouts/DSFAppearanceManager/Sources/DSFAppearanceManager/private/weak/WeakBag.swift (in target 'DSFAppearanceManager' from project 'DSFAppearanceManager')
cd /Users/admin/builder/spi-builder-workspace/.swiftpm/xcode
builtin-SwiftPerFileCompile WeakBag.swift
SwiftCompile normal arm64 Compiling\ DSFAppearanceManager.swift,\ NSView+Appearance.swift /Users/admin/builder/spi-builder-workspace/.dependencies/checkouts/DSFAppearanceManager/Sources/DSFAppearanceManager/DSFAppearanceManager.swift /Users/admin/builder/spi-builder-workspace/.dependencies/checkouts/DSFAppearanceManager/Sources/DSFAppearanceManager/NSView+Appearance.swift (in target 'DSFAppearanceManager' from project 'DSFAppearanceManager')
SwiftCompile normal arm64 /Users/admin/builder/spi-builder-workspace/.dependencies/checkouts/DSFAppearanceManager/Sources/DSFAppearanceManager/DSFAppearanceManager.swift (in target 'DSFAppearanceManager' from project 'DSFAppearanceManager')
cd /Users/admin/builder/spi-builder-workspace/.swiftpm/xcode
builtin-SwiftPerFileCompile DSFAppearanceManager.swift
SwiftCompile normal arm64 /Users/admin/builder/spi-builder-workspace/.dependencies/checkouts/DSFAppearanceManager/Sources/DSFAppearanceManager/NSView+Appearance.swift (in target 'DSFAppearanceManager' from project 'DSFAppearanceManager')
cd /Users/admin/builder/spi-builder-workspace/.swiftpm/xcode
builtin-SwiftPerFileCompile NSView+Appearance.swift
SwiftCompile normal arm64 Compiling\ DSFAppearanceCache.swift,\ DSFAppearanceManager+ChangeDetector.swift /Users/admin/builder/spi-builder-workspace/.dependencies/checkouts/DSFAppearanceManager/Sources/DSFAppearanceManager/DSFAppearanceCache.swift /Users/admin/builder/spi-builder-workspace/.dependencies/checkouts/DSFAppearanceManager/Sources/DSFAppearanceManager/DSFAppearanceManager+ChangeDetector.swift (in target 'DSFAppearanceManager' from project 'DSFAppearanceManager')
SwiftCompile normal arm64 /Users/admin/builder/spi-builder-workspace/.dependencies/checkouts/DSFAppearanceManager/Sources/DSFAppearanceManager/DSFAppearanceCache.swift (in target 'DSFAppearanceManager' from project 'DSFAppearanceManager')
cd /Users/admin/builder/spi-builder-workspace/.swiftpm/xcode
builtin-SwiftPerFileCompile DSFAppearanceCache.swift
SwiftCompile normal arm64 /Users/admin/builder/spi-builder-workspace/.dependencies/checkouts/DSFAppearanceManager/Sources/DSFAppearanceManager/DSFAppearanceManager+ChangeDetector.swift (in target 'DSFAppearanceManager' from project 'DSFAppearanceManager')
cd /Users/admin/builder/spi-builder-workspace/.swiftpm/xcode
builtin-SwiftPerFileCompile DSFAppearanceManager+ChangeDetector.swift
SwiftCompile normal arm64 Compiling\ DSFAppearanceManager+Listeners.swift /Users/admin/builder/spi-builder-workspace/.dependencies/checkouts/DSFAppearanceManager/Sources/DSFAppearanceManager/private/DSFAppearanceManager+Listeners.swift (in target 'DSFAppearanceManager' from project 'DSFAppearanceManager')
SwiftCompile normal arm64 /Users/admin/builder/spi-builder-workspace/.dependencies/checkouts/DSFAppearanceManager/Sources/DSFAppearanceManager/private/DSFAppearanceManager+Listeners.swift (in target 'DSFAppearanceManager' from project 'DSFAppearanceManager')
cd /Users/admin/builder/spi-builder-workspace/.swiftpm/xcode
builtin-SwiftPerFileCompile DSFAppearanceManager+Listeners.swift
SwiftCompile normal arm64 Compiling\ DSFDebounce.swift /Users/admin/builder/spi-builder-workspace/.dependencies/checkouts/DSFAppearanceManager/Sources/DSFAppearanceManager/private/util/DSFDebounce.swift (in target 'DSFAppearanceManager' from project 'DSFAppearanceManager')
SwiftCompile normal arm64 /Users/admin/builder/spi-builder-workspace/.dependencies/checkouts/DSFAppearanceManager/Sources/DSFAppearanceManager/private/util/DSFDebounce.swift (in target 'DSFAppearanceManager' from project 'DSFAppearanceManager')
cd /Users/admin/builder/spi-builder-workspace/.swiftpm/xcode
builtin-SwiftPerFileCompile DSFDebounce.swift
SwiftCompile normal arm64 Compiling\ AutoplayAnimatedImages.swift /Users/admin/builder/spi-builder-workspace/.dependencies/checkouts/DSFAppearanceManager/Sources/DSFAppearanceManager/private/AutoplayAnimatedImages.swift (in target 'DSFAppearanceManager' from project 'DSFAppearanceManager')
SwiftCompile normal arm64 /Users/admin/builder/spi-builder-workspace/.dependencies/checkouts/DSFAppearanceManager/Sources/DSFAppearanceManager/private/AutoplayAnimatedImages.swift (in target 'DSFAppearanceManager' from project 'DSFAppearanceManager')
cd /Users/admin/builder/spi-builder-workspace/.swiftpm/xcode
builtin-SwiftPerFileCompile AutoplayAnimatedImages.swift
SwiftCompile normal arm64 Compiling\ NSWindow+Appearance.swift /Users/admin/builder/spi-builder-workspace/.dependencies/checkouts/DSFAppearanceManager/Sources/DSFAppearanceManager/NSWindow+Appearance.swift (in target 'DSFAppearanceManager' from project 'DSFAppearanceManager')
SwiftCompile normal arm64 /Users/admin/builder/spi-builder-workspace/.dependencies/checkouts/DSFAppearanceManager/Sources/DSFAppearanceManager/NSWindow+Appearance.swift (in target 'DSFAppearanceManager' from project 'DSFAppearanceManager')
cd /Users/admin/builder/spi-builder-workspace/.swiftpm/xcode
builtin-SwiftPerFileCompile NSWindow+Appearance.swift
SwiftEmitModule normal arm64_32 Emitting\ module\ for\ DSFAppearanceManager (in target 'DSFAppearanceManager' from project 'DSFAppearanceManager')
SwiftCompile normal arm64_32 (in target 'DSFAppearanceManager' from project 'DSFAppearanceManager')
cd /Users/admin/builder/spi-builder-workspace/.swiftpm/xcode
SwiftDriverJobDiscovery normal arm64 Emitting module for DSFAppearanceManager (in target 'DSFAppearanceManager' from project 'DSFAppearanceManager')
SwiftDriver\ Compilation\ Requirements DSFAppearanceManager normal arm64 com.apple.xcode.tools.swift.compiler (in target 'DSFAppearanceManager' from project 'DSFAppearanceManager')
cd /Users/admin/builder/spi-builder-workspace/.swiftpm/xcode
builtin-Swift-Compilation-Requirements -- /Applications/Xcode-27.0.0-Release.Candidate.app/Contents/Developer/Toolchains/XcodeDefault.xctoolchain/usr/bin/swiftc -parse-as-library -module-name DSFAppearanceManager -Onone @/Users/admin/builder/spi-builder-workspace/.derivedData/Build/Intermediates.noindex/DSFAppearanceManager.build/Debug-watchos/DSFAppearanceManager-t.build/Objects-normal/arm64/DSFAppearanceManager.SwiftFileList -DSWIFT_PACKAGE -DDEBUG -DSWIFT_MODULE_RESOURCE_BUNDLE_UNAVAILABLE -DXcode -plugin-path /Applications/Xcode-27.0.0-Release.Candidate.app/Contents/Developer/Toolchains/XcodeDefault.xctoolchain/usr/lib/swift/host/plugins/testing -enable-experimental-feature DebugDescriptionMacro -sdk /Applications/Xcode-27.0.0-Release.Candidate.app/Contents/Developer/Platforms/WatchOS.platform/Developer/SDKs/WatchOS27.0.sdk -target arm64-apple-watchos9.0 -g -module-cache-path /Users/admin/builder/spi-builder-workspace/.derivedData/ModuleCache.noindex -Xfrontend -serialize-debugging-options -profile-coverage-mapping -profile-generate -enable-testing -suppress-warnings -index-store-path /Users/admin/builder/spi-builder-workspace/.derivedData/Index.noindex/DataStore -Xcc -D_LIBCPP_HARDENING_MODE\=_LIBCPP_HARDENING_MODE_DEBUG -swift-version 5 -I /Users/admin/builder/spi-builder-workspace/.derivedData/Build/Products/Debug-watchos -Isystem /Applications/Xcode-27.0.0-Release.Candidate.app/Contents/Developer/Platforms/WatchOS.platform/Developer/usr/lib -F /Users/admin/builder/spi-builder-workspace/.derivedData/Build/Products/Debug-watchos -F /Applications/Xcode-27.0.0-Release.Candidate.app/Contents/Developer/Platforms/WatchOS.platform/Developer/Library/Frameworks -F /Applications/Xcode-27.0.0-Release.Candidate.app/Contents/Developer/Platforms/WatchOS.platform/Developer/SDKs/WatchOS27.0.sdk/Developer/Library/Frameworks -c -j10 -enable-batch-mode -incremental -Xcc -ivfsstatcache -Xcc /Users/admin/builder/spi-builder-workspace/.derivedData/SDKStatCaches.noindex/watchos27.0-24R360-e829b21a6f8c9b70876ba0858053c04477534ef55a1706bf4c1112bbb242f0a2.sdkstatcache -output-file-map /Users/admin/builder/spi-builder-workspace/.derivedData/Build/Intermediates.noindex/DSFAppearanceManager.build/Debug-watchos/DSFAppearanceManager-t.build/Objects-normal/arm64/DSFAppearanceManager-OutputFileMap.json -save-temps -no-color-diagnostics -explicit-module-build -module-cache-path /Users/admin/builder/spi-builder-workspace/.derivedData/Build/Intermediates.noindex/SwiftExplicitPrecompiledModules -clang-scanner-module-cache-path /Users/admin/builder/spi-builder-workspace/.derivedData/ModuleCache.noindex -sdk-module-cache-path /Users/admin/builder/spi-builder-workspace/.derivedData/SDKExplicitPrecompiledModules -emit-dependencies -emit-module -emit-module-path /Users/admin/builder/spi-builder-workspace/.derivedData/Build/Intermediates.noindex/DSFAppearanceManager.build/Debug-watchos/DSFAppearanceManager-t.build/Objects-normal/arm64/DSFAppearanceManager.swiftmodule -serialize-diagnostics -dependency-scan-serialize-diagnostics-path /Users/admin/builder/spi-builder-workspace/.derivedData/Build/Intermediates.noindex/DSFAppearanceManager.build/Debug-watchos/DSFAppearanceManager-t.build/Objects-normal/arm64/DSFAppearanceManager-dependency-scan.dia -validate-clang-modules-once -clang-build-session-file /Users/admin/builder/spi-builder-workspace/.derivedData/ModuleCache.noindex/Session.modulevalidation -Xcc -fmodules-prune-interval\=86400 -Xcc -fmodules-prune-after\=345600 -emit-const-values -const-gather-protocols-list /Users/admin/builder/spi-builder-workspace/.derivedData/Build/Intermediates.noindex/DSFAppearanceManager.build/Debug-watchos/DSFAppearanceManager-t.build/Objects-normal/arm64/DSFAppearanceManager_const_extract_protocols.json -Xcc -I/Users/admin/builder/spi-builder-workspace/.derivedData/Build/Products/Debug-watchos/include -Xcc -I/Users/admin/builder/spi-builder-workspace/.derivedData/Build/Intermediates.noindex/DSFAppearanceManager.build/Debug-watchos/DSFAppearanceManager-t.build/DerivedSources-normal/arm64 -Xcc -I/Users/admin/builder/spi-builder-workspace/.derivedData/Build/Intermediates.noindex/DSFAppearanceManager.build/Debug-watchos/DSFAppearanceManager-t.build/DerivedSources/arm64 -Xcc -I/Users/admin/builder/spi-builder-workspace/.derivedData/Build/Intermediates.noindex/DSFAppearanceManager.build/Debug-watchos/DSFAppearanceManager-t.build/DerivedSources -Xcc -DSWIFT_PACKAGE -Xcc -DDEBUG\=1 -emit-objc-header -emit-objc-header-path /Users/admin/builder/spi-builder-workspace/.derivedData/Build/Intermediates.noindex/DSFAppearanceManager.build/Debug-watchos/DSFAppearanceManager-t.build/Objects-normal/arm64/DSFAppearanceManager-Swift.h -working-directory /Users/admin/builder/spi-builder-workspace/.swiftpm/xcode -experimental-emit-module-separately -disable-cmo
SwiftDriverJobDiscovery normal arm64_32 Emitting module for DSFAppearanceManager (in target 'DSFAppearanceManager' from project 'DSFAppearanceManager')
SwiftDriver\ Compilation\ Requirements DSFAppearanceManager normal arm64_32 com.apple.xcode.tools.swift.compiler (in target 'DSFAppearanceManager' from project 'DSFAppearanceManager')
cd /Users/admin/builder/spi-builder-workspace/.swiftpm/xcode
builtin-Swift-Compilation-Requirements -- /Applications/Xcode-27.0.0-Release.Candidate.app/Contents/Developer/Toolchains/XcodeDefault.xctoolchain/usr/bin/swiftc -parse-as-library -module-name DSFAppearanceManager -Onone @/Users/admin/builder/spi-builder-workspace/.derivedData/Build/Intermediates.noindex/DSFAppearanceManager.build/Debug-watchos/DSFAppearanceManager-t.build/Objects-normal/arm64_32/DSFAppearanceManager.SwiftFileList -DSWIFT_PACKAGE -DDEBUG -DSWIFT_MODULE_RESOURCE_BUNDLE_UNAVAILABLE -DXcode -plugin-path /Applications/Xcode-27.0.0-Release.Candidate.app/Contents/Developer/Toolchains/XcodeDefault.xctoolchain/usr/lib/swift/host/plugins/testing -enable-experimental-feature DebugDescriptionMacro -sdk /Applications/Xcode-27.0.0-Release.Candidate.app/Contents/Developer/Platforms/WatchOS.platform/Developer/SDKs/WatchOS27.0.sdk -target arm64_32-apple-watchos9.0 -g -module-cache-path /Users/admin/builder/spi-builder-workspace/.derivedData/ModuleCache.noindex -Xfrontend -serialize-debugging-options -profile-coverage-mapping -profile-generate -enable-testing -suppress-warnings -index-store-path /Users/admin/builder/spi-builder-workspace/.derivedData/Index.noindex/DataStore -Xcc -D_LIBCPP_HARDENING_MODE\=_LIBCPP_HARDENING_MODE_DEBUG -swift-version 5 -I /Users/admin/builder/spi-builder-workspace/.derivedData/Build/Products/Debug-watchos -Isystem /Applications/Xcode-27.0.0-Release.Candidate.app/Contents/Developer/Platforms/WatchOS.platform/Developer/usr/lib -F /Users/admin/builder/spi-builder-workspace/.derivedData/Build/Products/Debug-watchos -F /Applications/Xcode-27.0.0-Release.Candidate.app/Contents/Developer/Platforms/WatchOS.platform/Developer/Library/Frameworks -F /Applications/Xcode-27.0.0-Release.Candidate.app/Contents/Developer/Platforms/WatchOS.platform/Developer/SDKs/WatchOS27.0.sdk/Developer/Library/Frameworks -c -j10 -enable-batch-mode -incremental -Xcc -ivfsstatcache -Xcc /Users/admin/builder/spi-builder-workspace/.derivedData/SDKStatCaches.noindex/watchos27.0-24R360-e829b21a6f8c9b70876ba0858053c04477534ef55a1706bf4c1112bbb242f0a2.sdkstatcache -output-file-map /Users/admin/builder/spi-builder-workspace/.derivedData/Build/Intermediates.noindex/DSFAppearanceManager.build/Debug-watchos/DSFAppearanceManager-t.build/Objects-normal/arm64_32/DSFAppearanceManager-OutputFileMap.json -save-temps -no-color-diagnostics -explicit-module-build -module-cache-path /Users/admin/builder/spi-builder-workspace/.derivedData/Build/Intermediates.noindex/SwiftExplicitPrecompiledModules -clang-scanner-module-cache-path /Users/admin/builder/spi-builder-workspace/.derivedData/ModuleCache.noindex -sdk-module-cache-path /Users/admin/builder/spi-builder-workspace/.derivedData/SDKExplicitPrecompiledModules -emit-dependencies -emit-module -emit-module-path /Users/admin/builder/spi-builder-workspace/.derivedData/Build/Intermediates.noindex/DSFAppearanceManager.build/Debug-watchos/DSFAppearanceManager-t.build/Objects-normal/arm64_32/DSFAppearanceManager.swiftmodule -serialize-diagnostics -dependency-scan-serialize-diagnostics-path /Users/admin/builder/spi-builder-workspace/.derivedData/Build/Intermediates.noindex/DSFAppearanceManager.build/Debug-watchos/DSFAppearanceManager-t.build/Objects-normal/arm64_32/DSFAppearanceManager-dependency-scan.dia -validate-clang-modules-once -clang-build-session-file /Users/admin/builder/spi-builder-workspace/.derivedData/ModuleCache.noindex/Session.modulevalidation -Xcc -fmodules-prune-interval\=86400 -Xcc -fmodules-prune-after\=345600 -emit-const-values -const-gather-protocols-list /Users/admin/builder/spi-builder-workspace/.derivedData/Build/Intermediates.noindex/DSFAppearanceManager.build/Debug-watchos/DSFAppearanceManager-t.build/Objects-normal/arm64_32/DSFAppearanceManager_const_extract_protocols.json -Xcc -I/Users/admin/builder/spi-builder-workspace/.derivedData/Build/Products/Debug-watchos/include -Xcc -I/Users/admin/builder/spi-builder-workspace/.derivedData/Build/Intermediates.noindex/DSFAppearanceManager.build/Debug-watchos/DSFAppearanceManager-t.build/DerivedSources-normal/arm64_32 -Xcc -I/Users/admin/builder/spi-builder-workspace/.derivedData/Build/Intermediates.noindex/DSFAppearanceManager.build/Debug-watchos/DSFAppearanceManager-t.build/DerivedSources/arm64_32 -Xcc -I/Users/admin/builder/spi-builder-workspace/.derivedData/Build/Intermediates.noindex/DSFAppearanceManager.build/Debug-watchos/DSFAppearanceManager-t.build/DerivedSources -Xcc -DSWIFT_PACKAGE -Xcc -DDEBUG\=1 -emit-objc-header -emit-objc-header-path /Users/admin/builder/spi-builder-workspace/.derivedData/Build/Intermediates.noindex/DSFAppearanceManager.build/Debug-watchos/DSFAppearanceManager-t.build/Objects-normal/arm64_32/DSFAppearanceManager-Swift.h -working-directory /Users/admin/builder/spi-builder-workspace/.swiftpm/xcode -experimental-emit-module-separately -disable-cmo
Copy /Users/admin/builder/spi-builder-workspace/.derivedData/Build/Products/Debug-watchos/DSFAppearanceManager.swiftmodule/arm64-apple-watchos.swiftmodule /Users/admin/builder/spi-builder-workspace/.derivedData/Build/Intermediates.noindex/DSFAppearanceManager.build/Debug-watchos/DSFAppearanceManager-t.build/Objects-normal/arm64/DSFAppearanceManager.swiftmodule (in target 'DSFAppearanceManager' from project 'DSFAppearanceManager')
cd /Users/admin/builder/spi-builder-workspace/.dependencies/checkouts/DSFAppearanceManager
builtin-copy -exclude .DS_Store -exclude CVS -exclude .svn -exclude .git -exclude .hg -resolve-src-symlinks -rename /Users/admin/builder/spi-builder-workspace/.derivedData/Build/Intermediates.noindex/DSFAppearanceManager.build/Debug-watchos/DSFAppearanceManager-t.build/Objects-normal/arm64/DSFAppearanceManager.swiftmodule /Users/admin/builder/spi-builder-workspace/.derivedData/Build/Products/Debug-watchos/DSFAppearanceManager.swiftmodule/arm64-apple-watchos.swiftmodule
SwiftMergeGeneratedHeaders /Users/admin/builder/spi-builder-workspace/.derivedData/Build/Intermediates.noindex/GeneratedModuleMaps-watchos/DSFAppearanceManager-Swift.h /Users/admin/builder/spi-builder-workspace/.derivedData/Build/Intermediates.noindex/DSFAppearanceManager.build/Debug-watchos/DSFAppearanceManager-t.build/Objects-normal/arm64/DSFAppearanceManager-Swift.h /Users/admin/builder/spi-builder-workspace/.derivedData/Build/Intermediates.noindex/DSFAppearanceManager.build/Debug-watchos/DSFAppearanceManager-t.build/Objects-normal/arm64_32/DSFAppearanceManager-Swift.h (in target 'DSFAppearanceManager' from project 'DSFAppearanceManager')
cd /Users/admin/builder/spi-builder-workspace/.dependencies/checkouts/DSFAppearanceManager
builtin-swiftHeaderTool -arch arm64 /Users/admin/builder/spi-builder-workspace/.derivedData/Build/Intermediates.noindex/DSFAppearanceManager.build/Debug-watchos/DSFAppearanceManager-t.build/Objects-normal/arm64/DSFAppearanceManager-Swift.h -arch arm64_32 /Users/admin/builder/spi-builder-workspace/.derivedData/Build/Intermediates.noindex/DSFAppearanceManager.build/Debug-watchos/DSFAppearanceManager-t.build/Objects-normal/arm64_32/DSFAppearanceManager-Swift.h -o /Users/admin/builder/spi-builder-workspace/.derivedData/Build/Intermediates.noindex/GeneratedModuleMaps-watchos/DSFAppearanceManager-Swift.h
Copy /Users/admin/builder/spi-builder-workspace/.derivedData/Build/Products/Debug-watchos/DSFAppearanceManager.swiftmodule/arm64_32-apple-watchos.swiftmodule /Users/admin/builder/spi-builder-workspace/.derivedData/Build/Intermediates.noindex/DSFAppearanceManager.build/Debug-watchos/DSFAppearanceManager-t.build/Objects-normal/arm64_32/DSFAppearanceManager.swiftmodule (in target 'DSFAppearanceManager' from project 'DSFAppearanceManager')
cd /Users/admin/builder/spi-builder-workspace/.dependencies/checkouts/DSFAppearanceManager
builtin-copy -exclude .DS_Store -exclude CVS -exclude .svn -exclude .git -exclude .hg -resolve-src-symlinks -rename /Users/admin/builder/spi-builder-workspace/.derivedData/Build/Intermediates.noindex/DSFAppearanceManager.build/Debug-watchos/DSFAppearanceManager-t.build/Objects-normal/arm64_32/DSFAppearanceManager.swiftmodule /Users/admin/builder/spi-builder-workspace/.derivedData/Build/Products/Debug-watchos/DSFAppearanceManager.swiftmodule/arm64_32-apple-watchos.swiftmodule
Copy /Users/admin/builder/spi-builder-workspace/.derivedData/Build/Products/Debug-watchos/DSFAppearanceManager.swiftmodule/arm64_32-apple-watchos.swiftdoc /Users/admin/builder/spi-builder-workspace/.derivedData/Build/Intermediates.noindex/DSFAppearanceManager.build/Debug-watchos/DSFAppearanceManager-t.build/Objects-normal/arm64_32/DSFAppearanceManager.swiftdoc (in target 'DSFAppearanceManager' from project 'DSFAppearanceManager')
cd /Users/admin/builder/spi-builder-workspace/.dependencies/checkouts/DSFAppearanceManager
builtin-copy -exclude .DS_Store -exclude CVS -exclude .svn -exclude .git -exclude .hg -resolve-src-symlinks -rename /Users/admin/builder/spi-builder-workspace/.derivedData/Build/Intermediates.noindex/DSFAppearanceManager.build/Debug-watchos/DSFAppearanceManager-t.build/Objects-normal/arm64_32/DSFAppearanceManager.swiftdoc /Users/admin/builder/spi-builder-workspace/.derivedData/Build/Products/Debug-watchos/DSFAppearanceManager.swiftmodule/arm64_32-apple-watchos.swiftdoc
Copy /Users/admin/builder/spi-builder-workspace/.derivedData/Build/Products/Debug-watchos/DSFAppearanceManager.swiftmodule/arm64_32-apple-watchos.abi.json /Users/admin/builder/spi-builder-workspace/.derivedData/Build/Intermediates.noindex/DSFAppearanceManager.build/Debug-watchos/DSFAppearanceManager-t.build/Objects-normal/arm64_32/DSFAppearanceManager.abi.json (in target 'DSFAppearanceManager' from project 'DSFAppearanceManager')
cd /Users/admin/builder/spi-builder-workspace/.dependencies/checkouts/DSFAppearanceManager
builtin-copy -exclude .DS_Store -exclude CVS -exclude .svn -exclude .git -exclude .hg -resolve-src-symlinks -rename /Users/admin/builder/spi-builder-workspace/.derivedData/Build/Intermediates.noindex/DSFAppearanceManager.build/Debug-watchos/DSFAppearanceManager-t.build/Objects-normal/arm64_32/DSFAppearanceManager.abi.json /Users/admin/builder/spi-builder-workspace/.derivedData/Build/Products/Debug-watchos/DSFAppearanceManager.swiftmodule/arm64_32-apple-watchos.abi.json
Copy /Users/admin/builder/spi-builder-workspace/.derivedData/Build/Products/Debug-watchos/DSFAppearanceManager.swiftmodule/arm64-apple-watchos.swiftdoc /Users/admin/builder/spi-builder-workspace/.derivedData/Build/Intermediates.noindex/DSFAppearanceManager.build/Debug-watchos/DSFAppearanceManager-t.build/Objects-normal/arm64/DSFAppearanceManager.swiftdoc (in target 'DSFAppearanceManager' from project 'DSFAppearanceManager')
cd /Users/admin/builder/spi-builder-workspace/.dependencies/checkouts/DSFAppearanceManager
builtin-copy -exclude .DS_Store -exclude CVS -exclude .svn -exclude .git -exclude .hg -resolve-src-symlinks -rename /Users/admin/builder/spi-builder-workspace/.derivedData/Build/Intermediates.noindex/DSFAppearanceManager.build/Debug-watchos/DSFAppearanceManager-t.build/Objects-normal/arm64/DSFAppearanceManager.swiftdoc /Users/admin/builder/spi-builder-workspace/.derivedData/Build/Products/Debug-watchos/DSFAppearanceManager.swiftmodule/arm64-apple-watchos.swiftdoc
Copy /Users/admin/builder/spi-builder-workspace/.derivedData/Build/Products/Debug-watchos/DSFAppearanceManager.swiftmodule/arm64-apple-watchos.abi.json /Users/admin/builder/spi-builder-workspace/.derivedData/Build/Intermediates.noindex/DSFAppearanceManager.build/Debug-watchos/DSFAppearanceManager-t.build/Objects-normal/arm64/DSFAppearanceManager.abi.json (in target 'DSFAppearanceManager' from project 'DSFAppearanceManager')
cd /Users/admin/builder/spi-builder-workspace/.dependencies/checkouts/DSFAppearanceManager
builtin-copy -exclude .DS_Store -exclude CVS -exclude .svn -exclude .git -exclude .hg -resolve-src-symlinks -rename /Users/admin/builder/spi-builder-workspace/.derivedData/Build/Intermediates.noindex/DSFAppearanceManager.build/Debug-watchos/DSFAppearanceManager-t.build/Objects-normal/arm64/DSFAppearanceManager.abi.json /Users/admin/builder/spi-builder-workspace/.derivedData/Build/Products/Debug-watchos/DSFAppearanceManager.swiftmodule/arm64-apple-watchos.abi.json
Copy /Users/admin/builder/spi-builder-workspace/.derivedData/Build/Products/Debug-watchos/DSFAppearanceManager.swiftmodule/Project/arm64_32-apple-watchos.swiftsourceinfo /Users/admin/builder/spi-builder-workspace/.derivedData/Build/Intermediates.noindex/DSFAppearanceManager.build/Debug-watchos/DSFAppearanceManager-t.build/Objects-normal/arm64_32/DSFAppearanceManager.swiftsourceinfo (in target 'DSFAppearanceManager' from project 'DSFAppearanceManager')
cd /Users/admin/builder/spi-builder-workspace/.dependencies/checkouts/DSFAppearanceManager
builtin-copy -exclude .DS_Store -exclude CVS -exclude .svn -exclude .git -exclude .hg -resolve-src-symlinks -rename /Users/admin/builder/spi-builder-workspace/.derivedData/Build/Intermediates.noindex/DSFAppearanceManager.build/Debug-watchos/DSFAppearanceManager-t.build/Objects-normal/arm64_32/DSFAppearanceManager.swiftsourceinfo /Users/admin/builder/spi-builder-workspace/.derivedData/Build/Products/Debug-watchos/DSFAppearanceManager.swiftmodule/Project/arm64_32-apple-watchos.swiftsourceinfo
Copy /Users/admin/builder/spi-builder-workspace/.derivedData/Build/Products/Debug-watchos/DSFAppearanceManager.swiftmodule/Project/arm64-apple-watchos.swiftsourceinfo /Users/admin/builder/spi-builder-workspace/.derivedData/Build/Intermediates.noindex/DSFAppearanceManager.build/Debug-watchos/DSFAppearanceManager-t.build/Objects-normal/arm64/DSFAppearanceManager.swiftsourceinfo (in target 'DSFAppearanceManager' from project 'DSFAppearanceManager')
cd /Users/admin/builder/spi-builder-workspace/.dependencies/checkouts/DSFAppearanceManager
builtin-copy -exclude .DS_Store -exclude CVS -exclude .svn -exclude .git -exclude .hg -resolve-src-symlinks -rename /Users/admin/builder/spi-builder-workspace/.derivedData/Build/Intermediates.noindex/DSFAppearanceManager.build/Debug-watchos/DSFAppearanceManager-t.build/Objects-normal/arm64/DSFAppearanceManager.swiftsourceinfo /Users/admin/builder/spi-builder-workspace/.derivedData/Build/Products/Debug-watchos/DSFAppearanceManager.swiftmodule/Project/arm64-apple-watchos.swiftsourceinfo
SwiftCompile normal arm64_32 Compiling\ NSWindow+Appearance.swift /Users/admin/builder/spi-builder-workspace/.dependencies/checkouts/DSFAppearanceManager/Sources/DSFAppearanceManager/NSWindow+Appearance.swift (in target 'DSFAppearanceManager' from project 'DSFAppearanceManager')
SwiftCompile normal arm64_32 /Users/admin/builder/spi-builder-workspace/.dependencies/checkouts/DSFAppearanceManager/Sources/DSFAppearanceManager/NSWindow+Appearance.swift (in target 'DSFAppearanceManager' from project 'DSFAppearanceManager')
cd /Users/admin/builder/spi-builder-workspace/.swiftpm/xcode
builtin-SwiftPerFileCompile NSWindow+Appearance.swift
SwiftDriverJobDiscovery normal arm64 Compiling AutoplayAnimatedImages.swift (in target 'DSFAppearanceManager' from project 'DSFAppearanceManager')
SwiftCompile normal arm64_32 Compiling\ AutoplayAnimatedImages.swift /Users/admin/builder/spi-builder-workspace/.dependencies/checkouts/DSFAppearanceManager/Sources/DSFAppearanceManager/private/AutoplayAnimatedImages.swift (in target 'DSFAppearanceManager' from project 'DSFAppearanceManager')
SwiftCompile normal arm64_32 /Users/admin/builder/spi-builder-workspace/.dependencies/checkouts/DSFAppearanceManager/Sources/DSFAppearanceManager/private/AutoplayAnimatedImages.swift (in target 'DSFAppearanceManager' from project 'DSFAppearanceManager')
cd /Users/admin/builder/spi-builder-workspace/.swiftpm/xcode
builtin-SwiftPerFileCompile AutoplayAnimatedImages.swift
SwiftDriverJobDiscovery normal arm64 Compiling DSFAppearanceManager.swift, NSView+Appearance.swift (in target 'DSFAppearanceManager' from project 'DSFAppearanceManager')
SwiftCompile normal arm64_32 Compiling\ DSFDebounce.swift /Users/admin/builder/spi-builder-workspace/.dependencies/checkouts/DSFAppearanceManager/Sources/DSFAppearanceManager/private/util/DSFDebounce.swift (in target 'DSFAppearanceManager' from project 'DSFAppearanceManager')
SwiftCompile normal arm64_32 /Users/admin/builder/spi-builder-workspace/.dependencies/checkouts/DSFAppearanceManager/Sources/DSFAppearanceManager/private/util/DSFDebounce.swift (in target 'DSFAppearanceManager' from project 'DSFAppearanceManager')
cd /Users/admin/builder/spi-builder-workspace/.swiftpm/xcode
builtin-SwiftPerFileCompile DSFDebounce.swift
SwiftCompile normal arm64_32 Compiling\ WeakBag.swift /Users/admin/builder/spi-builder-workspace/.dependencies/checkouts/DSFAppearanceManager/Sources/DSFAppearanceManager/private/weak/WeakBag.swift (in target 'DSFAppearanceManager' from project 'DSFAppearanceManager')
SwiftCompile normal arm64_32 /Users/admin/builder/spi-builder-workspace/.dependencies/checkouts/DSFAppearanceManager/Sources/DSFAppearanceManager/private/weak/WeakBag.swift (in target 'DSFAppearanceManager' from project 'DSFAppearanceManager')
cd /Users/admin/builder/spi-builder-workspace/.swiftpm/xcode
builtin-SwiftPerFileCompile WeakBag.swift
SwiftCompile normal arm64_32 Compiling\ DSFSimpleLock.swift /Users/admin/builder/spi-builder-workspace/.dependencies/checkouts/DSFAppearanceManager/Sources/DSFAppearanceManager/private/util/DSFSimpleLock.swift (in target 'DSFAppearanceManager' from project 'DSFAppearanceManager')
SwiftCompile normal arm64_32 /Users/admin/builder/spi-builder-workspace/.dependencies/checkouts/DSFAppearanceManager/Sources/DSFAppearanceManager/private/util/DSFSimpleLock.swift (in target 'DSFAppearanceManager' from project 'DSFAppearanceManager')
cd /Users/admin/builder/spi-builder-workspace/.swiftpm/xcode
builtin-SwiftPerFileCompile DSFSimpleLock.swift
SwiftDriverJobDiscovery normal arm64 Compiling DSFAppearanceCache.swift, DSFAppearanceManager+ChangeDetector.swift (in target 'DSFAppearanceManager' from project 'DSFAppearanceManager')
SwiftDriverJobDiscovery normal arm64 Compiling DSFAppearanceManager+Listeners.swift (in target 'DSFAppearanceManager' from project 'DSFAppearanceManager')
SwiftDriverJobDiscovery normal arm64 Compiling NSWindow+Appearance.swift (in target 'DSFAppearanceManager' from project 'DSFAppearanceManager')
SwiftCompile normal arm64_32 Compiling\ DSFAppearanceManager+Listeners.swift /Users/admin/builder/spi-builder-workspace/.dependencies/checkouts/DSFAppearanceManager/Sources/DSFAppearanceManager/private/DSFAppearanceManager+Listeners.swift (in target 'DSFAppearanceManager' from project 'DSFAppearanceManager')
SwiftCompile normal arm64_32 /Users/admin/builder/spi-builder-workspace/.dependencies/checkouts/DSFAppearanceManager/Sources/DSFAppearanceManager/private/DSFAppearanceManager+Listeners.swift (in target 'DSFAppearanceManager' from project 'DSFAppearanceManager')
cd /Users/admin/builder/spi-builder-workspace/.swiftpm/xcode
builtin-SwiftPerFileCompile DSFAppearanceManager+Listeners.swift
SwiftDriverJobDiscovery normal arm64_32 Compiling NSWindow+Appearance.swift (in target 'DSFAppearanceManager' from project 'DSFAppearanceManager')
SwiftCompile normal arm64_32 Compiling\ DSFAppearanceManager.swift,\ NSView+Appearance.swift /Users/admin/builder/spi-builder-workspace/.dependencies/checkouts/DSFAppearanceManager/Sources/DSFAppearanceManager/DSFAppearanceManager.swift /Users/admin/builder/spi-builder-workspace/.dependencies/checkouts/DSFAppearanceManager/Sources/DSFAppearanceManager/NSView+Appearance.swift (in target 'DSFAppearanceManager' from project 'DSFAppearanceManager')
SwiftCompile normal arm64_32 /Users/admin/builder/spi-builder-workspace/.dependencies/checkouts/DSFAppearanceManager/Sources/DSFAppearanceManager/DSFAppearanceManager.swift (in target 'DSFAppearanceManager' from project 'DSFAppearanceManager')
cd /Users/admin/builder/spi-builder-workspace/.swiftpm/xcode
builtin-SwiftPerFileCompile DSFAppearanceManager.swift
SwiftCompile normal arm64_32 /Users/admin/builder/spi-builder-workspace/.dependencies/checkouts/DSFAppearanceManager/Sources/DSFAppearanceManager/NSView+Appearance.swift (in target 'DSFAppearanceManager' from project 'DSFAppearanceManager')
cd /Users/admin/builder/spi-builder-workspace/.swiftpm/xcode
builtin-SwiftPerFileCompile NSView+Appearance.swift
SwiftDriverJobDiscovery normal arm64_32 Compiling AutoplayAnimatedImages.swift (in target 'DSFAppearanceManager' from project 'DSFAppearanceManager')
SwiftCompile normal arm64_32 Compiling\ DSFAppearanceCache.swift,\ DSFAppearanceManager+ChangeDetector.swift /Users/admin/builder/spi-builder-workspace/.dependencies/checkouts/DSFAppearanceManager/Sources/DSFAppearanceManager/DSFAppearanceCache.swift /Users/admin/builder/spi-builder-workspace/.dependencies/checkouts/DSFAppearanceManager/Sources/DSFAppearanceManager/DSFAppearanceManager+ChangeDetector.swift (in target 'DSFAppearanceManager' from project 'DSFAppearanceManager')
SwiftCompile normal arm64_32 /Users/admin/builder/spi-builder-workspace/.dependencies/checkouts/DSFAppearanceManager/Sources/DSFAppearanceManager/DSFAppearanceCache.swift (in target 'DSFAppearanceManager' from project 'DSFAppearanceManager')
cd /Users/admin/builder/spi-builder-workspace/.swiftpm/xcode
builtin-SwiftPerFileCompile DSFAppearanceCache.swift
SwiftCompile normal arm64_32 /Users/admin/builder/spi-builder-workspace/.dependencies/checkouts/DSFAppearanceManager/Sources/DSFAppearanceManager/DSFAppearanceManager+ChangeDetector.swift (in target 'DSFAppearanceManager' from project 'DSFAppearanceManager')
cd /Users/admin/builder/spi-builder-workspace/.swiftpm/xcode
builtin-SwiftPerFileCompile DSFAppearanceManager+ChangeDetector.swift
SwiftCompile normal arm64_32 Compiling\ WeakBox.swift /Users/admin/builder/spi-builder-workspace/.dependencies/checkouts/DSFAppearanceManager/Sources/DSFAppearanceManager/private/weak/WeakBox.swift (in target 'DSFAppearanceManager' from project 'DSFAppearanceManager')
SwiftCompile normal arm64_32 /Users/admin/builder/spi-builder-workspace/.dependencies/checkouts/DSFAppearanceManager/Sources/DSFAppearanceManager/private/weak/WeakBox.swift (in target 'DSFAppearanceManager' from project 'DSFAppearanceManager')
cd /Users/admin/builder/spi-builder-workspace/.swiftpm/xcode
builtin-SwiftPerFileCompile WeakBox.swift
SwiftDriverJobDiscovery normal arm64_32 Compiling DSFAppearanceManager.swift, NSView+Appearance.swift (in target 'DSFAppearanceManager' from project 'DSFAppearanceManager')
SwiftCompile normal arm64 Compiling\ NSAppearance+extensions.swift /Users/admin/builder/spi-builder-workspace/.dependencies/checkouts/DSFAppearanceManager/Sources/DSFAppearanceManager/private/util/NSAppearance+extensions.swift (in target 'DSFAppearanceManager' from project 'DSFAppearanceManager')
SwiftCompile normal arm64 /Users/admin/builder/spi-builder-workspace/.dependencies/checkouts/DSFAppearanceManager/Sources/DSFAppearanceManager/private/util/NSAppearance+extensions.swift (in target 'DSFAppearanceManager' from project 'DSFAppearanceManager')
cd /Users/admin/builder/spi-builder-workspace/.swiftpm/xcode
builtin-SwiftPerFileCompile NSAppearance+extensions.swift
SwiftDriverJobDiscovery normal arm64_32 Compiling DSFAppearanceManager+Listeners.swift (in target 'DSFAppearanceManager' from project 'DSFAppearanceManager')
SwiftCompile normal arm64_32 Compiling\ NSAppearance+extensions.swift /Users/admin/builder/spi-builder-workspace/.dependencies/checkouts/DSFAppearanceManager/Sources/DSFAppearanceManager/private/util/NSAppearance+extensions.swift (in target 'DSFAppearanceManager' from project 'DSFAppearanceManager')
SwiftCompile normal arm64_32 /Users/admin/builder/spi-builder-workspace/.dependencies/checkouts/DSFAppearanceManager/Sources/DSFAppearanceManager/private/util/NSAppearance+extensions.swift (in target 'DSFAppearanceManager' from project 'DSFAppearanceManager')
cd /Users/admin/builder/spi-builder-workspace/.swiftpm/xcode
builtin-SwiftPerFileCompile NSAppearance+extensions.swift
SwiftDriverJobDiscovery normal arm64_32 Compiling DSFAppearanceCache.swift, DSFAppearanceManager+ChangeDetector.swift (in target 'DSFAppearanceManager' from project 'DSFAppearanceManager')
SwiftDriverJobDiscovery normal arm64 Compiling NSAppearance+extensions.swift (in target 'DSFAppearanceManager' from project 'DSFAppearanceManager')
SwiftDriver DSFQuickActionBar normal arm64_32 com.apple.xcode.tools.swift.compiler (in target 'DSFQuickActionBar' from project 'DSFQuickActionBar')
cd /Users/admin/builder/spi-builder-workspace/.swiftpm/xcode
builtin-SwiftDriver -- /Applications/Xcode-27.0.0-Release.Candidate.app/Contents/Developer/Toolchains/XcodeDefault.xctoolchain/usr/bin/swiftc -parse-as-library -module-name DSFQuickActionBar -Onone @/Users/admin/builder/spi-builder-workspace/.derivedData/Build/Intermediates.noindex/DSFQuickActionBar.build/Debug-watchos/DSFQuickActionBar-t.build/Objects-normal/arm64_32/DSFQuickActionBar.SwiftFileList -DSWIFT_PACKAGE -DDEBUG -DSWIFT_MODULE_RESOURCE_BUNDLE_AVAILABLE -DXcode -plugin-path /Applications/Xcode-27.0.0-Release.Candidate.app/Contents/Developer/Toolchains/XcodeDefault.xctoolchain/usr/lib/swift/host/plugins/testing -enable-experimental-feature DebugDescriptionMacro -sdk /Applications/Xcode-27.0.0-Release.Candidate.app/Contents/Developer/Platforms/WatchOS.platform/Developer/SDKs/WatchOS27.0.sdk -target arm64_32-apple-watchos9.0 -g -module-cache-path /Users/admin/builder/spi-builder-workspace/.derivedData/ModuleCache.noindex -Xfrontend -serialize-debugging-options -profile-coverage-mapping -profile-generate -enable-testing -index-store-path /Users/admin/builder/spi-builder-workspace/.derivedData/Index.noindex/DataStore -Xcc -D_LIBCPP_HARDENING_MODE\=_LIBCPP_HARDENING_MODE_DEBUG -swift-version 5 -I /Users/admin/builder/spi-builder-workspace/.derivedData/Build/Products/Debug-watchos -Isystem /Applications/Xcode-27.0.0-Release.Candidate.app/Contents/Developer/Platforms/WatchOS.platform/Developer/usr/lib -F /Users/admin/builder/spi-builder-workspace/.derivedData/Build/Products/Debug-watchos/PackageFrameworks -F /Users/admin/builder/spi-builder-workspace/.derivedData/Build/Products/Debug-watchos -F /Applications/Xcode-27.0.0-Release.Candidate.app/Contents/Developer/Platforms/WatchOS.platform/Developer/Library/Frameworks -F /Applications/Xcode-27.0.0-Release.Candidate.app/Contents/Developer/Platforms/WatchOS.platform/Developer/SDKs/WatchOS27.0.sdk/Developer/Library/Frameworks -c -j10 -enable-batch-mode -incremental -Xcc -ivfsstatcache -Xcc /Users/admin/builder/spi-builder-workspace/.derivedData/SDKStatCaches.noindex/watchos27.0-24R360-e829b21a6f8c9b70876ba0858053c04477534ef55a1706bf4c1112bbb242f0a2.sdkstatcache -output-file-map /Users/admin/builder/spi-builder-workspace/.derivedData/Build/Intermediates.noindex/DSFQuickActionBar.build/Debug-watchos/DSFQuickActionBar-t.build/Objects-normal/arm64_32/DSFQuickActionBar-OutputFileMap.json -save-temps -no-color-diagnostics -explicit-module-build -module-cache-path /Users/admin/builder/spi-builder-workspace/.derivedData/Build/Intermediates.noindex/SwiftExplicitPrecompiledModules -clang-scanner-module-cache-path /Users/admin/builder/spi-builder-workspace/.derivedData/ModuleCache.noindex -sdk-module-cache-path /Users/admin/builder/spi-builder-workspace/.derivedData/SDKExplicitPrecompiledModules -emit-dependencies -emit-module -emit-module-path /Users/admin/builder/spi-builder-workspace/.derivedData/Build/Intermediates.noindex/DSFQuickActionBar.build/Debug-watchos/DSFQuickActionBar-t.build/Objects-normal/arm64_32/DSFQuickActionBar.swiftmodule -serialize-diagnostics -dependency-scan-serialize-diagnostics-path /Users/admin/builder/spi-builder-workspace/.derivedData/Build/Intermediates.noindex/DSFQuickActionBar.build/Debug-watchos/DSFQuickActionBar-t.build/Objects-normal/arm64_32/DSFQuickActionBar-dependency-scan.dia -validate-clang-modules-once -clang-build-session-file /Users/admin/builder/spi-builder-workspace/.derivedData/ModuleCache.noindex/Session.modulevalidation -Xcc -fmodules-prune-interval\=86400 -Xcc -fmodules-prune-after\=345600 -emit-const-values -const-gather-protocols-list /Users/admin/builder/spi-builder-workspace/.derivedData/Build/Intermediates.noindex/DSFQuickActionBar.build/Debug-watchos/DSFQuickActionBar-t.build/Objects-normal/arm64_32/DSFQuickActionBar_const_extract_protocols.json -Xcc -I/Users/admin/builder/spi-builder-workspace/.derivedData/Build/Products/Debug-watchos/include -Xcc -I/Users/admin/builder/spi-builder-workspace/.derivedData/Build/Intermediates.noindex/DSFQuickActionBar.build/Debug-watchos/DSFQuickActionBar-t.build/DerivedSources-normal/arm64_32 -Xcc -I/Users/admin/builder/spi-builder-workspace/.derivedData/Build/Intermediates.noindex/DSFQuickActionBar.build/Debug-watchos/DSFQuickActionBar-t.build/DerivedSources/arm64_32 -Xcc -I/Users/admin/builder/spi-builder-workspace/.derivedData/Build/Intermediates.noindex/DSFQuickActionBar.build/Debug-watchos/DSFQuickActionBar-t.build/DerivedSources -Xcc -DSWIFT_PACKAGE -Xcc -DDEBUG\=1 -emit-objc-header -emit-objc-header-path /Users/admin/builder/spi-builder-workspace/.derivedData/Build/Intermediates.noindex/DSFQuickActionBar.build/Debug-watchos/DSFQuickActionBar-t.build/Objects-normal/arm64_32/DSFQuickActionBar-Swift.h -working-directory /Users/admin/builder/spi-builder-workspace/.swiftpm/xcode -experimental-emit-module-separately -disable-cmo
/Users/admin/builder/spi-builder-workspace/Sources/DSFQuickActionBar/DSFQuickActionBar+Delegate.swift:27:8: error: Unable to resolve module dependency: 'AppKit' (in target 'DSFQuickActionBar' from project 'DSFQuickActionBar')
note: A dependency of main module 'DSFQuickActionBar'
/Users/admin/builder/spi-builder-workspace/Sources/DSFQuickActionBar/DSFQuickActionBar.swift:27:8: note: Also imported here
/Users/admin/builder/spi-builder-workspace/Sources/DSFQuickActionBar/private/DSFQuickActionBar+DefaultImage.swift:27:8: note: Also imported here
/Users/admin/builder/spi-builder-workspace/Sources/DSFQuickActionBar/private/DSFQuickActionBar+DefaultImage.swift:28:8: note: Also imported here
/Users/admin/builder/spi-builder-workspace/Sources/DSFQuickActionBar/private/DSFQuickActionBar+ResultsView.swift:27:8: note: Also imported here
/Users/admin/builder/spi-builder-workspace/Sources/DSFQuickActionBar/private/DSFQuickActionBar+Window.swift:27:8: note: Also imported here
/Users/admin/builder/spi-builder-workspace/Sources/DSFQuickActionBar/private/util/DSFDelayedIndeterminiteRadialProgressIndicator.swift:28:8: note: Also imported here
/Users/admin/builder/spi-builder-workspace/Sources/DSFQuickActionBar/private/util/DSFFlippedClipView.swift:27:8: note: Also imported here
/Users/admin/builder/spi-builder-workspace/Sources/DSFQuickActionBar/private/util/DSFPrimaryRoundedView.swift:27:8: note: Also imported here
/Users/admin/builder/spi-builder-workspace/Sources/DSFQuickActionBar/private/util/DSFTextField.swift:27:8: note: Also imported here
/Users/admin/builder/spi-builder-workspace/Sources/DSFQuickActionBar/private/util/EphemeralWindow.swift:27:8: note: Also imported here
/Users/admin/builder/spi-builder-workspace/Sources/DSFQuickActionBar/private/util/NSImage+extensions.swift:27:8: note: Also imported here
/Users/admin/builder/spi-builder-workspace/Sources/DSFQuickActionBar/private/util/NSImage+scaling.swift:28:8: note: Also imported here
/Users/admin/builder/spi-builder-workspace/Sources/DSFQuickActionBar/private/util/NSScroller+extensions.swift:26:8: note: Also imported here
/Users/admin/builder/spi-builder-workspace/Sources/DSFQuickActionBar/private/util/NSTextField+extensions.swift:28:8: note: Also imported here
/Users/admin/builder/spi-builder-workspace/Sources/DSFQuickActionBar/DSFQuickActionBar+Delegate.swift:27:8: note: A dependency of main module 'DSFQuickActionBar'
import AppKit
^ (in target 'DSFQuickActionBar' from project 'DSFQuickActionBar')
/Users/admin/builder/spi-builder-workspace/Sources/DSFQuickActionBar/DSFQuickActionBar.swift:27:8: note: Also imported here
import AppKit
^ (in target 'DSFQuickActionBar' from project 'DSFQuickActionBar')
/Users/admin/builder/spi-builder-workspace/Sources/DSFQuickActionBar/private/DSFQuickActionBar+DefaultImage.swift:27:8: note: Also imported here
import AppKit.NSImage
^ (in target 'DSFQuickActionBar' from project 'DSFQuickActionBar')
/Users/admin/builder/spi-builder-workspace/Sources/DSFQuickActionBar/private/DSFQuickActionBar+DefaultImage.swift:28:8: note: Also imported here
import AppKit.NSGraphicsContext
^ (in target 'DSFQuickActionBar' from project 'DSFQuickActionBar')
/Users/admin/builder/spi-builder-workspace/Sources/DSFQuickActionBar/private/DSFQuickActionBar+ResultsView.swift:27:8: note: Also imported here
import AppKit
^ (in target 'DSFQuickActionBar' from project 'DSFQuickActionBar')
/Users/admin/builder/spi-builder-workspace/Sources/DSFQuickActionBar/private/DSFQuickActionBar+Window.swift:27:8: note: Also imported here
import AppKit
^ (in target 'DSFQuickActionBar' from project 'DSFQuickActionBar')
/Users/admin/builder/spi-builder-workspace/Sources/DSFQuickActionBar/private/util/DSFDelayedIndeterminiteRadialProgressIndicator.swift:28:8: note: Also imported here
import AppKit
^ (in target 'DSFQuickActionBar' from project 'DSFQuickActionBar')
/Users/admin/builder/spi-builder-workspace/Sources/DSFQuickActionBar/private/util/DSFFlippedClipView.swift:27:8: note: Also imported here
import AppKit.NSClipView
^ (in target 'DSFQuickActionBar' from project 'DSFQuickActionBar')
/Users/admin/builder/spi-builder-workspace/Sources/DSFQuickActionBar/private/util/DSFPrimaryRoundedView.swift:27:8: note: Also imported here
import AppKit
^ (in target 'DSFQuickActionBar' from project 'DSFQuickActionBar')
/Users/admin/builder/spi-builder-workspace/Sources/DSFQuickActionBar/private/util/DSFTextField.swift:27:8: note: Also imported here
import AppKit
^ (in target 'DSFQuickActionBar' from project 'DSFQuickActionBar')
/Users/admin/builder/spi-builder-workspace/Sources/DSFQuickActionBar/private/util/EphemeralWindow.swift:27:8: note: Also imported here
import AppKit
^ (in target 'DSFQuickActionBar' from project 'DSFQuickActionBar')
/Users/admin/builder/spi-builder-workspace/Sources/DSFQuickActionBar/private/util/NSImage+extensions.swift:27:8: note: Also imported here
import AppKit.NSImage
^ (in target 'DSFQuickActionBar' from project 'DSFQuickActionBar')
/Users/admin/builder/spi-builder-workspace/Sources/DSFQuickActionBar/private/util/NSImage+scaling.swift:28:8: note: Also imported here
import AppKit
^ (in target 'DSFQuickActionBar' from project 'DSFQuickActionBar')
/Users/admin/builder/spi-builder-workspace/Sources/DSFQuickActionBar/private/util/NSScroller+extensions.swift:26:8: note: Also imported here
import AppKit
^ (in target 'DSFQuickActionBar' from project 'DSFQuickActionBar')
/Users/admin/builder/spi-builder-workspace/Sources/DSFQuickActionBar/private/util/NSTextField+extensions.swift:28:8: note: Also imported here
import AppKit
^ (in target 'DSFQuickActionBar' from project 'DSFQuickActionBar')
SwiftDriver DSFQuickActionBar normal arm64 com.apple.xcode.tools.swift.compiler (in target 'DSFQuickActionBar' from project 'DSFQuickActionBar')
cd /Users/admin/builder/spi-builder-workspace/.swiftpm/xcode
builtin-SwiftDriver -- /Applications/Xcode-27.0.0-Release.Candidate.app/Contents/Developer/Toolchains/XcodeDefault.xctoolchain/usr/bin/swiftc -parse-as-library -module-name DSFQuickActionBar -Onone @/Users/admin/builder/spi-builder-workspace/.derivedData/Build/Intermediates.noindex/DSFQuickActionBar.build/Debug-watchos/DSFQuickActionBar-t.build/Objects-normal/arm64/DSFQuickActionBar.SwiftFileList -DSWIFT_PACKAGE -DDEBUG -DSWIFT_MODULE_RESOURCE_BUNDLE_AVAILABLE -DXcode -plugin-path /Applications/Xcode-27.0.0-Release.Candidate.app/Contents/Developer/Toolchains/XcodeDefault.xctoolchain/usr/lib/swift/host/plugins/testing -enable-experimental-feature DebugDescriptionMacro -sdk /Applications/Xcode-27.0.0-Release.Candidate.app/Contents/Developer/Platforms/WatchOS.platform/Developer/SDKs/WatchOS27.0.sdk -target arm64-apple-watchos9.0 -g -module-cache-path /Users/admin/builder/spi-builder-workspace/.derivedData/ModuleCache.noindex -Xfrontend -serialize-debugging-options -profile-coverage-mapping -profile-generate -enable-testing -index-store-path /Users/admin/builder/spi-builder-workspace/.derivedData/Index.noindex/DataStore -Xcc -D_LIBCPP_HARDENING_MODE\=_LIBCPP_HARDENING_MODE_DEBUG -swift-version 5 -I /Users/admin/builder/spi-builder-workspace/.derivedData/Build/Products/Debug-watchos -Isystem /Applications/Xcode-27.0.0-Release.Candidate.app/Contents/Developer/Platforms/WatchOS.platform/Developer/usr/lib -F /Users/admin/builder/spi-builder-workspace/.derivedData/Build/Products/Debug-watchos/PackageFrameworks -F /Users/admin/builder/spi-builder-workspace/.derivedData/Build/Products/Debug-watchos -F /Applications/Xcode-27.0.0-Release.Candidate.app/Contents/Developer/Platforms/WatchOS.platform/Developer/Library/Frameworks -F /Applications/Xcode-27.0.0-Release.Candidate.app/Contents/Developer/Platforms/WatchOS.platform/Developer/SDKs/WatchOS27.0.sdk/Developer/Library/Frameworks -c -j10 -enable-batch-mode -incremental -Xcc -ivfsstatcache -Xcc /Users/admin/builder/spi-builder-workspace/.derivedData/SDKStatCaches.noindex/watchos27.0-24R360-e829b21a6f8c9b70876ba0858053c04477534ef55a1706bf4c1112bbb242f0a2.sdkstatcache -output-file-map /Users/admin/builder/spi-builder-workspace/.derivedData/Build/Intermediates.noindex/DSFQuickActionBar.build/Debug-watchos/DSFQuickActionBar-t.build/Objects-normal/arm64/DSFQuickActionBar-OutputFileMap.json -save-temps -no-color-diagnostics -explicit-module-build -module-cache-path /Users/admin/builder/spi-builder-workspace/.derivedData/Build/Intermediates.noindex/SwiftExplicitPrecompiledModules -clang-scanner-module-cache-path /Users/admin/builder/spi-builder-workspace/.derivedData/ModuleCache.noindex -sdk-module-cache-path /Users/admin/builder/spi-builder-workspace/.derivedData/SDKExplicitPrecompiledModules -emit-dependencies -emit-module -emit-module-path /Users/admin/builder/spi-builder-workspace/.derivedData/Build/Intermediates.noindex/DSFQuickActionBar.build/Debug-watchos/DSFQuickActionBar-t.build/Objects-normal/arm64/DSFQuickActionBar.swiftmodule -serialize-diagnostics -dependency-scan-serialize-diagnostics-path /Users/admin/builder/spi-builder-workspace/.derivedData/Build/Intermediates.noindex/DSFQuickActionBar.build/Debug-watchos/DSFQuickActionBar-t.build/Objects-normal/arm64/DSFQuickActionBar-dependency-scan.dia -validate-clang-modules-once -clang-build-session-file /Users/admin/builder/spi-builder-workspace/.derivedData/ModuleCache.noindex/Session.modulevalidation -Xcc -fmodules-prune-interval\=86400 -Xcc -fmodules-prune-after\=345600 -emit-const-values -const-gather-protocols-list /Users/admin/builder/spi-builder-workspace/.derivedData/Build/Intermediates.noindex/DSFQuickActionBar.build/Debug-watchos/DSFQuickActionBar-t.build/Objects-normal/arm64/DSFQuickActionBar_const_extract_protocols.json -Xcc -I/Users/admin/builder/spi-builder-workspace/.derivedData/Build/Products/Debug-watchos/include -Xcc -I/Users/admin/builder/spi-builder-workspace/.derivedData/Build/Intermediates.noindex/DSFQuickActionBar.build/Debug-watchos/DSFQuickActionBar-t.build/DerivedSources-normal/arm64 -Xcc -I/Users/admin/builder/spi-builder-workspace/.derivedData/Build/Intermediates.noindex/DSFQuickActionBar.build/Debug-watchos/DSFQuickActionBar-t.build/DerivedSources/arm64 -Xcc -I/Users/admin/builder/spi-builder-workspace/.derivedData/Build/Intermediates.noindex/DSFQuickActionBar.build/Debug-watchos/DSFQuickActionBar-t.build/DerivedSources -Xcc -DSWIFT_PACKAGE -Xcc -DDEBUG\=1 -emit-objc-header -emit-objc-header-path /Users/admin/builder/spi-builder-workspace/.derivedData/Build/Intermediates.noindex/DSFQuickActionBar.build/Debug-watchos/DSFQuickActionBar-t.build/Objects-normal/arm64/DSFQuickActionBar-Swift.h -working-directory /Users/admin/builder/spi-builder-workspace/.swiftpm/xcode -experimental-emit-module-separately -disable-cmo
/Users/admin/builder/spi-builder-workspace/Sources/DSFQuickActionBar/DSFQuickActionBar+Delegate.swift:27:8: error: Unable to resolve module dependency: 'AppKit' (in target 'DSFQuickActionBar' from project 'DSFQuickActionBar')
note: A dependency of main module 'DSFQuickActionBar'
/Users/admin/builder/spi-builder-workspace/Sources/DSFQuickActionBar/DSFQuickActionBar.swift:27:8: note: Also imported here
/Users/admin/builder/spi-builder-workspace/Sources/DSFQuickActionBar/private/DSFQuickActionBar+DefaultImage.swift:27:8: note: Also imported here
/Users/admin/builder/spi-builder-workspace/Sources/DSFQuickActionBar/private/DSFQuickActionBar+DefaultImage.swift:28:8: note: Also imported here
/Users/admin/builder/spi-builder-workspace/Sources/DSFQuickActionBar/private/DSFQuickActionBar+ResultsView.swift:27:8: note: Also imported here
/Users/admin/builder/spi-builder-workspace/Sources/DSFQuickActionBar/private/DSFQuickActionBar+Window.swift:27:8: note: Also imported here
/Users/admin/builder/spi-builder-workspace/Sources/DSFQuickActionBar/private/util/DSFDelayedIndeterminiteRadialProgressIndicator.swift:28:8: note: Also imported here
/Users/admin/builder/spi-builder-workspace/Sources/DSFQuickActionBar/private/util/DSFFlippedClipView.swift:27:8: note: Also imported here
/Users/admin/builder/spi-builder-workspace/Sources/DSFQuickActionBar/private/util/DSFPrimaryRoundedView.swift:27:8: note: Also imported here
/Users/admin/builder/spi-builder-workspace/Sources/DSFQuickActionBar/private/util/DSFTextField.swift:27:8: note: Also imported here
/Users/admin/builder/spi-builder-workspace/Sources/DSFQuickActionBar/private/util/EphemeralWindow.swift:27:8: note: Also imported here
/Users/admin/builder/spi-builder-workspace/Sources/DSFQuickActionBar/private/util/NSImage+extensions.swift:27:8: note: Also imported here
/Users/admin/builder/spi-builder-workspace/Sources/DSFQuickActionBar/private/util/NSImage+scaling.swift:28:8: note: Also imported here
/Users/admin/builder/spi-builder-workspace/Sources/DSFQuickActionBar/private/util/NSScroller+extensions.swift:26:8: note: Also imported here
/Users/admin/builder/spi-builder-workspace/Sources/DSFQuickActionBar/private/util/NSTextField+extensions.swift:28:8: note: Also imported here
/Users/admin/builder/spi-builder-workspace/Sources/DSFQuickActionBar/DSFQuickActionBar+Delegate.swift:27:8: note: A dependency of main module 'DSFQuickActionBar'
import AppKit
^ (in target 'DSFQuickActionBar' from project 'DSFQuickActionBar')
/Users/admin/builder/spi-builder-workspace/Sources/DSFQuickActionBar/DSFQuickActionBar.swift:27:8: note: Also imported here
import AppKit
^ (in target 'DSFQuickActionBar' from project 'DSFQuickActionBar')
/Users/admin/builder/spi-builder-workspace/Sources/DSFQuickActionBar/private/DSFQuickActionBar+DefaultImage.swift:27:8: note: Also imported here
import AppKit.NSImage
^ (in target 'DSFQuickActionBar' from project 'DSFQuickActionBar')
/Users/admin/builder/spi-builder-workspace/Sources/DSFQuickActionBar/private/DSFQuickActionBar+DefaultImage.swift:28:8: note: Also imported here
import AppKit.NSGraphicsContext
^ (in target 'DSFQuickActionBar' from project 'DSFQuickActionBar')
/Users/admin/builder/spi-builder-workspace/Sources/DSFQuickActionBar/private/DSFQuickActionBar+ResultsView.swift:27:8: note: Also imported here
import AppKit
^ (in target 'DSFQuickActionBar' from project 'DSFQuickActionBar')
/Users/admin/builder/spi-builder-workspace/Sources/DSFQuickActionBar/private/DSFQuickActionBar+Window.swift:27:8: note: Also imported here
import AppKit
^ (in target 'DSFQuickActionBar' from project 'DSFQuickActionBar')
/Users/admin/builder/spi-builder-workspace/Sources/DSFQuickActionBar/private/util/DSFDelayedIndeterminiteRadialProgressIndicator.swift:28:8: note: Also imported here
import AppKit
^ (in target 'DSFQuickActionBar' from project 'DSFQuickActionBar')
/Users/admin/builder/spi-builder-workspace/Sources/DSFQuickActionBar/private/util/DSFFlippedClipView.swift:27:8: note: Also imported here
import AppKit.NSClipView
^ (in target 'DSFQuickActionBar' from project 'DSFQuickActionBar')
/Users/admin/builder/spi-builder-workspace/Sources/DSFQuickActionBar/private/util/DSFPrimaryRoundedView.swift:27:8: note: Also imported here
import AppKit
^ (in target 'DSFQuickActionBar' from project 'DSFQuickActionBar')
/Users/admin/builder/spi-builder-workspace/Sources/DSFQuickActionBar/private/util/DSFTextField.swift:27:8: note: Also imported here
import AppKit
^ (in target 'DSFQuickActionBar' from project 'DSFQuickActionBar')
/Users/admin/builder/spi-builder-workspace/Sources/DSFQuickActionBar/private/util/EphemeralWindow.swift:27:8: note: Also imported here
import AppKit
^ (in target 'DSFQuickActionBar' from project 'DSFQuickActionBar')
/Users/admin/builder/spi-builder-workspace/Sources/DSFQuickActionBar/private/util/NSImage+extensions.swift:27:8: note: Also imported here
import AppKit.NSImage
^ (in target 'DSFQuickActionBar' from project 'DSFQuickActionBar')
/Users/admin/builder/spi-builder-workspace/Sources/DSFQuickActionBar/private/util/NSImage+scaling.swift:28:8: note: Also imported here
import AppKit
^ (in target 'DSFQuickActionBar' from project 'DSFQuickActionBar')
/Users/admin/builder/spi-builder-workspace/Sources/DSFQuickActionBar/private/util/NSScroller+extensions.swift:26:8: note: Also imported here
import AppKit
^ (in target 'DSFQuickActionBar' from project 'DSFQuickActionBar')
/Users/admin/builder/spi-builder-workspace/Sources/DSFQuickActionBar/private/util/NSTextField+extensions.swift:28:8: note: Also imported here
import AppKit
^ (in target 'DSFQuickActionBar' from project 'DSFQuickActionBar')
SwiftDriverJobDiscovery normal arm64_32 Compiling NSAppearance+extensions.swift (in target 'DSFAppearanceManager' from project 'DSFAppearanceManager')
SwiftDriverJobDiscovery normal arm64 Compiling WeakBox.swift (in target 'DSFAppearanceManager' from project 'DSFAppearanceManager')
SwiftDriverJobDiscovery normal arm64 Compiling DSFSimpleLock.swift (in target 'DSFAppearanceManager' from project 'DSFAppearanceManager')
SwiftDriverJobDiscovery normal arm64 Compiling WeakBag.swift (in target 'DSFAppearanceManager' from project 'DSFAppearanceManager')
SwiftDriverJobDiscovery normal arm64 Compiling DSFDebounce.swift (in target 'DSFAppearanceManager' from project 'DSFAppearanceManager')
SwiftDriver\ Compilation DSFAppearanceManager normal arm64 com.apple.xcode.tools.swift.compiler (in target 'DSFAppearanceManager' from project 'DSFAppearanceManager')
cd /Users/admin/builder/spi-builder-workspace/.swiftpm/xcode
builtin-Swift-Compilation -- /Applications/Xcode-27.0.0-Release.Candidate.app/Contents/Developer/Toolchains/XcodeDefault.xctoolchain/usr/bin/swiftc -parse-as-library -module-name DSFAppearanceManager -Onone @/Users/admin/builder/spi-builder-workspace/.derivedData/Build/Intermediates.noindex/DSFAppearanceManager.build/Debug-watchos/DSFAppearanceManager-t.build/Objects-normal/arm64/DSFAppearanceManager.SwiftFileList -DSWIFT_PACKAGE -DDEBUG -DSWIFT_MODULE_RESOURCE_BUNDLE_UNAVAILABLE -DXcode -plugin-path /Applications/Xcode-27.0.0-Release.Candidate.app/Contents/Developer/Toolchains/XcodeDefault.xctoolchain/usr/lib/swift/host/plugins/testing -enable-experimental-feature DebugDescriptionMacro -sdk /Applications/Xcode-27.0.0-Release.Candidate.app/Contents/Developer/Platforms/WatchOS.platform/Developer/SDKs/WatchOS27.0.sdk -target arm64-apple-watchos9.0 -g -module-cache-path /Users/admin/builder/spi-builder-workspace/.derivedData/ModuleCache.noindex -Xfrontend -serialize-debugging-options -profile-coverage-mapping -profile-generate -enable-testing -suppress-warnings -index-store-path /Users/admin/builder/spi-builder-workspace/.derivedData/Index.noindex/DataStore -Xcc -D_LIBCPP_HARDENING_MODE\=_LIBCPP_HARDENING_MODE_DEBUG -swift-version 5 -I /Users/admin/builder/spi-builder-workspace/.derivedData/Build/Products/Debug-watchos -Isystem /Applications/Xcode-27.0.0-Release.Candidate.app/Contents/Developer/Platforms/WatchOS.platform/Developer/usr/lib -F /Users/admin/builder/spi-builder-workspace/.derivedData/Build/Products/Debug-watchos -F /Applications/Xcode-27.0.0-Release.Candidate.app/Contents/Developer/Platforms/WatchOS.platform/Developer/Library/Frameworks -F /Applications/Xcode-27.0.0-Release.Candidate.app/Contents/Developer/Platforms/WatchOS.platform/Developer/SDKs/WatchOS27.0.sdk/Developer/Library/Frameworks -c -j10 -enable-batch-mode -incremental -Xcc -ivfsstatcache -Xcc /Users/admin/builder/spi-builder-workspace/.derivedData/SDKStatCaches.noindex/watchos27.0-24R360-e829b21a6f8c9b70876ba0858053c04477534ef55a1706bf4c1112bbb242f0a2.sdkstatcache -output-file-map /Users/admin/builder/spi-builder-workspace/.derivedData/Build/Intermediates.noindex/DSFAppearanceManager.build/Debug-watchos/DSFAppearanceManager-t.build/Objects-normal/arm64/DSFAppearanceManager-OutputFileMap.json -save-temps -no-color-diagnostics -explicit-module-build -module-cache-path /Users/admin/builder/spi-builder-workspace/.derivedData/Build/Intermediates.noindex/SwiftExplicitPrecompiledModules -clang-scanner-module-cache-path /Users/admin/builder/spi-builder-workspace/.derivedData/ModuleCache.noindex -sdk-module-cache-path /Users/admin/builder/spi-builder-workspace/.derivedData/SDKExplicitPrecompiledModules -emit-dependencies -emit-module -emit-module-path /Users/admin/builder/spi-builder-workspace/.derivedData/Build/Intermediates.noindex/DSFAppearanceManager.build/Debug-watchos/DSFAppearanceManager-t.build/Objects-normal/arm64/DSFAppearanceManager.swiftmodule -serialize-diagnostics -dependency-scan-serialize-diagnostics-path /Users/admin/builder/spi-builder-workspace/.derivedData/Build/Intermediates.noindex/DSFAppearanceManager.build/Debug-watchos/DSFAppearanceManager-t.build/Objects-normal/arm64/DSFAppearanceManager-dependency-scan.dia -validate-clang-modules-once -clang-build-session-file /Users/admin/builder/spi-builder-workspace/.derivedData/ModuleCache.noindex/Session.modulevalidation -Xcc -fmodules-prune-interval\=86400 -Xcc -fmodules-prune-after\=345600 -emit-const-values -const-gather-protocols-list /Users/admin/builder/spi-builder-workspace/.derivedData/Build/Intermediates.noindex/DSFAppearanceManager.build/Debug-watchos/DSFAppearanceManager-t.build/Objects-normal/arm64/DSFAppearanceManager_const_extract_protocols.json -Xcc -I/Users/admin/builder/spi-builder-workspace/.derivedData/Build/Products/Debug-watchos/include -Xcc -I/Users/admin/builder/spi-builder-workspace/.derivedData/Build/Intermediates.noindex/DSFAppearanceManager.build/Debug-watchos/DSFAppearanceManager-t.build/DerivedSources-normal/arm64 -Xcc -I/Users/admin/builder/spi-builder-workspace/.derivedData/Build/Intermediates.noindex/DSFAppearanceManager.build/Debug-watchos/DSFAppearanceManager-t.build/DerivedSources/arm64 -Xcc -I/Users/admin/builder/spi-builder-workspace/.derivedData/Build/Intermediates.noindex/DSFAppearanceManager.build/Debug-watchos/DSFAppearanceManager-t.build/DerivedSources -Xcc -DSWIFT_PACKAGE -Xcc -DDEBUG\=1 -emit-objc-header -emit-objc-header-path /Users/admin/builder/spi-builder-workspace/.derivedData/Build/Intermediates.noindex/DSFAppearanceManager.build/Debug-watchos/DSFAppearanceManager-t.build/Objects-normal/arm64/DSFAppearanceManager-Swift.h -working-directory /Users/admin/builder/spi-builder-workspace/.swiftpm/xcode -experimental-emit-module-separately -disable-cmo
Ld /Users/admin/builder/spi-builder-workspace/.derivedData/Build/Intermediates.noindex/DSFAppearanceManager.build/Debug-watchos/DSFAppearanceManager-t.build/Objects-normal/arm64/Binary/DSFAppearanceManager.o normal arm64 (in target 'DSFAppearanceManager' from project 'DSFAppearanceManager')
cd /Users/admin/builder/spi-builder-workspace/.dependencies/checkouts/DSFAppearanceManager
/Applications/Xcode-27.0.0-Release.Candidate.app/Contents/Developer/Toolchains/XcodeDefault.xctoolchain/usr/bin/clang -Xlinker -reproducible -target arm64-apple-watchos9.0 -r -isysroot /Applications/Xcode-27.0.0-Release.Candidate.app/Contents/Developer/Platforms/WatchOS.platform/Developer/SDKs/WatchOS27.0.sdk -O0 -w -Xlinker -no_warn_duplicate_libraries -F/Users/admin/builder/spi-builder-workspace/.derivedData/Build/Intermediates.noindex/EagerLinkingTBDs/Debug-watchos -F/Users/admin/builder/spi-builder-workspace/.derivedData/Build/Products/Debug-watchos -iframework /Applications/Xcode-27.0.0-Release.Candidate.app/Contents/Developer/Platforms/WatchOS.platform/Developer/Library/Frameworks -iframework /Applications/Xcode-27.0.0-Release.Candidate.app/Contents/Developer/Platforms/WatchOS.platform/Developer/SDKs/WatchOS27.0.sdk/Developer/Library/Frameworks -filelist /Users/admin/builder/spi-builder-workspace/.derivedData/Build/Intermediates.noindex/DSFAppearanceManager.build/Debug-watchos/DSFAppearanceManager-t.build/Objects-normal/arm64/DSFAppearanceManager.LinkFileList -nostdlib -Xlinker -object_path_lto -Xlinker /Users/admin/builder/spi-builder-workspace/.derivedData/Build/Intermediates.noindex/DSFAppearanceManager.build/Debug-watchos/DSFAppearanceManager-t.build/Objects-normal/arm64/DSFAppearanceManager_lto.o -Xlinker -no_deduplicate -Xlinker -debug_variant -Xlinker -dependency_info -Xlinker /Users/admin/builder/spi-builder-workspace/.derivedData/Build/Intermediates.noindex/DSFAppearanceManager.build/Debug-watchos/DSFAppearanceManager-t.build/Objects-normal/arm64/DSFAppearanceManager_dependency_info.dat -fobjc-link-runtime -L/Applications/Xcode-27.0.0-Release.Candidate.app/Contents/Developer/Toolchains/XcodeDefault.xctoolchain/usr/lib/swift/watchos -L/usr/lib/swift -Xlinker -add_ast_path -Xlinker /Users/admin/builder/spi-builder-workspace/.derivedData/Build/Intermediates.noindex/DSFAppearanceManager.build/Debug-watchos/DSFAppearanceManager-t.build/Objects-normal/arm64/DSFAppearanceManager.swiftmodule -o /Users/admin/builder/spi-builder-workspace/.derivedData/Build/Intermediates.noindex/DSFAppearanceManager.build/Debug-watchos/DSFAppearanceManager-t.build/Objects-normal/arm64/Binary/DSFAppearanceManager.o
SwiftDriverJobDiscovery normal arm64_32 Compiling DSFSimpleLock.swift (in target 'DSFAppearanceManager' from project 'DSFAppearanceManager')
SwiftDriverJobDiscovery normal arm64_32 Compiling WeakBag.swift (in target 'DSFAppearanceManager' from project 'DSFAppearanceManager')
SwiftDriverJobDiscovery normal arm64_32 Compiling WeakBox.swift (in target 'DSFAppearanceManager' from project 'DSFAppearanceManager')
SwiftDriverJobDiscovery normal arm64_32 Compiling DSFDebounce.swift (in target 'DSFAppearanceManager' from project 'DSFAppearanceManager')
SwiftDriver\ Compilation DSFAppearanceManager normal arm64_32 com.apple.xcode.tools.swift.compiler (in target 'DSFAppearanceManager' from project 'DSFAppearanceManager')
cd /Users/admin/builder/spi-builder-workspace/.swiftpm/xcode
builtin-Swift-Compilation -- /Applications/Xcode-27.0.0-Release.Candidate.app/Contents/Developer/Toolchains/XcodeDefault.xctoolchain/usr/bin/swiftc -parse-as-library -module-name DSFAppearanceManager -Onone @/Users/admin/builder/spi-builder-workspace/.derivedData/Build/Intermediates.noindex/DSFAppearanceManager.build/Debug-watchos/DSFAppearanceManager-t.build/Objects-normal/arm64_32/DSFAppearanceManager.SwiftFileList -DSWIFT_PACKAGE -DDEBUG -DSWIFT_MODULE_RESOURCE_BUNDLE_UNAVAILABLE -DXcode -plugin-path /Applications/Xcode-27.0.0-Release.Candidate.app/Contents/Developer/Toolchains/XcodeDefault.xctoolchain/usr/lib/swift/host/plugins/testing -enable-experimental-feature DebugDescriptionMacro -sdk /Applications/Xcode-27.0.0-Release.Candidate.app/Contents/Developer/Platforms/WatchOS.platform/Developer/SDKs/WatchOS27.0.sdk -target arm64_32-apple-watchos9.0 -g -module-cache-path /Users/admin/builder/spi-builder-workspace/.derivedData/ModuleCache.noindex -Xfrontend -serialize-debugging-options -profile-coverage-mapping -profile-generate -enable-testing -suppress-warnings -index-store-path /Users/admin/builder/spi-builder-workspace/.derivedData/Index.noindex/DataStore -Xcc -D_LIBCPP_HARDENING_MODE\=_LIBCPP_HARDENING_MODE_DEBUG -swift-version 5 -I /Users/admin/builder/spi-builder-workspace/.derivedData/Build/Products/Debug-watchos -Isystem /Applications/Xcode-27.0.0-Release.Candidate.app/Contents/Developer/Platforms/WatchOS.platform/Developer/usr/lib -F /Users/admin/builder/spi-builder-workspace/.derivedData/Build/Products/Debug-watchos -F /Applications/Xcode-27.0.0-Release.Candidate.app/Contents/Developer/Platforms/WatchOS.platform/Developer/Library/Frameworks -F /Applications/Xcode-27.0.0-Release.Candidate.app/Contents/Developer/Platforms/WatchOS.platform/Developer/SDKs/WatchOS27.0.sdk/Developer/Library/Frameworks -c -j10 -enable-batch-mode -incremental -Xcc -ivfsstatcache -Xcc /Users/admin/builder/spi-builder-workspace/.derivedData/SDKStatCaches.noindex/watchos27.0-24R360-e829b21a6f8c9b70876ba0858053c04477534ef55a1706bf4c1112bbb242f0a2.sdkstatcache -output-file-map /Users/admin/builder/spi-builder-workspace/.derivedData/Build/Intermediates.noindex/DSFAppearanceManager.build/Debug-watchos/DSFAppearanceManager-t.build/Objects-normal/arm64_32/DSFAppearanceManager-OutputFileMap.json -save-temps -no-color-diagnostics -explicit-module-build -module-cache-path /Users/admin/builder/spi-builder-workspace/.derivedData/Build/Intermediates.noindex/SwiftExplicitPrecompiledModules -clang-scanner-module-cache-path /Users/admin/builder/spi-builder-workspace/.derivedData/ModuleCache.noindex -sdk-module-cache-path /Users/admin/builder/spi-builder-workspace/.derivedData/SDKExplicitPrecompiledModules -emit-dependencies -emit-module -emit-module-path /Users/admin/builder/spi-builder-workspace/.derivedData/Build/Intermediates.noindex/DSFAppearanceManager.build/Debug-watchos/DSFAppearanceManager-t.build/Objects-normal/arm64_32/DSFAppearanceManager.swiftmodule -serialize-diagnostics -dependency-scan-serialize-diagnostics-path /Users/admin/builder/spi-builder-workspace/.derivedData/Build/Intermediates.noindex/DSFAppearanceManager.build/Debug-watchos/DSFAppearanceManager-t.build/Objects-normal/arm64_32/DSFAppearanceManager-dependency-scan.dia -validate-clang-modules-once -clang-build-session-file /Users/admin/builder/spi-builder-workspace/.derivedData/ModuleCache.noindex/Session.modulevalidation -Xcc -fmodules-prune-interval\=86400 -Xcc -fmodules-prune-after\=345600 -emit-const-values -const-gather-protocols-list /Users/admin/builder/spi-builder-workspace/.derivedData/Build/Intermediates.noindex/DSFAppearanceManager.build/Debug-watchos/DSFAppearanceManager-t.build/Objects-normal/arm64_32/DSFAppearanceManager_const_extract_protocols.json -Xcc -I/Users/admin/builder/spi-builder-workspace/.derivedData/Build/Products/Debug-watchos/include -Xcc -I/Users/admin/builder/spi-builder-workspace/.derivedData/Build/Intermediates.noindex/DSFAppearanceManager.build/Debug-watchos/DSFAppearanceManager-t.build/DerivedSources-normal/arm64_32 -Xcc -I/Users/admin/builder/spi-builder-workspace/.derivedData/Build/Intermediates.noindex/DSFAppearanceManager.build/Debug-watchos/DSFAppearanceManager-t.build/DerivedSources/arm64_32 -Xcc -I/Users/admin/builder/spi-builder-workspace/.derivedData/Build/Intermediates.noindex/DSFAppearanceManager.build/Debug-watchos/DSFAppearanceManager-t.build/DerivedSources -Xcc -DSWIFT_PACKAGE -Xcc -DDEBUG\=1 -emit-objc-header -emit-objc-header-path /Users/admin/builder/spi-builder-workspace/.derivedData/Build/Intermediates.noindex/DSFAppearanceManager.build/Debug-watchos/DSFAppearanceManager-t.build/Objects-normal/arm64_32/DSFAppearanceManager-Swift.h -working-directory /Users/admin/builder/spi-builder-workspace/.swiftpm/xcode -experimental-emit-module-separately -disable-cmo
Ld /Users/admin/builder/spi-builder-workspace/.derivedData/Build/Intermediates.noindex/DSFAppearanceManager.build/Debug-watchos/DSFAppearanceManager-t.build/Objects-normal/arm64_32/Binary/DSFAppearanceManager.o normal arm64_32 (in target 'DSFAppearanceManager' from project 'DSFAppearanceManager')
cd /Users/admin/builder/spi-builder-workspace/.dependencies/checkouts/DSFAppearanceManager
/Applications/Xcode-27.0.0-Release.Candidate.app/Contents/Developer/Toolchains/XcodeDefault.xctoolchain/usr/bin/clang -Xlinker -reproducible -target arm64_32-apple-watchos9.0 -r -isysroot /Applications/Xcode-27.0.0-Release.Candidate.app/Contents/Developer/Platforms/WatchOS.platform/Developer/SDKs/WatchOS27.0.sdk -O0 -w -Xlinker -no_warn_duplicate_libraries -F/Users/admin/builder/spi-builder-workspace/.derivedData/Build/Intermediates.noindex/EagerLinkingTBDs/Debug-watchos -F/Users/admin/builder/spi-builder-workspace/.derivedData/Build/Products/Debug-watchos -iframework /Applications/Xcode-27.0.0-Release.Candidate.app/Contents/Developer/Platforms/WatchOS.platform/Developer/Library/Frameworks -iframework /Applications/Xcode-27.0.0-Release.Candidate.app/Contents/Developer/Platforms/WatchOS.platform/Developer/SDKs/WatchOS27.0.sdk/Developer/Library/Frameworks -filelist /Users/admin/builder/spi-builder-workspace/.derivedData/Build/Intermediates.noindex/DSFAppearanceManager.build/Debug-watchos/DSFAppearanceManager-t.build/Objects-normal/arm64_32/DSFAppearanceManager.LinkFileList -nostdlib -Xlinker -object_path_lto -Xlinker /Users/admin/builder/spi-builder-workspace/.derivedData/Build/Intermediates.noindex/DSFAppearanceManager.build/Debug-watchos/DSFAppearanceManager-t.build/Objects-normal/arm64_32/DSFAppearanceManager_lto.o -Xlinker -no_deduplicate -Xlinker -debug_variant -Xlinker -dependency_info -Xlinker /Users/admin/builder/spi-builder-workspace/.derivedData/Build/Intermediates.noindex/DSFAppearanceManager.build/Debug-watchos/DSFAppearanceManager-t.build/Objects-normal/arm64_32/DSFAppearanceManager_dependency_info.dat -fobjc-link-runtime -L/Applications/Xcode-27.0.0-Release.Candidate.app/Contents/Developer/Toolchains/XcodeDefault.xctoolchain/usr/lib/swift/watchos -L/usr/lib/swift -Xlinker -add_ast_path -Xlinker /Users/admin/builder/spi-builder-workspace/.derivedData/Build/Intermediates.noindex/DSFAppearanceManager.build/Debug-watchos/DSFAppearanceManager-t.build/Objects-normal/arm64_32/DSFAppearanceManager.swiftmodule -o /Users/admin/builder/spi-builder-workspace/.derivedData/Build/Intermediates.noindex/DSFAppearanceManager.build/Debug-watchos/DSFAppearanceManager-t.build/Objects-normal/arm64_32/Binary/DSFAppearanceManager.o
CreateUniversalBinary /Users/admin/builder/spi-builder-workspace/.derivedData/Build/Products/Debug-watchos/DSFAppearanceManager.o normal arm64\ arm64_32 (in target 'DSFAppearanceManager' from project 'DSFAppearanceManager')
cd /Users/admin/builder/spi-builder-workspace/.dependencies/checkouts/DSFAppearanceManager
/Applications/Xcode-27.0.0-Release.Candidate.app/Contents/Developer/Toolchains/XcodeDefault.xctoolchain/usr/bin/lipo -create /Users/admin/builder/spi-builder-workspace/.derivedData/Build/Intermediates.noindex/DSFAppearanceManager.build/Debug-watchos/DSFAppearanceManager-t.build/Objects-normal/arm64/Binary/DSFAppearanceManager.o /Users/admin/builder/spi-builder-workspace/.derivedData/Build/Intermediates.noindex/DSFAppearanceManager.build/Debug-watchos/DSFAppearanceManager-t.build/Objects-normal/arm64_32/Binary/DSFAppearanceManager.o -output /Users/admin/builder/spi-builder-workspace/.derivedData/Build/Products/Debug-watchos/DSFAppearanceManager.o
ExtractAppIntentsMetadata (in target 'DSFAppearanceManager' from project 'DSFAppearanceManager')
cd /Users/admin/builder/spi-builder-workspace/.dependencies/checkouts/DSFAppearanceManager
/Applications/Xcode-27.0.0-Release.Candidate.app/Contents/Developer/Toolchains/XcodeDefault.xctoolchain/usr/bin/appintentsmetadataprocessor --toolchain-dir /var/run/com.apple.security.cryptexd/mnt/com.apple.MobileAsset.MetalToolchain-v27.1.266.1.nBCHxN/Metal.xctoolchain --module-name DSFAppearanceManager --sdk-root /Applications/Xcode-27.0.0-Release.Candidate.app/Contents/Developer/Platforms/WatchOS.platform/Developer/SDKs/WatchOS27.0.sdk --xcode-version 27A266a --platform-family watchOS --deployment-target 9.0 --bundle-identifier dsfappearancemanager.DSFAppearanceManager --output /Users/admin/builder/spi-builder-workspace/.derivedData/Build/Products/Debug-watchos/DSFAppearanceManager.appintents --target-triple arm64-apple-watchos9.0 --target-triple arm64_32-apple-watchos9.0 --binary-file /Users/admin/builder/spi-builder-workspace/.derivedData/Build/Products/Debug-watchos/DSFAppearanceManager.o --dependency-file /Users/admin/builder/spi-builder-workspace/.derivedData/Build/Intermediates.noindex/DSFAppearanceManager.build/Debug-watchos/DSFAppearanceManager-t.build/Objects-normal/arm64/DSFAppearanceManager_dependency_info.dat --dependency-file /Users/admin/builder/spi-builder-workspace/.derivedData/Build/Intermediates.noindex/DSFAppearanceManager.build/Debug-watchos/DSFAppearanceManager-t.build/Objects-normal/arm64_32/DSFAppearanceManager_dependency_info.dat --stringsdata-file /Users/admin/builder/spi-builder-workspace/.derivedData/Build/Intermediates.noindex/DSFAppearanceManager.build/Debug-watchos/DSFAppearanceManager-t.build/Objects-normal/arm64/ExtractedAppShortcutsMetadata.stringsdata --stringsdata-file /Users/admin/builder/spi-builder-workspace/.derivedData/Build/Intermediates.noindex/DSFAppearanceManager.build/Debug-watchos/DSFAppearanceManager-t.build/Objects-normal/arm64_32/ExtractedAppShortcutsMetadata.stringsdata --source-file-list /Users/admin/builder/spi-builder-workspace/.derivedData/Build/Intermediates.noindex/DSFAppearanceManager.build/Debug-watchos/DSFAppearanceManager-t.build/Objects-normal/arm64/DSFAppearanceManager.SwiftFileList --source-file-list /Users/admin/builder/spi-builder-workspace/.derivedData/Build/Intermediates.noindex/DSFAppearanceManager.build/Debug-watchos/DSFAppearanceManager-t.build/Objects-normal/arm64_32/DSFAppearanceManager.SwiftFileList --metadata-file-list /Users/admin/builder/spi-builder-workspace/.derivedData/Build/Intermediates.noindex/DSFAppearanceManager.build/Debug-watchos/DSFAppearanceManager-t.build/DSFAppearanceManager.DependencyMetadataFileList --static-metadata-file-list /Users/admin/builder/spi-builder-workspace/.derivedData/Build/Intermediates.noindex/DSFAppearanceManager.build/Debug-watchos/DSFAppearanceManager-t.build/DSFAppearanceManager.DependencyStaticMetadataFileList --swift-const-vals-list /Users/admin/builder/spi-builder-workspace/.derivedData/Build/Intermediates.noindex/DSFAppearanceManager.build/Debug-watchos/DSFAppearanceManager-t.build/Objects-normal/arm64/DSFAppearanceManager.SwiftConstValuesFileList --swift-const-vals-list /Users/admin/builder/spi-builder-workspace/.derivedData/Build/Intermediates.noindex/DSFAppearanceManager.build/Debug-watchos/DSFAppearanceManager-t.build/Objects-normal/arm64_32/DSFAppearanceManager.SwiftConstValuesFileList --force --compile-time-extraction --deployment-aware-processing --no-app-shortcuts-localization
2026-09-20 20:23:23.272 appintentsmetadataprocessor[815:5016] Starting appintentsmetadataprocessor export
2026-09-20 20:23:23.362 appintentsmetadataprocessor[815:5016] Extracted no relevant App Intents symbols, skipping writing output
PruneExplicitPrecompiledModules /Users/admin/builder/spi-builder-workspace/.derivedData/Build/Intermediates.noindex/SwiftExplicitPrecompiledModules
PruneExplicitPrecompiledModules /Users/admin/builder/spi-builder-workspace/.derivedData/SDKExplicitPrecompiledModules
PruneExplicitPrecompiledModules /Users/admin/builder/spi-builder-workspace/.derivedData/Build/Intermediates.noindex/ExplicitPrecompiledModules
2026-09-20 20:23:18.067 xcodebuild[712:4452] [MT] IDERunDestination: Supported platforms for the buildables in the current scheme is empty.
** BUILD FAILED **
The following build commands failed:
SwiftDriver DSFQuickActionBar normal arm64_32 com.apple.xcode.tools.swift.compiler (in target 'DSFQuickActionBar' from project 'DSFQuickActionBar')
SwiftDriver DSFQuickActionBar normal arm64 com.apple.xcode.tools.swift.compiler (in target 'DSFQuickActionBar' from project 'DSFQuickActionBar')
Building workspace DSFQuickActionBar with scheme DSFQuickActionBar-Package
(3 failures)
Command line invocation:
/Applications/Xcode-27.0.0-Release.Candidate.app/Contents/Developer/usr/bin/xcodebuild -IDEClonedSourcePackagesDirPathOverride=/Users/admin/builder/spi-builder-workspace/.dependencies -resolvePackageDependencies
Resolve Package Graph
Resolved source packages:
DSFAppearanceManager: https://github.com/dagronf/DSFAppearanceManager @ 3.5.1
DSFQuickActionBar: /Users/admin/builder/spi-builder-workspace
resolved source packages: DSFAppearanceManager, DSFQuickActionBar
2026-09-20 20:23:24.372 xcodebuild[816:5037] [MT] IDERunDestination: Supported platforms for the buildables in the current scheme is empty.
{
"dependencies" : [
{
"identity" : "dsfappearancemanager",
"requirement" : {
"range" : [
{
"lower_bound" : "3.5.0",
"upper_bound" : "3.6.0"
}
]
},
"type" : "sourceControl",
"url" : "https://github.com/dagronf/DSFAppearanceManager"
}
],
"manifest_display_name" : "DSFQuickActionBar",
"name" : "DSFQuickActionBar",
"path" : "/Users/admin/builder/spi-builder-workspace",
"platforms" : [
{
"name" : "macos",
"version" : "10.13"
}
],
"products" : [
{
"name" : "DSFQuickActionBar",
"targets" : [
"DSFQuickActionBar"
],
"type" : {
"library" : [
"automatic"
]
}
},
{
"name" : "DSFQuickActionBar-static",
"targets" : [
"DSFQuickActionBar"
],
"type" : {
"library" : [
"static"
]
}
},
{
"name" : "DSFQuickActionBar-shared",
"targets" : [
"DSFQuickActionBar"
],
"type" : {
"library" : [
"dynamic"
]
}
}
],
"targets" : [
{
"c99name" : "DSFQuickActionBarTests",
"module_type" : "SwiftTarget",
"name" : "DSFQuickActionBarTests",
"path" : "Tests/DSFQuickActionBarTests",
"sources" : [
"DSFQuickActionBarTests.swift"
],
"target_dependencies" : [
"DSFQuickActionBar"
],
"type" : "test"
},
{
"c99name" : "DSFQuickActionBar",
"module_type" : "SwiftTarget",
"name" : "DSFQuickActionBar",
"path" : "Sources/DSFQuickActionBar",
"product_dependencies" : [
"DSFAppearanceManager"
],
"product_memberships" : [
"DSFQuickActionBar",
"DSFQuickActionBar-static",
"DSFQuickActionBar-shared"
],
"resources" : [
{
"path" : "/Users/admin/builder/spi-builder-workspace/Sources/DSFQuickActionBar/PrivacyInfo.xcprivacy",
"rule" : {
"copy" : {
}
}
}
],
"sources" : [
"DSFQuickActionBar+Delegate.swift",
"DSFQuickActionBar+SearchTask.swift",
"DSFQuickActionBar.swift",
"QuickActionBar.swift",
"private/DSFQuickActionBar+DefaultImage.swift",
"private/DSFQuickActionBar+ResultsView.swift",
"private/DSFQuickActionBar+Window.swift",
"private/util/DSFDebounce.swift",
"private/util/DSFDelayedIndeterminiteRadialProgressIndicator.swift",
"private/util/DSFFlippedClipView.swift",
"private/util/DSFPrimaryRoundedView.swift",
"private/util/DSFSingleShotTimer.swift",
"private/util/DSFTextField.swift",
"private/util/EphemeralWindow.swift",
"private/util/MainThread+extensions.swift",
"private/util/NSImage+extensions.swift",
"private/util/NSImage+scaling.swift",
"private/util/NSLock+extensions.swift",
"private/util/NSScroller+extensions.swift",
"private/util/NSTextField+extensions.swift"
],
"type" : "library"
}
],
"tools_version" : "5.4"
}
{
"workspace" : {
"name" : "DSFQuickActionBar",
"schemes" : [
"DSFQuickActionBar",
"DSFQuickActionBar-Package",
"DSFQuickActionBar-shared",
"DSFQuickActionBar-static"
]
}
}
2026-09-20 20:23:25.579 xcodebuild[824:5111] [MT] IDERunDestination: Supported platforms for the buildables in the current scheme is empty.
Running build ...
env DEVELOPER_DIR=/Applications/Xcode-27.0.0-Release.Candidate.app xcrun xcodebuild -IDEClonedSourcePackagesDirPathOverride=$PWD/.dependencies -skipMacroValidation -skipPackagePluginValidation -derivedDataPath $PWD/.derivedData build -scheme DSFQuickActionBar-Package -destination generic/platform=watchOS
Command line invocation:
/Applications/Xcode-27.0.0-Release.Candidate.app/Contents/Developer/usr/bin/xcodebuild -IDEClonedSourcePackagesDirPathOverride=/Users/admin/builder/spi-builder-workspace/.dependencies -skipMacroValidation -skipPackagePluginValidation -derivedDataPath /Users/admin/builder/spi-builder-workspace/.derivedData build -scheme DSFQuickActionBar-Package -destination generic/platform=watchOS
Resolve Package Graph
Resolved source packages:
DSFQuickActionBar: /Users/admin/builder/spi-builder-workspace
DSFAppearanceManager: https://github.com/dagronf/DSFAppearanceManager @ 3.5.1
ComputePackagePrebuildTargetDependencyGraph
Prepare packages
CreateBuildRequest
SendProjectDescription
CreateBuildOperation
ComputeTargetDependencyGraph
note: Building targets in dependency order
note: Target dependency graph (7 targets)
Target 'DSFQuickActionBar-shared-product' in project 'DSFQuickActionBar'
➜ Explicit dependency on target 'DSFQuickActionBar' in project 'DSFQuickActionBar'
➜ Explicit dependency on target 'DSFQuickActionBar_DSFQuickActionBar' in project 'DSFQuickActionBar'
➜ Explicit dependency on target 'DSFAppearanceManager-product' in project 'DSFAppearanceManager'
Target 'DSFQuickActionBar-static-product' in project 'DSFQuickActionBar'
➜ Explicit dependency on target 'DSFQuickActionBar' in project 'DSFQuickActionBar'
➜ Explicit dependency on target 'DSFQuickActionBar_DSFQuickActionBar' in project 'DSFQuickActionBar'
➜ Explicit dependency on target 'DSFAppearanceManager-product' in project 'DSFAppearanceManager'
Target 'DSFQuickActionBar-product' in project 'DSFQuickActionBar'
➜ Explicit dependency on target 'DSFQuickActionBar' in project 'DSFQuickActionBar'
➜ Explicit dependency on target 'DSFQuickActionBar_DSFQuickActionBar' in project 'DSFQuickActionBar'
➜ Explicit dependency on target 'DSFAppearanceManager-product' in project 'DSFAppearanceManager'
Target 'DSFQuickActionBar' in project 'DSFQuickActionBar'
➜ Explicit dependency on target 'DSFQuickActionBar_DSFQuickActionBar' in project 'DSFQuickActionBar'
➜ Explicit dependency on target 'DSFAppearanceManager-product' in project 'DSFAppearanceManager'
Target 'DSFAppearanceManager-product' in project 'DSFAppearanceManager'
➜ Explicit dependency on target 'DSFAppearanceManager' in project 'DSFAppearanceManager'
Target 'DSFAppearanceManager' in project 'DSFAppearanceManager' (no dependencies)
Target 'DSFQuickActionBar_DSFQuickActionBar' in project 'DSFQuickActionBar' (no dependencies)
GatherProvisioningInputs
CreateBuildDescription
ClangStatCache /Applications/Xcode-27.0.0-Release.Candidate.app/Contents/Developer/Toolchains/XcodeDefault.xctoolchain/usr/bin/clang-stat-cache /Applications/Xcode-27.0.0-Release.Candidate.app/Contents/Developer/Platforms/WatchOS.platform/Developer/SDKs/WatchOS27.0.sdk /Users/admin/builder/spi-builder-workspace/.derivedData/SDKStatCaches.noindex/watchos27.0-24R360-e829b21a6f8c9b70876ba0858053c04477534ef55a1706bf4c1112bbb242f0a2.sdkstatcache
cd /Users/admin/builder/spi-builder-workspace/.swiftpm/xcode
/Applications/Xcode-27.0.0-Release.Candidate.app/Contents/Developer/Toolchains/XcodeDefault.xctoolchain/usr/bin/clang-stat-cache /Applications/Xcode-27.0.0-Release.Candidate.app/Contents/Developer/Platforms/WatchOS.platform/Developer/SDKs/WatchOS27.0.sdk -o /Users/admin/builder/spi-builder-workspace/.derivedData/SDKStatCaches.noindex/watchos27.0-24R360-e829b21a6f8c9b70876ba0858053c04477534ef55a1706bf4c1112bbb242f0a2.sdkstatcache
SwiftDriver DSFQuickActionBar normal arm64 com.apple.xcode.tools.swift.compiler (in target 'DSFQuickActionBar' from project 'DSFQuickActionBar')
cd /Users/admin/builder/spi-builder-workspace/.swiftpm/xcode
builtin-SwiftDriver -- /Applications/Xcode-27.0.0-Release.Candidate.app/Contents/Developer/Toolchains/XcodeDefault.xctoolchain/usr/bin/swiftc -parse-as-library -module-name DSFQuickActionBar -Onone @/Users/admin/builder/spi-builder-workspace/.derivedData/Build/Intermediates.noindex/DSFQuickActionBar.build/Debug-watchos/DSFQuickActionBar-t.build/Objects-normal/arm64/DSFQuickActionBar.SwiftFileList -DSWIFT_PACKAGE -DDEBUG -DSWIFT_MODULE_RESOURCE_BUNDLE_AVAILABLE -DXcode -plugin-path /Applications/Xcode-27.0.0-Release.Candidate.app/Contents/Developer/Toolchains/XcodeDefault.xctoolchain/usr/lib/swift/host/plugins/testing -enable-experimental-feature DebugDescriptionMacro -sdk /Applications/Xcode-27.0.0-Release.Candidate.app/Contents/Developer/Platforms/WatchOS.platform/Developer/SDKs/WatchOS27.0.sdk -target arm64-apple-watchos9.0 -g -module-cache-path /Users/admin/builder/spi-builder-workspace/.derivedData/ModuleCache.noindex -Xfrontend -serialize-debugging-options -profile-coverage-mapping -profile-generate -enable-testing -index-store-path /Users/admin/builder/spi-builder-workspace/.derivedData/Index.noindex/DataStore -Xcc -D_LIBCPP_HARDENING_MODE\=_LIBCPP_HARDENING_MODE_DEBUG -swift-version 5 -I /Users/admin/builder/spi-builder-workspace/.derivedData/Build/Products/Debug-watchos -Isystem /Applications/Xcode-27.0.0-Release.Candidate.app/Contents/Developer/Platforms/WatchOS.platform/Developer/usr/lib -F /Users/admin/builder/spi-builder-workspace/.derivedData/Build/Products/Debug-watchos/PackageFrameworks -F /Users/admin/builder/spi-builder-workspace/.derivedData/Build/Products/Debug-watchos -F /Applications/Xcode-27.0.0-Release.Candidate.app/Contents/Developer/Platforms/WatchOS.platform/Developer/Library/Frameworks -F /Applications/Xcode-27.0.0-Release.Candidate.app/Contents/Developer/Platforms/WatchOS.platform/Developer/SDKs/WatchOS27.0.sdk/Developer/Library/Frameworks -c -j10 -enable-batch-mode -incremental -Xcc -ivfsstatcache -Xcc /Users/admin/builder/spi-builder-workspace/.derivedData/SDKStatCaches.noindex/watchos27.0-24R360-e829b21a6f8c9b70876ba0858053c04477534ef55a1706bf4c1112bbb242f0a2.sdkstatcache -output-file-map /Users/admin/builder/spi-builder-workspace/.derivedData/Build/Intermediates.noindex/DSFQuickActionBar.build/Debug-watchos/DSFQuickActionBar-t.build/Objects-normal/arm64/DSFQuickActionBar-OutputFileMap.json -save-temps -no-color-diagnostics -explicit-module-build -module-cache-path /Users/admin/builder/spi-builder-workspace/.derivedData/Build/Intermediates.noindex/SwiftExplicitPrecompiledModules -clang-scanner-module-cache-path /Users/admin/builder/spi-builder-workspace/.derivedData/ModuleCache.noindex -sdk-module-cache-path /Users/admin/builder/spi-builder-workspace/.derivedData/SDKExplicitPrecompiledModules -emit-dependencies -emit-module -emit-module-path /Users/admin/builder/spi-builder-workspace/.derivedData/Build/Intermediates.noindex/DSFQuickActionBar.build/Debug-watchos/DSFQuickActionBar-t.build/Objects-normal/arm64/DSFQuickActionBar.swiftmodule -serialize-diagnostics -dependency-scan-serialize-diagnostics-path /Users/admin/builder/spi-builder-workspace/.derivedData/Build/Intermediates.noindex/DSFQuickActionBar.build/Debug-watchos/DSFQuickActionBar-t.build/Objects-normal/arm64/DSFQuickActionBar-dependency-scan.dia -validate-clang-modules-once -clang-build-session-file /Users/admin/builder/spi-builder-workspace/.derivedData/ModuleCache.noindex/Session.modulevalidation -Xcc -fmodules-prune-interval\=86400 -Xcc -fmodules-prune-after\=345600 -emit-const-values -const-gather-protocols-list /Users/admin/builder/spi-builder-workspace/.derivedData/Build/Intermediates.noindex/DSFQuickActionBar.build/Debug-watchos/DSFQuickActionBar-t.build/Objects-normal/arm64/DSFQuickActionBar_const_extract_protocols.json -Xcc -I/Users/admin/builder/spi-builder-workspace/.derivedData/Build/Products/Debug-watchos/include -Xcc -I/Users/admin/builder/spi-builder-workspace/.derivedData/Build/Intermediates.noindex/DSFQuickActionBar.build/Debug-watchos/DSFQuickActionBar-t.build/DerivedSources-normal/arm64 -Xcc -I/Users/admin/builder/spi-builder-workspace/.derivedData/Build/Intermediates.noindex/DSFQuickActionBar.build/Debug-watchos/DSFQuickActionBar-t.build/DerivedSources/arm64 -Xcc -I/Users/admin/builder/spi-builder-workspace/.derivedData/Build/Intermediates.noindex/DSFQuickActionBar.build/Debug-watchos/DSFQuickActionBar-t.build/DerivedSources -Xcc -DSWIFT_PACKAGE -Xcc -DDEBUG\=1 -emit-objc-header -emit-objc-header-path /Users/admin/builder/spi-builder-workspace/.derivedData/Build/Intermediates.noindex/DSFQuickActionBar.build/Debug-watchos/DSFQuickActionBar-t.build/Objects-normal/arm64/DSFQuickActionBar-Swift.h -working-directory /Users/admin/builder/spi-builder-workspace/.swiftpm/xcode -experimental-emit-module-separately -disable-cmo
/Users/admin/builder/spi-builder-workspace/Sources/DSFQuickActionBar/DSFQuickActionBar+Delegate.swift:27:8: error: Unable to resolve module dependency: 'AppKit' (in target 'DSFQuickActionBar' from project 'DSFQuickActionBar')
note: A dependency of main module 'DSFQuickActionBar'
/Users/admin/builder/spi-builder-workspace/Sources/DSFQuickActionBar/DSFQuickActionBar.swift:27:8: note: Also imported here
/Users/admin/builder/spi-builder-workspace/Sources/DSFQuickActionBar/private/DSFQuickActionBar+DefaultImage.swift:27:8: note: Also imported here
/Users/admin/builder/spi-builder-workspace/Sources/DSFQuickActionBar/private/DSFQuickActionBar+DefaultImage.swift:28:8: note: Also imported here
/Users/admin/builder/spi-builder-workspace/Sources/DSFQuickActionBar/private/DSFQuickActionBar+ResultsView.swift:27:8: note: Also imported here
/Users/admin/builder/spi-builder-workspace/Sources/DSFQuickActionBar/private/DSFQuickActionBar+Window.swift:27:8: note: Also imported here
/Users/admin/builder/spi-builder-workspace/Sources/DSFQuickActionBar/private/util/DSFDelayedIndeterminiteRadialProgressIndicator.swift:28:8: note: Also imported here
/Users/admin/builder/spi-builder-workspace/Sources/DSFQuickActionBar/private/util/DSFFlippedClipView.swift:27:8: note: Also imported here
/Users/admin/builder/spi-builder-workspace/Sources/DSFQuickActionBar/private/util/DSFPrimaryRoundedView.swift:27:8: note: Also imported here
/Users/admin/builder/spi-builder-workspace/Sources/DSFQuickActionBar/private/util/DSFTextField.swift:27:8: note: Also imported here
/Users/admin/builder/spi-builder-workspace/Sources/DSFQuickActionBar/private/util/EphemeralWindow.swift:27:8: note: Also imported here
/Users/admin/builder/spi-builder-workspace/Sources/DSFQuickActionBar/private/util/NSImage+extensions.swift:27:8: note: Also imported here
/Users/admin/builder/spi-builder-workspace/Sources/DSFQuickActionBar/private/util/NSImage+scaling.swift:28:8: note: Also imported here
/Users/admin/builder/spi-builder-workspace/Sources/DSFQuickActionBar/private/util/NSScroller+extensions.swift:26:8: note: Also imported here
/Users/admin/builder/spi-builder-workspace/Sources/DSFQuickActionBar/private/util/NSTextField+extensions.swift:28:8: note: Also imported here
/Users/admin/builder/spi-builder-workspace/Sources/DSFQuickActionBar/DSFQuickActionBar+Delegate.swift:27:8: note: A dependency of main module 'DSFQuickActionBar'
import AppKit
^ (in target 'DSFQuickActionBar' from project 'DSFQuickActionBar')
/Users/admin/builder/spi-builder-workspace/Sources/DSFQuickActionBar/DSFQuickActionBar.swift:27:8: note: Also imported here
import AppKit
^ (in target 'DSFQuickActionBar' from project 'DSFQuickActionBar')
/Users/admin/builder/spi-builder-workspace/Sources/DSFQuickActionBar/private/DSFQuickActionBar+DefaultImage.swift:27:8: note: Also imported here
import AppKit.NSImage
^ (in target 'DSFQuickActionBar' from project 'DSFQuickActionBar')
/Users/admin/builder/spi-builder-workspace/Sources/DSFQuickActionBar/private/DSFQuickActionBar+DefaultImage.swift:28:8: note: Also imported here
import AppKit.NSGraphicsContext
^ (in target 'DSFQuickActionBar' from project 'DSFQuickActionBar')
/Users/admin/builder/spi-builder-workspace/Sources/DSFQuickActionBar/private/DSFQuickActionBar+ResultsView.swift:27:8: note: Also imported here
import AppKit
^ (in target 'DSFQuickActionBar' from project 'DSFQuickActionBar')
/Users/admin/builder/spi-builder-workspace/Sources/DSFQuickActionBar/private/DSFQuickActionBar+Window.swift:27:8: note: Also imported here
import AppKit
^ (in target 'DSFQuickActionBar' from project 'DSFQuickActionBar')
/Users/admin/builder/spi-builder-workspace/Sources/DSFQuickActionBar/private/util/DSFDelayedIndeterminiteRadialProgressIndicator.swift:28:8: note: Also imported here
import AppKit
^ (in target 'DSFQuickActionBar' from project 'DSFQuickActionBar')
/Users/admin/builder/spi-builder-workspace/Sources/DSFQuickActionBar/private/util/DSFFlippedClipView.swift:27:8: note: Also imported here
import AppKit.NSClipView
^ (in target 'DSFQuickActionBar' from project 'DSFQuickActionBar')
/Users/admin/builder/spi-builder-workspace/Sources/DSFQuickActionBar/private/util/DSFPrimaryRoundedView.swift:27:8: note: Also imported here
import AppKit
^ (in target 'DSFQuickActionBar' from project 'DSFQuickActionBar')
/Users/admin/builder/spi-builder-workspace/Sources/DSFQuickActionBar/private/util/DSFTextField.swift:27:8: note: Also imported here
import AppKit
^ (in target 'DSFQuickActionBar' from project 'DSFQuickActionBar')
/Users/admin/builder/spi-builder-workspace/Sources/DSFQuickActionBar/private/util/EphemeralWindow.swift:27:8: note: Also imported here
import AppKit
^ (in target 'DSFQuickActionBar' from project 'DSFQuickActionBar')
/Users/admin/builder/spi-builder-workspace/Sources/DSFQuickActionBar/private/util/NSImage+extensions.swift:27:8: note: Also imported here
import AppKit.NSImage
^ (in target 'DSFQuickActionBar' from project 'DSFQuickActionBar')
/Users/admin/builder/spi-builder-workspace/Sources/DSFQuickActionBar/private/util/NSImage+scaling.swift:28:8: note: Also imported here
import AppKit
^ (in target 'DSFQuickActionBar' from project 'DSFQuickActionBar')
/Users/admin/builder/spi-builder-workspace/Sources/DSFQuickActionBar/private/util/NSScroller+extensions.swift:26:8: note: Also imported here
import AppKit
^ (in target 'DSFQuickActionBar' from project 'DSFQuickActionBar')
/Users/admin/builder/spi-builder-workspace/Sources/DSFQuickActionBar/private/util/NSTextField+extensions.swift:28:8: note: Also imported here
import AppKit
^ (in target 'DSFQuickActionBar' from project 'DSFQuickActionBar')
SwiftDriver DSFQuickActionBar normal arm64_32 com.apple.xcode.tools.swift.compiler (in target 'DSFQuickActionBar' from project 'DSFQuickActionBar')
cd /Users/admin/builder/spi-builder-workspace/.swiftpm/xcode
builtin-SwiftDriver -- /Applications/Xcode-27.0.0-Release.Candidate.app/Contents/Developer/Toolchains/XcodeDefault.xctoolchain/usr/bin/swiftc -parse-as-library -module-name DSFQuickActionBar -Onone @/Users/admin/builder/spi-builder-workspace/.derivedData/Build/Intermediates.noindex/DSFQuickActionBar.build/Debug-watchos/DSFQuickActionBar-t.build/Objects-normal/arm64_32/DSFQuickActionBar.SwiftFileList -DSWIFT_PACKAGE -DDEBUG -DSWIFT_MODULE_RESOURCE_BUNDLE_AVAILABLE -DXcode -plugin-path /Applications/Xcode-27.0.0-Release.Candidate.app/Contents/Developer/Toolchains/XcodeDefault.xctoolchain/usr/lib/swift/host/plugins/testing -enable-experimental-feature DebugDescriptionMacro -sdk /Applications/Xcode-27.0.0-Release.Candidate.app/Contents/Developer/Platforms/WatchOS.platform/Developer/SDKs/WatchOS27.0.sdk -target arm64_32-apple-watchos9.0 -g -module-cache-path /Users/admin/builder/spi-builder-workspace/.derivedData/ModuleCache.noindex -Xfrontend -serialize-debugging-options -profile-coverage-mapping -profile-generate -enable-testing -index-store-path /Users/admin/builder/spi-builder-workspace/.derivedData/Index.noindex/DataStore -Xcc -D_LIBCPP_HARDENING_MODE\=_LIBCPP_HARDENING_MODE_DEBUG -swift-version 5 -I /Users/admin/builder/spi-builder-workspace/.derivedData/Build/Products/Debug-watchos -Isystem /Applications/Xcode-27.0.0-Release.Candidate.app/Contents/Developer/Platforms/WatchOS.platform/Developer/usr/lib -F /Users/admin/builder/spi-builder-workspace/.derivedData/Build/Products/Debug-watchos/PackageFrameworks -F /Users/admin/builder/spi-builder-workspace/.derivedData/Build/Products/Debug-watchos -F /Applications/Xcode-27.0.0-Release.Candidate.app/Contents/Developer/Platforms/WatchOS.platform/Developer/Library/Frameworks -F /Applications/Xcode-27.0.0-Release.Candidate.app/Contents/Developer/Platforms/WatchOS.platform/Developer/SDKs/WatchOS27.0.sdk/Developer/Library/Frameworks -c -j10 -enable-batch-mode -incremental -Xcc -ivfsstatcache -Xcc /Users/admin/builder/spi-builder-workspace/.derivedData/SDKStatCaches.noindex/watchos27.0-24R360-e829b21a6f8c9b70876ba0858053c04477534ef55a1706bf4c1112bbb242f0a2.sdkstatcache -output-file-map /Users/admin/builder/spi-builder-workspace/.derivedData/Build/Intermediates.noindex/DSFQuickActionBar.build/Debug-watchos/DSFQuickActionBar-t.build/Objects-normal/arm64_32/DSFQuickActionBar-OutputFileMap.json -save-temps -no-color-diagnostics -explicit-module-build -module-cache-path /Users/admin/builder/spi-builder-workspace/.derivedData/Build/Intermediates.noindex/SwiftExplicitPrecompiledModules -clang-scanner-module-cache-path /Users/admin/builder/spi-builder-workspace/.derivedData/ModuleCache.noindex -sdk-module-cache-path /Users/admin/builder/spi-builder-workspace/.derivedData/SDKExplicitPrecompiledModules -emit-dependencies -emit-module -emit-module-path /Users/admin/builder/spi-builder-workspace/.derivedData/Build/Intermediates.noindex/DSFQuickActionBar.build/Debug-watchos/DSFQuickActionBar-t.build/Objects-normal/arm64_32/DSFQuickActionBar.swiftmodule -serialize-diagnostics -dependency-scan-serialize-diagnostics-path /Users/admin/builder/spi-builder-workspace/.derivedData/Build/Intermediates.noindex/DSFQuickActionBar.build/Debug-watchos/DSFQuickActionBar-t.build/Objects-normal/arm64_32/DSFQuickActionBar-dependency-scan.dia -validate-clang-modules-once -clang-build-session-file /Users/admin/builder/spi-builder-workspace/.derivedData/ModuleCache.noindex/Session.modulevalidation -Xcc -fmodules-prune-interval\=86400 -Xcc -fmodules-prune-after\=345600 -emit-const-values -const-gather-protocols-list /Users/admin/builder/spi-builder-workspace/.derivedData/Build/Intermediates.noindex/DSFQuickActionBar.build/Debug-watchos/DSFQuickActionBar-t.build/Objects-normal/arm64_32/DSFQuickActionBar_const_extract_protocols.json -Xcc -I/Users/admin/builder/spi-builder-workspace/.derivedData/Build/Products/Debug-watchos/include -Xcc -I/Users/admin/builder/spi-builder-workspace/.derivedData/Build/Intermediates.noindex/DSFQuickActionBar.build/Debug-watchos/DSFQuickActionBar-t.build/DerivedSources-normal/arm64_32 -Xcc -I/Users/admin/builder/spi-builder-workspace/.derivedData/Build/Intermediates.noindex/DSFQuickActionBar.build/Debug-watchos/DSFQuickActionBar-t.build/DerivedSources/arm64_32 -Xcc -I/Users/admin/builder/spi-builder-workspace/.derivedData/Build/Intermediates.noindex/DSFQuickActionBar.build/Debug-watchos/DSFQuickActionBar-t.build/DerivedSources -Xcc -DSWIFT_PACKAGE -Xcc -DDEBUG\=1 -emit-objc-header -emit-objc-header-path /Users/admin/builder/spi-builder-workspace/.derivedData/Build/Intermediates.noindex/DSFQuickActionBar.build/Debug-watchos/DSFQuickActionBar-t.build/Objects-normal/arm64_32/DSFQuickActionBar-Swift.h -working-directory /Users/admin/builder/spi-builder-workspace/.swiftpm/xcode -experimental-emit-module-separately -disable-cmo
/Users/admin/builder/spi-builder-workspace/Sources/DSFQuickActionBar/DSFQuickActionBar+Delegate.swift:27:8: error: Unable to resolve module dependency: 'AppKit' (in target 'DSFQuickActionBar' from project 'DSFQuickActionBar')
note: A dependency of main module 'DSFQuickActionBar'
/Users/admin/builder/spi-builder-workspace/Sources/DSFQuickActionBar/DSFQuickActionBar.swift:27:8: note: Also imported here
/Users/admin/builder/spi-builder-workspace/Sources/DSFQuickActionBar/private/DSFQuickActionBar+DefaultImage.swift:27:8: note: Also imported here
/Users/admin/builder/spi-builder-workspace/Sources/DSFQuickActionBar/private/DSFQuickActionBar+DefaultImage.swift:28:8: note: Also imported here
/Users/admin/builder/spi-builder-workspace/Sources/DSFQuickActionBar/private/DSFQuickActionBar+ResultsView.swift:27:8: note: Also imported here
/Users/admin/builder/spi-builder-workspace/Sources/DSFQuickActionBar/private/DSFQuickActionBar+Window.swift:27:8: note: Also imported here
/Users/admin/builder/spi-builder-workspace/Sources/DSFQuickActionBar/private/util/DSFDelayedIndeterminiteRadialProgressIndicator.swift:28:8: note: Also imported here
/Users/admin/builder/spi-builder-workspace/Sources/DSFQuickActionBar/private/util/DSFFlippedClipView.swift:27:8: note: Also imported here
/Users/admin/builder/spi-builder-workspace/Sources/DSFQuickActionBar/private/util/DSFPrimaryRoundedView.swift:27:8: note: Also imported here
/Users/admin/builder/spi-builder-workspace/Sources/DSFQuickActionBar/private/util/DSFTextField.swift:27:8: note: Also imported here
/Users/admin/builder/spi-builder-workspace/Sources/DSFQuickActionBar/private/util/EphemeralWindow.swift:27:8: note: Also imported here
/Users/admin/builder/spi-builder-workspace/Sources/DSFQuickActionBar/private/util/NSImage+extensions.swift:27:8: note: Also imported here
/Users/admin/builder/spi-builder-workspace/Sources/DSFQuickActionBar/private/util/NSImage+scaling.swift:28:8: note: Also imported here
/Users/admin/builder/spi-builder-workspace/Sources/DSFQuickActionBar/private/util/NSScroller+extensions.swift:26:8: note: Also imported here
/Users/admin/builder/spi-builder-workspace/Sources/DSFQuickActionBar/private/util/NSTextField+extensions.swift:28:8: note: Also imported here
/Users/admin/builder/spi-builder-workspace/Sources/DSFQuickActionBar/DSFQuickActionBar+Delegate.swift:27:8: note: A dependency of main module 'DSFQuickActionBar'
import AppKit
^ (in target 'DSFQuickActionBar' from project 'DSFQuickActionBar')
/Users/admin/builder/spi-builder-workspace/Sources/DSFQuickActionBar/DSFQuickActionBar.swift:27:8: note: Also imported here
import AppKit
^ (in target 'DSFQuickActionBar' from project 'DSFQuickActionBar')
/Users/admin/builder/spi-builder-workspace/Sources/DSFQuickActionBar/private/DSFQuickActionBar+DefaultImage.swift:27:8: note: Also imported here
import AppKit.NSImage
^ (in target 'DSFQuickActionBar' from project 'DSFQuickActionBar')
/Users/admin/builder/spi-builder-workspace/Sources/DSFQuickActionBar/private/DSFQuickActionBar+DefaultImage.swift:28:8: note: Also imported here
import AppKit.NSGraphicsContext
^ (in target 'DSFQuickActionBar' from project 'DSFQuickActionBar')
/Users/admin/builder/spi-builder-workspace/Sources/DSFQuickActionBar/private/DSFQuickActionBar+ResultsView.swift:27:8: note: Also imported here
import AppKit
^ (in target 'DSFQuickActionBar' from project 'DSFQuickActionBar')
/Users/admin/builder/spi-builder-workspace/Sources/DSFQuickActionBar/private/DSFQuickActionBar+Window.swift:27:8: note: Also imported here
import AppKit
^ (in target 'DSFQuickActionBar' from project 'DSFQuickActionBar')
/Users/admin/builder/spi-builder-workspace/Sources/DSFQuickActionBar/private/util/DSFDelayedIndeterminiteRadialProgressIndicator.swift:28:8: note: Also imported here
import AppKit
^ (in target 'DSFQuickActionBar' from project 'DSFQuickActionBar')
/Users/admin/builder/spi-builder-workspace/Sources/DSFQuickActionBar/private/util/DSFFlippedClipView.swift:27:8: note: Also imported here
import AppKit.NSClipView
^ (in target 'DSFQuickActionBar' from project 'DSFQuickActionBar')
/Users/admin/builder/spi-builder-workspace/Sources/DSFQuickActionBar/private/util/DSFPrimaryRoundedView.swift:27:8: note: Also imported here
import AppKit
^ (in target 'DSFQuickActionBar' from project 'DSFQuickActionBar')
/Users/admin/builder/spi-builder-workspace/Sources/DSFQuickActionBar/private/util/DSFTextField.swift:27:8: note: Also imported here
import AppKit
^ (in target 'DSFQuickActionBar' from project 'DSFQuickActionBar')
/Users/admin/builder/spi-builder-workspace/Sources/DSFQuickActionBar/private/util/EphemeralWindow.swift:27:8: note: Also imported here
import AppKit
^ (in target 'DSFQuickActionBar' from project 'DSFQuickActionBar')
/Users/admin/builder/spi-builder-workspace/Sources/DSFQuickActionBar/private/util/NSImage+extensions.swift:27:8: note: Also imported here
import AppKit.NSImage
^ (in target 'DSFQuickActionBar' from project 'DSFQuickActionBar')
/Users/admin/builder/spi-builder-workspace/Sources/DSFQuickActionBar/private/util/NSImage+scaling.swift:28:8: note: Also imported here
import AppKit
^ (in target 'DSFQuickActionBar' from project 'DSFQuickActionBar')
/Users/admin/builder/spi-builder-workspace/Sources/DSFQuickActionBar/private/util/NSScroller+extensions.swift:26:8: note: Also imported here
import AppKit
^ (in target 'DSFQuickActionBar' from project 'DSFQuickActionBar')
/Users/admin/builder/spi-builder-workspace/Sources/DSFQuickActionBar/private/util/NSTextField+extensions.swift:28:8: note: Also imported here
import AppKit
^ (in target 'DSFQuickActionBar' from project 'DSFQuickActionBar')
PruneExplicitPrecompiledModules /Users/admin/builder/spi-builder-workspace/.derivedData/Build/Intermediates.noindex/ExplicitPrecompiledModules
PruneExplicitPrecompiledModules /Users/admin/builder/spi-builder-workspace/.derivedData/Build/Intermediates.noindex/SwiftExplicitPrecompiledModules
PruneExplicitPrecompiledModules /Users/admin/builder/spi-builder-workspace/.derivedData/SDKExplicitPrecompiledModules
2026-09-20 20:23:26.596 xcodebuild[825:5138] [MT] IDERunDestination: Supported platforms for the buildables in the current scheme is empty.
** BUILD FAILED **
The following build commands failed:
SwiftDriver DSFQuickActionBar normal arm64 com.apple.xcode.tools.swift.compiler (in target 'DSFQuickActionBar' from project 'DSFQuickActionBar')
SwiftDriver DSFQuickActionBar normal arm64_32 com.apple.xcode.tools.swift.compiler (in target 'DSFQuickActionBar' from project 'DSFQuickActionBar')
Building workspace DSFQuickActionBar with scheme DSFQuickActionBar-Package
(3 failures)
BUILD FAILURE 6.4 watchOS