Build Information
Failed to build Bonjour, reference 2.1.0 (4e2912), with Swift 6.4 for watchOS using Xcode 27.0 on 18 Sep 2026 08:21:31 UTC.
Build Command
env DEVELOPER_DIR=/Applications/Xcode-27.0.0-Release.Candidate.app xcrun xcodebuild -IDEClonedSourcePackagesDirPathOverride=$PWD/.dependencies -skipMacroValidation -skipPackagePluginValidation -derivedDataPath $PWD/.derivedData build -scheme Bonjour -destination generic/platform=watchOSBuild Log
========================================
RunAll
========================================
Builder version: 5.1.0
Interrupt handler set up.
========================================
Checkout
========================================
Clone URL: https://github.com/eugenebokhan/bonjour.git
Reference: 2.1.0
Initialized empty Git repository in /Users/admin/builder/spi-builder-workspace/.git/
From https://github.com/eugenebokhan/bonjour
* tag 2.1.0 -> FETCH_HEAD
HEAD is now at 4e2912c update readme
Cloned https://github.com/eugenebokhan/bonjour.git
Revision (git rev-parse @):
4e2912cddb3dcc8ec48370851ba0eb19f1a3e6af
SUCCESS checkout https://github.com/eugenebokhan/bonjour.git at 2.1.0
========================================
Build
========================================
Selected platform: watchOS
Swift version: 6.4
Building package at path: $PWD
https://github.com/eugenebokhan/bonjour.git
Command line invocation:
/Applications/Xcode-27.0.0-Release.Candidate.app/Contents/Developer/usr/bin/xcodebuild -IDEClonedSourcePackagesDirPathOverride=/Users/admin/builder/spi-builder-workspace/.dependencies -resolvePackageDependencies
Resolve Package Graph
Resolve Package Graph
Resolved source packages:
Bonjour: /Users/admin/builder/spi-builder-workspace
resolved source packages: Bonjour
2026-09-18 04:20:41.856 xcodebuild[524:3006] [MT] IDERunDestination: Supported platforms for the buildables in the current scheme is empty.
{
"dependencies" : [
],
"manifest_display_name" : "Bonjour",
"name" : "Bonjour",
"path" : "/Users/admin/builder/spi-builder-workspace",
"platforms" : [
{
"name" : "ios",
"version" : "11.0"
},
{
"name" : "macos",
"version" : "10.13"
}
],
"products" : [
{
"name" : "Bonjour",
"targets" : [
"Bonjour"
],
"type" : {
"library" : [
"automatic"
]
}
}
],
"targets" : [
{
"c99name" : "Bonjour",
"module_type" : "SwiftTarget",
"name" : "Bonjour",
"path" : "Sources/Bonjour",
"product_memberships" : [
"Bonjour"
],
"sources" : [
"BonjourSession.swift",
"Extensions/MCPeerID+Extensions.swift",
"Peer.swift",
"ProgressWatcher.swift"
],
"type" : "library"
}
],
"tools_version" : "5.2"
}
{
"workspace" : {
"name" : "Bonjour",
"schemes" : [
"Bonjour"
]
}
}
2026-09-18 04:21:23.268 xcodebuild[622:3902] [MT] IDERunDestination: Supported platforms for the buildables in the current scheme is empty.
Running build ...
env DEVELOPER_DIR=/Applications/Xcode-27.0.0-Release.Candidate.app xcrun xcodebuild -IDEClonedSourcePackagesDirPathOverride=$PWD/.dependencies -skipMacroValidation -skipPackagePluginValidation -derivedDataPath $PWD/.derivedData build -scheme Bonjour -destination generic/platform=watchOS
Command line invocation:
/Applications/Xcode-27.0.0-Release.Candidate.app/Contents/Developer/usr/bin/xcodebuild -IDEClonedSourcePackagesDirPathOverride=/Users/admin/builder/spi-builder-workspace/.dependencies -skipMacroValidation -skipPackagePluginValidation -derivedDataPath /Users/admin/builder/spi-builder-workspace/.derivedData build -scheme Bonjour -destination generic/platform=watchOS
Resolve Package Graph
Resolved source packages:
Bonjour: /Users/admin/builder/spi-builder-workspace
ComputePackagePrebuildTargetDependencyGraph
Prepare packages
CreateBuildRequest
SendProjectDescription
CreateBuildOperation
ComputeTargetDependencyGraph
note: Building targets in dependency order
note: Target dependency graph (2 targets)
Target 'Bonjour-product' in project 'Bonjour'
➜ Explicit dependency on target 'Bonjour' in project 'Bonjour'
Target 'Bonjour' in project 'Bonjour' (no dependencies)
GatherProvisioningInputs
CreateBuildDescription
ExecuteExternalTool /Applications/Xcode-27.0.0-Release.Candidate.app/Contents/Developer/Toolchains/XcodeDefault.xctoolchain/usr/bin/clang -v -E -dM -isysroot /Applications/Xcode-27.0.0-Release.Candidate.app/Contents/Developer/Platforms/WatchOS.platform/Developer/SDKs/WatchOS27.0.sdk -x c -c /dev/null
ExecuteExternalTool /Applications/Xcode-27.0.0-Release.Candidate.app/Contents/Developer/Toolchains/XcodeDefault.xctoolchain/usr/bin/swiftc --version
ExecuteExternalTool /Applications/Xcode-27.0.0-Release.Candidate.app/Contents/Developer/Toolchains/XcodeDefault.xctoolchain/usr/bin/ld -version_details
Build description signature: 12f22827df6a9fe340b345db4cfdbcb8
Build description path: /Users/admin/builder/spi-builder-workspace/.derivedData/Build/Intermediates.noindex/XCBuildData/12f22827df6a9fe340b345db4cfdbcb8.xcbuilddata
CreateBuildDirectory /Users/admin/builder/spi-builder-workspace/.derivedData/ModuleCache.noindex
cd /Users/admin/builder/spi-builder-workspace/.swiftpm/xcode
builtin-create-build-directory /Users/admin/builder/spi-builder-workspace/.derivedData/ModuleCache.noindex
CreateBuildDirectory /Users/admin/builder/spi-builder-workspace/.derivedData/SDKExplicitPrecompiledModules
cd /Users/admin/builder/spi-builder-workspace/.swiftpm/xcode
builtin-create-build-directory /Users/admin/builder/spi-builder-workspace/.derivedData/SDKExplicitPrecompiledModules
CreateBuildDirectory /Users/admin/builder/spi-builder-workspace/.derivedData/CompilationCache.noindex
cd /Users/admin/builder/spi-builder-workspace/.swiftpm/xcode
builtin-create-build-directory /Users/admin/builder/spi-builder-workspace/.derivedData/CompilationCache.noindex
CreateBuildDirectory /Users/admin/builder/spi-builder-workspace/.derivedData/Build/Products
cd /Users/admin/builder/spi-builder-workspace/.swiftpm/xcode
builtin-create-build-directory /Users/admin/builder/spi-builder-workspace/.derivedData/Build/Products
CreateBuildDirectory /Users/admin/builder/spi-builder-workspace/.derivedData/Build/Intermediates.noindex
cd /Users/admin/builder/spi-builder-workspace/.swiftpm/xcode
builtin-create-build-directory /Users/admin/builder/spi-builder-workspace/.derivedData/Build/Intermediates.noindex
ClangStatCache /Applications/Xcode-27.0.0-Release.Candidate.app/Contents/Developer/Toolchains/XcodeDefault.xctoolchain/usr/bin/clang-stat-cache /Applications/Xcode-27.0.0-Release.Candidate.app/Contents/Developer/Platforms/WatchOS.platform/Developer/SDKs/WatchOS27.0.sdk /Users/admin/builder/spi-builder-workspace/.derivedData/SDKStatCaches.noindex/watchos27.0-24R360-e829b21a6f8c9b70876ba0858053c04477534ef55a1706bf4c1112bbb242f0a2.sdkstatcache
cd /Users/admin/builder/spi-builder-workspace/.swiftpm/xcode
/Applications/Xcode-27.0.0-Release.Candidate.app/Contents/Developer/Toolchains/XcodeDefault.xctoolchain/usr/bin/clang-stat-cache /Applications/Xcode-27.0.0-Release.Candidate.app/Contents/Developer/Platforms/WatchOS.platform/Developer/SDKs/WatchOS27.0.sdk -o /Users/admin/builder/spi-builder-workspace/.derivedData/SDKStatCaches.noindex/watchos27.0-24R360-e829b21a6f8c9b70876ba0858053c04477534ef55a1706bf4c1112bbb242f0a2.sdkstatcache
CreateBuildDirectory /Users/admin/builder/spi-builder-workspace/.derivedData/Build/Intermediates.noindex/SwiftExplicitPrecompiledModules
cd /Users/admin/builder/spi-builder-workspace/.swiftpm/xcode
builtin-create-build-directory /Users/admin/builder/spi-builder-workspace/.derivedData/Build/Intermediates.noindex/SwiftExplicitPrecompiledModules
CreateBuildDirectory /Users/admin/builder/spi-builder-workspace/.derivedData/Build/Intermediates.noindex/PrecompiledHeaders
cd /Users/admin/builder/spi-builder-workspace/.swiftpm/xcode
builtin-create-build-directory /Users/admin/builder/spi-builder-workspace/.derivedData/Build/Intermediates.noindex/PrecompiledHeaders
CreateBuildDirectory /Users/admin/builder/spi-builder-workspace/.derivedData/Build/Intermediates.noindex/ExplicitPrecompiledModules
cd /Users/admin/builder/spi-builder-workspace/.swiftpm/xcode
builtin-create-build-directory /Users/admin/builder/spi-builder-workspace/.derivedData/Build/Intermediates.noindex/ExplicitPrecompiledModules
CreateBuildDirectory /Users/admin/builder/spi-builder-workspace/.derivedData/Build/Products/Debug-watchos
cd /Users/admin/builder/spi-builder-workspace/.swiftpm/xcode
builtin-create-build-directory /Users/admin/builder/spi-builder-workspace/.derivedData/Build/Products/Debug-watchos
CreateBuildDirectory /Users/admin/builder/spi-builder-workspace/.derivedData/Build/Intermediates.noindex/EagerLinkingTBDs/Debug-watchos
cd /Users/admin/builder/spi-builder-workspace/.swiftpm/xcode
builtin-create-build-directory /Users/admin/builder/spi-builder-workspace/.derivedData/Build/Intermediates.noindex/EagerLinkingTBDs/Debug-watchos
CreateBuildDirectory /Users/admin/builder/spi-builder-workspace/.derivedData/Build/Products/Debug-watchos/PackageFrameworks
cd /Users/admin/builder/spi-builder-workspace/.swiftpm/xcode
builtin-create-build-directory /Users/admin/builder/spi-builder-workspace/.derivedData/Build/Products/Debug-watchos/PackageFrameworks
WriteAuxiliaryFile /Users/admin/builder/spi-builder-workspace/.derivedData/Build/Intermediates.noindex/Bonjour.build/Debug-watchos/Bonjour-t.build/Bonjour.modulemap (in target 'Bonjour' from project 'Bonjour')
cd /Users/admin/builder/spi-builder-workspace
write-file /Users/admin/builder/spi-builder-workspace/.derivedData/Build/Intermediates.noindex/Bonjour.build/Debug-watchos/Bonjour-t.build/Bonjour.modulemap
WriteAuxiliaryFile /Users/admin/builder/spi-builder-workspace/.derivedData/Build/Intermediates.noindex/Bonjour.build/Debug-watchos/Bonjour-t.build/Objects-normal/arm64_32/Bonjour.LinkFileList (in target 'Bonjour' from project 'Bonjour')
cd /Users/admin/builder/spi-builder-workspace
write-file /Users/admin/builder/spi-builder-workspace/.derivedData/Build/Intermediates.noindex/Bonjour.build/Debug-watchos/Bonjour-t.build/Objects-normal/arm64_32/Bonjour.LinkFileList
WriteAuxiliaryFile /Users/admin/builder/spi-builder-workspace/.derivedData/Build/Intermediates.noindex/Bonjour.build/Debug-watchos/Bonjour-t.build/Objects-normal/arm64_32/Bonjour-OutputFileMap.json (in target 'Bonjour' from project 'Bonjour')
cd /Users/admin/builder/spi-builder-workspace
write-file /Users/admin/builder/spi-builder-workspace/.derivedData/Build/Intermediates.noindex/Bonjour.build/Debug-watchos/Bonjour-t.build/Objects-normal/arm64_32/Bonjour-OutputFileMap.json
WriteAuxiliaryFile /Users/admin/builder/spi-builder-workspace/.derivedData/Build/Intermediates.noindex/Bonjour.build/Debug-watchos/Bonjour-t.build/Objects-normal/arm64_32/Bonjour.SwiftConstValuesFileList (in target 'Bonjour' from project 'Bonjour')
cd /Users/admin/builder/spi-builder-workspace
write-file /Users/admin/builder/spi-builder-workspace/.derivedData/Build/Intermediates.noindex/Bonjour.build/Debug-watchos/Bonjour-t.build/Objects-normal/arm64_32/Bonjour.SwiftConstValuesFileList
WriteAuxiliaryFile /Users/admin/builder/spi-builder-workspace/.derivedData/Build/Intermediates.noindex/Bonjour.build/Debug-watchos/Bonjour-t.build/Objects-normal/arm64_32/Bonjour_const_extract_protocols.json (in target 'Bonjour' from project 'Bonjour')
cd /Users/admin/builder/spi-builder-workspace
write-file /Users/admin/builder/spi-builder-workspace/.derivedData/Build/Intermediates.noindex/Bonjour.build/Debug-watchos/Bonjour-t.build/Objects-normal/arm64_32/Bonjour_const_extract_protocols.json
WriteAuxiliaryFile /Users/admin/builder/spi-builder-workspace/.derivedData/Build/Intermediates.noindex/Bonjour.build/Debug-watchos/Bonjour-t.build/Objects-normal/arm64_32/Bonjour.SwiftFileList (in target 'Bonjour' from project 'Bonjour')
cd /Users/admin/builder/spi-builder-workspace
write-file /Users/admin/builder/spi-builder-workspace/.derivedData/Build/Intermediates.noindex/Bonjour.build/Debug-watchos/Bonjour-t.build/Objects-normal/arm64_32/Bonjour.SwiftFileList
WriteAuxiliaryFile /Users/admin/builder/spi-builder-workspace/.derivedData/Build/Intermediates.noindex/Bonjour.build/Debug-watchos/Bonjour-t.build/Objects-normal/arm64/Bonjour.SwiftFileList (in target 'Bonjour' from project 'Bonjour')
cd /Users/admin/builder/spi-builder-workspace
write-file /Users/admin/builder/spi-builder-workspace/.derivedData/Build/Intermediates.noindex/Bonjour.build/Debug-watchos/Bonjour-t.build/Objects-normal/arm64/Bonjour.SwiftFileList
WriteAuxiliaryFile /Users/admin/builder/spi-builder-workspace/.derivedData/Build/Intermediates.noindex/Bonjour.build/Debug-watchos/Bonjour-t.build/Objects-normal/arm64/Bonjour_const_extract_protocols.json (in target 'Bonjour' from project 'Bonjour')
cd /Users/admin/builder/spi-builder-workspace
write-file /Users/admin/builder/spi-builder-workspace/.derivedData/Build/Intermediates.noindex/Bonjour.build/Debug-watchos/Bonjour-t.build/Objects-normal/arm64/Bonjour_const_extract_protocols.json
WriteAuxiliaryFile /Users/admin/builder/spi-builder-workspace/.derivedData/Build/Intermediates.noindex/Bonjour.build/Debug-watchos/Bonjour-t.build/Objects-normal/arm64/Bonjour.SwiftConstValuesFileList (in target 'Bonjour' from project 'Bonjour')
cd /Users/admin/builder/spi-builder-workspace
write-file /Users/admin/builder/spi-builder-workspace/.derivedData/Build/Intermediates.noindex/Bonjour.build/Debug-watchos/Bonjour-t.build/Objects-normal/arm64/Bonjour.SwiftConstValuesFileList
WriteAuxiliaryFile /Users/admin/builder/spi-builder-workspace/.derivedData/Build/Intermediates.noindex/Bonjour.build/Debug-watchos/Bonjour-t.build/Objects-normal/arm64/Bonjour.LinkFileList (in target 'Bonjour' from project 'Bonjour')
cd /Users/admin/builder/spi-builder-workspace
write-file /Users/admin/builder/spi-builder-workspace/.derivedData/Build/Intermediates.noindex/Bonjour.build/Debug-watchos/Bonjour-t.build/Objects-normal/arm64/Bonjour.LinkFileList
WriteAuxiliaryFile /Users/admin/builder/spi-builder-workspace/.derivedData/Build/Intermediates.noindex/Bonjour.build/Debug-watchos/Bonjour-t.build/Objects-normal/arm64/Bonjour-OutputFileMap.json (in target 'Bonjour' from project 'Bonjour')
cd /Users/admin/builder/spi-builder-workspace
write-file /Users/admin/builder/spi-builder-workspace/.derivedData/Build/Intermediates.noindex/Bonjour.build/Debug-watchos/Bonjour-t.build/Objects-normal/arm64/Bonjour-OutputFileMap.json
WriteAuxiliaryFile /Users/admin/builder/spi-builder-workspace/.derivedData/Build/Intermediates.noindex/Bonjour.build/Debug-watchos/Bonjour-t.build/Bonjour.DependencyStaticMetadataFileList (in target 'Bonjour' from project 'Bonjour')
cd /Users/admin/builder/spi-builder-workspace
write-file /Users/admin/builder/spi-builder-workspace/.derivedData/Build/Intermediates.noindex/Bonjour.build/Debug-watchos/Bonjour-t.build/Bonjour.DependencyStaticMetadataFileList
WriteAuxiliaryFile /Users/admin/builder/spi-builder-workspace/.derivedData/Build/Intermediates.noindex/Bonjour.build/Debug-watchos/Bonjour-t.build/Bonjour.DependencyMetadataFileList (in target 'Bonjour' from project 'Bonjour')
cd /Users/admin/builder/spi-builder-workspace
write-file /Users/admin/builder/spi-builder-workspace/.derivedData/Build/Intermediates.noindex/Bonjour.build/Debug-watchos/Bonjour-t.build/Bonjour.DependencyMetadataFileList
Copy /Users/admin/builder/spi-builder-workspace/.derivedData/Build/Intermediates.noindex/GeneratedModuleMaps-watchos/Bonjour.modulemap /Users/admin/builder/spi-builder-workspace/.derivedData/Build/Intermediates.noindex/Bonjour.build/Debug-watchos/Bonjour-t.build/Bonjour.modulemap (in target 'Bonjour' from project 'Bonjour')
cd /Users/admin/builder/spi-builder-workspace
builtin-copy -exclude .DS_Store -exclude CVS -exclude .svn -exclude .git -exclude .hg -resolve-src-symlinks /Users/admin/builder/spi-builder-workspace/.derivedData/Build/Intermediates.noindex/Bonjour.build/Debug-watchos/Bonjour-t.build/Bonjour.modulemap /Users/admin/builder/spi-builder-workspace/.derivedData/Build/Intermediates.noindex/GeneratedModuleMaps-watchos
SwiftDriver Bonjour normal arm64 com.apple.xcode.tools.swift.compiler (in target 'Bonjour' from project 'Bonjour')
cd /Users/admin/builder/spi-builder-workspace/.swiftpm/xcode
builtin-SwiftDriver -- /Applications/Xcode-27.0.0-Release.Candidate.app/Contents/Developer/Toolchains/XcodeDefault.xctoolchain/usr/bin/swiftc -parse-as-library -module-name Bonjour -Onone @/Users/admin/builder/spi-builder-workspace/.derivedData/Build/Intermediates.noindex/Bonjour.build/Debug-watchos/Bonjour-t.build/Objects-normal/arm64/Bonjour.SwiftFileList -DSWIFT_PACKAGE -DDEBUG -DSWIFT_MODULE_RESOURCE_BUNDLE_UNAVAILABLE -DXcode -plugin-path /Applications/Xcode-27.0.0-Release.Candidate.app/Contents/Developer/Toolchains/XcodeDefault.xctoolchain/usr/lib/swift/host/plugins/testing -enable-experimental-feature DebugDescriptionMacro -sdk /Applications/Xcode-27.0.0-Release.Candidate.app/Contents/Developer/Platforms/WatchOS.platform/Developer/SDKs/WatchOS27.0.sdk -target arm64-apple-watchos9.0 -g -module-cache-path /Users/admin/builder/spi-builder-workspace/.derivedData/ModuleCache.noindex -Xfrontend -serialize-debugging-options -enable-testing -index-store-path /Users/admin/builder/spi-builder-workspace/.derivedData/Index.noindex/DataStore -Xcc -D_LIBCPP_HARDENING_MODE\=_LIBCPP_HARDENING_MODE_DEBUG -swift-version 5 -I /Users/admin/builder/spi-builder-workspace/.derivedData/Build/Products/Debug-watchos -Isystem /Applications/Xcode-27.0.0-Release.Candidate.app/Contents/Developer/Platforms/WatchOS.platform/Developer/usr/lib -F /Users/admin/builder/spi-builder-workspace/.derivedData/Build/Products/Debug-watchos -F /Applications/Xcode-27.0.0-Release.Candidate.app/Contents/Developer/Platforms/WatchOS.platform/Developer/Library/Frameworks -F /Applications/Xcode-27.0.0-Release.Candidate.app/Contents/Developer/Platforms/WatchOS.platform/Developer/SDKs/WatchOS27.0.sdk/Developer/Library/Frameworks -c -j10 -enable-batch-mode -incremental -Xcc -ivfsstatcache -Xcc /Users/admin/builder/spi-builder-workspace/.derivedData/SDKStatCaches.noindex/watchos27.0-24R360-e829b21a6f8c9b70876ba0858053c04477534ef55a1706bf4c1112bbb242f0a2.sdkstatcache -output-file-map /Users/admin/builder/spi-builder-workspace/.derivedData/Build/Intermediates.noindex/Bonjour.build/Debug-watchos/Bonjour-t.build/Objects-normal/arm64/Bonjour-OutputFileMap.json -save-temps -no-color-diagnostics -explicit-module-build -module-cache-path /Users/admin/builder/spi-builder-workspace/.derivedData/Build/Intermediates.noindex/SwiftExplicitPrecompiledModules -clang-scanner-module-cache-path /Users/admin/builder/spi-builder-workspace/.derivedData/ModuleCache.noindex -sdk-module-cache-path /Users/admin/builder/spi-builder-workspace/.derivedData/SDKExplicitPrecompiledModules -emit-dependencies -emit-module -emit-module-path /Users/admin/builder/spi-builder-workspace/.derivedData/Build/Intermediates.noindex/Bonjour.build/Debug-watchos/Bonjour-t.build/Objects-normal/arm64/Bonjour.swiftmodule -serialize-diagnostics -dependency-scan-serialize-diagnostics-path /Users/admin/builder/spi-builder-workspace/.derivedData/Build/Intermediates.noindex/Bonjour.build/Debug-watchos/Bonjour-t.build/Objects-normal/arm64/Bonjour-dependency-scan.dia -validate-clang-modules-once -clang-build-session-file /Users/admin/builder/spi-builder-workspace/.derivedData/ModuleCache.noindex/Session.modulevalidation -Xcc -fmodules-prune-interval\=86400 -Xcc -fmodules-prune-after\=345600 -emit-const-values -const-gather-protocols-list /Users/admin/builder/spi-builder-workspace/.derivedData/Build/Intermediates.noindex/Bonjour.build/Debug-watchos/Bonjour-t.build/Objects-normal/arm64/Bonjour_const_extract_protocols.json -Xcc -I/Users/admin/builder/spi-builder-workspace/.derivedData/Build/Products/Debug-watchos/include -Xcc -I/Users/admin/builder/spi-builder-workspace/.derivedData/Build/Intermediates.noindex/Bonjour.build/Debug-watchos/Bonjour-t.build/DerivedSources-normal/arm64 -Xcc -I/Users/admin/builder/spi-builder-workspace/.derivedData/Build/Intermediates.noindex/Bonjour.build/Debug-watchos/Bonjour-t.build/DerivedSources/arm64 -Xcc -I/Users/admin/builder/spi-builder-workspace/.derivedData/Build/Intermediates.noindex/Bonjour.build/Debug-watchos/Bonjour-t.build/DerivedSources -Xcc -DSWIFT_PACKAGE -Xcc -DDEBUG\=1 -emit-objc-header -emit-objc-header-path /Users/admin/builder/spi-builder-workspace/.derivedData/Build/Intermediates.noindex/Bonjour.build/Debug-watchos/Bonjour-t.build/Objects-normal/arm64/Bonjour-Swift.h -working-directory /Users/admin/builder/spi-builder-workspace/.swiftpm/xcode -experimental-emit-module-separately -disable-cmo
/Users/admin/builder/spi-builder-workspace/Sources/Bonjour/BonjourSession.swift:2:8: error: Unable to resolve module dependency: 'MultipeerConnectivity' (in target 'Bonjour' from project 'Bonjour')
note: A dependency of main module 'Bonjour'
/Users/admin/builder/spi-builder-workspace/Sources/Bonjour/Extensions/MCPeerID+Extensions.swift:2:8: note: Also imported here
/Users/admin/builder/spi-builder-workspace/Sources/Bonjour/Peer.swift:2:8: note: Also imported here
/Users/admin/builder/spi-builder-workspace/Sources/Bonjour/Extensions/MCPeerID+Extensions.swift:35:8: error: Unable to resolve module dependency: 'Cocoa' (in target 'Bonjour' from project 'Bonjour')
note: A dependency of main module 'Bonjour'
/Users/admin/builder/spi-builder-workspace/Sources/Bonjour/BonjourSession.swift:2:8: note: A dependency of main module 'Bonjour'
import MultipeerConnectivity
^ (in target 'Bonjour' from project 'Bonjour')
/Users/admin/builder/spi-builder-workspace/Sources/Bonjour/Extensions/MCPeerID+Extensions.swift:2:8: note: Also imported here
import MultipeerConnectivity.MCPeerID
^ (in target 'Bonjour' from project 'Bonjour')
/Users/admin/builder/spi-builder-workspace/Sources/Bonjour/Peer.swift:2:8: note: Also imported here
import MultipeerConnectivity.MCPeerID
^ (in target 'Bonjour' from project 'Bonjour')
/Users/admin/builder/spi-builder-workspace/Sources/Bonjour/Extensions/MCPeerID+Extensions.swift:35:8: note: A dependency of main module 'Bonjour'
import Cocoa
^ (in target 'Bonjour' from project 'Bonjour')
SwiftDriver Bonjour normal arm64_32 com.apple.xcode.tools.swift.compiler (in target 'Bonjour' from project 'Bonjour')
cd /Users/admin/builder/spi-builder-workspace/.swiftpm/xcode
builtin-SwiftDriver -- /Applications/Xcode-27.0.0-Release.Candidate.app/Contents/Developer/Toolchains/XcodeDefault.xctoolchain/usr/bin/swiftc -parse-as-library -module-name Bonjour -Onone @/Users/admin/builder/spi-builder-workspace/.derivedData/Build/Intermediates.noindex/Bonjour.build/Debug-watchos/Bonjour-t.build/Objects-normal/arm64_32/Bonjour.SwiftFileList -DSWIFT_PACKAGE -DDEBUG -DSWIFT_MODULE_RESOURCE_BUNDLE_UNAVAILABLE -DXcode -plugin-path /Applications/Xcode-27.0.0-Release.Candidate.app/Contents/Developer/Toolchains/XcodeDefault.xctoolchain/usr/lib/swift/host/plugins/testing -enable-experimental-feature DebugDescriptionMacro -sdk /Applications/Xcode-27.0.0-Release.Candidate.app/Contents/Developer/Platforms/WatchOS.platform/Developer/SDKs/WatchOS27.0.sdk -target arm64_32-apple-watchos9.0 -g -module-cache-path /Users/admin/builder/spi-builder-workspace/.derivedData/ModuleCache.noindex -Xfrontend -serialize-debugging-options -enable-testing -index-store-path /Users/admin/builder/spi-builder-workspace/.derivedData/Index.noindex/DataStore -Xcc -D_LIBCPP_HARDENING_MODE\=_LIBCPP_HARDENING_MODE_DEBUG -swift-version 5 -I /Users/admin/builder/spi-builder-workspace/.derivedData/Build/Products/Debug-watchos -Isystem /Applications/Xcode-27.0.0-Release.Candidate.app/Contents/Developer/Platforms/WatchOS.platform/Developer/usr/lib -F /Users/admin/builder/spi-builder-workspace/.derivedData/Build/Products/Debug-watchos -F /Applications/Xcode-27.0.0-Release.Candidate.app/Contents/Developer/Platforms/WatchOS.platform/Developer/Library/Frameworks -F /Applications/Xcode-27.0.0-Release.Candidate.app/Contents/Developer/Platforms/WatchOS.platform/Developer/SDKs/WatchOS27.0.sdk/Developer/Library/Frameworks -c -j10 -enable-batch-mode -incremental -Xcc -ivfsstatcache -Xcc /Users/admin/builder/spi-builder-workspace/.derivedData/SDKStatCaches.noindex/watchos27.0-24R360-e829b21a6f8c9b70876ba0858053c04477534ef55a1706bf4c1112bbb242f0a2.sdkstatcache -output-file-map /Users/admin/builder/spi-builder-workspace/.derivedData/Build/Intermediates.noindex/Bonjour.build/Debug-watchos/Bonjour-t.build/Objects-normal/arm64_32/Bonjour-OutputFileMap.json -save-temps -no-color-diagnostics -explicit-module-build -module-cache-path /Users/admin/builder/spi-builder-workspace/.derivedData/Build/Intermediates.noindex/SwiftExplicitPrecompiledModules -clang-scanner-module-cache-path /Users/admin/builder/spi-builder-workspace/.derivedData/ModuleCache.noindex -sdk-module-cache-path /Users/admin/builder/spi-builder-workspace/.derivedData/SDKExplicitPrecompiledModules -emit-dependencies -emit-module -emit-module-path /Users/admin/builder/spi-builder-workspace/.derivedData/Build/Intermediates.noindex/Bonjour.build/Debug-watchos/Bonjour-t.build/Objects-normal/arm64_32/Bonjour.swiftmodule -serialize-diagnostics -dependency-scan-serialize-diagnostics-path /Users/admin/builder/spi-builder-workspace/.derivedData/Build/Intermediates.noindex/Bonjour.build/Debug-watchos/Bonjour-t.build/Objects-normal/arm64_32/Bonjour-dependency-scan.dia -validate-clang-modules-once -clang-build-session-file /Users/admin/builder/spi-builder-workspace/.derivedData/ModuleCache.noindex/Session.modulevalidation -Xcc -fmodules-prune-interval\=86400 -Xcc -fmodules-prune-after\=345600 -emit-const-values -const-gather-protocols-list /Users/admin/builder/spi-builder-workspace/.derivedData/Build/Intermediates.noindex/Bonjour.build/Debug-watchos/Bonjour-t.build/Objects-normal/arm64_32/Bonjour_const_extract_protocols.json -Xcc -I/Users/admin/builder/spi-builder-workspace/.derivedData/Build/Products/Debug-watchos/include -Xcc -I/Users/admin/builder/spi-builder-workspace/.derivedData/Build/Intermediates.noindex/Bonjour.build/Debug-watchos/Bonjour-t.build/DerivedSources-normal/arm64_32 -Xcc -I/Users/admin/builder/spi-builder-workspace/.derivedData/Build/Intermediates.noindex/Bonjour.build/Debug-watchos/Bonjour-t.build/DerivedSources/arm64_32 -Xcc -I/Users/admin/builder/spi-builder-workspace/.derivedData/Build/Intermediates.noindex/Bonjour.build/Debug-watchos/Bonjour-t.build/DerivedSources -Xcc -DSWIFT_PACKAGE -Xcc -DDEBUG\=1 -emit-objc-header -emit-objc-header-path /Users/admin/builder/spi-builder-workspace/.derivedData/Build/Intermediates.noindex/Bonjour.build/Debug-watchos/Bonjour-t.build/Objects-normal/arm64_32/Bonjour-Swift.h -working-directory /Users/admin/builder/spi-builder-workspace/.swiftpm/xcode -experimental-emit-module-separately -disable-cmo
/Users/admin/builder/spi-builder-workspace/Sources/Bonjour/BonjourSession.swift:2:8: error: Unable to resolve module dependency: 'MultipeerConnectivity' (in target 'Bonjour' from project 'Bonjour')
note: A dependency of main module 'Bonjour'
/Users/admin/builder/spi-builder-workspace/Sources/Bonjour/Extensions/MCPeerID+Extensions.swift:2:8: note: Also imported here
/Users/admin/builder/spi-builder-workspace/Sources/Bonjour/Peer.swift:2:8: note: Also imported here
/Users/admin/builder/spi-builder-workspace/Sources/Bonjour/Extensions/MCPeerID+Extensions.swift:35:8: error: Unable to resolve module dependency: 'Cocoa' (in target 'Bonjour' from project 'Bonjour')
note: A dependency of main module 'Bonjour'
/Users/admin/builder/spi-builder-workspace/Sources/Bonjour/BonjourSession.swift:2:8: note: A dependency of main module 'Bonjour'
import MultipeerConnectivity
^ (in target 'Bonjour' from project 'Bonjour')
/Users/admin/builder/spi-builder-workspace/Sources/Bonjour/Extensions/MCPeerID+Extensions.swift:2:8: note: Also imported here
import MultipeerConnectivity.MCPeerID
^ (in target 'Bonjour' from project 'Bonjour')
/Users/admin/builder/spi-builder-workspace/Sources/Bonjour/Peer.swift:2:8: note: Also imported here
import MultipeerConnectivity.MCPeerID
^ (in target 'Bonjour' from project 'Bonjour')
/Users/admin/builder/spi-builder-workspace/Sources/Bonjour/Extensions/MCPeerID+Extensions.swift:35:8: note: A dependency of main module 'Bonjour'
import Cocoa
^ (in target 'Bonjour' from project 'Bonjour')
PruneExplicitPrecompiledModules /Users/admin/builder/spi-builder-workspace/.derivedData/Build/Intermediates.noindex/SwiftExplicitPrecompiledModules
PruneExplicitPrecompiledModules /Users/admin/builder/spi-builder-workspace/.derivedData/SDKExplicitPrecompiledModules
PruneExplicitPrecompiledModules /Users/admin/builder/spi-builder-workspace/.derivedData/Build/Intermediates.noindex/ExplicitPrecompiledModules
2026-09-18 04:21:24.905 xcodebuild[624:3977] [MT] IDERunDestination: Supported platforms for the buildables in the current scheme is empty.
** BUILD FAILED **
The following build commands failed:
SwiftDriver Bonjour normal arm64 com.apple.xcode.tools.swift.compiler (in target 'Bonjour' from project 'Bonjour')
SwiftDriver Bonjour normal arm64_32 com.apple.xcode.tools.swift.compiler (in target 'Bonjour' from project 'Bonjour')
Building workspace Bonjour with scheme Bonjour
(3 failures)
Command line invocation:
/Applications/Xcode-27.0.0-Release.Candidate.app/Contents/Developer/usr/bin/xcodebuild -IDEClonedSourcePackagesDirPathOverride=/Users/admin/builder/spi-builder-workspace/.dependencies -resolvePackageDependencies
Resolve Package Graph
Resolved source packages:
Bonjour: /Users/admin/builder/spi-builder-workspace
resolved source packages: Bonjour
2026-09-18 04:21:27.891 xcodebuild[659:4318] [MT] IDERunDestination: Supported platforms for the buildables in the current scheme is empty.
{
"dependencies" : [
],
"manifest_display_name" : "Bonjour",
"name" : "Bonjour",
"path" : "/Users/admin/builder/spi-builder-workspace",
"platforms" : [
{
"name" : "ios",
"version" : "11.0"
},
{
"name" : "macos",
"version" : "10.13"
}
],
"products" : [
{
"name" : "Bonjour",
"targets" : [
"Bonjour"
],
"type" : {
"library" : [
"automatic"
]
}
}
],
"targets" : [
{
"c99name" : "Bonjour",
"module_type" : "SwiftTarget",
"name" : "Bonjour",
"path" : "Sources/Bonjour",
"product_memberships" : [
"Bonjour"
],
"sources" : [
"BonjourSession.swift",
"Extensions/MCPeerID+Extensions.swift",
"Peer.swift",
"ProgressWatcher.swift"
],
"type" : "library"
}
],
"tools_version" : "5.2"
}
{
"workspace" : {
"name" : "Bonjour",
"schemes" : [
"Bonjour"
]
}
}
2026-09-18 04:21:29.236 xcodebuild[667:4375] [MT] IDERunDestination: Supported platforms for the buildables in the current scheme is empty.
Running build ...
env DEVELOPER_DIR=/Applications/Xcode-27.0.0-Release.Candidate.app xcrun xcodebuild -IDEClonedSourcePackagesDirPathOverride=$PWD/.dependencies -skipMacroValidation -skipPackagePluginValidation -derivedDataPath $PWD/.derivedData build -scheme Bonjour -destination generic/platform=watchOS
Command line invocation:
/Applications/Xcode-27.0.0-Release.Candidate.app/Contents/Developer/usr/bin/xcodebuild -IDEClonedSourcePackagesDirPathOverride=/Users/admin/builder/spi-builder-workspace/.dependencies -skipMacroValidation -skipPackagePluginValidation -derivedDataPath /Users/admin/builder/spi-builder-workspace/.derivedData build -scheme Bonjour -destination generic/platform=watchOS
Resolve Package Graph
Resolved source packages:
Bonjour: /Users/admin/builder/spi-builder-workspace
ComputePackagePrebuildTargetDependencyGraph
Prepare packages
CreateBuildRequest
SendProjectDescription
CreateBuildOperation
ComputeTargetDependencyGraph
note: Building targets in dependency order
note: Target dependency graph (2 targets)
Target 'Bonjour-product' in project 'Bonjour'
➜ Explicit dependency on target 'Bonjour' in project 'Bonjour'
Target 'Bonjour' in project 'Bonjour' (no dependencies)
GatherProvisioningInputs
CreateBuildDescription
ClangStatCache /Applications/Xcode-27.0.0-Release.Candidate.app/Contents/Developer/Toolchains/XcodeDefault.xctoolchain/usr/bin/clang-stat-cache /Applications/Xcode-27.0.0-Release.Candidate.app/Contents/Developer/Platforms/WatchOS.platform/Developer/SDKs/WatchOS27.0.sdk /Users/admin/builder/spi-builder-workspace/.derivedData/SDKStatCaches.noindex/watchos27.0-24R360-e829b21a6f8c9b70876ba0858053c04477534ef55a1706bf4c1112bbb242f0a2.sdkstatcache
cd /Users/admin/builder/spi-builder-workspace/.swiftpm/xcode
/Applications/Xcode-27.0.0-Release.Candidate.app/Contents/Developer/Toolchains/XcodeDefault.xctoolchain/usr/bin/clang-stat-cache /Applications/Xcode-27.0.0-Release.Candidate.app/Contents/Developer/Platforms/WatchOS.platform/Developer/SDKs/WatchOS27.0.sdk -o /Users/admin/builder/spi-builder-workspace/.derivedData/SDKStatCaches.noindex/watchos27.0-24R360-e829b21a6f8c9b70876ba0858053c04477534ef55a1706bf4c1112bbb242f0a2.sdkstatcache
SwiftDriver Bonjour normal arm64 com.apple.xcode.tools.swift.compiler (in target 'Bonjour' from project 'Bonjour')
cd /Users/admin/builder/spi-builder-workspace/.swiftpm/xcode
builtin-SwiftDriver -- /Applications/Xcode-27.0.0-Release.Candidate.app/Contents/Developer/Toolchains/XcodeDefault.xctoolchain/usr/bin/swiftc -parse-as-library -module-name Bonjour -Onone @/Users/admin/builder/spi-builder-workspace/.derivedData/Build/Intermediates.noindex/Bonjour.build/Debug-watchos/Bonjour-t.build/Objects-normal/arm64/Bonjour.SwiftFileList -DSWIFT_PACKAGE -DDEBUG -DSWIFT_MODULE_RESOURCE_BUNDLE_UNAVAILABLE -DXcode -plugin-path /Applications/Xcode-27.0.0-Release.Candidate.app/Contents/Developer/Toolchains/XcodeDefault.xctoolchain/usr/lib/swift/host/plugins/testing -enable-experimental-feature DebugDescriptionMacro -sdk /Applications/Xcode-27.0.0-Release.Candidate.app/Contents/Developer/Platforms/WatchOS.platform/Developer/SDKs/WatchOS27.0.sdk -target arm64-apple-watchos9.0 -g -module-cache-path /Users/admin/builder/spi-builder-workspace/.derivedData/ModuleCache.noindex -Xfrontend -serialize-debugging-options -enable-testing -index-store-path /Users/admin/builder/spi-builder-workspace/.derivedData/Index.noindex/DataStore -Xcc -D_LIBCPP_HARDENING_MODE\=_LIBCPP_HARDENING_MODE_DEBUG -swift-version 5 -I /Users/admin/builder/spi-builder-workspace/.derivedData/Build/Products/Debug-watchos -Isystem /Applications/Xcode-27.0.0-Release.Candidate.app/Contents/Developer/Platforms/WatchOS.platform/Developer/usr/lib -F /Users/admin/builder/spi-builder-workspace/.derivedData/Build/Products/Debug-watchos -F /Applications/Xcode-27.0.0-Release.Candidate.app/Contents/Developer/Platforms/WatchOS.platform/Developer/Library/Frameworks -F /Applications/Xcode-27.0.0-Release.Candidate.app/Contents/Developer/Platforms/WatchOS.platform/Developer/SDKs/WatchOS27.0.sdk/Developer/Library/Frameworks -c -j10 -enable-batch-mode -incremental -Xcc -ivfsstatcache -Xcc /Users/admin/builder/spi-builder-workspace/.derivedData/SDKStatCaches.noindex/watchos27.0-24R360-e829b21a6f8c9b70876ba0858053c04477534ef55a1706bf4c1112bbb242f0a2.sdkstatcache -output-file-map /Users/admin/builder/spi-builder-workspace/.derivedData/Build/Intermediates.noindex/Bonjour.build/Debug-watchos/Bonjour-t.build/Objects-normal/arm64/Bonjour-OutputFileMap.json -save-temps -no-color-diagnostics -explicit-module-build -module-cache-path /Users/admin/builder/spi-builder-workspace/.derivedData/Build/Intermediates.noindex/SwiftExplicitPrecompiledModules -clang-scanner-module-cache-path /Users/admin/builder/spi-builder-workspace/.derivedData/ModuleCache.noindex -sdk-module-cache-path /Users/admin/builder/spi-builder-workspace/.derivedData/SDKExplicitPrecompiledModules -emit-dependencies -emit-module -emit-module-path /Users/admin/builder/spi-builder-workspace/.derivedData/Build/Intermediates.noindex/Bonjour.build/Debug-watchos/Bonjour-t.build/Objects-normal/arm64/Bonjour.swiftmodule -serialize-diagnostics -dependency-scan-serialize-diagnostics-path /Users/admin/builder/spi-builder-workspace/.derivedData/Build/Intermediates.noindex/Bonjour.build/Debug-watchos/Bonjour-t.build/Objects-normal/arm64/Bonjour-dependency-scan.dia -validate-clang-modules-once -clang-build-session-file /Users/admin/builder/spi-builder-workspace/.derivedData/ModuleCache.noindex/Session.modulevalidation -Xcc -fmodules-prune-interval\=86400 -Xcc -fmodules-prune-after\=345600 -emit-const-values -const-gather-protocols-list /Users/admin/builder/spi-builder-workspace/.derivedData/Build/Intermediates.noindex/Bonjour.build/Debug-watchos/Bonjour-t.build/Objects-normal/arm64/Bonjour_const_extract_protocols.json -Xcc -I/Users/admin/builder/spi-builder-workspace/.derivedData/Build/Products/Debug-watchos/include -Xcc -I/Users/admin/builder/spi-builder-workspace/.derivedData/Build/Intermediates.noindex/Bonjour.build/Debug-watchos/Bonjour-t.build/DerivedSources-normal/arm64 -Xcc -I/Users/admin/builder/spi-builder-workspace/.derivedData/Build/Intermediates.noindex/Bonjour.build/Debug-watchos/Bonjour-t.build/DerivedSources/arm64 -Xcc -I/Users/admin/builder/spi-builder-workspace/.derivedData/Build/Intermediates.noindex/Bonjour.build/Debug-watchos/Bonjour-t.build/DerivedSources -Xcc -DSWIFT_PACKAGE -Xcc -DDEBUG\=1 -emit-objc-header -emit-objc-header-path /Users/admin/builder/spi-builder-workspace/.derivedData/Build/Intermediates.noindex/Bonjour.build/Debug-watchos/Bonjour-t.build/Objects-normal/arm64/Bonjour-Swift.h -working-directory /Users/admin/builder/spi-builder-workspace/.swiftpm/xcode -experimental-emit-module-separately -disable-cmo
/Users/admin/builder/spi-builder-workspace/Sources/Bonjour/BonjourSession.swift:2:8: error: Unable to resolve module dependency: 'MultipeerConnectivity' (in target 'Bonjour' from project 'Bonjour')
note: A dependency of main module 'Bonjour'
/Users/admin/builder/spi-builder-workspace/Sources/Bonjour/Extensions/MCPeerID+Extensions.swift:2:8: note: Also imported here
/Users/admin/builder/spi-builder-workspace/Sources/Bonjour/Peer.swift:2:8: note: Also imported here
/Users/admin/builder/spi-builder-workspace/Sources/Bonjour/Extensions/MCPeerID+Extensions.swift:35:8: error: Unable to resolve module dependency: 'Cocoa' (in target 'Bonjour' from project 'Bonjour')
note: A dependency of main module 'Bonjour'
/Users/admin/builder/spi-builder-workspace/Sources/Bonjour/BonjourSession.swift:2:8: note: A dependency of main module 'Bonjour'
import MultipeerConnectivity
^ (in target 'Bonjour' from project 'Bonjour')
/Users/admin/builder/spi-builder-workspace/Sources/Bonjour/Extensions/MCPeerID+Extensions.swift:2:8: note: Also imported here
import MultipeerConnectivity.MCPeerID
^ (in target 'Bonjour' from project 'Bonjour')
/Users/admin/builder/spi-builder-workspace/Sources/Bonjour/Peer.swift:2:8: note: Also imported here
import MultipeerConnectivity.MCPeerID
^ (in target 'Bonjour' from project 'Bonjour')
/Users/admin/builder/spi-builder-workspace/Sources/Bonjour/Extensions/MCPeerID+Extensions.swift:35:8: note: A dependency of main module 'Bonjour'
import Cocoa
^ (in target 'Bonjour' from project 'Bonjour')
SwiftDriver Bonjour normal arm64_32 com.apple.xcode.tools.swift.compiler (in target 'Bonjour' from project 'Bonjour')
cd /Users/admin/builder/spi-builder-workspace/.swiftpm/xcode
builtin-SwiftDriver -- /Applications/Xcode-27.0.0-Release.Candidate.app/Contents/Developer/Toolchains/XcodeDefault.xctoolchain/usr/bin/swiftc -parse-as-library -module-name Bonjour -Onone @/Users/admin/builder/spi-builder-workspace/.derivedData/Build/Intermediates.noindex/Bonjour.build/Debug-watchos/Bonjour-t.build/Objects-normal/arm64_32/Bonjour.SwiftFileList -DSWIFT_PACKAGE -DDEBUG -DSWIFT_MODULE_RESOURCE_BUNDLE_UNAVAILABLE -DXcode -plugin-path /Applications/Xcode-27.0.0-Release.Candidate.app/Contents/Developer/Toolchains/XcodeDefault.xctoolchain/usr/lib/swift/host/plugins/testing -enable-experimental-feature DebugDescriptionMacro -sdk /Applications/Xcode-27.0.0-Release.Candidate.app/Contents/Developer/Platforms/WatchOS.platform/Developer/SDKs/WatchOS27.0.sdk -target arm64_32-apple-watchos9.0 -g -module-cache-path /Users/admin/builder/spi-builder-workspace/.derivedData/ModuleCache.noindex -Xfrontend -serialize-debugging-options -enable-testing -index-store-path /Users/admin/builder/spi-builder-workspace/.derivedData/Index.noindex/DataStore -Xcc -D_LIBCPP_HARDENING_MODE\=_LIBCPP_HARDENING_MODE_DEBUG -swift-version 5 -I /Users/admin/builder/spi-builder-workspace/.derivedData/Build/Products/Debug-watchos -Isystem /Applications/Xcode-27.0.0-Release.Candidate.app/Contents/Developer/Platforms/WatchOS.platform/Developer/usr/lib -F /Users/admin/builder/spi-builder-workspace/.derivedData/Build/Products/Debug-watchos -F /Applications/Xcode-27.0.0-Release.Candidate.app/Contents/Developer/Platforms/WatchOS.platform/Developer/Library/Frameworks -F /Applications/Xcode-27.0.0-Release.Candidate.app/Contents/Developer/Platforms/WatchOS.platform/Developer/SDKs/WatchOS27.0.sdk/Developer/Library/Frameworks -c -j10 -enable-batch-mode -incremental -Xcc -ivfsstatcache -Xcc /Users/admin/builder/spi-builder-workspace/.derivedData/SDKStatCaches.noindex/watchos27.0-24R360-e829b21a6f8c9b70876ba0858053c04477534ef55a1706bf4c1112bbb242f0a2.sdkstatcache -output-file-map /Users/admin/builder/spi-builder-workspace/.derivedData/Build/Intermediates.noindex/Bonjour.build/Debug-watchos/Bonjour-t.build/Objects-normal/arm64_32/Bonjour-OutputFileMap.json -save-temps -no-color-diagnostics -explicit-module-build -module-cache-path /Users/admin/builder/spi-builder-workspace/.derivedData/Build/Intermediates.noindex/SwiftExplicitPrecompiledModules -clang-scanner-module-cache-path /Users/admin/builder/spi-builder-workspace/.derivedData/ModuleCache.noindex -sdk-module-cache-path /Users/admin/builder/spi-builder-workspace/.derivedData/SDKExplicitPrecompiledModules -emit-dependencies -emit-module -emit-module-path /Users/admin/builder/spi-builder-workspace/.derivedData/Build/Intermediates.noindex/Bonjour.build/Debug-watchos/Bonjour-t.build/Objects-normal/arm64_32/Bonjour.swiftmodule -serialize-diagnostics -dependency-scan-serialize-diagnostics-path /Users/admin/builder/spi-builder-workspace/.derivedData/Build/Intermediates.noindex/Bonjour.build/Debug-watchos/Bonjour-t.build/Objects-normal/arm64_32/Bonjour-dependency-scan.dia -validate-clang-modules-once -clang-build-session-file /Users/admin/builder/spi-builder-workspace/.derivedData/ModuleCache.noindex/Session.modulevalidation -Xcc -fmodules-prune-interval\=86400 -Xcc -fmodules-prune-after\=345600 -emit-const-values -const-gather-protocols-list /Users/admin/builder/spi-builder-workspace/.derivedData/Build/Intermediates.noindex/Bonjour.build/Debug-watchos/Bonjour-t.build/Objects-normal/arm64_32/Bonjour_const_extract_protocols.json -Xcc -I/Users/admin/builder/spi-builder-workspace/.derivedData/Build/Products/Debug-watchos/include -Xcc -I/Users/admin/builder/spi-builder-workspace/.derivedData/Build/Intermediates.noindex/Bonjour.build/Debug-watchos/Bonjour-t.build/DerivedSources-normal/arm64_32 -Xcc -I/Users/admin/builder/spi-builder-workspace/.derivedData/Build/Intermediates.noindex/Bonjour.build/Debug-watchos/Bonjour-t.build/DerivedSources/arm64_32 -Xcc -I/Users/admin/builder/spi-builder-workspace/.derivedData/Build/Intermediates.noindex/Bonjour.build/Debug-watchos/Bonjour-t.build/DerivedSources -Xcc -DSWIFT_PACKAGE -Xcc -DDEBUG\=1 -emit-objc-header -emit-objc-header-path /Users/admin/builder/spi-builder-workspace/.derivedData/Build/Intermediates.noindex/Bonjour.build/Debug-watchos/Bonjour-t.build/Objects-normal/arm64_32/Bonjour-Swift.h -working-directory /Users/admin/builder/spi-builder-workspace/.swiftpm/xcode -experimental-emit-module-separately -disable-cmo
/Users/admin/builder/spi-builder-workspace/Sources/Bonjour/BonjourSession.swift:2:8: error: Unable to resolve module dependency: 'MultipeerConnectivity' (in target 'Bonjour' from project 'Bonjour')
note: A dependency of main module 'Bonjour'
/Users/admin/builder/spi-builder-workspace/Sources/Bonjour/Extensions/MCPeerID+Extensions.swift:2:8: note: Also imported here
/Users/admin/builder/spi-builder-workspace/Sources/Bonjour/Peer.swift:2:8: note: Also imported here
/Users/admin/builder/spi-builder-workspace/Sources/Bonjour/Extensions/MCPeerID+Extensions.swift:35:8: error: Unable to resolve module dependency: 'Cocoa' (in target 'Bonjour' from project 'Bonjour')
note: A dependency of main module 'Bonjour'
/Users/admin/builder/spi-builder-workspace/Sources/Bonjour/BonjourSession.swift:2:8: note: A dependency of main module 'Bonjour'
import MultipeerConnectivity
^ (in target 'Bonjour' from project 'Bonjour')
/Users/admin/builder/spi-builder-workspace/Sources/Bonjour/Extensions/MCPeerID+Extensions.swift:2:8: note: Also imported here
import MultipeerConnectivity.MCPeerID
^ (in target 'Bonjour' from project 'Bonjour')
/Users/admin/builder/spi-builder-workspace/Sources/Bonjour/Peer.swift:2:8: note: Also imported here
import MultipeerConnectivity.MCPeerID
^ (in target 'Bonjour' from project 'Bonjour')
/Users/admin/builder/spi-builder-workspace/Sources/Bonjour/Extensions/MCPeerID+Extensions.swift:35:8: note: A dependency of main module 'Bonjour'
import Cocoa
^ (in target 'Bonjour' from project 'Bonjour')
PruneExplicitPrecompiledModules /Users/admin/builder/spi-builder-workspace/.derivedData/Build/Intermediates.noindex/ExplicitPrecompiledModules
PruneExplicitPrecompiledModules /Users/admin/builder/spi-builder-workspace/.derivedData/Build/Intermediates.noindex/SwiftExplicitPrecompiledModules
PruneExplicitPrecompiledModules /Users/admin/builder/spi-builder-workspace/.derivedData/SDKExplicitPrecompiledModules
2026-09-18 04:21:30.301 xcodebuild[668:4401] [MT] IDERunDestination: Supported platforms for the buildables in the current scheme is empty.
** BUILD FAILED **
The following build commands failed:
SwiftDriver Bonjour normal arm64 com.apple.xcode.tools.swift.compiler (in target 'Bonjour' from project 'Bonjour')
SwiftDriver Bonjour normal arm64_32 com.apple.xcode.tools.swift.compiler (in target 'Bonjour' from project 'Bonjour')
Building workspace Bonjour with scheme Bonjour
(3 failures)
BUILD FAILURE 6.4 watchOS