Build Information
Failed to build CameraControlARView, reference 0.6.1 (5292d3), with Swift 6.4 for watchOS using Xcode 27.0 on 20 Sep 2026 22:57:44 UTC.
Build Command
env DEVELOPER_DIR=/Applications/Xcode-27.0.0-Release.Candidate.app xcrun xcodebuild -IDEClonedSourcePackagesDirPathOverride=$PWD/.dependencies -skipMacroValidation -skipPackagePluginValidation -derivedDataPath $PWD/.derivedData build -scheme CameraControlARView -destination generic/platform=watchOSBuild Log
========================================
RunAll
========================================
Builder version: 5.1.0
Interrupt handler set up.
========================================
Checkout
========================================
Clone URL: https://github.com/heckj/CameraControlARView.git
Reference: 0.6.1
Initialized empty Git repository in /Users/admin/builder/spi-builder-workspace/.git/
From https://github.com/heckj/CameraControlARView
* tag 0.6.1 -> FETCH_HEAD
HEAD is now at 5292d34 a few bits of cleanup before likely deprecation by next OS rev
Cloned https://github.com/heckj/CameraControlARView.git
Revision (git rev-parse @):
5292d34683c431a021c096605c51566e400ac57a
SPI manifest file found: $PWD/.spi.yml
SUCCESS checkout https://github.com/heckj/CameraControlARView.git at 0.6.1
========================================
Build
========================================
Selected platform: watchOS
Swift version: 6.4
Building package at path: $PWD
https://github.com/heckj/CameraControlARView.git
Command line invocation:
/Applications/Xcode-27.0.0-Release.Candidate.app/Contents/Developer/usr/bin/xcodebuild -IDEClonedSourcePackagesDirPathOverride=/Users/admin/builder/spi-builder-workspace/.dependencies -resolvePackageDependencies
Resolve Package Graph
Fetching from https://github.com/apple/swift-docc-plugin
Fetching from https://github.com/swiftlang/swift-docc-symbolkit
Creating working copy of package ‘swift-docc-plugin’
Checking out 1.5.0 of package ‘swift-docc-plugin’
Creating working copy of package ‘swift-docc-symbolkit’
Checking out 1.0.0 of package ‘swift-docc-symbolkit’
Resolve Package Graph
Resolved source packages:
SwiftDocCPlugin: https://github.com/apple/swift-docc-plugin @ 1.5.0
CameraControlARView: /Users/admin/builder/spi-builder-workspace
SymbolKit: https://github.com/swiftlang/swift-docc-symbolkit @ 1.0.0
resolved source packages: SwiftDocCPlugin, CameraControlARView, SymbolKit
2026-09-20 18:56:08.761 xcodebuild[529:3046] [MT] IDERunDestination: Supported platforms for the buildables in the current scheme is empty.
{
"dependencies" : [
{
"identity" : "swift-docc-plugin",
"requirement" : {
"range" : [
{
"lower_bound" : "1.0.0",
"upper_bound" : "2.0.0"
}
]
},
"type" : "sourceControl",
"url" : "https://github.com/apple/swift-docc-plugin"
}
],
"manifest_display_name" : "CameraControlARView",
"name" : "CameraControlARView",
"path" : "/Users/admin/builder/spi-builder-workspace",
"platforms" : [
{
"name" : "macos",
"version" : "10.15"
},
{
"name" : "ios",
"version" : "14.0"
}
],
"products" : [
{
"name" : "CameraControlARView",
"targets" : [
"CameraControlARView"
],
"type" : {
"library" : [
"automatic"
]
}
}
],
"targets" : [
{
"c99name" : "CameraControlARViewTests",
"module_type" : "SwiftTarget",
"name" : "CameraControlARViewTests",
"path" : "Tests/CameraControlARViewTests",
"sources" : [
"CameraControlARViewTests.swift"
],
"target_dependencies" : [
"CameraControlARView"
],
"type" : "test"
},
{
"c99name" : "CameraControlARView",
"module_type" : "SwiftTarget",
"name" : "CameraControlARView",
"path" : "Sources/CameraControlARView",
"product_memberships" : [
"CameraControlARView"
],
"sources" : [
"ARViewContainer.swift",
"CameraControlledARView.swift",
"ExternalRealityKitView.swift",
"MotionMode.swift",
"RealityKitView.swift"
],
"type" : "library"
}
],
"tools_version" : "5.6"
}
{
"workspace" : {
"name" : "CameraControlARView",
"schemes" : [
"CameraControlARView"
]
}
}
2026-09-20 18:57:02.443 xcodebuild[848:5299] [MT] IDERunDestination: Supported platforms for the buildables in the current scheme is empty.
Running build ...
env DEVELOPER_DIR=/Applications/Xcode-27.0.0-Release.Candidate.app xcrun xcodebuild -IDEClonedSourcePackagesDirPathOverride=$PWD/.dependencies -skipMacroValidation -skipPackagePluginValidation -derivedDataPath $PWD/.derivedData build -scheme CameraControlARView -destination generic/platform=watchOS
Command line invocation:
/Applications/Xcode-27.0.0-Release.Candidate.app/Contents/Developer/usr/bin/xcodebuild -IDEClonedSourcePackagesDirPathOverride=/Users/admin/builder/spi-builder-workspace/.dependencies -skipMacroValidation -skipPackagePluginValidation -derivedDataPath /Users/admin/builder/spi-builder-workspace/.derivedData build -scheme CameraControlARView -destination generic/platform=watchOS
Resolve Package Graph
Resolve Package Graph
Resolved source packages:
CameraControlARView: /Users/admin/builder/spi-builder-workspace
SymbolKit: https://github.com/swiftlang/swift-docc-symbolkit @ 1.0.0
SwiftDocCPlugin: https://github.com/apple/swift-docc-plugin @ 1.5.0
ComputePackagePrebuildTargetDependencyGraph
Prepare packages
CreateBuildRequest
SendProjectDescription
CreateBuildOperation
ComputeTargetDependencyGraph
note: Building targets in dependency order
note: Target dependency graph (2 targets)
Target 'CameraControlARView-product' in project 'CameraControlARView'
➜ Explicit dependency on target 'CameraControlARView' in project 'CameraControlARView'
Target 'CameraControlARView' in project 'CameraControlARView' (no dependencies)
GatherProvisioningInputs
CreateBuildDescription
ExecuteExternalTool /Applications/Xcode-27.0.0-Release.Candidate.app/Contents/Developer/Toolchains/XcodeDefault.xctoolchain/usr/bin/clang -v -E -dM -isysroot /Applications/Xcode-27.0.0-Release.Candidate.app/Contents/Developer/Platforms/WatchOS.platform/Developer/SDKs/WatchOS27.0.sdk -x c -c /dev/null
ExecuteExternalTool /Applications/Xcode-27.0.0-Release.Candidate.app/Contents/Developer/Toolchains/XcodeDefault.xctoolchain/usr/bin/swiftc --version
ExecuteExternalTool /Applications/Xcode-27.0.0-Release.Candidate.app/Contents/Developer/Toolchains/XcodeDefault.xctoolchain/usr/bin/ld -version_details
ReadFileContents /Applications/Xcode-27.0.0-Release.Candidate.app/Contents/Developer/Toolchains/XcodeDefault.xctoolchain/usr/share/docc/features.json
Build description signature: 97b964979217d894231105fbaf660e8f
Build description path: /Users/admin/builder/spi-builder-workspace/.derivedData/Build/Intermediates.noindex/XCBuildData/97b964979217d894231105fbaf660e8f.xcbuilddata
CreateBuildDirectory /Users/admin/builder/spi-builder-workspace/.derivedData/SDKExplicitPrecompiledModules
cd /Users/admin/builder/spi-builder-workspace/.swiftpm/xcode
builtin-create-build-directory /Users/admin/builder/spi-builder-workspace/.derivedData/SDKExplicitPrecompiledModules
CreateBuildDirectory /Users/admin/builder/spi-builder-workspace/.derivedData/ModuleCache.noindex
cd /Users/admin/builder/spi-builder-workspace/.swiftpm/xcode
builtin-create-build-directory /Users/admin/builder/spi-builder-workspace/.derivedData/ModuleCache.noindex
CreateBuildDirectory /Users/admin/builder/spi-builder-workspace/.derivedData/Build/Intermediates.noindex
cd /Users/admin/builder/spi-builder-workspace/.swiftpm/xcode
builtin-create-build-directory /Users/admin/builder/spi-builder-workspace/.derivedData/Build/Intermediates.noindex
CreateBuildDirectory /Users/admin/builder/spi-builder-workspace/.derivedData/CompilationCache.noindex
cd /Users/admin/builder/spi-builder-workspace/.swiftpm/xcode
builtin-create-build-directory /Users/admin/builder/spi-builder-workspace/.derivedData/CompilationCache.noindex
CreateBuildDirectory /Users/admin/builder/spi-builder-workspace/.derivedData/Build/Products
cd /Users/admin/builder/spi-builder-workspace/.swiftpm/xcode
builtin-create-build-directory /Users/admin/builder/spi-builder-workspace/.derivedData/Build/Products
ClangStatCache /Applications/Xcode-27.0.0-Release.Candidate.app/Contents/Developer/Toolchains/XcodeDefault.xctoolchain/usr/bin/clang-stat-cache /Applications/Xcode-27.0.0-Release.Candidate.app/Contents/Developer/Platforms/WatchOS.platform/Developer/SDKs/WatchOS27.0.sdk /Users/admin/builder/spi-builder-workspace/.derivedData/SDKStatCaches.noindex/watchos27.0-24R360-e829b21a6f8c9b70876ba0858053c04477534ef55a1706bf4c1112bbb242f0a2.sdkstatcache
cd /Users/admin/builder/spi-builder-workspace/.swiftpm/xcode
/Applications/Xcode-27.0.0-Release.Candidate.app/Contents/Developer/Toolchains/XcodeDefault.xctoolchain/usr/bin/clang-stat-cache /Applications/Xcode-27.0.0-Release.Candidate.app/Contents/Developer/Platforms/WatchOS.platform/Developer/SDKs/WatchOS27.0.sdk -o /Users/admin/builder/spi-builder-workspace/.derivedData/SDKStatCaches.noindex/watchos27.0-24R360-e829b21a6f8c9b70876ba0858053c04477534ef55a1706bf4c1112bbb242f0a2.sdkstatcache
CreateBuildDirectory /Users/admin/builder/spi-builder-workspace/.derivedData/Build/Products/Debug-watchos
cd /Users/admin/builder/spi-builder-workspace/.swiftpm/xcode
builtin-create-build-directory /Users/admin/builder/spi-builder-workspace/.derivedData/Build/Products/Debug-watchos
CreateBuildDirectory /Users/admin/builder/spi-builder-workspace/.derivedData/Build/Intermediates.noindex/PrecompiledHeaders
cd /Users/admin/builder/spi-builder-workspace/.swiftpm/xcode
builtin-create-build-directory /Users/admin/builder/spi-builder-workspace/.derivedData/Build/Intermediates.noindex/PrecompiledHeaders
CreateBuildDirectory /Users/admin/builder/spi-builder-workspace/.derivedData/Build/Intermediates.noindex/SwiftExplicitPrecompiledModules
cd /Users/admin/builder/spi-builder-workspace/.swiftpm/xcode
builtin-create-build-directory /Users/admin/builder/spi-builder-workspace/.derivedData/Build/Intermediates.noindex/SwiftExplicitPrecompiledModules
CreateBuildDirectory /Users/admin/builder/spi-builder-workspace/.derivedData/Build/Intermediates.noindex/ExplicitPrecompiledModules
cd /Users/admin/builder/spi-builder-workspace/.swiftpm/xcode
builtin-create-build-directory /Users/admin/builder/spi-builder-workspace/.derivedData/Build/Intermediates.noindex/ExplicitPrecompiledModules
CreateBuildDirectory /Users/admin/builder/spi-builder-workspace/.derivedData/Build/Intermediates.noindex/EagerLinkingTBDs/Debug-watchos
cd /Users/admin/builder/spi-builder-workspace/.swiftpm/xcode
builtin-create-build-directory /Users/admin/builder/spi-builder-workspace/.derivedData/Build/Intermediates.noindex/EagerLinkingTBDs/Debug-watchos
CreateBuildDirectory /Users/admin/builder/spi-builder-workspace/.derivedData/Build/Products/Debug-watchos/PackageFrameworks
cd /Users/admin/builder/spi-builder-workspace/.swiftpm/xcode
builtin-create-build-directory /Users/admin/builder/spi-builder-workspace/.derivedData/Build/Products/Debug-watchos/PackageFrameworks
WriteAuxiliaryFile /Users/admin/builder/spi-builder-workspace/.derivedData/Build/Intermediates.noindex/CameraControlARView.build/Debug-watchos/CameraControlARView-t.build/CameraControlARView.modulemap (in target 'CameraControlARView' from project 'CameraControlARView')
cd /Users/admin/builder/spi-builder-workspace
write-file /Users/admin/builder/spi-builder-workspace/.derivedData/Build/Intermediates.noindex/CameraControlARView.build/Debug-watchos/CameraControlARView-t.build/CameraControlARView.modulemap
WriteAuxiliaryFile /Users/admin/builder/spi-builder-workspace/.derivedData/Build/Intermediates.noindex/CameraControlARView.build/Debug-watchos/CameraControlARView-t.build/Objects-normal/arm64_32/CameraControlARView.SwiftConstValuesFileList (in target 'CameraControlARView' from project 'CameraControlARView')
cd /Users/admin/builder/spi-builder-workspace
write-file /Users/admin/builder/spi-builder-workspace/.derivedData/Build/Intermediates.noindex/CameraControlARView.build/Debug-watchos/CameraControlARView-t.build/Objects-normal/arm64_32/CameraControlARView.SwiftConstValuesFileList
WriteAuxiliaryFile /Users/admin/builder/spi-builder-workspace/.derivedData/Build/Intermediates.noindex/CameraControlARView.build/Debug-watchos/CameraControlARView-t.build/Objects-normal/arm64/CameraControlARView_const_extract_protocols.json (in target 'CameraControlARView' from project 'CameraControlARView')
cd /Users/admin/builder/spi-builder-workspace
write-file /Users/admin/builder/spi-builder-workspace/.derivedData/Build/Intermediates.noindex/CameraControlARView.build/Debug-watchos/CameraControlARView-t.build/Objects-normal/arm64/CameraControlARView_const_extract_protocols.json
WriteAuxiliaryFile /Users/admin/builder/spi-builder-workspace/.derivedData/Build/Intermediates.noindex/CameraControlARView.build/Debug-watchos/CameraControlARView-t.build/Objects-normal/arm64/CameraControlARView.SwiftConstValuesFileList (in target 'CameraControlARView' from project 'CameraControlARView')
cd /Users/admin/builder/spi-builder-workspace
write-file /Users/admin/builder/spi-builder-workspace/.derivedData/Build/Intermediates.noindex/CameraControlARView.build/Debug-watchos/CameraControlARView-t.build/Objects-normal/arm64/CameraControlARView.SwiftConstValuesFileList
WriteAuxiliaryFile /Users/admin/builder/spi-builder-workspace/.derivedData/Build/Intermediates.noindex/CameraControlARView.build/Debug-watchos/CameraControlARView-t.build/Objects-normal/arm64_32/CameraControlARView_const_extract_protocols.json (in target 'CameraControlARView' from project 'CameraControlARView')
cd /Users/admin/builder/spi-builder-workspace
write-file /Users/admin/builder/spi-builder-workspace/.derivedData/Build/Intermediates.noindex/CameraControlARView.build/Debug-watchos/CameraControlARView-t.build/Objects-normal/arm64_32/CameraControlARView_const_extract_protocols.json
WriteAuxiliaryFile /Users/admin/builder/spi-builder-workspace/.derivedData/Build/Intermediates.noindex/CameraControlARView.build/Debug-watchos/CameraControlARView-t.build/Objects-normal/arm64_32/CameraControlARView-OutputFileMap.json (in target 'CameraControlARView' from project 'CameraControlARView')
cd /Users/admin/builder/spi-builder-workspace
write-file /Users/admin/builder/spi-builder-workspace/.derivedData/Build/Intermediates.noindex/CameraControlARView.build/Debug-watchos/CameraControlARView-t.build/Objects-normal/arm64_32/CameraControlARView-OutputFileMap.json
WriteAuxiliaryFile /Users/admin/builder/spi-builder-workspace/.derivedData/Build/Intermediates.noindex/CameraControlARView.build/Debug-watchos/CameraControlARView-t.build/Objects-normal/arm64_32/CameraControlARView.LinkFileList (in target 'CameraControlARView' from project 'CameraControlARView')
cd /Users/admin/builder/spi-builder-workspace
write-file /Users/admin/builder/spi-builder-workspace/.derivedData/Build/Intermediates.noindex/CameraControlARView.build/Debug-watchos/CameraControlARView-t.build/Objects-normal/arm64_32/CameraControlARView.LinkFileList
WriteAuxiliaryFile /Users/admin/builder/spi-builder-workspace/.derivedData/Build/Intermediates.noindex/CameraControlARView.build/Debug-watchos/CameraControlARView-t.build/Objects-normal/arm64_32/CameraControlARView.SwiftFileList (in target 'CameraControlARView' from project 'CameraControlARView')
cd /Users/admin/builder/spi-builder-workspace
write-file /Users/admin/builder/spi-builder-workspace/.derivedData/Build/Intermediates.noindex/CameraControlARView.build/Debug-watchos/CameraControlARView-t.build/Objects-normal/arm64_32/CameraControlARView.SwiftFileList
WriteAuxiliaryFile /Users/admin/builder/spi-builder-workspace/.derivedData/Build/Intermediates.noindex/CameraControlARView.build/Debug-watchos/CameraControlARView-t.build/Objects-normal/arm64/CameraControlARView.SwiftFileList (in target 'CameraControlARView' from project 'CameraControlARView')
cd /Users/admin/builder/spi-builder-workspace
write-file /Users/admin/builder/spi-builder-workspace/.derivedData/Build/Intermediates.noindex/CameraControlARView.build/Debug-watchos/CameraControlARView-t.build/Objects-normal/arm64/CameraControlARView.SwiftFileList
WriteAuxiliaryFile /Users/admin/builder/spi-builder-workspace/.derivedData/Build/Intermediates.noindex/CameraControlARView.build/Debug-watchos/CameraControlARView-t.build/Objects-normal/arm64/CameraControlARView-OutputFileMap.json (in target 'CameraControlARView' from project 'CameraControlARView')
cd /Users/admin/builder/spi-builder-workspace
write-file /Users/admin/builder/spi-builder-workspace/.derivedData/Build/Intermediates.noindex/CameraControlARView.build/Debug-watchos/CameraControlARView-t.build/Objects-normal/arm64/CameraControlARView-OutputFileMap.json
WriteAuxiliaryFile /Users/admin/builder/spi-builder-workspace/.derivedData/Build/Intermediates.noindex/CameraControlARView.build/Debug-watchos/CameraControlARView-t.build/Objects-normal/arm64/CameraControlARView.LinkFileList (in target 'CameraControlARView' from project 'CameraControlARView')
cd /Users/admin/builder/spi-builder-workspace
write-file /Users/admin/builder/spi-builder-workspace/.derivedData/Build/Intermediates.noindex/CameraControlARView.build/Debug-watchos/CameraControlARView-t.build/Objects-normal/arm64/CameraControlARView.LinkFileList
WriteAuxiliaryFile /Users/admin/builder/spi-builder-workspace/.derivedData/Build/Intermediates.noindex/CameraControlARView.build/Debug-watchos/CameraControlARView-t.build/CameraControlARView.DependencyStaticMetadataFileList (in target 'CameraControlARView' from project 'CameraControlARView')
cd /Users/admin/builder/spi-builder-workspace
write-file /Users/admin/builder/spi-builder-workspace/.derivedData/Build/Intermediates.noindex/CameraControlARView.build/Debug-watchos/CameraControlARView-t.build/CameraControlARView.DependencyStaticMetadataFileList
WriteAuxiliaryFile /Users/admin/builder/spi-builder-workspace/.derivedData/Build/Intermediates.noindex/CameraControlARView.build/Debug-watchos/CameraControlARView-t.build/CameraControlARView.DependencyMetadataFileList (in target 'CameraControlARView' from project 'CameraControlARView')
cd /Users/admin/builder/spi-builder-workspace
write-file /Users/admin/builder/spi-builder-workspace/.derivedData/Build/Intermediates.noindex/CameraControlARView.build/Debug-watchos/CameraControlARView-t.build/CameraControlARView.DependencyMetadataFileList
Copy /Users/admin/builder/spi-builder-workspace/.derivedData/Build/Intermediates.noindex/GeneratedModuleMaps-watchos/CameraControlARView.modulemap /Users/admin/builder/spi-builder-workspace/.derivedData/Build/Intermediates.noindex/CameraControlARView.build/Debug-watchos/CameraControlARView-t.build/CameraControlARView.modulemap (in target 'CameraControlARView' from project 'CameraControlARView')
cd /Users/admin/builder/spi-builder-workspace
builtin-copy -exclude .DS_Store -exclude CVS -exclude .svn -exclude .git -exclude .hg -resolve-src-symlinks /Users/admin/builder/spi-builder-workspace/.derivedData/Build/Intermediates.noindex/CameraControlARView.build/Debug-watchos/CameraControlARView-t.build/CameraControlARView.modulemap /Users/admin/builder/spi-builder-workspace/.derivedData/Build/Intermediates.noindex/GeneratedModuleMaps-watchos
SwiftDriver CameraControlARView normal arm64_32 com.apple.xcode.tools.swift.compiler (in target 'CameraControlARView' from project 'CameraControlARView')
cd /Users/admin/builder/spi-builder-workspace/.swiftpm/xcode
builtin-SwiftDriver -- /Applications/Xcode-27.0.0-Release.Candidate.app/Contents/Developer/Toolchains/XcodeDefault.xctoolchain/usr/bin/swiftc -parse-as-library -module-name CameraControlARView -Onone @/Users/admin/builder/spi-builder-workspace/.derivedData/Build/Intermediates.noindex/CameraControlARView.build/Debug-watchos/CameraControlARView-t.build/Objects-normal/arm64_32/CameraControlARView.SwiftFileList -DSWIFT_PACKAGE -DDEBUG -DSWIFT_MODULE_RESOURCE_BUNDLE_UNAVAILABLE -DXcode -plugin-path /Applications/Xcode-27.0.0-Release.Candidate.app/Contents/Developer/Toolchains/XcodeDefault.xctoolchain/usr/lib/swift/host/plugins/testing -enable-experimental-feature DebugDescriptionMacro -sdk /Applications/Xcode-27.0.0-Release.Candidate.app/Contents/Developer/Platforms/WatchOS.platform/Developer/SDKs/WatchOS27.0.sdk -target arm64_32-apple-watchos9.0 -g -module-cache-path /Users/admin/builder/spi-builder-workspace/.derivedData/ModuleCache.noindex -Xfrontend -serialize-debugging-options -profile-coverage-mapping -profile-generate -enable-testing -index-store-path /Users/admin/builder/spi-builder-workspace/.derivedData/Index.noindex/DataStore -Xcc -D_LIBCPP_HARDENING_MODE\=_LIBCPP_HARDENING_MODE_DEBUG -swift-version 5 -I /Users/admin/builder/spi-builder-workspace/.derivedData/Build/Products/Debug-watchos -Isystem /Applications/Xcode-27.0.0-Release.Candidate.app/Contents/Developer/Platforms/WatchOS.platform/Developer/usr/lib -F /Users/admin/builder/spi-builder-workspace/.derivedData/Build/Products/Debug-watchos -F /Applications/Xcode-27.0.0-Release.Candidate.app/Contents/Developer/Platforms/WatchOS.platform/Developer/Library/Frameworks -F /Applications/Xcode-27.0.0-Release.Candidate.app/Contents/Developer/Platforms/WatchOS.platform/Developer/SDKs/WatchOS27.0.sdk/Developer/Library/Frameworks -c -j10 -enable-batch-mode -incremental -Xcc -ivfsstatcache -Xcc /Users/admin/builder/spi-builder-workspace/.derivedData/SDKStatCaches.noindex/watchos27.0-24R360-e829b21a6f8c9b70876ba0858053c04477534ef55a1706bf4c1112bbb242f0a2.sdkstatcache -output-file-map /Users/admin/builder/spi-builder-workspace/.derivedData/Build/Intermediates.noindex/CameraControlARView.build/Debug-watchos/CameraControlARView-t.build/Objects-normal/arm64_32/CameraControlARView-OutputFileMap.json -save-temps -no-color-diagnostics -explicit-module-build -module-cache-path /Users/admin/builder/spi-builder-workspace/.derivedData/Build/Intermediates.noindex/SwiftExplicitPrecompiledModules -clang-scanner-module-cache-path /Users/admin/builder/spi-builder-workspace/.derivedData/ModuleCache.noindex -sdk-module-cache-path /Users/admin/builder/spi-builder-workspace/.derivedData/SDKExplicitPrecompiledModules -emit-dependencies -emit-module -emit-module-path /Users/admin/builder/spi-builder-workspace/.derivedData/Build/Intermediates.noindex/CameraControlARView.build/Debug-watchos/CameraControlARView-t.build/Objects-normal/arm64_32/CameraControlARView.swiftmodule -serialize-diagnostics -dependency-scan-serialize-diagnostics-path /Users/admin/builder/spi-builder-workspace/.derivedData/Build/Intermediates.noindex/CameraControlARView.build/Debug-watchos/CameraControlARView-t.build/Objects-normal/arm64_32/CameraControlARView-dependency-scan.dia -validate-clang-modules-once -clang-build-session-file /Users/admin/builder/spi-builder-workspace/.derivedData/ModuleCache.noindex/Session.modulevalidation -Xcc -fmodules-prune-interval\=86400 -Xcc -fmodules-prune-after\=345600 -emit-const-values -const-gather-protocols-list /Users/admin/builder/spi-builder-workspace/.derivedData/Build/Intermediates.noindex/CameraControlARView.build/Debug-watchos/CameraControlARView-t.build/Objects-normal/arm64_32/CameraControlARView_const_extract_protocols.json -Xcc -I/Users/admin/builder/spi-builder-workspace/.derivedData/Build/Products/Debug-watchos/include -Xcc -I/Users/admin/builder/spi-builder-workspace/.derivedData/Build/Intermediates.noindex/CameraControlARView.build/Debug-watchos/CameraControlARView-t.build/DerivedSources-normal/arm64_32 -Xcc -I/Users/admin/builder/spi-builder-workspace/.derivedData/Build/Intermediates.noindex/CameraControlARView.build/Debug-watchos/CameraControlARView-t.build/DerivedSources/arm64_32 -Xcc -I/Users/admin/builder/spi-builder-workspace/.derivedData/Build/Intermediates.noindex/CameraControlARView.build/Debug-watchos/CameraControlARView-t.build/DerivedSources -Xcc -DSWIFT_PACKAGE -Xcc -DDEBUG\=1 -emit-objc-header -emit-objc-header-path /Users/admin/builder/spi-builder-workspace/.derivedData/Build/Intermediates.noindex/CameraControlARView.build/Debug-watchos/CameraControlARView-t.build/Objects-normal/arm64_32/CameraControlARView-Swift.h -working-directory /Users/admin/builder/spi-builder-workspace/.swiftpm/xcode -experimental-emit-module-separately -disable-cmo
/Users/admin/builder/spi-builder-workspace/Sources/CameraControlARView/ARViewContainer.swift:15:8: error: Unable to resolve module dependency: 'RealityKit' (in target 'CameraControlARView' from project 'CameraControlARView')
note: A dependency of main module 'CameraControlARView'
/Users/admin/builder/spi-builder-workspace/Sources/CameraControlARView/CameraControlledARView.swift:17:8: note: Also imported here
/Users/admin/builder/spi-builder-workspace/Sources/CameraControlARView/ExternalRealityKitView.swift:9:8: note: Also imported here
/Users/admin/builder/spi-builder-workspace/Sources/CameraControlARView/RealityKitView.swift:6:8: note: Also imported here
/Users/admin/builder/spi-builder-workspace/Sources/CameraControlARView/ARViewContainer.swift:15:8: note: A dependency of main module 'CameraControlARView'
import RealityKit
^ (in target 'CameraControlARView' from project 'CameraControlARView')
/Users/admin/builder/spi-builder-workspace/Sources/CameraControlARView/CameraControlledARView.swift:17:8: note: Also imported here
import RealityKit
^ (in target 'CameraControlARView' from project 'CameraControlARView')
/Users/admin/builder/spi-builder-workspace/Sources/CameraControlARView/ExternalRealityKitView.swift:9:8: note: Also imported here
import RealityKit
^ (in target 'CameraControlARView' from project 'CameraControlARView')
/Users/admin/builder/spi-builder-workspace/Sources/CameraControlARView/RealityKitView.swift:6:8: note: Also imported here
import RealityKit
^ (in target 'CameraControlARView' from project 'CameraControlARView')
SwiftDriver CameraControlARView normal arm64 com.apple.xcode.tools.swift.compiler (in target 'CameraControlARView' from project 'CameraControlARView')
cd /Users/admin/builder/spi-builder-workspace/.swiftpm/xcode
builtin-SwiftDriver -- /Applications/Xcode-27.0.0-Release.Candidate.app/Contents/Developer/Toolchains/XcodeDefault.xctoolchain/usr/bin/swiftc -parse-as-library -module-name CameraControlARView -Onone @/Users/admin/builder/spi-builder-workspace/.derivedData/Build/Intermediates.noindex/CameraControlARView.build/Debug-watchos/CameraControlARView-t.build/Objects-normal/arm64/CameraControlARView.SwiftFileList -DSWIFT_PACKAGE -DDEBUG -DSWIFT_MODULE_RESOURCE_BUNDLE_UNAVAILABLE -DXcode -plugin-path /Applications/Xcode-27.0.0-Release.Candidate.app/Contents/Developer/Toolchains/XcodeDefault.xctoolchain/usr/lib/swift/host/plugins/testing -enable-experimental-feature DebugDescriptionMacro -sdk /Applications/Xcode-27.0.0-Release.Candidate.app/Contents/Developer/Platforms/WatchOS.platform/Developer/SDKs/WatchOS27.0.sdk -target arm64-apple-watchos9.0 -g -module-cache-path /Users/admin/builder/spi-builder-workspace/.derivedData/ModuleCache.noindex -Xfrontend -serialize-debugging-options -profile-coverage-mapping -profile-generate -enable-testing -index-store-path /Users/admin/builder/spi-builder-workspace/.derivedData/Index.noindex/DataStore -Xcc -D_LIBCPP_HARDENING_MODE\=_LIBCPP_HARDENING_MODE_DEBUG -swift-version 5 -I /Users/admin/builder/spi-builder-workspace/.derivedData/Build/Products/Debug-watchos -Isystem /Applications/Xcode-27.0.0-Release.Candidate.app/Contents/Developer/Platforms/WatchOS.platform/Developer/usr/lib -F /Users/admin/builder/spi-builder-workspace/.derivedData/Build/Products/Debug-watchos -F /Applications/Xcode-27.0.0-Release.Candidate.app/Contents/Developer/Platforms/WatchOS.platform/Developer/Library/Frameworks -F /Applications/Xcode-27.0.0-Release.Candidate.app/Contents/Developer/Platforms/WatchOS.platform/Developer/SDKs/WatchOS27.0.sdk/Developer/Library/Frameworks -c -j10 -enable-batch-mode -incremental -Xcc -ivfsstatcache -Xcc /Users/admin/builder/spi-builder-workspace/.derivedData/SDKStatCaches.noindex/watchos27.0-24R360-e829b21a6f8c9b70876ba0858053c04477534ef55a1706bf4c1112bbb242f0a2.sdkstatcache -output-file-map /Users/admin/builder/spi-builder-workspace/.derivedData/Build/Intermediates.noindex/CameraControlARView.build/Debug-watchos/CameraControlARView-t.build/Objects-normal/arm64/CameraControlARView-OutputFileMap.json -save-temps -no-color-diagnostics -explicit-module-build -module-cache-path /Users/admin/builder/spi-builder-workspace/.derivedData/Build/Intermediates.noindex/SwiftExplicitPrecompiledModules -clang-scanner-module-cache-path /Users/admin/builder/spi-builder-workspace/.derivedData/ModuleCache.noindex -sdk-module-cache-path /Users/admin/builder/spi-builder-workspace/.derivedData/SDKExplicitPrecompiledModules -emit-dependencies -emit-module -emit-module-path /Users/admin/builder/spi-builder-workspace/.derivedData/Build/Intermediates.noindex/CameraControlARView.build/Debug-watchos/CameraControlARView-t.build/Objects-normal/arm64/CameraControlARView.swiftmodule -serialize-diagnostics -dependency-scan-serialize-diagnostics-path /Users/admin/builder/spi-builder-workspace/.derivedData/Build/Intermediates.noindex/CameraControlARView.build/Debug-watchos/CameraControlARView-t.build/Objects-normal/arm64/CameraControlARView-dependency-scan.dia -validate-clang-modules-once -clang-build-session-file /Users/admin/builder/spi-builder-workspace/.derivedData/ModuleCache.noindex/Session.modulevalidation -Xcc -fmodules-prune-interval\=86400 -Xcc -fmodules-prune-after\=345600 -emit-const-values -const-gather-protocols-list /Users/admin/builder/spi-builder-workspace/.derivedData/Build/Intermediates.noindex/CameraControlARView.build/Debug-watchos/CameraControlARView-t.build/Objects-normal/arm64/CameraControlARView_const_extract_protocols.json -Xcc -I/Users/admin/builder/spi-builder-workspace/.derivedData/Build/Products/Debug-watchos/include -Xcc -I/Users/admin/builder/spi-builder-workspace/.derivedData/Build/Intermediates.noindex/CameraControlARView.build/Debug-watchos/CameraControlARView-t.build/DerivedSources-normal/arm64 -Xcc -I/Users/admin/builder/spi-builder-workspace/.derivedData/Build/Intermediates.noindex/CameraControlARView.build/Debug-watchos/CameraControlARView-t.build/DerivedSources/arm64 -Xcc -I/Users/admin/builder/spi-builder-workspace/.derivedData/Build/Intermediates.noindex/CameraControlARView.build/Debug-watchos/CameraControlARView-t.build/DerivedSources -Xcc -DSWIFT_PACKAGE -Xcc -DDEBUG\=1 -emit-objc-header -emit-objc-header-path /Users/admin/builder/spi-builder-workspace/.derivedData/Build/Intermediates.noindex/CameraControlARView.build/Debug-watchos/CameraControlARView-t.build/Objects-normal/arm64/CameraControlARView-Swift.h -working-directory /Users/admin/builder/spi-builder-workspace/.swiftpm/xcode -experimental-emit-module-separately -disable-cmo
/Users/admin/builder/spi-builder-workspace/Sources/CameraControlARView/ARViewContainer.swift:15:8: error: Unable to resolve module dependency: 'RealityKit' (in target 'CameraControlARView' from project 'CameraControlARView')
note: A dependency of main module 'CameraControlARView'
/Users/admin/builder/spi-builder-workspace/Sources/CameraControlARView/CameraControlledARView.swift:17:8: note: Also imported here
/Users/admin/builder/spi-builder-workspace/Sources/CameraControlARView/ExternalRealityKitView.swift:9:8: note: Also imported here
/Users/admin/builder/spi-builder-workspace/Sources/CameraControlARView/RealityKitView.swift:6:8: note: Also imported here
/Users/admin/builder/spi-builder-workspace/Sources/CameraControlARView/ARViewContainer.swift:15:8: note: A dependency of main module 'CameraControlARView'
import RealityKit
^ (in target 'CameraControlARView' from project 'CameraControlARView')
/Users/admin/builder/spi-builder-workspace/Sources/CameraControlARView/CameraControlledARView.swift:17:8: note: Also imported here
import RealityKit
^ (in target 'CameraControlARView' from project 'CameraControlARView')
/Users/admin/builder/spi-builder-workspace/Sources/CameraControlARView/ExternalRealityKitView.swift:9:8: note: Also imported here
import RealityKit
^ (in target 'CameraControlARView' from project 'CameraControlARView')
/Users/admin/builder/spi-builder-workspace/Sources/CameraControlARView/RealityKitView.swift:6:8: note: Also imported here
import RealityKit
^ (in target 'CameraControlARView' from project 'CameraControlARView')
PruneExplicitPrecompiledModules /Users/admin/builder/spi-builder-workspace/.derivedData/Build/Intermediates.noindex/ExplicitPrecompiledModules
PruneExplicitPrecompiledModules /Users/admin/builder/spi-builder-workspace/.derivedData/Build/Intermediates.noindex/SwiftExplicitPrecompiledModules
PruneExplicitPrecompiledModules /Users/admin/builder/spi-builder-workspace/.derivedData/SDKExplicitPrecompiledModules
2026-09-20 18:57:11.685 xcodebuild[899:5657] [MT] IDERunDestination: Supported platforms for the buildables in the current scheme is empty.
** BUILD FAILED **
The following build commands failed:
SwiftDriver CameraControlARView normal arm64_32 com.apple.xcode.tools.swift.compiler (in target 'CameraControlARView' from project 'CameraControlARView')
SwiftDriver CameraControlARView normal arm64 com.apple.xcode.tools.swift.compiler (in target 'CameraControlARView' from project 'CameraControlARView')
Building workspace CameraControlARView with scheme CameraControlARView
(3 failures)
Command line invocation:
/Applications/Xcode-27.0.0-Release.Candidate.app/Contents/Developer/usr/bin/xcodebuild -IDEClonedSourcePackagesDirPathOverride=/Users/admin/builder/spi-builder-workspace/.dependencies -resolvePackageDependencies
Resolve Package Graph
Resolved source packages:
CameraControlARView: /Users/admin/builder/spi-builder-workspace
SwiftDocCPlugin: https://github.com/apple/swift-docc-plugin @ 1.5.0
SymbolKit: https://github.com/swiftlang/swift-docc-symbolkit @ 1.0.0
resolved source packages: CameraControlARView, SwiftDocCPlugin, SymbolKit
2026-09-20 18:57:28.567 xcodebuild[1030:6665] [MT] IDERunDestination: Supported platforms for the buildables in the current scheme is empty.
{
"dependencies" : [
{
"identity" : "swift-docc-plugin",
"requirement" : {
"range" : [
{
"lower_bound" : "1.0.0",
"upper_bound" : "2.0.0"
}
]
},
"type" : "sourceControl",
"url" : "https://github.com/apple/swift-docc-plugin"
}
],
"manifest_display_name" : "CameraControlARView",
"name" : "CameraControlARView",
"path" : "/Users/admin/builder/spi-builder-workspace",
"platforms" : [
{
"name" : "macos",
"version" : "10.15"
},
{
"name" : "ios",
"version" : "14.0"
}
],
"products" : [
{
"name" : "CameraControlARView",
"targets" : [
"CameraControlARView"
],
"type" : {
"library" : [
"automatic"
]
}
}
],
"targets" : [
{
"c99name" : "CameraControlARViewTests",
"module_type" : "SwiftTarget",
"name" : "CameraControlARViewTests",
"path" : "Tests/CameraControlARViewTests",
"sources" : [
"CameraControlARViewTests.swift"
],
"target_dependencies" : [
"CameraControlARView"
],
"type" : "test"
},
{
"c99name" : "CameraControlARView",
"module_type" : "SwiftTarget",
"name" : "CameraControlARView",
"path" : "Sources/CameraControlARView",
"product_memberships" : [
"CameraControlARView"
],
"sources" : [
"ARViewContainer.swift",
"CameraControlledARView.swift",
"ExternalRealityKitView.swift",
"MotionMode.swift",
"RealityKitView.swift"
],
"type" : "library"
}
],
"tools_version" : "5.6"
}
{
"workspace" : {
"name" : "CameraControlARView",
"schemes" : [
"CameraControlARView"
]
}
}
2026-09-20 18:57:35.889 xcodebuild[1088:7051] [MT] IDERunDestination: Supported platforms for the buildables in the current scheme is empty.
Running build ...
env DEVELOPER_DIR=/Applications/Xcode-27.0.0-Release.Candidate.app xcrun xcodebuild -IDEClonedSourcePackagesDirPathOverride=$PWD/.dependencies -skipMacroValidation -skipPackagePluginValidation -derivedDataPath $PWD/.derivedData build -scheme CameraControlARView -destination generic/platform=watchOS
Command line invocation:
/Applications/Xcode-27.0.0-Release.Candidate.app/Contents/Developer/usr/bin/xcodebuild -IDEClonedSourcePackagesDirPathOverride=/Users/admin/builder/spi-builder-workspace/.dependencies -skipMacroValidation -skipPackagePluginValidation -derivedDataPath /Users/admin/builder/spi-builder-workspace/.derivedData build -scheme CameraControlARView -destination generic/platform=watchOS
Resolve Package Graph
Resolved source packages:
CameraControlARView: /Users/admin/builder/spi-builder-workspace
SwiftDocCPlugin: https://github.com/apple/swift-docc-plugin @ 1.5.0
SymbolKit: https://github.com/swiftlang/swift-docc-symbolkit @ 1.0.0
ComputePackagePrebuildTargetDependencyGraph
Prepare packages
CreateBuildRequest
SendProjectDescription
CreateBuildOperation
ComputeTargetDependencyGraph
note: Building targets in dependency order
note: Target dependency graph (2 targets)
Target 'CameraControlARView-product' in project 'CameraControlARView'
➜ Explicit dependency on target 'CameraControlARView' in project 'CameraControlARView'
Target 'CameraControlARView' in project 'CameraControlARView' (no dependencies)
GatherProvisioningInputs
CreateBuildDescription
ClangStatCache /Applications/Xcode-27.0.0-Release.Candidate.app/Contents/Developer/Toolchains/XcodeDefault.xctoolchain/usr/bin/clang-stat-cache /Applications/Xcode-27.0.0-Release.Candidate.app/Contents/Developer/Platforms/WatchOS.platform/Developer/SDKs/WatchOS27.0.sdk /Users/admin/builder/spi-builder-workspace/.derivedData/SDKStatCaches.noindex/watchos27.0-24R360-e829b21a6f8c9b70876ba0858053c04477534ef55a1706bf4c1112bbb242f0a2.sdkstatcache
cd /Users/admin/builder/spi-builder-workspace/.swiftpm/xcode
/Applications/Xcode-27.0.0-Release.Candidate.app/Contents/Developer/Toolchains/XcodeDefault.xctoolchain/usr/bin/clang-stat-cache /Applications/Xcode-27.0.0-Release.Candidate.app/Contents/Developer/Platforms/WatchOS.platform/Developer/SDKs/WatchOS27.0.sdk -o /Users/admin/builder/spi-builder-workspace/.derivedData/SDKStatCaches.noindex/watchos27.0-24R360-e829b21a6f8c9b70876ba0858053c04477534ef55a1706bf4c1112bbb242f0a2.sdkstatcache
SwiftDriver CameraControlARView normal arm64_32 com.apple.xcode.tools.swift.compiler (in target 'CameraControlARView' from project 'CameraControlARView')
cd /Users/admin/builder/spi-builder-workspace/.swiftpm/xcode
builtin-SwiftDriver -- /Applications/Xcode-27.0.0-Release.Candidate.app/Contents/Developer/Toolchains/XcodeDefault.xctoolchain/usr/bin/swiftc -parse-as-library -module-name CameraControlARView -Onone @/Users/admin/builder/spi-builder-workspace/.derivedData/Build/Intermediates.noindex/CameraControlARView.build/Debug-watchos/CameraControlARView-t.build/Objects-normal/arm64_32/CameraControlARView.SwiftFileList -DSWIFT_PACKAGE -DDEBUG -DSWIFT_MODULE_RESOURCE_BUNDLE_UNAVAILABLE -DXcode -plugin-path /Applications/Xcode-27.0.0-Release.Candidate.app/Contents/Developer/Toolchains/XcodeDefault.xctoolchain/usr/lib/swift/host/plugins/testing -enable-experimental-feature DebugDescriptionMacro -sdk /Applications/Xcode-27.0.0-Release.Candidate.app/Contents/Developer/Platforms/WatchOS.platform/Developer/SDKs/WatchOS27.0.sdk -target arm64_32-apple-watchos9.0 -g -module-cache-path /Users/admin/builder/spi-builder-workspace/.derivedData/ModuleCache.noindex -Xfrontend -serialize-debugging-options -profile-coverage-mapping -profile-generate -enable-testing -index-store-path /Users/admin/builder/spi-builder-workspace/.derivedData/Index.noindex/DataStore -Xcc -D_LIBCPP_HARDENING_MODE\=_LIBCPP_HARDENING_MODE_DEBUG -swift-version 5 -I /Users/admin/builder/spi-builder-workspace/.derivedData/Build/Products/Debug-watchos -Isystem /Applications/Xcode-27.0.0-Release.Candidate.app/Contents/Developer/Platforms/WatchOS.platform/Developer/usr/lib -F /Users/admin/builder/spi-builder-workspace/.derivedData/Build/Products/Debug-watchos -F /Applications/Xcode-27.0.0-Release.Candidate.app/Contents/Developer/Platforms/WatchOS.platform/Developer/Library/Frameworks -F /Applications/Xcode-27.0.0-Release.Candidate.app/Contents/Developer/Platforms/WatchOS.platform/Developer/SDKs/WatchOS27.0.sdk/Developer/Library/Frameworks -c -j10 -enable-batch-mode -incremental -Xcc -ivfsstatcache -Xcc /Users/admin/builder/spi-builder-workspace/.derivedData/SDKStatCaches.noindex/watchos27.0-24R360-e829b21a6f8c9b70876ba0858053c04477534ef55a1706bf4c1112bbb242f0a2.sdkstatcache -output-file-map /Users/admin/builder/spi-builder-workspace/.derivedData/Build/Intermediates.noindex/CameraControlARView.build/Debug-watchos/CameraControlARView-t.build/Objects-normal/arm64_32/CameraControlARView-OutputFileMap.json -save-temps -no-color-diagnostics -explicit-module-build -module-cache-path /Users/admin/builder/spi-builder-workspace/.derivedData/Build/Intermediates.noindex/SwiftExplicitPrecompiledModules -clang-scanner-module-cache-path /Users/admin/builder/spi-builder-workspace/.derivedData/ModuleCache.noindex -sdk-module-cache-path /Users/admin/builder/spi-builder-workspace/.derivedData/SDKExplicitPrecompiledModules -emit-dependencies -emit-module -emit-module-path /Users/admin/builder/spi-builder-workspace/.derivedData/Build/Intermediates.noindex/CameraControlARView.build/Debug-watchos/CameraControlARView-t.build/Objects-normal/arm64_32/CameraControlARView.swiftmodule -serialize-diagnostics -dependency-scan-serialize-diagnostics-path /Users/admin/builder/spi-builder-workspace/.derivedData/Build/Intermediates.noindex/CameraControlARView.build/Debug-watchos/CameraControlARView-t.build/Objects-normal/arm64_32/CameraControlARView-dependency-scan.dia -validate-clang-modules-once -clang-build-session-file /Users/admin/builder/spi-builder-workspace/.derivedData/ModuleCache.noindex/Session.modulevalidation -Xcc -fmodules-prune-interval\=86400 -Xcc -fmodules-prune-after\=345600 -emit-const-values -const-gather-protocols-list /Users/admin/builder/spi-builder-workspace/.derivedData/Build/Intermediates.noindex/CameraControlARView.build/Debug-watchos/CameraControlARView-t.build/Objects-normal/arm64_32/CameraControlARView_const_extract_protocols.json -Xcc -I/Users/admin/builder/spi-builder-workspace/.derivedData/Build/Products/Debug-watchos/include -Xcc -I/Users/admin/builder/spi-builder-workspace/.derivedData/Build/Intermediates.noindex/CameraControlARView.build/Debug-watchos/CameraControlARView-t.build/DerivedSources-normal/arm64_32 -Xcc -I/Users/admin/builder/spi-builder-workspace/.derivedData/Build/Intermediates.noindex/CameraControlARView.build/Debug-watchos/CameraControlARView-t.build/DerivedSources/arm64_32 -Xcc -I/Users/admin/builder/spi-builder-workspace/.derivedData/Build/Intermediates.noindex/CameraControlARView.build/Debug-watchos/CameraControlARView-t.build/DerivedSources -Xcc -DSWIFT_PACKAGE -Xcc -DDEBUG\=1 -emit-objc-header -emit-objc-header-path /Users/admin/builder/spi-builder-workspace/.derivedData/Build/Intermediates.noindex/CameraControlARView.build/Debug-watchos/CameraControlARView-t.build/Objects-normal/arm64_32/CameraControlARView-Swift.h -working-directory /Users/admin/builder/spi-builder-workspace/.swiftpm/xcode -experimental-emit-module-separately -disable-cmo
/Users/admin/builder/spi-builder-workspace/Sources/CameraControlARView/ARViewContainer.swift:15:8: error: Unable to resolve module dependency: 'RealityKit' (in target 'CameraControlARView' from project 'CameraControlARView')
note: A dependency of main module 'CameraControlARView'
/Users/admin/builder/spi-builder-workspace/Sources/CameraControlARView/CameraControlledARView.swift:17:8: note: Also imported here
/Users/admin/builder/spi-builder-workspace/Sources/CameraControlARView/ExternalRealityKitView.swift:9:8: note: Also imported here
/Users/admin/builder/spi-builder-workspace/Sources/CameraControlARView/RealityKitView.swift:6:8: note: Also imported here
/Users/admin/builder/spi-builder-workspace/Sources/CameraControlARView/ARViewContainer.swift:15:8: note: A dependency of main module 'CameraControlARView'
import RealityKit
^ (in target 'CameraControlARView' from project 'CameraControlARView')
/Users/admin/builder/spi-builder-workspace/Sources/CameraControlARView/CameraControlledARView.swift:17:8: note: Also imported here
import RealityKit
^ (in target 'CameraControlARView' from project 'CameraControlARView')
/Users/admin/builder/spi-builder-workspace/Sources/CameraControlARView/ExternalRealityKitView.swift:9:8: note: Also imported here
import RealityKit
^ (in target 'CameraControlARView' from project 'CameraControlARView')
/Users/admin/builder/spi-builder-workspace/Sources/CameraControlARView/RealityKitView.swift:6:8: note: Also imported here
import RealityKit
^ (in target 'CameraControlARView' from project 'CameraControlARView')
SwiftDriver CameraControlARView normal arm64 com.apple.xcode.tools.swift.compiler (in target 'CameraControlARView' from project 'CameraControlARView')
cd /Users/admin/builder/spi-builder-workspace/.swiftpm/xcode
builtin-SwiftDriver -- /Applications/Xcode-27.0.0-Release.Candidate.app/Contents/Developer/Toolchains/XcodeDefault.xctoolchain/usr/bin/swiftc -parse-as-library -module-name CameraControlARView -Onone @/Users/admin/builder/spi-builder-workspace/.derivedData/Build/Intermediates.noindex/CameraControlARView.build/Debug-watchos/CameraControlARView-t.build/Objects-normal/arm64/CameraControlARView.SwiftFileList -DSWIFT_PACKAGE -DDEBUG -DSWIFT_MODULE_RESOURCE_BUNDLE_UNAVAILABLE -DXcode -plugin-path /Applications/Xcode-27.0.0-Release.Candidate.app/Contents/Developer/Toolchains/XcodeDefault.xctoolchain/usr/lib/swift/host/plugins/testing -enable-experimental-feature DebugDescriptionMacro -sdk /Applications/Xcode-27.0.0-Release.Candidate.app/Contents/Developer/Platforms/WatchOS.platform/Developer/SDKs/WatchOS27.0.sdk -target arm64-apple-watchos9.0 -g -module-cache-path /Users/admin/builder/spi-builder-workspace/.derivedData/ModuleCache.noindex -Xfrontend -serialize-debugging-options -profile-coverage-mapping -profile-generate -enable-testing -index-store-path /Users/admin/builder/spi-builder-workspace/.derivedData/Index.noindex/DataStore -Xcc -D_LIBCPP_HARDENING_MODE\=_LIBCPP_HARDENING_MODE_DEBUG -swift-version 5 -I /Users/admin/builder/spi-builder-workspace/.derivedData/Build/Products/Debug-watchos -Isystem /Applications/Xcode-27.0.0-Release.Candidate.app/Contents/Developer/Platforms/WatchOS.platform/Developer/usr/lib -F /Users/admin/builder/spi-builder-workspace/.derivedData/Build/Products/Debug-watchos -F /Applications/Xcode-27.0.0-Release.Candidate.app/Contents/Developer/Platforms/WatchOS.platform/Developer/Library/Frameworks -F /Applications/Xcode-27.0.0-Release.Candidate.app/Contents/Developer/Platforms/WatchOS.platform/Developer/SDKs/WatchOS27.0.sdk/Developer/Library/Frameworks -c -j10 -enable-batch-mode -incremental -Xcc -ivfsstatcache -Xcc /Users/admin/builder/spi-builder-workspace/.derivedData/SDKStatCaches.noindex/watchos27.0-24R360-e829b21a6f8c9b70876ba0858053c04477534ef55a1706bf4c1112bbb242f0a2.sdkstatcache -output-file-map /Users/admin/builder/spi-builder-workspace/.derivedData/Build/Intermediates.noindex/CameraControlARView.build/Debug-watchos/CameraControlARView-t.build/Objects-normal/arm64/CameraControlARView-OutputFileMap.json -save-temps -no-color-diagnostics -explicit-module-build -module-cache-path /Users/admin/builder/spi-builder-workspace/.derivedData/Build/Intermediates.noindex/SwiftExplicitPrecompiledModules -clang-scanner-module-cache-path /Users/admin/builder/spi-builder-workspace/.derivedData/ModuleCache.noindex -sdk-module-cache-path /Users/admin/builder/spi-builder-workspace/.derivedData/SDKExplicitPrecompiledModules -emit-dependencies -emit-module -emit-module-path /Users/admin/builder/spi-builder-workspace/.derivedData/Build/Intermediates.noindex/CameraControlARView.build/Debug-watchos/CameraControlARView-t.build/Objects-normal/arm64/CameraControlARView.swiftmodule -serialize-diagnostics -dependency-scan-serialize-diagnostics-path /Users/admin/builder/spi-builder-workspace/.derivedData/Build/Intermediates.noindex/CameraControlARView.build/Debug-watchos/CameraControlARView-t.build/Objects-normal/arm64/CameraControlARView-dependency-scan.dia -validate-clang-modules-once -clang-build-session-file /Users/admin/builder/spi-builder-workspace/.derivedData/ModuleCache.noindex/Session.modulevalidation -Xcc -fmodules-prune-interval\=86400 -Xcc -fmodules-prune-after\=345600 -emit-const-values -const-gather-protocols-list /Users/admin/builder/spi-builder-workspace/.derivedData/Build/Intermediates.noindex/CameraControlARView.build/Debug-watchos/CameraControlARView-t.build/Objects-normal/arm64/CameraControlARView_const_extract_protocols.json -Xcc -I/Users/admin/builder/spi-builder-workspace/.derivedData/Build/Products/Debug-watchos/include -Xcc -I/Users/admin/builder/spi-builder-workspace/.derivedData/Build/Intermediates.noindex/CameraControlARView.build/Debug-watchos/CameraControlARView-t.build/DerivedSources-normal/arm64 -Xcc -I/Users/admin/builder/spi-builder-workspace/.derivedData/Build/Intermediates.noindex/CameraControlARView.build/Debug-watchos/CameraControlARView-t.build/DerivedSources/arm64 -Xcc -I/Users/admin/builder/spi-builder-workspace/.derivedData/Build/Intermediates.noindex/CameraControlARView.build/Debug-watchos/CameraControlARView-t.build/DerivedSources -Xcc -DSWIFT_PACKAGE -Xcc -DDEBUG\=1 -emit-objc-header -emit-objc-header-path /Users/admin/builder/spi-builder-workspace/.derivedData/Build/Intermediates.noindex/CameraControlARView.build/Debug-watchos/CameraControlARView-t.build/Objects-normal/arm64/CameraControlARView-Swift.h -working-directory /Users/admin/builder/spi-builder-workspace/.swiftpm/xcode -experimental-emit-module-separately -disable-cmo
/Users/admin/builder/spi-builder-workspace/Sources/CameraControlARView/ARViewContainer.swift:15:8: error: Unable to resolve module dependency: 'RealityKit' (in target 'CameraControlARView' from project 'CameraControlARView')
note: A dependency of main module 'CameraControlARView'
/Users/admin/builder/spi-builder-workspace/Sources/CameraControlARView/CameraControlledARView.swift:17:8: note: Also imported here
/Users/admin/builder/spi-builder-workspace/Sources/CameraControlARView/ExternalRealityKitView.swift:9:8: note: Also imported here
/Users/admin/builder/spi-builder-workspace/Sources/CameraControlARView/RealityKitView.swift:6:8: note: Also imported here
/Users/admin/builder/spi-builder-workspace/Sources/CameraControlARView/ARViewContainer.swift:15:8: note: A dependency of main module 'CameraControlARView'
import RealityKit
^ (in target 'CameraControlARView' from project 'CameraControlARView')
/Users/admin/builder/spi-builder-workspace/Sources/CameraControlARView/CameraControlledARView.swift:17:8: note: Also imported here
import RealityKit
^ (in target 'CameraControlARView' from project 'CameraControlARView')
/Users/admin/builder/spi-builder-workspace/Sources/CameraControlARView/ExternalRealityKitView.swift:9:8: note: Also imported here
import RealityKit
^ (in target 'CameraControlARView' from project 'CameraControlARView')
/Users/admin/builder/spi-builder-workspace/Sources/CameraControlARView/RealityKitView.swift:6:8: note: Also imported here
import RealityKit
^ (in target 'CameraControlARView' from project 'CameraControlARView')
PruneExplicitPrecompiledModules /Users/admin/builder/spi-builder-workspace/.derivedData/SDKExplicitPrecompiledModules
PruneExplicitPrecompiledModules /Users/admin/builder/spi-builder-workspace/.derivedData/Build/Intermediates.noindex/SwiftExplicitPrecompiledModules
PruneExplicitPrecompiledModules /Users/admin/builder/spi-builder-workspace/.derivedData/Build/Intermediates.noindex/ExplicitPrecompiledModules
2026-09-20 18:57:43.105 xcodebuild[1139:7401] [MT] IDERunDestination: Supported platforms for the buildables in the current scheme is empty.
** BUILD FAILED **
The following build commands failed:
SwiftDriver CameraControlARView normal arm64_32 com.apple.xcode.tools.swift.compiler (in target 'CameraControlARView' from project 'CameraControlARView')
SwiftDriver CameraControlARView normal arm64 com.apple.xcode.tools.swift.compiler (in target 'CameraControlARView' from project 'CameraControlARView')
Building workspace CameraControlARView with scheme CameraControlARView
(3 failures)
BUILD FAILURE 6.4 watchOS