Build Information
Failed to build Debugger, reference main (235830), with Swift 6.4 for tvOS using Xcode 27.0 on 20 Sep 2026 17:29:44 UTC.
Build Command
env DEVELOPER_DIR=/Applications/Xcode-27.0.0-Release.Candidate.app xcrun xcodebuild -IDEClonedSourcePackagesDirPathOverride=$PWD/.dependencies -skipMacroValidation -skipPackagePluginValidation -derivedDataPath $PWD/.derivedData build -scheme Debugger -destination generic/platform=tvOSBuild Log
250 | */
251 | @property(class, nonatomic, readonly) UIColor *lightTextColor API_UNAVAILABLE(tvos, watchos); // for a dark background
252 | @property(class, nonatomic, readonly) UIColor *darkTextColor API_UNAVAILABLE(tvos, watchos); // for a light background
| `- note: 'darkText' has been explicitly marked unavailable here
253 |
254 | /* groupTableViewBackgroundColor is now the same as systemGroupedBackgroundColor.
/Users/admin/builder/spi-builder-workspace/Sources/Debugger/Shared/Extensions/Color+.swift:23:49: error: 'systemBackground' is unavailable in tvOS
21 |
22 | // MARK: - Background Colors
23 | static let systemBackground = Color(UIColor.systemBackground)
| `- error: 'systemBackground' is unavailable in tvOS
24 | static let secondarySystemBackground = Color(UIColor.secondarySystemBackground)
25 | static let tertiarySystemBackground = Color(UIColor.tertiarySystemBackground)
/Applications/Xcode-27.0.0-Release.Candidate.app/Contents/Developer/Platforms/AppleTVOS.platform/Developer/SDKs/AppleTVOS27.0.sdk/System/Library/Frameworks/UIKit.framework/Headers/UIInterface.h:208:49: note: 'systemBackground' has been explicitly marked unavailable here
206 | * primary background in light mode.
207 | */
208 | @property (class, nonatomic, readonly) UIColor *systemBackgroundColor API_AVAILABLE(ios(13.0)) API_UNAVAILABLE(tvos, watchos);
| `- note: 'systemBackground' has been explicitly marked unavailable here
209 | @property (class, nonatomic, readonly) UIColor *secondarySystemBackgroundColor API_AVAILABLE(ios(13.0)) API_UNAVAILABLE(tvos, watchos);
210 | @property (class, nonatomic, readonly) UIColor *tertiarySystemBackgroundColor API_AVAILABLE(ios(13.0)) API_UNAVAILABLE(tvos, watchos);
/Users/admin/builder/spi-builder-workspace/Sources/Debugger/Shared/Extensions/Color+.swift:25:57: error: 'tertiarySystemBackground' is unavailable in tvOS
23 | static let systemBackground = Color(UIColor.systemBackground)
24 | static let secondarySystemBackground = Color(UIColor.secondarySystemBackground)
25 | static let tertiarySystemBackground = Color(UIColor.tertiarySystemBackground)
| `- error: 'tertiarySystemBackground' is unavailable in tvOS
26 |
27 | // MARK: - Fill Colors
/Applications/Xcode-27.0.0-Release.Candidate.app/Contents/Developer/Platforms/AppleTVOS.platform/Developer/SDKs/AppleTVOS27.0.sdk/System/Library/Frameworks/UIKit.framework/Headers/UIInterface.h:210:49: note: 'tertiarySystemBackground' has been explicitly marked unavailable here
208 | @property (class, nonatomic, readonly) UIColor *systemBackgroundColor API_AVAILABLE(ios(13.0)) API_UNAVAILABLE(tvos, watchos);
209 | @property (class, nonatomic, readonly) UIColor *secondarySystemBackgroundColor API_AVAILABLE(ios(13.0)) API_UNAVAILABLE(tvos, watchos);
210 | @property (class, nonatomic, readonly) UIColor *tertiarySystemBackgroundColor API_AVAILABLE(ios(13.0)) API_UNAVAILABLE(tvos, watchos);
| `- note: 'tertiarySystemBackground' has been explicitly marked unavailable here
211 |
212 | /* 2. systemGroupedBackground
/Users/admin/builder/spi-builder-workspace/Sources/Debugger/Shared/Extensions/Color+.swift:28:43: error: 'systemFill' is unavailable in tvOS
26 |
27 | // MARK: - Fill Colors
28 | static let systemFill = Color(UIColor.systemFill)
| `- error: 'systemFill' is unavailable in tvOS
29 | static let secondarySystemFill = Color(UIColor.secondarySystemFill)
30 | static let tertiarySystemFill = Color(UIColor.tertiarySystemFill)
/Applications/Xcode-27.0.0-Release.Candidate.app/Contents/Developer/Platforms/AppleTVOS.platform/Developer/SDKs/AppleTVOS27.0.sdk/System/Library/Frameworks/UIKit.framework/Headers/UIInterface.h:229:49: note: 'systemFill' has been explicitly marked unavailable here
227 | * Example: The track of a slider.
228 | */
229 | @property (class, nonatomic, readonly) UIColor *systemFillColor API_AVAILABLE(ios(13.0)) API_UNAVAILABLE(tvos, watchos);
| `- note: 'systemFill' has been explicitly marked unavailable here
230 |
231 | /* secondarySystemFillColor is appropriate for filling medium-size shapes.
/Users/admin/builder/spi-builder-workspace/Sources/Debugger/Shared/Extensions/Color+.swift:29:52: error: 'secondarySystemFill' is unavailable in tvOS
27 | // MARK: - Fill Colors
28 | static let systemFill = Color(UIColor.systemFill)
29 | static let secondarySystemFill = Color(UIColor.secondarySystemFill)
| `- error: 'secondarySystemFill' is unavailable in tvOS
30 | static let tertiarySystemFill = Color(UIColor.tertiarySystemFill)
31 | static let quaternarySystemFill = Color(UIColor.quaternarySystemFill)
/Applications/Xcode-27.0.0-Release.Candidate.app/Contents/Developer/Platforms/AppleTVOS.platform/Developer/SDKs/AppleTVOS27.0.sdk/System/Library/Frameworks/UIKit.framework/Headers/UIInterface.h:234:49: note: 'secondarySystemFill' has been explicitly marked unavailable here
232 | * Example: The background of a switch.
233 | */
234 | @property (class, nonatomic, readonly) UIColor *secondarySystemFillColor API_AVAILABLE(ios(13.0)) API_UNAVAILABLE(tvos, watchos);
| `- note: 'secondarySystemFill' has been explicitly marked unavailable here
235 |
236 | /* tertiarySystemFillColor is appropriate for filling large shapes.
/Users/admin/builder/spi-builder-workspace/Sources/Debugger/Shared/Extensions/Color+.swift:30:51: error: 'tertiarySystemFill' is unavailable in tvOS
28 | static let systemFill = Color(UIColor.systemFill)
29 | static let secondarySystemFill = Color(UIColor.secondarySystemFill)
30 | static let tertiarySystemFill = Color(UIColor.tertiarySystemFill)
| `- error: 'tertiarySystemFill' is unavailable in tvOS
31 | static let quaternarySystemFill = Color(UIColor.quaternarySystemFill)
32 |
/Applications/Xcode-27.0.0-Release.Candidate.app/Contents/Developer/Platforms/AppleTVOS.platform/Developer/SDKs/AppleTVOS27.0.sdk/System/Library/Frameworks/UIKit.framework/Headers/UIInterface.h:239:49: note: 'tertiarySystemFill' has been explicitly marked unavailable here
237 | * Examples: Input fields, search bars, buttons.
238 | */
239 | @property (class, nonatomic, readonly) UIColor *tertiarySystemFillColor API_AVAILABLE(ios(13.0)) API_UNAVAILABLE(tvos, watchos);
| `- note: 'tertiarySystemFill' has been explicitly marked unavailable here
240 |
241 | /* quaternarySystemFillColor is appropriate for filling large areas containing complex content.
/Users/admin/builder/spi-builder-workspace/Sources/Debugger/Shared/Extensions/Color+.swift:31:53: error: 'quaternarySystemFill' is unavailable in tvOS
29 | static let secondarySystemFill = Color(UIColor.secondarySystemFill)
30 | static let tertiarySystemFill = Color(UIColor.tertiarySystemFill)
31 | static let quaternarySystemFill = Color(UIColor.quaternarySystemFill)
| `- error: 'quaternarySystemFill' is unavailable in tvOS
32 |
33 | // MARK: - Grouped Background Colors
/Applications/Xcode-27.0.0-Release.Candidate.app/Contents/Developer/Platforms/AppleTVOS.platform/Developer/SDKs/AppleTVOS27.0.sdk/System/Library/Frameworks/UIKit.framework/Headers/UIInterface.h:244:49: note: 'quaternarySystemFill' has been explicitly marked unavailable here
242 | * Example: Expanded table cells.
243 | */
244 | @property (class, nonatomic, readonly) UIColor *quaternarySystemFillColor API_AVAILABLE(ios(13.0)) API_UNAVAILABLE(tvos, watchos);
| `- note: 'quaternarySystemFill' has been explicitly marked unavailable here
245 |
246 | #pragma mark Other colors
/Users/admin/builder/spi-builder-workspace/Sources/Debugger/Shared/Extensions/Color+.swift:34:56: error: 'systemGroupedBackground' is unavailable in tvOS
32 |
33 | // MARK: - Grouped Background Colors
34 | static let systemGroupedBackground = Color(UIColor.systemGroupedBackground)
| `- error: 'systemGroupedBackground' is unavailable in tvOS
35 | static let secondarySystemGroupedBackground = Color(UIColor.secondarySystemGroupedBackground)
36 | static let tertiarySystemGroupedBackground = Color(UIColor.tertiarySystemGroupedBackground)
/Applications/Xcode-27.0.0-Release.Candidate.app/Contents/Developer/Platforms/AppleTVOS.platform/Developer/SDKs/AppleTVOS27.0.sdk/System/Library/Frameworks/UIKit.framework/Headers/UIInterface.h:217:49: note: 'systemGroupedBackground' has been explicitly marked unavailable here
215 | * colors in places where a table view wouldn't make sense.
216 | */
217 | @property (class, nonatomic, readonly) UIColor *systemGroupedBackgroundColor API_AVAILABLE(ios(13.0)) API_UNAVAILABLE(tvos, watchos);
| `- note: 'systemGroupedBackground' has been explicitly marked unavailable here
218 | @property (class, nonatomic, readonly) UIColor *secondarySystemGroupedBackgroundColor API_AVAILABLE(ios(13.0)) API_UNAVAILABLE(tvos, watchos);
219 | @property (class, nonatomic, readonly) UIColor *tertiarySystemGroupedBackgroundColor API_AVAILABLE(ios(13.0)) API_UNAVAILABLE(tvos, watchos);
/Users/admin/builder/spi-builder-workspace/Sources/Debugger/Shared/Extensions/Color+.swift:35:65: error: 'secondarySystemGroupedBackground' is unavailable in tvOS
33 | // MARK: - Grouped Background Colors
34 | static let systemGroupedBackground = Color(UIColor.systemGroupedBackground)
35 | static let secondarySystemGroupedBackground = Color(UIColor.secondarySystemGroupedBackground)
| `- error: 'secondarySystemGroupedBackground' is unavailable in tvOS
36 | static let tertiarySystemGroupedBackground = Color(UIColor.tertiarySystemGroupedBackground)
37 |
/Applications/Xcode-27.0.0-Release.Candidate.app/Contents/Developer/Platforms/AppleTVOS.platform/Developer/SDKs/AppleTVOS27.0.sdk/System/Library/Frameworks/UIKit.framework/Headers/UIInterface.h:218:49: note: 'secondarySystemGroupedBackground' has been explicitly marked unavailable here
216 | */
217 | @property (class, nonatomic, readonly) UIColor *systemGroupedBackgroundColor API_AVAILABLE(ios(13.0)) API_UNAVAILABLE(tvos, watchos);
218 | @property (class, nonatomic, readonly) UIColor *secondarySystemGroupedBackgroundColor API_AVAILABLE(ios(13.0)) API_UNAVAILABLE(tvos, watchos);
| `- note: 'secondarySystemGroupedBackground' has been explicitly marked unavailable here
219 | @property (class, nonatomic, readonly) UIColor *tertiarySystemGroupedBackgroundColor API_AVAILABLE(ios(13.0)) API_UNAVAILABLE(tvos, watchos);
220 |
/Users/admin/builder/spi-builder-workspace/Sources/Debugger/Shared/Extensions/Color+.swift:36:64: error: 'tertiarySystemGroupedBackground' is unavailable in tvOS
34 | static let systemGroupedBackground = Color(UIColor.systemGroupedBackground)
35 | static let secondarySystemGroupedBackground = Color(UIColor.secondarySystemGroupedBackground)
36 | static let tertiarySystemGroupedBackground = Color(UIColor.tertiarySystemGroupedBackground)
| `- error: 'tertiarySystemGroupedBackground' is unavailable in tvOS
37 |
38 | // MARK: - Gray Colors
/Applications/Xcode-27.0.0-Release.Candidate.app/Contents/Developer/Platforms/AppleTVOS.platform/Developer/SDKs/AppleTVOS27.0.sdk/System/Library/Frameworks/UIKit.framework/Headers/UIInterface.h:219:49: note: 'tertiarySystemGroupedBackground' has been explicitly marked unavailable here
217 | @property (class, nonatomic, readonly) UIColor *systemGroupedBackgroundColor API_AVAILABLE(ios(13.0)) API_UNAVAILABLE(tvos, watchos);
218 | @property (class, nonatomic, readonly) UIColor *secondarySystemGroupedBackgroundColor API_AVAILABLE(ios(13.0)) API_UNAVAILABLE(tvos, watchos);
219 | @property (class, nonatomic, readonly) UIColor *tertiarySystemGroupedBackgroundColor API_AVAILABLE(ios(13.0)) API_UNAVAILABLE(tvos, watchos);
| `- note: 'tertiarySystemGroupedBackground' has been explicitly marked unavailable here
220 |
221 | #pragma mark Fill colors
/Users/admin/builder/spi-builder-workspace/Sources/Debugger/Shared/Extensions/Color+.swift:40:44: error: 'systemGray2' is unavailable in tvOS
38 | // MARK: - Gray Colors
39 | static let systemGray = Color(UIColor.systemGray)
40 | static let systemGray2 = Color(UIColor.systemGray2)
| `- error: 'systemGray2' is unavailable in tvOS
41 | static let systemGray3 = Color(UIColor.systemGray3)
42 | static let systemGray4 = Color(UIColor.systemGray4)
/Applications/Xcode-27.0.0-Release.Candidate.app/Contents/Developer/Platforms/AppleTVOS.platform/Developer/SDKs/AppleTVOS27.0.sdk/System/Library/Frameworks/UIKit.framework/Headers/UIInterface.h:146:49: note: 'systemGray2' has been explicitly marked unavailable here
144 | * systemGray3 is darker than that, and so on.
145 | */
146 | @property (class, nonatomic, readonly) UIColor *systemGray2Color API_AVAILABLE(ios(13.0)) API_UNAVAILABLE(tvos, watchos);
| `- note: 'systemGray2' has been explicitly marked unavailable here
147 | @property (class, nonatomic, readonly) UIColor *systemGray3Color API_AVAILABLE(ios(13.0)) API_UNAVAILABLE(tvos, watchos);
148 | @property (class, nonatomic, readonly) UIColor *systemGray4Color API_AVAILABLE(ios(13.0)) API_UNAVAILABLE(tvos, watchos);
/Users/admin/builder/spi-builder-workspace/Sources/Debugger/Shared/Extensions/Color+.swift:41:44: error: 'systemGray3' is unavailable in tvOS
39 | static let systemGray = Color(UIColor.systemGray)
40 | static let systemGray2 = Color(UIColor.systemGray2)
41 | static let systemGray3 = Color(UIColor.systemGray3)
| `- error: 'systemGray3' is unavailable in tvOS
42 | static let systemGray4 = Color(UIColor.systemGray4)
43 | static let systemGray5 = Color(UIColor.systemGray5)
/Applications/Xcode-27.0.0-Release.Candidate.app/Contents/Developer/Platforms/AppleTVOS.platform/Developer/SDKs/AppleTVOS27.0.sdk/System/Library/Frameworks/UIKit.framework/Headers/UIInterface.h:147:49: note: 'systemGray3' has been explicitly marked unavailable here
145 | */
146 | @property (class, nonatomic, readonly) UIColor *systemGray2Color API_AVAILABLE(ios(13.0)) API_UNAVAILABLE(tvos, watchos);
147 | @property (class, nonatomic, readonly) UIColor *systemGray3Color API_AVAILABLE(ios(13.0)) API_UNAVAILABLE(tvos, watchos);
| `- note: 'systemGray3' has been explicitly marked unavailable here
148 | @property (class, nonatomic, readonly) UIColor *systemGray4Color API_AVAILABLE(ios(13.0)) API_UNAVAILABLE(tvos, watchos);
149 | @property (class, nonatomic, readonly) UIColor *systemGray5Color API_AVAILABLE(ios(13.0)) API_UNAVAILABLE(tvos, watchos);
/Users/admin/builder/spi-builder-workspace/Sources/Debugger/Shared/Extensions/Color+.swift:42:44: error: 'systemGray4' is unavailable in tvOS
40 | static let systemGray2 = Color(UIColor.systemGray2)
41 | static let systemGray3 = Color(UIColor.systemGray3)
42 | static let systemGray4 = Color(UIColor.systemGray4)
| `- error: 'systemGray4' is unavailable in tvOS
43 | static let systemGray5 = Color(UIColor.systemGray5)
44 | static let systemGray6 = Color(UIColor.systemGray6)
/Applications/Xcode-27.0.0-Release.Candidate.app/Contents/Developer/Platforms/AppleTVOS.platform/Developer/SDKs/AppleTVOS27.0.sdk/System/Library/Frameworks/UIKit.framework/Headers/UIInterface.h:148:49: note: 'systemGray4' has been explicitly marked unavailable here
146 | @property (class, nonatomic, readonly) UIColor *systemGray2Color API_AVAILABLE(ios(13.0)) API_UNAVAILABLE(tvos, watchos);
147 | @property (class, nonatomic, readonly) UIColor *systemGray3Color API_AVAILABLE(ios(13.0)) API_UNAVAILABLE(tvos, watchos);
148 | @property (class, nonatomic, readonly) UIColor *systemGray4Color API_AVAILABLE(ios(13.0)) API_UNAVAILABLE(tvos, watchos);
| `- note: 'systemGray4' has been explicitly marked unavailable here
149 | @property (class, nonatomic, readonly) UIColor *systemGray5Color API_AVAILABLE(ios(13.0)) API_UNAVAILABLE(tvos, watchos);
150 | @property (class, nonatomic, readonly) UIColor *systemGray6Color API_AVAILABLE(ios(13.0)) API_UNAVAILABLE(tvos, watchos);
/Users/admin/builder/spi-builder-workspace/Sources/Debugger/Shared/Extensions/Color+.swift:43:44: error: 'systemGray5' is unavailable in tvOS
41 | static let systemGray3 = Color(UIColor.systemGray3)
42 | static let systemGray4 = Color(UIColor.systemGray4)
43 | static let systemGray5 = Color(UIColor.systemGray5)
| `- error: 'systemGray5' is unavailable in tvOS
44 | static let systemGray6 = Color(UIColor.systemGray6)
45 |
/Applications/Xcode-27.0.0-Release.Candidate.app/Contents/Developer/Platforms/AppleTVOS.platform/Developer/SDKs/AppleTVOS27.0.sdk/System/Library/Frameworks/UIKit.framework/Headers/UIInterface.h:149:49: note: 'systemGray5' has been explicitly marked unavailable here
147 | @property (class, nonatomic, readonly) UIColor *systemGray3Color API_AVAILABLE(ios(13.0)) API_UNAVAILABLE(tvos, watchos);
148 | @property (class, nonatomic, readonly) UIColor *systemGray4Color API_AVAILABLE(ios(13.0)) API_UNAVAILABLE(tvos, watchos);
149 | @property (class, nonatomic, readonly) UIColor *systemGray5Color API_AVAILABLE(ios(13.0)) API_UNAVAILABLE(tvos, watchos);
| `- note: 'systemGray5' has been explicitly marked unavailable here
150 | @property (class, nonatomic, readonly) UIColor *systemGray6Color API_AVAILABLE(ios(13.0)) API_UNAVAILABLE(tvos, watchos);
151 |
SwiftCompile normal arm64 /Users/admin/builder/spi-builder-workspace/Sources/Debugger/Features/ViewInspector/ViewModels/AttributesInspectorViewModel.swift (in target 'Debugger' from project 'Debugger')
cd /Users/admin/builder/spi-builder-workspace/.swiftpm/xcode
builtin-SwiftPerFileCompile AttributesInspectorViewModel.swift
SwiftCompile normal arm64 /Users/admin/builder/spi-builder-workspace/Sources/Debugger/Features/ViewInspector/ViewModels/ViewInspectorViewModel.swift (in target 'Debugger' from project 'Debugger')
cd /Users/admin/builder/spi-builder-workspace/.swiftpm/xcode
builtin-SwiftPerFileCompile ViewInspectorViewModel.swift
SwiftCompile normal arm64 /Users/admin/builder/spi-builder-workspace/Sources/Debugger/Features/ViewInspector/Views/AttributesInspectorView.swift (in target 'Debugger' from project 'Debugger')
cd /Users/admin/builder/spi-builder-workspace/.swiftpm/xcode
builtin-SwiftPerFileCompile AttributesInspectorView.swift
SwiftCompile normal arm64 /Users/admin/builder/spi-builder-workspace/Sources/Debugger/Features/ViewInspector/Views/ViewInspectorConfigurationView.swift (in target 'Debugger' from project 'Debugger')
cd /Users/admin/builder/spi-builder-workspace/.swiftpm/xcode
builtin-SwiftPerFileCompile ViewInspectorConfigurationView.swift
SwiftCompile normal arm64 /Users/admin/builder/spi-builder-workspace/Sources/Debugger/Features/ViewInspector/Views/ViewInspectorView.swift (in target 'Debugger' from project 'Debugger')
cd /Users/admin/builder/spi-builder-workspace/.swiftpm/xcode
builtin-SwiftPerFileCompile ViewInspectorView.swift
SwiftCompile normal arm64 /Users/admin/builder/spi-builder-workspace/Sources/Debugger/Shared/Extensions/Binding+.swift (in target 'Debugger' from project 'Debugger')
cd /Users/admin/builder/spi-builder-workspace/.swiftpm/xcode
builtin-SwiftPerFileCompile Binding+.swift
SwiftCompile normal arm64 /Users/admin/builder/spi-builder-workspace/Sources/Debugger/Shared/Extensions/Color+.swift (in target 'Debugger' from project 'Debugger')
cd /Users/admin/builder/spi-builder-workspace/.swiftpm/xcode
builtin-SwiftPerFileCompile Color+.swift
SwiftCompile normal arm64 /Users/admin/builder/spi-builder-workspace/Sources/Debugger/Shared/Extensions/DispatchQueue+.swift (in target 'Debugger' from project 'Debugger')
cd /Users/admin/builder/spi-builder-workspace/.swiftpm/xcode
builtin-SwiftPerFileCompile DispatchQueue+.swift
SwiftCompile normal arm64 /Users/admin/builder/spi-builder-workspace/Sources/Debugger/Shared/Extensions/EdgeInsets+.swift (in target 'Debugger' from project 'Debugger')
cd /Users/admin/builder/spi-builder-workspace/.swiftpm/xcode
builtin-SwiftPerFileCompile EdgeInsets+.swift
SwiftCompile normal arm64 Compiling\ Debugger.swift,\ DebugFeature.swift,\ DebuggerItemViewModel.swift,\ DebuggerItemView.swift,\ DebuggerView.swift,\ AnimationControlViewModel.swift,\ AnimationControlView.swift,\ NetworkModifierService.swift,\ ConfigurationSetting.swift /Users/admin/builder/spi-builder-workspace/Sources/Debugger/Debugger.swift /Users/admin/builder/spi-builder-workspace/Sources/Debugger/Debugger/Models/DebugFeature.swift /Users/admin/builder/spi-builder-workspace/Sources/Debugger/Debugger/ViewModels/DebuggerItemViewModel.swift /Users/admin/builder/spi-builder-workspace/Sources/Debugger/Debugger/Views/DebuggerItemView.swift /Users/admin/builder/spi-builder-workspace/Sources/Debugger/Debugger/Views/DebuggerView.swift /Users/admin/builder/spi-builder-workspace/Sources/Debugger/Features/AnimationControl/ViewModels/AnimationControlViewModel.swift /Users/admin/builder/spi-builder-workspace/Sources/Debugger/Features/AnimationControl/Views/AnimationControlView.swift /Users/admin/builder/spi-builder-workspace/Sources/Debugger/Features/ConfigurationSwitcher/Logic/NetworkModifierService.swift /Users/admin/builder/spi-builder-workspace/Sources/Debugger/Features/ConfigurationSwitcher/Models/ConfigurationSetting.swift (in target 'Debugger' from project 'Debugger')
/Users/admin/builder/spi-builder-workspace/Sources/Debugger/Shared/Extensions/Color+.swift:34:56: error: 'systemGroupedBackground' is unavailable in tvOS
32 |
33 | // MARK: - Grouped Background Colors
34 | static let systemGroupedBackground = Color(UIColor.systemGroupedBackground)
| `- error: 'systemGroupedBackground' is unavailable in tvOS
35 | static let secondarySystemGroupedBackground = Color(UIColor.secondarySystemGroupedBackground)
36 | static let tertiarySystemGroupedBackground = Color(UIColor.tertiarySystemGroupedBackground)
/Applications/Xcode-27.0.0-Release.Candidate.app/Contents/Developer/Platforms/AppleTVOS.platform/Developer/SDKs/AppleTVOS27.0.sdk/System/Library/Frameworks/UIKit.framework/Headers/UIInterface.h:217:49: note: 'systemGroupedBackground' has been explicitly marked unavailable here
215 | * colors in places where a table view wouldn't make sense.
216 | */
217 | @property (class, nonatomic, readonly) UIColor *systemGroupedBackgroundColor API_AVAILABLE(ios(13.0)) API_UNAVAILABLE(tvos, watchos);
| `- note: 'systemGroupedBackground' has been explicitly marked unavailable here
218 | @property (class, nonatomic, readonly) UIColor *secondarySystemGroupedBackgroundColor API_AVAILABLE(ios(13.0)) API_UNAVAILABLE(tvos, watchos);
219 | @property (class, nonatomic, readonly) UIColor *tertiarySystemGroupedBackgroundColor API_AVAILABLE(ios(13.0)) API_UNAVAILABLE(tvos, watchos);
/Users/admin/builder/spi-builder-workspace/Sources/Debugger/Debugger/Views/DebuggerView.swift:68:18: error: 'navigationBarTitleDisplayMode' is unavailable in tvOS
66 | .list()
67 | .navigationTitle("Debugger")
68 | .navigationBarTitleDisplayMode(.inline)
| `- error: 'navigationBarTitleDisplayMode' is unavailable in tvOS
69 | }
70 | .navigationViewStyle(.stack)
SwiftUI.View.navigationBarTitleDisplayMode:2:25: note: 'navigationBarTitleDisplayMode' has been explicitly marked unavailable here
1 | protocol View {
2 | nonisolated public func navigationBarTitleDisplayMode(_ displayMode: NavigationBarItem.TitleDisplayMode) -> some View
| `- note: 'navigationBarTitleDisplayMode' has been explicitly marked unavailable here
3 | }
4 |
/Users/admin/builder/spi-builder-workspace/Sources/Debugger/Features/AnimationControl/Views/AnimationControlView.swift:29:17: error: 'Slider' is unavailable in tvOS
27 |
28 | if viewModel.isActivated {
29 | Slider(
| `- error: 'Slider' is unavailable in tvOS
30 | value: $viewModel.animationSpeed,
31 | in: 0.1...1.0,
SwiftUI.Slider:3:27: note: 'Slider' has been explicitly marked unavailable here
1 | @available(iOS 13.0, macOS 10.15, watchOS 6.0, *)
2 | @available(tvOS, unavailable)
3 | nonisolated public struct Slider<Label, ValueLabel> : View, ~Sendable where Label : View, ValueLabel : View {
| `- note: 'Slider' has been explicitly marked unavailable here
4 | nonisolated public var body: some View { get }
5 | @available(macOS 10.15, iOS 13.0, watchOS 6.0, *)
/Users/admin/builder/spi-builder-workspace/Sources/Debugger/Features/AnimationControl/Views/AnimationControlView.swift:29:17: error: 'init(value:in:step:onEditingChanged:)' is unavailable in tvOS
27 |
28 | if viewModel.isActivated {
29 | Slider(
| `- error: 'init(value:in:step:onEditingChanged:)' is unavailable in tvOS
30 | value: $viewModel.animationSpeed,
31 | in: 0.1...1.0,
SwiftUI.Slider.init:2:20: note: 'init(value:in:step:onEditingChanged:)' has been explicitly marked unavailable here
1 | generic struct Slider {
2 | nonisolated public init<V>(value: Binding<V>, in bounds: ClosedRange<V>, step: V.Stride = 1, onEditingChanged: @escaping (Bool) -> Void = { _ in }) where V : BinaryFloatingPoint, V.Stride : BinaryFloatingPoint}
| `- note: 'init(value:in:step:onEditingChanged:)' has been explicitly marked unavailable here
3 |
SwiftCompile normal arm64 /Users/admin/builder/spi-builder-workspace/Sources/Debugger/Debugger.swift (in target 'Debugger' from project 'Debugger')
cd /Users/admin/builder/spi-builder-workspace/.swiftpm/xcode
builtin-SwiftPerFileCompile Debugger.swift
SwiftCompile normal arm64 /Users/admin/builder/spi-builder-workspace/Sources/Debugger/Debugger/Models/DebugFeature.swift (in target 'Debugger' from project 'Debugger')
cd /Users/admin/builder/spi-builder-workspace/.swiftpm/xcode
builtin-SwiftPerFileCompile DebugFeature.swift
SwiftCompile normal arm64 /Users/admin/builder/spi-builder-workspace/Sources/Debugger/Debugger/ViewModels/DebuggerItemViewModel.swift (in target 'Debugger' from project 'Debugger')
cd /Users/admin/builder/spi-builder-workspace/.swiftpm/xcode
builtin-SwiftPerFileCompile DebuggerItemViewModel.swift
SwiftCompile normal arm64 /Users/admin/builder/spi-builder-workspace/Sources/Debugger/Debugger/Views/DebuggerItemView.swift (in target 'Debugger' from project 'Debugger')
cd /Users/admin/builder/spi-builder-workspace/.swiftpm/xcode
builtin-SwiftPerFileCompile DebuggerItemView.swift
SwiftCompile normal arm64 /Users/admin/builder/spi-builder-workspace/Sources/Debugger/Debugger/Views/DebuggerView.swift (in target 'Debugger' from project 'Debugger')
cd /Users/admin/builder/spi-builder-workspace/.swiftpm/xcode
builtin-SwiftPerFileCompile DebuggerView.swift
SwiftCompile normal arm64 /Users/admin/builder/spi-builder-workspace/Sources/Debugger/Features/AnimationControl/ViewModels/AnimationControlViewModel.swift (in target 'Debugger' from project 'Debugger')
cd /Users/admin/builder/spi-builder-workspace/.swiftpm/xcode
builtin-SwiftPerFileCompile AnimationControlViewModel.swift
SwiftCompile normal arm64 /Users/admin/builder/spi-builder-workspace/Sources/Debugger/Features/AnimationControl/Views/AnimationControlView.swift (in target 'Debugger' from project 'Debugger')
cd /Users/admin/builder/spi-builder-workspace/.swiftpm/xcode
builtin-SwiftPerFileCompile AnimationControlView.swift
SwiftCompile normal arm64 /Users/admin/builder/spi-builder-workspace/Sources/Debugger/Features/ConfigurationSwitcher/Logic/NetworkModifierService.swift (in target 'Debugger' from project 'Debugger')
cd /Users/admin/builder/spi-builder-workspace/.swiftpm/xcode
builtin-SwiftPerFileCompile NetworkModifierService.swift
SwiftCompile normal arm64 /Users/admin/builder/spi-builder-workspace/Sources/Debugger/Features/ConfigurationSwitcher/Models/ConfigurationSetting.swift (in target 'Debugger' from project 'Debugger')
cd /Users/admin/builder/spi-builder-workspace/.swiftpm/xcode
builtin-SwiftPerFileCompile ConfigurationSetting.swift
SwiftCompile normal arm64 Compiling\ PropertyWrapper.swift,\ SystemMetricService.swift,\ SystemMetric.swift,\ SystemDebuggerViewModel.swift,\ SystemDebuggerView.swift,\ SystemDebuggerWidgetView.swift,\ UIView+.swift,\ ViewInspectorService.swift,\ ViewInspectorConfiguration.swift /Users/admin/builder/spi-builder-workspace/Sources/Debugger/Features/SystemDebugger/Logic/PropertyWrapper.swift /Users/admin/builder/spi-builder-workspace/Sources/Debugger/Features/SystemDebugger/Logic/SystemMetricService.swift /Users/admin/builder/spi-builder-workspace/Sources/Debugger/Features/SystemDebugger/Models/SystemMetric.swift /Users/admin/builder/spi-builder-workspace/Sources/Debugger/Features/SystemDebugger/ViewModels/SystemDebuggerViewModel.swift /Users/admin/builder/spi-builder-workspace/Sources/Debugger/Features/SystemDebugger/Views/SystemDebuggerView.swift /Users/admin/builder/spi-builder-workspace/Sources/Debugger/Features/SystemDebugger/Views/SystemDebuggerWidgetView.swift /Users/admin/builder/spi-builder-workspace/Sources/Debugger/Features/ViewInspector/Extensions/UIView+.swift /Users/admin/builder/spi-builder-workspace/Sources/Debugger/Features/ViewInspector/Logic/ViewInspectorService.swift /Users/admin/builder/spi-builder-workspace/Sources/Debugger/Features/ViewInspector/Models/ViewInspectorConfiguration.swift (in target 'Debugger' from project 'Debugger')
SwiftCompile normal arm64 /Users/admin/builder/spi-builder-workspace/Sources/Debugger/Features/SystemDebugger/Logic/PropertyWrapper.swift (in target 'Debugger' from project 'Debugger')
cd /Users/admin/builder/spi-builder-workspace/.swiftpm/xcode
builtin-SwiftPerFileCompile PropertyWrapper.swift
SwiftCompile normal arm64 /Users/admin/builder/spi-builder-workspace/Sources/Debugger/Features/SystemDebugger/Logic/SystemMetricService.swift (in target 'Debugger' from project 'Debugger')
cd /Users/admin/builder/spi-builder-workspace/.swiftpm/xcode
builtin-SwiftPerFileCompile SystemMetricService.swift
SwiftCompile normal arm64 /Users/admin/builder/spi-builder-workspace/Sources/Debugger/Features/SystemDebugger/Models/SystemMetric.swift (in target 'Debugger' from project 'Debugger')
cd /Users/admin/builder/spi-builder-workspace/.swiftpm/xcode
builtin-SwiftPerFileCompile SystemMetric.swift
SwiftCompile normal arm64 /Users/admin/builder/spi-builder-workspace/Sources/Debugger/Features/SystemDebugger/ViewModels/SystemDebuggerViewModel.swift (in target 'Debugger' from project 'Debugger')
cd /Users/admin/builder/spi-builder-workspace/.swiftpm/xcode
builtin-SwiftPerFileCompile SystemDebuggerViewModel.swift
SwiftCompile normal arm64 /Users/admin/builder/spi-builder-workspace/Sources/Debugger/Features/SystemDebugger/Views/SystemDebuggerView.swift (in target 'Debugger' from project 'Debugger')
cd /Users/admin/builder/spi-builder-workspace/.swiftpm/xcode
builtin-SwiftPerFileCompile SystemDebuggerView.swift
SwiftCompile normal arm64 /Users/admin/builder/spi-builder-workspace/Sources/Debugger/Features/SystemDebugger/Views/SystemDebuggerWidgetView.swift (in target 'Debugger' from project 'Debugger')
cd /Users/admin/builder/spi-builder-workspace/.swiftpm/xcode
builtin-SwiftPerFileCompile SystemDebuggerWidgetView.swift
SwiftCompile normal arm64 /Users/admin/builder/spi-builder-workspace/Sources/Debugger/Features/ViewInspector/Extensions/UIView+.swift (in target 'Debugger' from project 'Debugger')
cd /Users/admin/builder/spi-builder-workspace/.swiftpm/xcode
builtin-SwiftPerFileCompile UIView+.swift
SwiftCompile normal arm64 /Users/admin/builder/spi-builder-workspace/Sources/Debugger/Features/ViewInspector/Logic/ViewInspectorService.swift (in target 'Debugger' from project 'Debugger')
cd /Users/admin/builder/spi-builder-workspace/.swiftpm/xcode
builtin-SwiftPerFileCompile ViewInspectorService.swift
SwiftCompile normal arm64 /Users/admin/builder/spi-builder-workspace/Sources/Debugger/Features/ViewInspector/Models/ViewInspectorConfiguration.swift (in target 'Debugger' from project 'Debugger')
cd /Users/admin/builder/spi-builder-workspace/.swiftpm/xcode
builtin-SwiftPerFileCompile ViewInspectorConfiguration.swift
/Users/admin/builder/spi-builder-workspace/Sources/Debugger/Features/SystemDebugger/Logic/SystemMetricService.swift:118:27: warning: initialization of 'UnsafeMutablePointer<thread_act_t>' (aka 'UnsafeMutablePointer<UInt32>') results in a dangling pointer [#TemporaryPointers]
116 | private func cpuUsage() -> String {
117 | var totalUsageOfCPU: Double = 0.0
118 | var threadsList = UnsafeMutablePointer(mutating: [thread_act_t]())
| | |- note: implicit argument conversion from '[thread_act_t]' (aka 'Array<UInt32>') to 'UnsafePointer<thread_act_t>' (aka 'UnsafePointer<UInt32>') produces a pointer valid only for the duration of the call to 'init(mutating:)'
| | `- note: use the 'withUnsafeBufferPointer' method on Array in order to explicitly convert argument to buffer pointer valid for a defined scope
| `- warning: initialization of 'UnsafeMutablePointer<thread_act_t>' (aka 'UnsafeMutablePointer<UInt32>') results in a dangling pointer [#TemporaryPointers]
119 | var threadsCount = mach_msg_type_number_t(0)
120 | let threadsResult = withUnsafeMutablePointer(to: &threadsList) {
/Users/admin/builder/spi-builder-workspace/Sources/Debugger/Shared/Extensions/Color+.swift:23:49: error: 'systemBackground' is unavailable in tvOS
21 |
22 | // MARK: - Background Colors
23 | static let systemBackground = Color(UIColor.systemBackground)
| `- error: 'systemBackground' is unavailable in tvOS
24 | static let secondarySystemBackground = Color(UIColor.secondarySystemBackground)
25 | static let tertiarySystemBackground = Color(UIColor.tertiarySystemBackground)
/Applications/Xcode-27.0.0-Release.Candidate.app/Contents/Developer/Platforms/AppleTVOS.platform/Developer/SDKs/AppleTVOS27.0.sdk/System/Library/Frameworks/UIKit.framework/Headers/UIInterface.h:208:49: note: 'systemBackground' has been explicitly marked unavailable here
206 | * primary background in light mode.
207 | */
208 | @property (class, nonatomic, readonly) UIColor *systemBackgroundColor API_AVAILABLE(ios(13.0)) API_UNAVAILABLE(tvos, watchos);
| `- note: 'systemBackground' has been explicitly marked unavailable here
209 | @property (class, nonatomic, readonly) UIColor *secondarySystemBackgroundColor API_AVAILABLE(ios(13.0)) API_UNAVAILABLE(tvos, watchos);
210 | @property (class, nonatomic, readonly) UIColor *tertiarySystemBackgroundColor API_AVAILABLE(ios(13.0)) API_UNAVAILABLE(tvos, watchos);
/Users/admin/builder/spi-builder-workspace/Sources/Debugger/Features/ViewInspector/Extensions/UIView+.swift:307:60: error: 'systemBackground' is unavailable in tvOS
305 | horizontalDistanceLabel.frame = horizontalDistanceLabel.frame.insetBy(dx: -4, dy: -4)
306 | horizontalDistanceLabel.center = CGPoint(x: (minX + maxX) / 2, y: firstFrame.midY)
307 | horizontalDistanceLabel.backgroundColor = .systemBackground
| `- error: 'systemBackground' is unavailable in tvOS
308 | horizontalDistanceLabel.textColor = .systemBlue
309 | horizontalDistanceLabel.layer.masksToBounds = true
/Applications/Xcode-27.0.0-Release.Candidate.app/Contents/Developer/Platforms/AppleTVOS.platform/Developer/SDKs/AppleTVOS27.0.sdk/System/Library/Frameworks/UIKit.framework/Headers/UIInterface.h:208:49: note: 'systemBackground' has been explicitly marked unavailable here
206 | * primary background in light mode.
207 | */
208 | @property (class, nonatomic, readonly) UIColor *systemBackgroundColor API_AVAILABLE(ios(13.0)) API_UNAVAILABLE(tvos, watchos);
| `- note: 'systemBackground' has been explicitly marked unavailable here
209 | @property (class, nonatomic, readonly) UIColor *secondarySystemBackgroundColor API_AVAILABLE(ios(13.0)) API_UNAVAILABLE(tvos, watchos);
210 | @property (class, nonatomic, readonly) UIColor *tertiarySystemBackgroundColor API_AVAILABLE(ios(13.0)) API_UNAVAILABLE(tvos, watchos);
SwiftCompile normal arm64 Compiling\ ConfigurationEditRuleView.swift,\ ConfigurationItemView.swift,\ ConfigurationRuleView.swift,\ ConfigurationSwitcherView.swift,\ ConfigurationView.swift,\ DebugHTTPProtocol.swift,\ FileHandler.swift,\ RequestModelBeautifier.swift,\ ShareSheet.swift /Users/admin/builder/spi-builder-workspace/Sources/Debugger/Features/ConfigurationSwitcher/Views/ConfigurationEditRuleView.swift /Users/admin/builder/spi-builder-workspace/Sources/Debugger/Features/ConfigurationSwitcher/Views/ConfigurationItemView.swift /Users/admin/builder/spi-builder-workspace/Sources/Debugger/Features/ConfigurationSwitcher/Views/ConfigurationRuleView.swift /Users/admin/builder/spi-builder-workspace/Sources/Debugger/Features/ConfigurationSwitcher/Views/ConfigurationSwitcherView.swift /Users/admin/builder/spi-builder-workspace/Sources/Debugger/Features/ConfigurationSwitcher/Views/ConfigurationView.swift /Users/admin/builder/spi-builder-workspace/Sources/Debugger/Features/NetworkSniffer/Logic/DebugHTTPProtocol.swift /Users/admin/builder/spi-builder-workspace/Sources/Debugger/Features/NetworkSniffer/Logic/FileHandler.swift /Users/admin/builder/spi-builder-workspace/Sources/Debugger/Features/NetworkSniffer/Logic/RequestModelBeautifier.swift /Users/admin/builder/spi-builder-workspace/Sources/Debugger/Features/NetworkSniffer/Logic/ShareSheet.swift (in target 'Debugger' from project 'Debugger')
SwiftCompile normal arm64 /Users/admin/builder/spi-builder-workspace/Sources/Debugger/Features/ConfigurationSwitcher/Views/ConfigurationEditRuleView.swift (in target 'Debugger' from project 'Debugger')
cd /Users/admin/builder/spi-builder-workspace/.swiftpm/xcode
builtin-SwiftPerFileCompile ConfigurationEditRuleView.swift
SwiftCompile normal arm64 /Users/admin/builder/spi-builder-workspace/Sources/Debugger/Features/ConfigurationSwitcher/Views/ConfigurationItemView.swift (in target 'Debugger' from project 'Debugger')
cd /Users/admin/builder/spi-builder-workspace/.swiftpm/xcode
builtin-SwiftPerFileCompile ConfigurationItemView.swift
SwiftCompile normal arm64 /Users/admin/builder/spi-builder-workspace/Sources/Debugger/Features/ConfigurationSwitcher/Views/ConfigurationRuleView.swift (in target 'Debugger' from project 'Debugger')
cd /Users/admin/builder/spi-builder-workspace/.swiftpm/xcode
builtin-SwiftPerFileCompile ConfigurationRuleView.swift
SwiftCompile normal arm64 /Users/admin/builder/spi-builder-workspace/Sources/Debugger/Features/ConfigurationSwitcher/Views/ConfigurationSwitcherView.swift (in target 'Debugger' from project 'Debugger')
cd /Users/admin/builder/spi-builder-workspace/.swiftpm/xcode
builtin-SwiftPerFileCompile ConfigurationSwitcherView.swift
SwiftCompile normal arm64 /Users/admin/builder/spi-builder-workspace/Sources/Debugger/Features/ConfigurationSwitcher/Views/ConfigurationView.swift (in target 'Debugger' from project 'Debugger')
cd /Users/admin/builder/spi-builder-workspace/.swiftpm/xcode
builtin-SwiftPerFileCompile ConfigurationView.swift
SwiftCompile normal arm64 /Users/admin/builder/spi-builder-workspace/Sources/Debugger/Features/NetworkSniffer/Logic/DebugHTTPProtocol.swift (in target 'Debugger' from project 'Debugger')
cd /Users/admin/builder/spi-builder-workspace/.swiftpm/xcode
builtin-SwiftPerFileCompile DebugHTTPProtocol.swift
SwiftCompile normal arm64 /Users/admin/builder/spi-builder-workspace/Sources/Debugger/Features/NetworkSniffer/Logic/FileHandler.swift (in target 'Debugger' from project 'Debugger')
cd /Users/admin/builder/spi-builder-workspace/.swiftpm/xcode
builtin-SwiftPerFileCompile FileHandler.swift
SwiftCompile normal arm64 /Users/admin/builder/spi-builder-workspace/Sources/Debugger/Features/NetworkSniffer/Logic/RequestModelBeautifier.swift (in target 'Debugger' from project 'Debugger')
cd /Users/admin/builder/spi-builder-workspace/.swiftpm/xcode
builtin-SwiftPerFileCompile RequestModelBeautifier.swift
SwiftCompile normal arm64 /Users/admin/builder/spi-builder-workspace/Sources/Debugger/Features/NetworkSniffer/Logic/ShareSheet.swift (in target 'Debugger' from project 'Debugger')
cd /Users/admin/builder/spi-builder-workspace/.swiftpm/xcode
builtin-SwiftPerFileCompile ShareSheet.swift
PruneExplicitPrecompiledModules /Users/admin/builder/spi-builder-workspace/.derivedData/Build/Intermediates.noindex/SwiftExplicitPrecompiledModules
PruneExplicitPrecompiledModules /Users/admin/builder/spi-builder-workspace/.derivedData/Build/Intermediates.noindex/ExplicitPrecompiledModules
PruneExplicitPrecompiledModules /Users/admin/builder/spi-builder-workspace/.derivedData/SDKExplicitPrecompiledModules
2026-09-20 13:29:32.850 xcodebuild[628:3886] [MT] IDERunDestination: Supported platforms for the buildables in the current scheme is empty.
** BUILD FAILED **
The following build commands failed:
SwiftCompile normal arm64 (in target 'Debugger' from project 'Debugger')
SwiftEmitModule normal arm64 Emitting\ module\ for\ Debugger (in target 'Debugger' from project 'Debugger')
Building workspace Debugger with scheme Debugger
(3 failures)
Command line invocation:
/Applications/Xcode-27.0.0-Release.Candidate.app/Contents/Developer/usr/bin/xcodebuild -IDEClonedSourcePackagesDirPathOverride=/Users/admin/builder/spi-builder-workspace/.dependencies -resolvePackageDependencies
Resolve Package Graph
Resolved source packages:
Debugger: /Users/admin/builder/spi-builder-workspace
resolved source packages: Debugger
2026-09-20 13:29:40.355 xcodebuild[748:4488] [MT] IDERunDestination: Supported platforms for the buildables in the current scheme is empty.
{
"dependencies" : [
],
"manifest_display_name" : "Debugger",
"name" : "Debugger",
"path" : "/Users/admin/builder/spi-builder-workspace",
"platforms" : [
{
"name" : "ios",
"version" : "14.0"
}
],
"products" : [
{
"name" : "Debugger",
"targets" : [
"Debugger"
],
"type" : {
"library" : [
"automatic"
]
}
}
],
"targets" : [
{
"c99name" : "DebuggerTests",
"module_type" : "SwiftTarget",
"name" : "DebuggerTests",
"path" : "Tests/DebuggerTests",
"sources" : [
"DebuggerTests.swift"
],
"target_dependencies" : [
"Debugger"
],
"type" : "test"
},
{
"c99name" : "Debugger",
"module_type" : "SwiftTarget",
"name" : "Debugger",
"path" : "Sources/Debugger",
"product_memberships" : [
"Debugger"
],
"sources" : [
"Debugger.swift",
"Debugger/Models/DebugFeature.swift",
"Debugger/ViewModels/DebuggerItemViewModel.swift",
"Debugger/Views/DebuggerItemView.swift",
"Debugger/Views/DebuggerView.swift",
"Features/AnimationControl/ViewModels/AnimationControlViewModel.swift",
"Features/AnimationControl/Views/AnimationControlView.swift",
"Features/ConfigurationSwitcher/Logic/NetworkModifierService.swift",
"Features/ConfigurationSwitcher/Models/ConfigurationSetting.swift",
"Features/ConfigurationSwitcher/Models/DebuggerConfiguration.swift",
"Features/ConfigurationSwitcher/Models/DebuggerConfigurationRule.swift",
"Features/ConfigurationSwitcher/Models/HttpBodyStream.swift",
"Features/ConfigurationSwitcher/Models/RequestBody.swift",
"Features/ConfigurationSwitcher/Models/RequestContentType.swift",
"Features/ConfigurationSwitcher/ViewModels/ConfigurationItemViewModel.swift",
"Features/ConfigurationSwitcher/ViewModels/ConfigurationRuleViewModel.swift",
"Features/ConfigurationSwitcher/ViewModels/ConfigurationSwitcherViewModel.swift",
"Features/ConfigurationSwitcher/ViewModels/ConfigurationViewModel.swift",
"Features/ConfigurationSwitcher/Views/ConfigurationEditRuleView.swift",
"Features/ConfigurationSwitcher/Views/ConfigurationItemView.swift",
"Features/ConfigurationSwitcher/Views/ConfigurationRuleView.swift",
"Features/ConfigurationSwitcher/Views/ConfigurationSwitcherView.swift",
"Features/ConfigurationSwitcher/Views/ConfigurationView.swift",
"Features/NetworkSniffer/Logic/DebugHTTPProtocol.swift",
"Features/NetworkSniffer/Logic/FileHandler.swift",
"Features/NetworkSniffer/Logic/RequestModelBeautifier.swift",
"Features/NetworkSniffer/Logic/ShareSheet.swift",
"Features/NetworkSniffer/Logic/ShareUtils.swift",
"Features/NetworkSniffer/Models/PostmanModels.swift",
"Features/NetworkSniffer/Models/RequestModel.swift",
"Features/NetworkSniffer/Models/RequestTagItem.swift",
"Features/NetworkSniffer/ViewModels/NetworkSnifferViewModel.swift",
"Features/NetworkSniffer/ViewModels/RequestSectionViewModel.swift",
"Features/NetworkSniffer/ViewModels/RequestTagItemViewModel.swift",
"Features/NetworkSniffer/Views/NetworkSnifferView.swift",
"Features/NetworkSniffer/Views/RequestItemView.swift",
"Features/NetworkSniffer/Views/RequestSectionLongView.swift",
"Features/NetworkSniffer/Views/RequestSectionView.swift",
"Features/NetworkSniffer/Views/RequestTagItemView.swift",
"Features/NetworkSniffer/Views/RequestView.swift",
"Features/SystemDebugger/Extensions/NSObject+LifecycleMonitor.swift",
"Features/SystemDebugger/Extensions/Notification.Name+Leaks.swift",
"Features/SystemDebugger/Logic/FPSCounterService.swift",
"Features/SystemDebugger/Logic/MemoryLeakSnifferService.swift",
"Features/SystemDebugger/Logic/ObjectLifecycleMonitor.swift",
"Features/SystemDebugger/Logic/PropertyWrapper.swift",
"Features/SystemDebugger/Logic/SystemMetricService.swift",
"Features/SystemDebugger/Models/SystemMetric.swift",
"Features/SystemDebugger/ViewModels/SystemDebuggerViewModel.swift",
"Features/SystemDebugger/Views/SystemDebuggerView.swift",
"Features/SystemDebugger/Views/SystemDebuggerWidgetView.swift",
"Features/ViewInspector/Extensions/UIView+.swift",
"Features/ViewInspector/Logic/ViewInspectorService.swift",
"Features/ViewInspector/Models/ViewInspectorConfiguration.swift",
"Features/ViewInspector/ViewModels/AttributesInspectorViewModel.swift",
"Features/ViewInspector/ViewModels/ViewInspectorViewModel.swift",
"Features/ViewInspector/Views/AttributesInspectorView.swift",
"Features/ViewInspector/Views/ViewInspectorConfigurationView.swift",
"Features/ViewInspector/Views/ViewInspectorView.swift",
"Shared/Extensions/Binding+.swift",
"Shared/Extensions/Color+.swift",
"Shared/Extensions/DispatchQueue+.swift",
"Shared/Extensions/EdgeInsets+.swift",
"Shared/Extensions/EnvironmentValues+.swift",
"Shared/Extensions/InputStream+.swift",
"Shared/Extensions/NSObject+.swift",
"Shared/Extensions/NotificationCenter+.swift",
"Shared/Extensions/String+.swift",
"Shared/Extensions/UIApplication+.swift",
"Shared/Extensions/UIColor+.swift",
"Shared/Extensions/UINavigationController+Swizzle.swift",
"Shared/Extensions/UIView+Swizzle.swift",
"Shared/Extensions/UIViewController+Swizzle.swift",
"Shared/Extensions/UIWindow+.swift",
"Shared/Extensions/URLSessionConfiguration+.swift",
"Shared/Extensions/View+.swift",
"Shared/Models/AnyCodableParameter.swift",
"Shared/Models/EnvironmentSettings.swift",
"Shared/Modifiers/ListModifier.swift",
"Shared/Modifiers/ListRowModifier.swift",
"Shared/Modifiers/View+Modifiers.swift",
"Shared/Utils/AssociatedObject.swift",
"Shared/Utils/SimplePDF.swift",
"Shared/Views/FlexibleView.swift",
"Shared/Views/KeyValueInfoView.swift",
"Shared/Views/KeyValueView.swift",
"Shared/Views/OptionView.swift",
"Shared/Views/OptionsView.swift",
"Shared/Views/SearchBar.swift"
],
"type" : "library"
}
],
"tools_version" : "5.10"
}
{
"workspace" : {
"name" : "Debugger",
"schemes" : [
"Debugger"
]
}
}
2026-09-20 13:29:41.660 xcodebuild[756:4554] [MT] IDERunDestination: Supported platforms for the buildables in the current scheme is empty.
Running build ...
env DEVELOPER_DIR=/Applications/Xcode-27.0.0-Release.Candidate.app xcrun xcodebuild -IDEClonedSourcePackagesDirPathOverride=$PWD/.dependencies -skipMacroValidation -skipPackagePluginValidation -derivedDataPath $PWD/.derivedData build -scheme Debugger -destination generic/platform=tvOS
Command line invocation:
/Applications/Xcode-27.0.0-Release.Candidate.app/Contents/Developer/usr/bin/xcodebuild -IDEClonedSourcePackagesDirPathOverride=/Users/admin/builder/spi-builder-workspace/.dependencies -skipMacroValidation -skipPackagePluginValidation -derivedDataPath /Users/admin/builder/spi-builder-workspace/.derivedData build -scheme Debugger -destination generic/platform=tvOS
Resolve Package Graph
Resolved source packages:
Debugger: /Users/admin/builder/spi-builder-workspace
ComputePackagePrebuildTargetDependencyGraph
Prepare packages
CreateBuildRequest
SendProjectDescription
CreateBuildOperation
ComputeTargetDependencyGraph
note: Building targets in dependency order
note: Target dependency graph (2 targets)
Target 'Debugger-product' in project 'Debugger'
➜ Explicit dependency on target 'Debugger' in project 'Debugger'
Target 'Debugger' in project 'Debugger' (no dependencies)
GatherProvisioningInputs
CreateBuildDescription
ClangStatCache /Applications/Xcode-27.0.0-Release.Candidate.app/Contents/Developer/Toolchains/XcodeDefault.xctoolchain/usr/bin/clang-stat-cache /Applications/Xcode-27.0.0-Release.Candidate.app/Contents/Developer/Platforms/AppleTVOS.platform/Developer/SDKs/AppleTVOS27.0.sdk /Users/admin/builder/spi-builder-workspace/.derivedData/SDKStatCaches.noindex/appletvos27.0-24J360-e829b21a6f8c9b70876ba0858053c044b32bfd8d43560033f8d89884cdb90028.sdkstatcache
cd /Users/admin/builder/spi-builder-workspace/.swiftpm/xcode
/Applications/Xcode-27.0.0-Release.Candidate.app/Contents/Developer/Toolchains/XcodeDefault.xctoolchain/usr/bin/clang-stat-cache /Applications/Xcode-27.0.0-Release.Candidate.app/Contents/Developer/Platforms/AppleTVOS.platform/Developer/SDKs/AppleTVOS27.0.sdk -o /Users/admin/builder/spi-builder-workspace/.derivedData/SDKStatCaches.noindex/appletvos27.0-24J360-e829b21a6f8c9b70876ba0858053c044b32bfd8d43560033f8d89884cdb90028.sdkstatcache
SwiftDriver Debugger normal arm64 com.apple.xcode.tools.swift.compiler (in target 'Debugger' from project 'Debugger')
cd /Users/admin/builder/spi-builder-workspace/.swiftpm/xcode
builtin-SwiftDriver -- /Applications/Xcode-27.0.0-Release.Candidate.app/Contents/Developer/Toolchains/XcodeDefault.xctoolchain/usr/bin/swiftc -parse-as-library -module-name Debugger -Onone @/Users/admin/builder/spi-builder-workspace/.derivedData/Build/Intermediates.noindex/Debugger.build/Debug-appletvos/Debugger-t.build/Objects-normal/arm64/Debugger.SwiftFileList -DSWIFT_PACKAGE -DDEBUG -DSWIFT_MODULE_RESOURCE_BUNDLE_UNAVAILABLE -DXcode -plugin-path /Applications/Xcode-27.0.0-Release.Candidate.app/Contents/Developer/Toolchains/XcodeDefault.xctoolchain/usr/lib/swift/host/plugins/testing -enable-experimental-feature DebugDescriptionMacro -sdk /Applications/Xcode-27.0.0-Release.Candidate.app/Contents/Developer/Platforms/AppleTVOS.platform/Developer/SDKs/AppleTVOS27.0.sdk -target arm64-apple-tvos15.0 -g -module-cache-path /Users/admin/builder/spi-builder-workspace/.derivedData/ModuleCache.noindex -Xfrontend -serialize-debugging-options -profile-coverage-mapping -profile-generate -enable-testing -index-store-path /Users/admin/builder/spi-builder-workspace/.derivedData/Index.noindex/DataStore -Xcc -D_LIBCPP_HARDENING_MODE\=_LIBCPP_HARDENING_MODE_DEBUG -swift-version 5 -I /Users/admin/builder/spi-builder-workspace/.derivedData/Build/Products/Debug-appletvos -Isystem /Applications/Xcode-27.0.0-Release.Candidate.app/Contents/Developer/Platforms/AppleTVOS.platform/Developer/usr/lib -F /Users/admin/builder/spi-builder-workspace/.derivedData/Build/Products/Debug-appletvos -F /Applications/Xcode-27.0.0-Release.Candidate.app/Contents/Developer/Platforms/AppleTVOS.platform/Developer/Library/Frameworks -F /Applications/Xcode-27.0.0-Release.Candidate.app/Contents/Developer/Platforms/AppleTVOS.platform/Developer/SDKs/AppleTVOS27.0.sdk/Developer/Library/Frameworks -c -j10 -enable-batch-mode -incremental -Xcc -ivfsstatcache -Xcc /Users/admin/builder/spi-builder-workspace/.derivedData/SDKStatCaches.noindex/appletvos27.0-24J360-e829b21a6f8c9b70876ba0858053c044b32bfd8d43560033f8d89884cdb90028.sdkstatcache -output-file-map /Users/admin/builder/spi-builder-workspace/.derivedData/Build/Intermediates.noindex/Debugger.build/Debug-appletvos/Debugger-t.build/Objects-normal/arm64/Debugger-OutputFileMap.json -save-temps -no-color-diagnostics -explicit-module-build -module-cache-path /Users/admin/builder/spi-builder-workspace/.derivedData/Build/Intermediates.noindex/SwiftExplicitPrecompiledModules -clang-scanner-module-cache-path /Users/admin/builder/spi-builder-workspace/.derivedData/ModuleCache.noindex -sdk-module-cache-path /Users/admin/builder/spi-builder-workspace/.derivedData/SDKExplicitPrecompiledModules -emit-dependencies -emit-module -emit-module-path /Users/admin/builder/spi-builder-workspace/.derivedData/Build/Intermediates.noindex/Debugger.build/Debug-appletvos/Debugger-t.build/Objects-normal/arm64/Debugger.swiftmodule -serialize-diagnostics -dependency-scan-serialize-diagnostics-path /Users/admin/builder/spi-builder-workspace/.derivedData/Build/Intermediates.noindex/Debugger.build/Debug-appletvos/Debugger-t.build/Objects-normal/arm64/Debugger-dependency-scan.dia -validate-clang-modules-once -clang-build-session-file /Users/admin/builder/spi-builder-workspace/.derivedData/ModuleCache.noindex/Session.modulevalidation -Xcc -fmodules-prune-interval\=86400 -Xcc -fmodules-prune-after\=345600 -package-name spi_builder_workspace -emit-const-values -const-gather-protocols-list /Users/admin/builder/spi-builder-workspace/.derivedData/Build/Intermediates.noindex/Debugger.build/Debug-appletvos/Debugger-t.build/Objects-normal/arm64/Debugger_const_extract_protocols.json -Xcc -I/Users/admin/builder/spi-builder-workspace/.derivedData/Build/Products/Debug-appletvos/include -Xcc -I/Users/admin/builder/spi-builder-workspace/.derivedData/Build/Intermediates.noindex/Debugger.build/Debug-appletvos/Debugger-t.build/DerivedSources-normal/arm64 -Xcc -I/Users/admin/builder/spi-builder-workspace/.derivedData/Build/Intermediates.noindex/Debugger.build/Debug-appletvos/Debugger-t.build/DerivedSources/arm64 -Xcc -I/Users/admin/builder/spi-builder-workspace/.derivedData/Build/Intermediates.noindex/Debugger.build/Debug-appletvos/Debugger-t.build/DerivedSources -Xcc -DSWIFT_PACKAGE -Xcc -DDEBUG\=1 -emit-objc-header -emit-objc-header-path /Users/admin/builder/spi-builder-workspace/.derivedData/Build/Intermediates.noindex/Debugger.build/Debug-appletvos/Debugger-t.build/Objects-normal/arm64/Debugger-Swift.h -working-directory /Users/admin/builder/spi-builder-workspace/.swiftpm/xcode -experimental-emit-module-separately -disable-cmo
SwiftCompile normal arm64 Compiling\ ShareUtils.swift,\ PostmanModels.swift,\ RequestModel.swift,\ RequestTagItem.swift,\ NetworkSnifferViewModel.swift,\ RequestSectionViewModel.swift,\ RequestTagItemViewModel.swift,\ NetworkSnifferView.swift,\ RequestItemView.swift /Users/admin/builder/spi-builder-workspace/Sources/Debugger/Features/NetworkSniffer/Logic/ShareUtils.swift /Users/admin/builder/spi-builder-workspace/Sources/Debugger/Features/NetworkSniffer/Models/PostmanModels.swift /Users/admin/builder/spi-builder-workspace/Sources/Debugger/Features/NetworkSniffer/Models/RequestModel.swift /Users/admin/builder/spi-builder-workspace/Sources/Debugger/Features/NetworkSniffer/Models/RequestTagItem.swift /Users/admin/builder/spi-builder-workspace/Sources/Debugger/Features/NetworkSniffer/ViewModels/NetworkSnifferViewModel.swift /Users/admin/builder/spi-builder-workspace/Sources/Debugger/Features/NetworkSniffer/ViewModels/RequestSectionViewModel.swift /Users/admin/builder/spi-builder-workspace/Sources/Debugger/Features/NetworkSniffer/ViewModels/RequestTagItemViewModel.swift /Users/admin/builder/spi-builder-workspace/Sources/Debugger/Features/NetworkSniffer/Views/NetworkSnifferView.swift /Users/admin/builder/spi-builder-workspace/Sources/Debugger/Features/NetworkSniffer/Views/RequestItemView.swift (in target 'Debugger' from project 'Debugger')
SwiftCompile normal arm64 /Users/admin/builder/spi-builder-workspace/Sources/Debugger/Features/NetworkSniffer/Logic/ShareUtils.swift (in target 'Debugger' from project 'Debugger')
cd /Users/admin/builder/spi-builder-workspace/.swiftpm/xcode
builtin-SwiftPerFileCompile ShareUtils.swift
SwiftCompile normal arm64 /Users/admin/builder/spi-builder-workspace/Sources/Debugger/Features/NetworkSniffer/Models/PostmanModels.swift (in target 'Debugger' from project 'Debugger')
cd /Users/admin/builder/spi-builder-workspace/.swiftpm/xcode
builtin-SwiftPerFileCompile PostmanModels.swift
SwiftCompile normal arm64 /Users/admin/builder/spi-builder-workspace/Sources/Debugger/Features/NetworkSniffer/Models/RequestModel.swift (in target 'Debugger' from project 'Debugger')
cd /Users/admin/builder/spi-builder-workspace/.swiftpm/xcode
builtin-SwiftPerFileCompile RequestModel.swift
SwiftCompile normal arm64 /Users/admin/builder/spi-builder-workspace/Sources/Debugger/Features/NetworkSniffer/Models/RequestTagItem.swift (in target 'Debugger' from project 'Debugger')
cd /Users/admin/builder/spi-builder-workspace/.swiftpm/xcode
builtin-SwiftPerFileCompile RequestTagItem.swift
SwiftCompile normal arm64 /Users/admin/builder/spi-builder-workspace/Sources/Debugger/Features/NetworkSniffer/ViewModels/NetworkSnifferViewModel.swift (in target 'Debugger' from project 'Debugger')
cd /Users/admin/builder/spi-builder-workspace/.swiftpm/xcode
builtin-SwiftPerFileCompile NetworkSnifferViewModel.swift
SwiftCompile normal arm64 /Users/admin/builder/spi-builder-workspace/Sources/Debugger/Features/NetworkSniffer/ViewModels/RequestSectionViewModel.swift (in target 'Debugger' from project 'Debugger')
cd /Users/admin/builder/spi-builder-workspace/.swiftpm/xcode
builtin-SwiftPerFileCompile RequestSectionViewModel.swift
SwiftCompile normal arm64 /Users/admin/builder/spi-builder-workspace/Sources/Debugger/Features/NetworkSniffer/ViewModels/RequestTagItemViewModel.swift (in target 'Debugger' from project 'Debugger')
cd /Users/admin/builder/spi-builder-workspace/.swiftpm/xcode
builtin-SwiftPerFileCompile RequestTagItemViewModel.swift
SwiftCompile normal arm64 /Users/admin/builder/spi-builder-workspace/Sources/Debugger/Features/NetworkSniffer/Views/NetworkSnifferView.swift (in target 'Debugger' from project 'Debugger')
cd /Users/admin/builder/spi-builder-workspace/.swiftpm/xcode
builtin-SwiftPerFileCompile NetworkSnifferView.swift
SwiftCompile normal arm64 /Users/admin/builder/spi-builder-workspace/Sources/Debugger/Features/NetworkSniffer/Views/RequestItemView.swift (in target 'Debugger' from project 'Debugger')
cd /Users/admin/builder/spi-builder-workspace/.swiftpm/xcode
builtin-SwiftPerFileCompile RequestItemView.swift
SwiftCompile normal arm64 Compiling\ DebuggerConfiguration.swift,\ DebuggerConfigurationRule.swift,\ HttpBodyStream.swift,\ RequestBody.swift,\ RequestContentType.swift,\ ConfigurationItemViewModel.swift,\ ConfigurationRuleViewModel.swift,\ ConfigurationSwitcherViewModel.swift,\ ConfigurationViewModel.swift /Users/admin/builder/spi-builder-workspace/Sources/Debugger/Features/ConfigurationSwitcher/Models/DebuggerConfiguration.swift /Users/admin/builder/spi-builder-workspace/Sources/Debugger/Features/ConfigurationSwitcher/Models/DebuggerConfigurationRule.swift /Users/admin/builder/spi-builder-workspace/Sources/Debugger/Features/ConfigurationSwitcher/Models/HttpBodyStream.swift /Users/admin/builder/spi-builder-workspace/Sources/Debugger/Features/ConfigurationSwitcher/Models/RequestBody.swift /Users/admin/builder/spi-builder-workspace/Sources/Debugger/Features/ConfigurationSwitcher/Models/RequestContentType.swift /Users/admin/builder/spi-builder-workspace/Sources/Debugger/Features/ConfigurationSwitcher/ViewModels/ConfigurationItemViewModel.swift /Users/admin/builder/spi-builder-workspace/Sources/Debugger/Features/ConfigurationSwitcher/ViewModels/ConfigurationRuleViewModel.swift /Users/admin/builder/spi-builder-workspace/Sources/Debugger/Features/ConfigurationSwitcher/ViewModels/ConfigurationSwitcherViewModel.swift /Users/admin/builder/spi-builder-workspace/Sources/Debugger/Features/ConfigurationSwitcher/ViewModels/ConfigurationViewModel.swift (in target 'Debugger' from project 'Debugger')
SwiftCompile normal arm64 /Users/admin/builder/spi-builder-workspace/Sources/Debugger/Features/ConfigurationSwitcher/Models/DebuggerConfiguration.swift (in target 'Debugger' from project 'Debugger')
cd /Users/admin/builder/spi-builder-workspace/.swiftpm/xcode
builtin-SwiftPerFileCompile DebuggerConfiguration.swift
SwiftCompile normal arm64 /Users/admin/builder/spi-builder-workspace/Sources/Debugger/Features/ConfigurationSwitcher/Models/DebuggerConfigurationRule.swift (in target 'Debugger' from project 'Debugger')
cd /Users/admin/builder/spi-builder-workspace/.swiftpm/xcode
builtin-SwiftPerFileCompile DebuggerConfigurationRule.swift
SwiftCompile normal arm64 /Users/admin/builder/spi-builder-workspace/Sources/Debugger/Features/ConfigurationSwitcher/Models/HttpBodyStream.swift (in target 'Debugger' from project 'Debugger')
cd /Users/admin/builder/spi-builder-workspace/.swiftpm/xcode
builtin-SwiftPerFileCompile HttpBodyStream.swift
SwiftCompile normal arm64 /Users/admin/builder/spi-builder-workspace/Sources/Debugger/Features/ConfigurationSwitcher/Models/RequestBody.swift (in target 'Debugger' from project 'Debugger')
cd /Users/admin/builder/spi-builder-workspace/.swiftpm/xcode
builtin-SwiftPerFileCompile RequestBody.swift
SwiftCompile normal arm64 /Users/admin/builder/spi-builder-workspace/Sources/Debugger/Features/ConfigurationSwitcher/Models/RequestContentType.swift (in target 'Debugger' from project 'Debugger')
cd /Users/admin/builder/spi-builder-workspace/.swiftpm/xcode
builtin-SwiftPerFileCompile RequestContentType.swift
SwiftCompile normal arm64 /Users/admin/builder/spi-builder-workspace/Sources/Debugger/Features/ConfigurationSwitcher/ViewModels/ConfigurationItemViewModel.swift (in target 'Debugger' from project 'Debugger')
cd /Users/admin/builder/spi-builder-workspace/.swiftpm/xcode
builtin-SwiftPerFileCompile ConfigurationItemViewModel.swift
SwiftCompile normal arm64 /Users/admin/builder/spi-builder-workspace/Sources/Debugger/Features/ConfigurationSwitcher/ViewModels/ConfigurationRuleViewModel.swift (in target 'Debugger' from project 'Debugger')
cd /Users/admin/builder/spi-builder-workspace/.swiftpm/xcode
builtin-SwiftPerFileCompile ConfigurationRuleViewModel.swift
SwiftCompile normal arm64 /Users/admin/builder/spi-builder-workspace/Sources/Debugger/Features/ConfigurationSwitcher/ViewModels/ConfigurationSwitcherViewModel.swift (in target 'Debugger' from project 'Debugger')
cd /Users/admin/builder/spi-builder-workspace/.swiftpm/xcode
builtin-SwiftPerFileCompile ConfigurationSwitcherViewModel.swift
SwiftCompile normal arm64 /Users/admin/builder/spi-builder-workspace/Sources/Debugger/Features/ConfigurationSwitcher/ViewModels/ConfigurationViewModel.swift (in target 'Debugger' from project 'Debugger')
cd /Users/admin/builder/spi-builder-workspace/.swiftpm/xcode
builtin-SwiftPerFileCompile ConfigurationViewModel.swift
SwiftCompile normal arm64 Compiling\ PropertyWrapper.swift,\ SystemMetricService.swift,\ SystemMetric.swift,\ SystemDebuggerViewModel.swift,\ SystemDebuggerView.swift,\ SystemDebuggerWidgetView.swift,\ UIView+.swift,\ ViewInspectorService.swift,\ ViewInspectorConfiguration.swift /Users/admin/builder/spi-builder-workspace/Sources/Debugger/Features/SystemDebugger/Logic/PropertyWrapper.swift /Users/admin/builder/spi-builder-workspace/Sources/Debugger/Features/SystemDebugger/Logic/SystemMetricService.swift /Users/admin/builder/spi-builder-workspace/Sources/Debugger/Features/SystemDebugger/Models/SystemMetric.swift /Users/admin/builder/spi-builder-workspace/Sources/Debugger/Features/SystemDebugger/ViewModels/SystemDebuggerViewModel.swift /Users/admin/builder/spi-builder-workspace/Sources/Debugger/Features/SystemDebugger/Views/SystemDebuggerView.swift /Users/admin/builder/spi-builder-workspace/Sources/Debugger/Features/SystemDebugger/Views/SystemDebuggerWidgetView.swift /Users/admin/builder/spi-builder-workspace/Sources/Debugger/Features/ViewInspector/Extensions/UIView+.swift /Users/admin/builder/spi-builder-workspace/Sources/Debugger/Features/ViewInspector/Logic/ViewInspectorService.swift /Users/admin/builder/spi-builder-workspace/Sources/Debugger/Features/ViewInspector/Models/ViewInspectorConfiguration.swift (in target 'Debugger' from project 'Debugger')
/Users/admin/builder/spi-builder-workspace/Sources/Debugger/Features/SystemDebugger/Logic/SystemMetricService.swift:118:27: warning: initialization of 'UnsafeMutablePointer<thread_act_t>' (aka 'UnsafeMutablePointer<UInt32>') results in a dangling pointer [#TemporaryPointers]
116 | private func cpuUsage() -> String {
117 | var totalUsageOfCPU: Double = 0.0
118 | var threadsList = UnsafeMutablePointer(mutating: [thread_act_t]())
| | |- note: implicit argument conversion from '[thread_act_t]' (aka 'Array<UInt32>') to 'UnsafePointer<thread_act_t>' (aka 'UnsafePointer<UInt32>') produces a pointer valid only for the duration of the call to 'init(mutating:)'
| | `- note: use the 'withUnsafeBufferPointer' method on Array in order to explicitly convert argument to buffer pointer valid for a defined scope
| `- warning: initialization of 'UnsafeMutablePointer<thread_act_t>' (aka 'UnsafeMutablePointer<UInt32>') results in a dangling pointer [#TemporaryPointers]
119 | var threadsCount = mach_msg_type_number_t(0)
120 | let threadsResult = withUnsafeMutablePointer(to: &threadsList) {
/Users/admin/builder/spi-builder-workspace/Sources/Debugger/Shared/Extensions/Color+.swift:23:49: error: 'systemBackground' is unavailable in tvOS
21 |
22 | // MARK: - Background Colors
23 | static let systemBackground = Color(UIColor.systemBackground)
| `- error: 'systemBackground' is unavailable in tvOS
24 | static let secondarySystemBackground = Color(UIColor.secondarySystemBackground)
25 | static let tertiarySystemBackground = Color(UIColor.tertiarySystemBackground)
/Applications/Xcode-27.0.0-Release.Candidate.app/Contents/Developer/Platforms/AppleTVOS.platform/Developer/SDKs/AppleTVOS27.0.sdk/System/Library/Frameworks/UIKit.framework/Headers/UIInterface.h:208:49: note: 'systemBackground' has been explicitly marked unavailable here
206 | * primary background in light mode.
207 | */
208 | @property (class, nonatomic, readonly) UIColor *systemBackgroundColor API_AVAILABLE(ios(13.0)) API_UNAVAILABLE(tvos, watchos);
| `- note: 'systemBackground' has been explicitly marked unavailable here
209 | @property (class, nonatomic, readonly) UIColor *secondarySystemBackgroundColor API_AVAILABLE(ios(13.0)) API_UNAVAILABLE(tvos, watchos);
210 | @property (class, nonatomic, readonly) UIColor *tertiarySystemBackgroundColor API_AVAILABLE(ios(13.0)) API_UNAVAILABLE(tvos, watchos);
/Users/admin/builder/spi-builder-workspace/Sources/Debugger/Features/ViewInspector/Extensions/UIView+.swift:307:60: error: 'systemBackground' is unavailable in tvOS
305 | horizontalDistanceLabel.frame = horizontalDistanceLabel.frame.insetBy(dx: -4, dy: -4)
306 | horizontalDistanceLabel.center = CGPoint(x: (minX + maxX) / 2, y: firstFrame.midY)
307 | horizontalDistanceLabel.backgroundColor = .systemBackground
| `- error: 'systemBackground' is unavailable in tvOS
308 | horizontalDistanceLabel.textColor = .systemBlue
309 | horizontalDistanceLabel.layer.masksToBounds = true
/Applications/Xcode-27.0.0-Release.Candidate.app/Contents/Developer/Platforms/AppleTVOS.platform/Developer/SDKs/AppleTVOS27.0.sdk/System/Library/Frameworks/UIKit.framework/Headers/UIInterface.h:208:49: note: 'systemBackground' has been explicitly marked unavailable here
206 | * primary background in light mode.
207 | */
208 | @property (class, nonatomic, readonly) UIColor *systemBackgroundColor API_AVAILABLE(ios(13.0)) API_UNAVAILABLE(tvos, watchos);
| `- note: 'systemBackground' has been explicitly marked unavailable here
209 | @property (class, nonatomic, readonly) UIColor *secondarySystemBackgroundColor API_AVAILABLE(ios(13.0)) API_UNAVAILABLE(tvos, watchos);
210 | @property (class, nonatomic, readonly) UIColor *tertiarySystemBackgroundColor API_AVAILABLE(ios(13.0)) API_UNAVAILABLE(tvos, watchos);
SwiftCompile normal arm64 /Users/admin/builder/spi-builder-workspace/Sources/Debugger/Features/SystemDebugger/Logic/PropertyWrapper.swift (in target 'Debugger' from project 'Debugger')
cd /Users/admin/builder/spi-builder-workspace/.swiftpm/xcode
builtin-SwiftPerFileCompile PropertyWrapper.swift
SwiftCompile normal arm64 /Users/admin/builder/spi-builder-workspace/Sources/Debugger/Features/SystemDebugger/Logic/SystemMetricService.swift (in target 'Debugger' from project 'Debugger')
cd /Users/admin/builder/spi-builder-workspace/.swiftpm/xcode
builtin-SwiftPerFileCompile SystemMetricService.swift
SwiftCompile normal arm64 /Users/admin/builder/spi-builder-workspace/Sources/Debugger/Features/SystemDebugger/Models/SystemMetric.swift (in target 'Debugger' from project 'Debugger')
cd /Users/admin/builder/spi-builder-workspace/.swiftpm/xcode
builtin-SwiftPerFileCompile SystemMetric.swift
SwiftCompile normal arm64 /Users/admin/builder/spi-builder-workspace/Sources/Debugger/Features/SystemDebugger/ViewModels/SystemDebuggerViewModel.swift (in target 'Debugger' from project 'Debugger')
cd /Users/admin/builder/spi-builder-workspace/.swiftpm/xcode
builtin-SwiftPerFileCompile SystemDebuggerViewModel.swift
SwiftCompile normal arm64 /Users/admin/builder/spi-builder-workspace/Sources/Debugger/Features/SystemDebugger/Views/SystemDebuggerView.swift (in target 'Debugger' from project 'Debugger')
cd /Users/admin/builder/spi-builder-workspace/.swiftpm/xcode
builtin-SwiftPerFileCompile SystemDebuggerView.swift
SwiftCompile normal arm64 /Users/admin/builder/spi-builder-workspace/Sources/Debugger/Features/SystemDebugger/Views/SystemDebuggerWidgetView.swift (in target 'Debugger' from project 'Debugger')
cd /Users/admin/builder/spi-builder-workspace/.swiftpm/xcode
builtin-SwiftPerFileCompile SystemDebuggerWidgetView.swift
SwiftCompile normal arm64 /Users/admin/builder/spi-builder-workspace/Sources/Debugger/Features/ViewInspector/Extensions/UIView+.swift (in target 'Debugger' from project 'Debugger')
cd /Users/admin/builder/spi-builder-workspace/.swiftpm/xcode
builtin-SwiftPerFileCompile UIView+.swift
SwiftCompile normal arm64 /Users/admin/builder/spi-builder-workspace/Sources/Debugger/Features/ViewInspector/Logic/ViewInspectorService.swift (in target 'Debugger' from project 'Debugger')
cd /Users/admin/builder/spi-builder-workspace/.swiftpm/xcode
builtin-SwiftPerFileCompile ViewInspectorService.swift
SwiftCompile normal arm64 /Users/admin/builder/spi-builder-workspace/Sources/Debugger/Features/ViewInspector/Models/ViewInspectorConfiguration.swift (in target 'Debugger' from project 'Debugger')
cd /Users/admin/builder/spi-builder-workspace/.swiftpm/xcode
builtin-SwiftPerFileCompile ViewInspectorConfiguration.swift
SwiftCompile normal arm64 Compiling\ AttributesInspectorViewModel.swift,\ ViewInspectorViewModel.swift,\ AttributesInspectorView.swift,\ ViewInspectorConfigurationView.swift,\ ViewInspectorView.swift,\ Binding+.swift,\ Color+.swift,\ DispatchQueue+.swift,\ EdgeInsets+.swift /Users/admin/builder/spi-builder-workspace/Sources/Debugger/Features/ViewInspector/ViewModels/AttributesInspectorViewModel.swift /Users/admin/builder/spi-builder-workspace/Sources/Debugger/Features/ViewInspector/ViewModels/ViewInspectorViewModel.swift /Users/admin/builder/spi-builder-workspace/Sources/Debugger/Features/ViewInspector/Views/AttributesInspectorView.swift /Users/admin/builder/spi-builder-workspace/Sources/Debugger/Features/ViewInspector/Views/ViewInspectorConfigurationView.swift /Users/admin/builder/spi-builder-workspace/Sources/Debugger/Features/ViewInspector/Views/ViewInspectorView.swift /Users/admin/builder/spi-builder-workspace/Sources/Debugger/Shared/Extensions/Binding+.swift /Users/admin/builder/spi-builder-workspace/Sources/Debugger/Shared/Extensions/Color+.swift /Users/admin/builder/spi-builder-workspace/Sources/Debugger/Shared/Extensions/DispatchQueue+.swift /Users/admin/builder/spi-builder-workspace/Sources/Debugger/Shared/Extensions/EdgeInsets+.swift (in target 'Debugger' from project 'Debugger')
/Users/admin/builder/spi-builder-workspace/Sources/Debugger/Shared/Extensions/Color+.swift:24:58: error: 'secondarySystemBackground' is unavailable in tvOS
22 | // MARK: - Background Colors
23 | static let systemBackground = Color(UIColor.systemBackground)
24 | static let secondarySystemBackground = Color(UIColor.secondarySystemBackground)
| `- error: 'secondarySystemBackground' is unavailable in tvOS
25 | static let tertiarySystemBackground = Color(UIColor.tertiarySystemBackground)
26 |
/Applications/Xcode-27.0.0-Release.Candidate.app/Contents/Developer/Platforms/AppleTVOS.platform/Developer/SDKs/AppleTVOS27.0.sdk/System/Library/Frameworks/UIKit.framework/Headers/UIInterface.h:209:49: note: 'secondarySystemBackground' has been explicitly marked unavailable here
207 | */
208 | @property (class, nonatomic, readonly) UIColor *systemBackgroundColor API_AVAILABLE(ios(13.0)) API_UNAVAILABLE(tvos, watchos);
209 | @property (class, nonatomic, readonly) UIColor *secondarySystemBackgroundColor API_AVAILABLE(ios(13.0)) API_UNAVAILABLE(tvos, watchos);
| `- note: 'secondarySystemBackground' has been explicitly marked unavailable here
210 | @property (class, nonatomic, readonly) UIColor *tertiarySystemBackgroundColor API_AVAILABLE(ios(13.0)) API_UNAVAILABLE(tvos, watchos);
211 |
/Users/admin/builder/spi-builder-workspace/Sources/Debugger/Features/ViewInspector/Views/ViewInspectorView.swift:20:18: error: 'onTapGesture(count:perform:)' is only available in tvOS 16.0 or newer
8 | import SwiftUI
9 |
10 | struct ViewInspectorView: View {
| `- note: add '@available' attribute to enclosing struct
11 | @ObservedObject var viewModel: ViewInspectorViewModel
12 |
13 | var body: some View {
| `- note: add '@available' attribute to enclosing property
14 | List {
15 | ForEach(ViewInspectorConfiguration.allCases) { configuration in
:
18 | isSelected: viewModel.configuration == configuration
19 | )
20 | .onTapGesture {
| |- error: 'onTapGesture(count:perform:)' is only available in tvOS 16.0 or newer
| `- note: add 'if #available' version check
21 | viewModel.configuration = configuration
22 | }
/Users/admin/builder/spi-builder-workspace/Sources/Debugger/Shared/Extensions/Color+.swift:12:42: error: 'lightText' is unavailable in tvOS
10 | extension Color {
11 | // MARK: - Text Colors
12 | static let lightText = Color(UIColor.lightText)
| `- error: 'lightText' is unavailable in tvOS
13 | static let darkText = Color(UIColor.darkText)
14 | static let placeholderText = Color(UIColor.placeholderText)
/Applications/Xcode-27.0.0-Release.Candidate.app/Contents/Developer/Platforms/AppleTVOS.platform/Developer/SDKs/AppleTVOS27.0.sdk/System/Library/Frameworks/UIKit.framework/Headers/UIInterface.h:251:48: note: 'lightText' has been explicitly marked unavailable here
249 | * When possible, we recommend using `labelColor` and its variants, instead.
250 | */
251 | @property(class, nonatomic, readonly) UIColor *lightTextColor API_UNAVAILABLE(tvos, watchos); // for a dark background
| `- note: 'lightText' has been explicitly marked unavailable here
252 | @property(class, nonatomic, readonly) UIColor *darkTextColor API_UNAVAILABLE(tvos, watchos); // for a light background
253 |
/Users/admin/builder/spi-builder-workspace/Sources/Debugger/Shared/Extensions/Color+.swift:13:41: error: 'darkText' is unavailable in tvOS
11 | // MARK: - Text Colors
12 | static let lightText = Color(UIColor.lightText)
13 | static let darkText = Color(UIColor.darkText)
| `- error: 'darkText' is unavailable in tvOS
14 | static let placeholderText = Color(UIColor.placeholderText)
15 |
/Applications/Xcode-27.0.0-Release.Candidate.app/Contents/Developer/Platforms/AppleTVOS.platform/Developer/SDKs/AppleTVOS27.0.sdk/System/Library/Frameworks/UIKit.framework/Headers/UIInterface.h:252:48: note: 'darkText' has been explicitly marked unavailable here
250 | */
251 | @property(class, nonatomic, readonly) UIColor *lightTextColor API_UNAVAILABLE(tvos, watchos); // for a dark background
252 | @property(class, nonatomic, readonly) UIColor *darkTextColor API_UNAVAILABLE(tvos, watchos); // for a light background
| `- note: 'darkText' has been explicitly marked unavailable here
253 |
254 | /* groupTableViewBackgroundColor is now the same as systemGroupedBackgroundColor.
/Users/admin/builder/spi-builder-workspace/Sources/Debugger/Shared/Extensions/Color+.swift:23:49: error: 'systemBackground' is unavailable in tvOS
21 |
22 | // MARK: - Background Colors
23 | static let systemBackground = Color(UIColor.systemBackground)
| `- error: 'systemBackground' is unavailable in tvOS
24 | static let secondarySystemBackground = Color(UIColor.secondarySystemBackground)
25 | static let tertiarySystemBackground = Color(UIColor.tertiarySystemBackground)
/Applications/Xcode-27.0.0-Release.Candidate.app/Contents/Developer/Platforms/AppleTVOS.platform/Developer/SDKs/AppleTVOS27.0.sdk/System/Library/Frameworks/UIKit.framework/Headers/UIInterface.h:208:49: note: 'systemBackground' has been explicitly marked unavailable here
206 | * primary background in light mode.
207 | */
208 | @property (class, nonatomic, readonly) UIColor *systemBackgroundColor API_AVAILABLE(ios(13.0)) API_UNAVAILABLE(tvos, watchos);
| `- note: 'systemBackground' has been explicitly marked unavailable here
209 | @property (class, nonatomic, readonly) UIColor *secondarySystemBackgroundColor API_AVAILABLE(ios(13.0)) API_UNAVAILABLE(tvos, watchos);
210 | @property (class, nonatomic, readonly) UIColor *tertiarySystemBackgroundColor API_AVAILABLE(ios(13.0)) API_UNAVAILABLE(tvos, watchos);
/Users/admin/builder/spi-builder-workspace/Sources/Debugger/Shared/Extensions/Color+.swift:25:57: error: 'tertiarySystemBackground' is unavailable in tvOS
23 | static let systemBackground = Color(UIColor.systemBackground)
24 | static let secondarySystemBackground = Color(UIColor.secondarySystemBackground)
25 | static let tertiarySystemBackground = Color(UIColor.tertiarySystemBackground)
| `- error: 'tertiarySystemBackground' is unavailable in tvOS
26 |
27 | // MARK: - Fill Colors
/Applications/Xcode-27.0.0-Release.Candidate.app/Contents/Developer/Platforms/AppleTVOS.platform/Developer/SDKs/AppleTVOS27.0.sdk/System/Library/Frameworks/UIKit.framework/Headers/UIInterface.h:210:49: note: 'tertiarySystemBackground' has been explicitly marked unavailable here
208 | @property (class, nonatomic, readonly) UIColor *systemBackgroundColor API_AVAILABLE(ios(13.0)) API_UNAVAILABLE(tvos, watchos);
209 | @property (class, nonatomic, readonly) UIColor *secondarySystemBackgroundColor API_AVAILABLE(ios(13.0)) API_UNAVAILABLE(tvos, watchos);
210 | @property (class, nonatomic, readonly) UIColor *tertiarySystemBackgroundColor API_AVAILABLE(ios(13.0)) API_UNAVAILABLE(tvos, watchos);
| `- note: 'tertiarySystemBackground' has been explicitly marked unavailable here
211 |
212 | /* 2. systemGroupedBackground
/Users/admin/builder/spi-builder-workspace/Sources/Debugger/Shared/Extensions/Color+.swift:28:43: error: 'systemFill' is unavailable in tvOS
26 |
27 | // MARK: - Fill Colors
28 | static let systemFill = Color(UIColor.systemFill)
| `- error: 'systemFill' is unavailable in tvOS
29 | static let secondarySystemFill = Color(UIColor.secondarySystemFill)
30 | static let tertiarySystemFill = Color(UIColor.tertiarySystemFill)
/Applications/Xcode-27.0.0-Release.Candidate.app/Contents/Developer/Platforms/AppleTVOS.platform/Developer/SDKs/AppleTVOS27.0.sdk/System/Library/Frameworks/UIKit.framework/Headers/UIInterface.h:229:49: note: 'systemFill' has been explicitly marked unavailable here
227 | * Example: The track of a slider.
228 | */
229 | @property (class, nonatomic, readonly) UIColor *systemFillColor API_AVAILABLE(ios(13.0)) API_UNAVAILABLE(tvos, watchos);
| `- note: 'systemFill' has been explicitly marked unavailable here
230 |
231 | /* secondarySystemFillColor is appropriate for filling medium-size shapes.
/Users/admin/builder/spi-builder-workspace/Sources/Debugger/Shared/Extensions/Color+.swift:29:52: error: 'secondarySystemFill' is unavailable in tvOS
27 | // MARK: - Fill Colors
28 | static let systemFill = Color(UIColor.systemFill)
29 | static let secondarySystemFill = Color(UIColor.secondarySystemFill)
| `- error: 'secondarySystemFill' is unavailable in tvOS
30 | static let tertiarySystemFill = Color(UIColor.tertiarySystemFill)
31 | static let quaternarySystemFill = Color(UIColor.quaternarySystemFill)
/Applications/Xcode-27.0.0-Release.Candidate.app/Contents/Developer/Platforms/AppleTVOS.platform/Developer/SDKs/AppleTVOS27.0.sdk/System/Library/Frameworks/UIKit.framework/Headers/UIInterface.h:234:49: note: 'secondarySystemFill' has been explicitly marked unavailable here
232 | * Example: The background of a switch.
233 | */
234 | @property (class, nonatomic, readonly) UIColor *secondarySystemFillColor API_AVAILABLE(ios(13.0)) API_UNAVAILABLE(tvos, watchos);
| `- note: 'secondarySystemFill' has been explicitly marked unavailable here
235 |
236 | /* tertiarySystemFillColor is appropriate for filling large shapes.
/Users/admin/builder/spi-builder-workspace/Sources/Debugger/Shared/Extensions/Color+.swift:30:51: error: 'tertiarySystemFill' is unavailable in tvOS
28 | static let systemFill = Color(UIColor.systemFill)
29 | static let secondarySystemFill = Color(UIColor.secondarySystemFill)
30 | static let tertiarySystemFill = Color(UIColor.tertiarySystemFill)
| `- error: 'tertiarySystemFill' is unavailable in tvOS
31 | static let quaternarySystemFill = Color(UIColor.quaternarySystemFill)
32 |
/Applications/Xcode-27.0.0-Release.Candidate.app/Contents/Developer/Platforms/AppleTVOS.platform/Developer/SDKs/AppleTVOS27.0.sdk/System/Library/Frameworks/UIKit.framework/Headers/UIInterface.h:239:49: note: 'tertiarySystemFill' has been explicitly marked unavailable here
237 | * Examples: Input fields, search bars, buttons.
238 | */
239 | @property (class, nonatomic, readonly) UIColor *tertiarySystemFillColor API_AVAILABLE(ios(13.0)) API_UNAVAILABLE(tvos, watchos);
| `- note: 'tertiarySystemFill' has been explicitly marked unavailable here
240 |
241 | /* quaternarySystemFillColor is appropriate for filling large areas containing complex content.
/Users/admin/builder/spi-builder-workspace/Sources/Debugger/Shared/Extensions/Color+.swift:31:53: error: 'quaternarySystemFill' is unavailable in tvOS
29 | static let secondarySystemFill = Color(UIColor.secondarySystemFill)
30 | static let tertiarySystemFill = Color(UIColor.tertiarySystemFill)
31 | static let quaternarySystemFill = Color(UIColor.quaternarySystemFill)
| `- error: 'quaternarySystemFill' is unavailable in tvOS
32 |
33 | // MARK: - Grouped Background Colors
/Applications/Xcode-27.0.0-Release.Candidate.app/Contents/Developer/Platforms/AppleTVOS.platform/Developer/SDKs/AppleTVOS27.0.sdk/System/Library/Frameworks/UIKit.framework/Headers/UIInterface.h:244:49: note: 'quaternarySystemFill' has been explicitly marked unavailable here
242 | * Example: Expanded table cells.
243 | */
244 | @property (class, nonatomic, readonly) UIColor *quaternarySystemFillColor API_AVAILABLE(ios(13.0)) API_UNAVAILABLE(tvos, watchos);
| `- note: 'quaternarySystemFill' has been explicitly marked unavailable here
245 |
246 | #pragma mark Other colors
/Users/admin/builder/spi-builder-workspace/Sources/Debugger/Shared/Extensions/Color+.swift:34:56: error: 'systemGroupedBackground' is unavailable in tvOS
32 |
33 | // MARK: - Grouped Background Colors
34 | static let systemGroupedBackground = Color(UIColor.systemGroupedBackground)
| `- error: 'systemGroupedBackground' is unavailable in tvOS
35 | static let secondarySystemGroupedBackground = Color(UIColor.secondarySystemGroupedBackground)
36 | static let tertiarySystemGroupedBackground = Color(UIColor.tertiarySystemGroupedBackground)
/Applications/Xcode-27.0.0-Release.Candidate.app/Contents/Developer/Platforms/AppleTVOS.platform/Developer/SDKs/AppleTVOS27.0.sdk/System/Library/Frameworks/UIKit.framework/Headers/UIInterface.h:217:49: note: 'systemGroupedBackground' has been explicitly marked unavailable here
215 | * colors in places where a table view wouldn't make sense.
216 | */
217 | @property (class, nonatomic, readonly) UIColor *systemGroupedBackgroundColor API_AVAILABLE(ios(13.0)) API_UNAVAILABLE(tvos, watchos);
| `- note: 'systemGroupedBackground' has been explicitly marked unavailable here
218 | @property (class, nonatomic, readonly) UIColor *secondarySystemGroupedBackgroundColor API_AVAILABLE(ios(13.0)) API_UNAVAILABLE(tvos, watchos);
219 | @property (class, nonatomic, readonly) UIColor *tertiarySystemGroupedBackgroundColor API_AVAILABLE(ios(13.0)) API_UNAVAILABLE(tvos, watchos);
/Users/admin/builder/spi-builder-workspace/Sources/Debugger/Shared/Extensions/Color+.swift:35:65: error: 'secondarySystemGroupedBackground' is unavailable in tvOS
33 | // MARK: - Grouped Background Colors
34 | static let systemGroupedBackground = Color(UIColor.systemGroupedBackground)
35 | static let secondarySystemGroupedBackground = Color(UIColor.secondarySystemGroupedBackground)
| `- error: 'secondarySystemGroupedBackground' is unavailable in tvOS
36 | static let tertiarySystemGroupedBackground = Color(UIColor.tertiarySystemGroupedBackground)
37 |
/Applications/Xcode-27.0.0-Release.Candidate.app/Contents/Developer/Platforms/AppleTVOS.platform/Developer/SDKs/AppleTVOS27.0.sdk/System/Library/Frameworks/UIKit.framework/Headers/UIInterface.h:218:49: note: 'secondarySystemGroupedBackground' has been explicitly marked unavailable here
216 | */
217 | @property (class, nonatomic, readonly) UIColor *systemGroupedBackgroundColor API_AVAILABLE(ios(13.0)) API_UNAVAILABLE(tvos, watchos);
218 | @property (class, nonatomic, readonly) UIColor *secondarySystemGroupedBackgroundColor API_AVAILABLE(ios(13.0)) API_UNAVAILABLE(tvos, watchos);
| `- note: 'secondarySystemGroupedBackground' has been explicitly marked unavailable here
219 | @property (class, nonatomic, readonly) UIColor *tertiarySystemGroupedBackgroundColor API_AVAILABLE(ios(13.0)) API_UNAVAILABLE(tvos, watchos);
220 |
/Users/admin/builder/spi-builder-workspace/Sources/Debugger/Shared/Extensions/Color+.swift:36:64: error: 'tertiarySystemGroupedBackground' is unavailable in tvOS
34 | static let systemGroupedBackground = Color(UIColor.systemGroupedBackground)
35 | static let secondarySystemGroupedBackground = Color(UIColor.secondarySystemGroupedBackground)
36 | static let tertiarySystemGroupedBackground = Color(UIColor.tertiarySystemGroupedBackground)
| `- error: 'tertiarySystemGroupedBackground' is unavailable in tvOS
37 |
38 | // MARK: - Gray Colors
/Applications/Xcode-27.0.0-Release.Candidate.app/Contents/Developer/Platforms/AppleTVOS.platform/Developer/SDKs/AppleTVOS27.0.sdk/System/Library/Frameworks/UIKit.framework/Headers/UIInterface.h:219:49: note: 'tertiarySystemGroupedBackground' has been explicitly marked unavailable here
217 | @property (class, nonatomic, readonly) UIColor *systemGroupedBackgroundColor API_AVAILABLE(ios(13.0)) API_UNAVAILABLE(tvos, watchos);
218 | @property (class, nonatomic, readonly) UIColor *secondarySystemGroupedBackgroundColor API_AVAILABLE(ios(13.0)) API_UNAVAILABLE(tvos, watchos);
219 | @property (class, nonatomic, readonly) UIColor *tertiarySystemGroupedBackgroundColor API_AVAILABLE(ios(13.0)) API_UNAVAILABLE(tvos, watchos);
| `- note: 'tertiarySystemGroupedBackground' has been explicitly marked unavailable here
220 |
221 | #pragma mark Fill colors
SwiftCompile normal arm64 /Users/admin/builder/spi-builder-workspace/Sources/Debugger/Features/ViewInspector/ViewModels/AttributesInspectorViewModel.swift (in target 'Debugger' from project 'Debugger')
cd /Users/admin/builder/spi-builder-workspace/.swiftpm/xcode
builtin-SwiftPerFileCompile AttributesInspectorViewModel.swift
SwiftCompile normal arm64 /Users/admin/builder/spi-builder-workspace/Sources/Debugger/Features/ViewInspector/ViewModels/ViewInspectorViewModel.swift (in target 'Debugger' from project 'Debugger')
cd /Users/admin/builder/spi-builder-workspace/.swiftpm/xcode
builtin-SwiftPerFileCompile ViewInspectorViewModel.swift
SwiftCompile normal arm64 /Users/admin/builder/spi-builder-workspace/Sources/Debugger/Features/ViewInspector/Views/AttributesInspectorView.swift (in target 'Debugger' from project 'Debugger')
cd /Users/admin/builder/spi-builder-workspace/.swiftpm/xcode
builtin-SwiftPerFileCompile AttributesInspectorView.swift
SwiftCompile normal arm64 /Users/admin/builder/spi-builder-workspace/Sources/Debugger/Features/ViewInspector/Views/ViewInspectorConfigurationView.swift (in target 'Debugger' from project 'Debugger')
cd /Users/admin/builder/spi-builder-workspace/.swiftpm/xcode
builtin-SwiftPerFileCompile ViewInspectorConfigurationView.swift
SwiftCompile normal arm64 /Users/admin/builder/spi-builder-workspace/Sources/Debugger/Features/ViewInspector/Views/ViewInspectorView.swift (in target 'Debugger' from project 'Debugger')
cd /Users/admin/builder/spi-builder-workspace/.swiftpm/xcode
builtin-SwiftPerFileCompile ViewInspectorView.swift
SwiftCompile normal arm64 /Users/admin/builder/spi-builder-workspace/Sources/Debugger/Shared/Extensions/Binding+.swift (in target 'Debugger' from project 'Debugger')
cd /Users/admin/builder/spi-builder-workspace/.swiftpm/xcode
builtin-SwiftPerFileCompile Binding+.swift
SwiftCompile normal arm64 /Users/admin/builder/spi-builder-workspace/Sources/Debugger/Shared/Extensions/Color+.swift (in target 'Debugger' from project 'Debugger')
cd /Users/admin/builder/spi-builder-workspace/.swiftpm/xcode
builtin-SwiftPerFileCompile Color+.swift
SwiftCompile normal arm64 /Users/admin/builder/spi-builder-workspace/Sources/Debugger/Shared/Extensions/DispatchQueue+.swift (in target 'Debugger' from project 'Debugger')
cd /Users/admin/builder/spi-builder-workspace/.swiftpm/xcode
builtin-SwiftPerFileCompile DispatchQueue+.swift
SwiftCompile normal arm64 /Users/admin/builder/spi-builder-workspace/Sources/Debugger/Shared/Extensions/EdgeInsets+.swift (in target 'Debugger' from project 'Debugger')
cd /Users/admin/builder/spi-builder-workspace/.swiftpm/xcode
builtin-SwiftPerFileCompile EdgeInsets+.swift
/Users/admin/builder/spi-builder-workspace/Sources/Debugger/Shared/Extensions/Color+.swift:40:44: error: 'systemGray2' is unavailable in tvOS
38 | // MARK: - Gray Colors
39 | static let systemGray = Color(UIColor.systemGray)
40 | static let systemGray2 = Color(UIColor.systemGray2)
| `- error: 'systemGray2' is unavailable in tvOS
41 | static let systemGray3 = Color(UIColor.systemGray3)
42 | static let systemGray4 = Color(UIColor.systemGray4)
/Applications/Xcode-27.0.0-Release.Candidate.app/Contents/Developer/Platforms/AppleTVOS.platform/Developer/SDKs/AppleTVOS27.0.sdk/System/Library/Frameworks/UIKit.framework/Headers/UIInterface.h:146:49: note: 'systemGray2' has been explicitly marked unavailable here
144 | * systemGray3 is darker than that, and so on.
145 | */
146 | @property (class, nonatomic, readonly) UIColor *systemGray2Color API_AVAILABLE(ios(13.0)) API_UNAVAILABLE(tvos, watchos);
| `- note: 'systemGray2' has been explicitly marked unavailable here
147 | @property (class, nonatomic, readonly) UIColor *systemGray3Color API_AVAILABLE(ios(13.0)) API_UNAVAILABLE(tvos, watchos);
148 | @property (class, nonatomic, readonly) UIColor *systemGray4Color API_AVAILABLE(ios(13.0)) API_UNAVAILABLE(tvos, watchos);
/Users/admin/builder/spi-builder-workspace/Sources/Debugger/Shared/Extensions/Color+.swift:41:44: error: 'systemGray3' is unavailable in tvOS
39 | static let systemGray = Color(UIColor.systemGray)
40 | static let systemGray2 = Color(UIColor.systemGray2)
41 | static let systemGray3 = Color(UIColor.systemGray3)
| `- error: 'systemGray3' is unavailable in tvOS
42 | static let systemGray4 = Color(UIColor.systemGray4)
43 | static let systemGray5 = Color(UIColor.systemGray5)
/Applications/Xcode-27.0.0-Release.Candidate.app/Contents/Developer/Platforms/AppleTVOS.platform/Developer/SDKs/AppleTVOS27.0.sdk/System/Library/Frameworks/UIKit.framework/Headers/UIInterface.h:147:49: note: 'systemGray3' has been explicitly marked unavailable here
145 | */
146 | @property (class, nonatomic, readonly) UIColor *systemGray2Color API_AVAILABLE(ios(13.0)) API_UNAVAILABLE(tvos, watchos);
147 | @property (class, nonatomic, readonly) UIColor *systemGray3Color API_AVAILABLE(ios(13.0)) API_UNAVAILABLE(tvos, watchos);
| `- note: 'systemGray3' has been explicitly marked unavailable here
148 | @property (class, nonatomic, readonly) UIColor *systemGray4Color API_AVAILABLE(ios(13.0)) API_UNAVAILABLE(tvos, watchos);
149 | @property (class, nonatomic, readonly) UIColor *systemGray5Color API_AVAILABLE(ios(13.0)) API_UNAVAILABLE(tvos, watchos);
/Users/admin/builder/spi-builder-workspace/Sources/Debugger/Shared/Extensions/Color+.swift:42:44: error: 'systemGray4' is unavailable in tvOS
40 | static let systemGray2 = Color(UIColor.systemGray2)
41 | static let systemGray3 = Color(UIColor.systemGray3)
42 | static let systemGray4 = Color(UIColor.systemGray4)
| `- error: 'systemGray4' is unavailable in tvOS
43 | static let systemGray5 = Color(UIColor.systemGray5)
44 | static let systemGray6 = Color(UIColor.systemGray6)
/Applications/Xcode-27.0.0-Release.Candidate.app/Contents/Developer/Platforms/AppleTVOS.platform/Developer/SDKs/AppleTVOS27.0.sdk/System/Library/Frameworks/UIKit.framework/Headers/UIInterface.h:148:49: note: 'systemGray4' has been explicitly marked unavailable here
146 | @property (class, nonatomic, readonly) UIColor *systemGray2Color API_AVAILABLE(ios(13.0)) API_UNAVAILABLE(tvos, watchos);
147 | @property (class, nonatomic, readonly) UIColor *systemGray3Color API_AVAILABLE(ios(13.0)) API_UNAVAILABLE(tvos, watchos);
148 | @property (class, nonatomic, readonly) UIColor *systemGray4Color API_AVAILABLE(ios(13.0)) API_UNAVAILABLE(tvos, watchos);
| `- note: 'systemGray4' has been explicitly marked unavailable here
149 | @property (class, nonatomic, readonly) UIColor *systemGray5Color API_AVAILABLE(ios(13.0)) API_UNAVAILABLE(tvos, watchos);
150 | @property (class, nonatomic, readonly) UIColor *systemGray6Color API_AVAILABLE(ios(13.0)) API_UNAVAILABLE(tvos, watchos);
/Users/admin/builder/spi-builder-workspace/Sources/Debugger/Shared/Extensions/Color+.swift:43:44: error: 'systemGray5' is unavailable in tvOS
41 | static let systemGray3 = Color(UIColor.systemGray3)
42 | static let systemGray4 = Color(UIColor.systemGray4)
43 | static let systemGray5 = Color(UIColor.systemGray5)
| `- error: 'systemGray5' is unavailable in tvOS
44 | static let systemGray6 = Color(UIColor.systemGray6)
45 |
/Applications/Xcode-27.0.0-Release.Candidate.app/Contents/Developer/Platforms/AppleTVOS.platform/Developer/SDKs/AppleTVOS27.0.sdk/System/Library/Frameworks/UIKit.framework/Headers/UIInterface.h:149:49: note: 'systemGray5' has been explicitly marked unavailable here
147 | @property (class, nonatomic, readonly) UIColor *systemGray3Color API_AVAILABLE(ios(13.0)) API_UNAVAILABLE(tvos, watchos);
148 | @property (class, nonatomic, readonly) UIColor *systemGray4Color API_AVAILABLE(ios(13.0)) API_UNAVAILABLE(tvos, watchos);
149 | @property (class, nonatomic, readonly) UIColor *systemGray5Color API_AVAILABLE(ios(13.0)) API_UNAVAILABLE(tvos, watchos);
| `- note: 'systemGray5' has been explicitly marked unavailable here
150 | @property (class, nonatomic, readonly) UIColor *systemGray6Color API_AVAILABLE(ios(13.0)) API_UNAVAILABLE(tvos, watchos);
151 |
SwiftEmitModule normal arm64 Emitting\ module\ for\ Debugger (in target 'Debugger' from project 'Debugger')
/Users/admin/builder/spi-builder-workspace/Sources/Debugger/Features/NetworkSniffer/Logic/DebugHTTPProtocol.swift:86:1: warning: conformance of 'URLProtocol' to 'Sendable' is unavailable in tvOS; this is an error in the Swift 6 language mode
84 | }
85 |
86 | extension DebugHTTPProtocol: URLSessionDataDelegate {
| `- warning: conformance of 'URLProtocol' to 'Sendable' is unavailable in tvOS; this is an error in the Swift 6 language mode
87 | func urlSession(_ session: URLSession, dataTask: URLSessionDataTask, didReceive data: Data) {
88 | currentRequest?.saveDataResponse(data: data)
/Applications/Xcode-27.0.0-Release.Candidate.app/Contents/Developer/Platforms/AppleTVOS.platform/Developer/SDKs/AppleTVOS27.0.sdk/System/Library/Frameworks/Foundation.framework/Headers/NSAttributedString.h: 0:213 | /// `NSMutableAttributedString` is "toll-free bridged" with its Core Foundation counterpart, <doc://com.apple.documentation/documentation/corefoundation/cfmutableattributedstring>. See [Toll-Free Bridging](https://developer.apple.com/library/archive/documentation/General/Conceptual/CocoaEncyclopedia/Toll-FreeBridgin/Toll-FreeBridgin.html#//apple_ref/doc/uid/TP40010810-CH2) for more information.
214 | API_AVAILABLE(macos(10.0), ios(3.2), watchos(2.0), tvos(9.0))
215 | @interface NSMutableAttributedString : NSAttributedString
+--- --------------------------------------------------------------
|1 | @_nonSendable(_assumed)
| | `- note: conformance of 'URLProtocol' to 'Sendable' has been explicitly marked unavailable here
+-------------------------------------------------------------------
216 |
217 | // Override these two APIs (in addition to the two for NSAttributedString) when subclassing NSMutableAttributedString
/Users/admin/builder/spi-builder-workspace/Sources/Debugger/Features/NetworkSniffer/Logic/ShareSheet.swift:11:43: error: 'UIActivity' is unavailable in tvOS
9 |
10 | struct ShareSheet: UIViewControllerRepresentable {
11 | typealias Callback = (_ activityType: UIActivity.ActivityType?, _ completed: Bool, _ returnedItems: [Any]?, _ error: Error?) -> Void
| `- error: 'UIActivity' is unavailable in tvOS
12 |
13 | let activityItems: [Any]
/Applications/Xcode-27.0.0-Release.Candidate.app/Contents/Developer/Platforms/AppleTVOS.platform/Developer/SDKs/AppleTVOS27.0.sdk/System/Library/Frameworks/UIKit.framework/Headers/UIActivity.h:44:79: note: 'UIActivity' has been explicitly marked unavailable here
42 | } API_AVAILABLE(ios(7.0)) API_UNAVAILABLE(watchos) __TVOS_PROHIBITED;
43 |
44 | API_AVAILABLE(ios(6.0)) API_UNAVAILABLE(watchos) __TVOS_PROHIBITED @interface UIActivity : NSObject
| `- note: 'UIActivity' has been explicitly marked unavailable here
45 |
46 | // override methods
/Users/admin/builder/spi-builder-workspace/Sources/Debugger/Features/NetworkSniffer/Logic/ShareSheet.swift:14:33: error: 'UIActivity' is unavailable in tvOS
12 |
13 | let activityItems: [Any]
14 | let applicationActivities: [UIActivity]? = nil
| `- error: 'UIActivity' is unavailable in tvOS
15 | let excludedActivityTypes: [UIActivity.ActivityType]? = nil
16 | let callback: Callback? = nil
/Applications/Xcode-27.0.0-Release.Candidate.app/Contents/Developer/Platforms/AppleTVOS.platform/Developer/SDKs/AppleTVOS27.0.sdk/System/Library/Frameworks/UIKit.framework/Headers/UIActivity.h:44:79: note: 'UIActivity' has been explicitly marked unavailable here
42 | } API_AVAILABLE(ios(7.0)) API_UNAVAILABLE(watchos) __TVOS_PROHIBITED;
43 |
44 | API_AVAILABLE(ios(6.0)) API_UNAVAILABLE(watchos) __TVOS_PROHIBITED @interface UIActivity : NSObject
| `- note: 'UIActivity' has been explicitly marked unavailable here
45 |
46 | // override methods
/Users/admin/builder/spi-builder-workspace/Sources/Debugger/Features/NetworkSniffer/Logic/ShareSheet.swift:15:33: error: 'UIActivity' is unavailable in tvOS
13 | let activityItems: [Any]
14 | let applicationActivities: [UIActivity]? = nil
15 | let excludedActivityTypes: [UIActivity.ActivityType]? = nil
| `- error: 'UIActivity' is unavailable in tvOS
16 | let callback: Callback? = nil
17 |
/Applications/Xcode-27.0.0-Release.Candidate.app/Contents/Developer/Platforms/AppleTVOS.platform/Developer/SDKs/AppleTVOS27.0.sdk/System/Library/Frameworks/UIKit.framework/Headers/UIActivity.h:44:79: note: 'UIActivity' has been explicitly marked unavailable here
42 | } API_AVAILABLE(ios(7.0)) API_UNAVAILABLE(watchos) __TVOS_PROHIBITED;
43 |
44 | API_AVAILABLE(ios(6.0)) API_UNAVAILABLE(watchos) __TVOS_PROHIBITED @interface UIActivity : NSObject
| `- note: 'UIActivity' has been explicitly marked unavailable here
45 |
46 | // override methods
/Users/admin/builder/spi-builder-workspace/Sources/Debugger/Features/NetworkSniffer/Logic/ShareSheet.swift:18:52: error: 'UIActivityViewController' is unavailable in tvOS
16 | let callback: Callback? = nil
17 |
18 | func makeUIViewController(context: Context) -> UIActivityViewController {
| `- error: 'UIActivityViewController' is unavailable in tvOS
19 | let controller = UIActivityViewController(
20 | activityItems: activityItems,
/Applications/Xcode-27.0.0-Release.Candidate.app/Contents/Developer/Platforms/AppleTVOS.platform/Developer/SDKs/AppleTVOS27.0.sdk/System/Library/Frameworks/UIKit.framework/Headers/UIActivityViewController.h:26:79: note: 'UIActivityViewController' has been explicitly marked unavailable here
24 | typedef void (^UIActivityViewControllerCompletionWithItemsHandler)(UIActivityType __nullable activityType, BOOL completed, NSArray * __nullable returnedItems, NSError * __nullable activityError) API_AVAILABLE(ios(8.0)) API_UNAVAILABLE(watchos);
25 |
26 | API_AVAILABLE(ios(6.0)) API_UNAVAILABLE(watchos) __TVOS_PROHIBITED @interface UIActivityViewController : UIViewController
| `- note: 'UIActivityViewController' has been explicitly marked unavailable here
27 |
28 | - (instancetype)init NS_UNAVAILABLE;
/Users/admin/builder/spi-builder-workspace/Sources/Debugger/Features/NetworkSniffer/Logic/ShareSheet.swift:27:53: error: 'UIActivityViewController' is unavailable in tvOS
25 | }
26 |
27 | func updateUIViewController(_ uiViewController: UIActivityViewController, context: Context) {
| `- error: 'UIActivityViewController' is unavailable in tvOS
28 | // nothing to do here
29 | }
/Applications/Xcode-27.0.0-Release.Candidate.app/Contents/Developer/Platforms/AppleTVOS.platform/Developer/SDKs/AppleTVOS27.0.sdk/System/Library/Frameworks/UIKit.framework/Headers/UIActivityViewController.h:26:79: note: 'UIActivityViewController' has been explicitly marked unavailable here
24 | typedef void (^UIActivityViewControllerCompletionWithItemsHandler)(UIActivityType __nullable activityType, BOOL completed, NSArray * __nullable returnedItems, NSError * __nullable activityError) API_AVAILABLE(ios(8.0)) API_UNAVAILABLE(watchos);
25 |
26 | API_AVAILABLE(ios(6.0)) API_UNAVAILABLE(watchos) __TVOS_PROHIBITED @interface UIActivityViewController : UIViewController
| `- note: 'UIActivityViewController' has been explicitly marked unavailable here
27 |
28 | - (instancetype)init NS_UNAVAILABLE;
/Users/admin/builder/spi-builder-workspace/Sources/Debugger/Features/NetworkSniffer/Logic/ShareSheet.swift:10:8: warning: unavailable class 'UIActivityViewController' was used to satisfy a requirement of protocol 'UIViewControllerRepresentable'; this will be an error in a future Swift language mode
8 | import SwiftUI
9 |
10 | struct ShareSheet: UIViewControllerRepresentable {
| `- warning: unavailable class 'UIActivityViewController' was used to satisfy a requirement of protocol 'UIViewControllerRepresentable'; this will be an error in a future Swift language mode
11 | typealias Callback = (_ activityType: UIActivity.ActivityType?, _ completed: Bool, _ returnedItems: [Any]?, _ error: Error?) -> Void
12 |
/Applications/Xcode-27.0.0-Release.Candidate.app/Contents/Developer/Platforms/AppleTVOS.platform/Developer/SDKs/AppleTVOS27.0.sdk/System/Library/Frameworks/UIKit.framework/Headers/UIActivityViewController.h:26:79: note: 'UIActivityViewController' declared here
24 | typedef void (^UIActivityViewControllerCompletionWithItemsHandler)(UIActivityType __nullable activityType, BOOL completed, NSArray * __nullable returnedItems, NSError * __nullable activityError) API_AVAILABLE(ios(8.0)) API_UNAVAILABLE(watchos);
25 |
26 | API_AVAILABLE(ios(6.0)) API_UNAVAILABLE(watchos) __TVOS_PROHIBITED @interface UIActivityViewController : UIViewController
| `- note: 'UIActivityViewController' declared here
27 |
28 | - (instancetype)init NS_UNAVAILABLE;
SwiftUI.UIViewControllerRepresentable.UIViewControllerType:2:16: note: requirement 'UIViewControllerType' declared here
1 | protocol UIViewControllerRepresentable {
2 | associatedtype UIViewControllerType : UIViewController}
| `- note: requirement 'UIViewControllerType' declared here
3 |
/Users/admin/builder/spi-builder-workspace/Sources/Debugger/Shared/Extensions/Color+.swift:12:42: error: 'lightText' is unavailable in tvOS
10 | extension Color {
11 | // MARK: - Text Colors
12 | static let lightText = Color(UIColor.lightText)
| `- error: 'lightText' is unavailable in tvOS
13 | static let darkText = Color(UIColor.darkText)
14 | static let placeholderText = Color(UIColor.placeholderText)
/Applications/Xcode-27.0.0-Release.Candidate.app/Contents/Developer/Platforms/AppleTVOS.platform/Developer/SDKs/AppleTVOS27.0.sdk/System/Library/Frameworks/UIKit.framework/Headers/UIInterface.h:251:48: note: 'lightText' has been explicitly marked unavailable here
249 | * When possible, we recommend using `labelColor` and its variants, instead.
250 | */
251 | @property(class, nonatomic, readonly) UIColor *lightTextColor API_UNAVAILABLE(tvos, watchos); // for a dark background
| `- note: 'lightText' has been explicitly marked unavailable here
252 | @property(class, nonatomic, readonly) UIColor *darkTextColor API_UNAVAILABLE(tvos, watchos); // for a light background
253 |
/Users/admin/builder/spi-builder-workspace/Sources/Debugger/Shared/Extensions/Color+.swift:13:41: error: 'darkText' is unavailable in tvOS
11 | // MARK: - Text Colors
12 | static let lightText = Color(UIColor.lightText)
13 | static let darkText = Color(UIColor.darkText)
| `- error: 'darkText' is unavailable in tvOS
14 | static let placeholderText = Color(UIColor.placeholderText)
15 |
/Applications/Xcode-27.0.0-Release.Candidate.app/Contents/Developer/Platforms/AppleTVOS.platform/Developer/SDKs/AppleTVOS27.0.sdk/System/Library/Frameworks/UIKit.framework/Headers/UIInterface.h:252:48: note: 'darkText' has been explicitly marked unavailable here
250 | */
251 | @property(class, nonatomic, readonly) UIColor *lightTextColor API_UNAVAILABLE(tvos, watchos); // for a dark background
252 | @property(class, nonatomic, readonly) UIColor *darkTextColor API_UNAVAILABLE(tvos, watchos); // for a light background
| `- note: 'darkText' has been explicitly marked unavailable here
253 |
254 | /* groupTableViewBackgroundColor is now the same as systemGroupedBackgroundColor.
/Users/admin/builder/spi-builder-workspace/Sources/Debugger/Shared/Extensions/Color+.swift:23:49: error: 'systemBackground' is unavailable in tvOS
21 |
22 | // MARK: - Background Colors
23 | static let systemBackground = Color(UIColor.systemBackground)
| `- error: 'systemBackground' is unavailable in tvOS
24 | static let secondarySystemBackground = Color(UIColor.secondarySystemBackground)
25 | static let tertiarySystemBackground = Color(UIColor.tertiarySystemBackground)
/Applications/Xcode-27.0.0-Release.Candidate.app/Contents/Developer/Platforms/AppleTVOS.platform/Developer/SDKs/AppleTVOS27.0.sdk/System/Library/Frameworks/UIKit.framework/Headers/UIInterface.h:208:49: note: 'systemBackground' has been explicitly marked unavailable here
206 | * primary background in light mode.
207 | */
208 | @property (class, nonatomic, readonly) UIColor *systemBackgroundColor API_AVAILABLE(ios(13.0)) API_UNAVAILABLE(tvos, watchos);
| `- note: 'systemBackground' has been explicitly marked unavailable here
209 | @property (class, nonatomic, readonly) UIColor *secondarySystemBackgroundColor API_AVAILABLE(ios(13.0)) API_UNAVAILABLE(tvos, watchos);
210 | @property (class, nonatomic, readonly) UIColor *tertiarySystemBackgroundColor API_AVAILABLE(ios(13.0)) API_UNAVAILABLE(tvos, watchos);
/Users/admin/builder/spi-builder-workspace/Sources/Debugger/Shared/Extensions/Color+.swift:24:58: error: 'secondarySystemBackground' is unavailable in tvOS
22 | // MARK: - Background Colors
23 | static let systemBackground = Color(UIColor.systemBackground)
24 | static let secondarySystemBackground = Color(UIColor.secondarySystemBackground)
| `- error: 'secondarySystemBackground' is unavailable in tvOS
25 | static let tertiarySystemBackground = Color(UIColor.tertiarySystemBackground)
26 |
/Applications/Xcode-27.0.0-Release.Candidate.app/Contents/Developer/Platforms/AppleTVOS.platform/Developer/SDKs/AppleTVOS27.0.sdk/System/Library/Frameworks/UIKit.framework/Headers/UIInterface.h:209:49: note: 'secondarySystemBackground' has been explicitly marked unavailable here
207 | */
208 | @property (class, nonatomic, readonly) UIColor *systemBackgroundColor API_AVAILABLE(ios(13.0)) API_UNAVAILABLE(tvos, watchos);
209 | @property (class, nonatomic, readonly) UIColor *secondarySystemBackgroundColor API_AVAILABLE(ios(13.0)) API_UNAVAILABLE(tvos, watchos);
| `- note: 'secondarySystemBackground' has been explicitly marked unavailable here
210 | @property (class, nonatomic, readonly) UIColor *tertiarySystemBackgroundColor API_AVAILABLE(ios(13.0)) API_UNAVAILABLE(tvos, watchos);
211 |
/Users/admin/builder/spi-builder-workspace/Sources/Debugger/Shared/Extensions/Color+.swift:25:57: error: 'tertiarySystemBackground' is unavailable in tvOS
23 | static let systemBackground = Color(UIColor.systemBackground)
24 | static let secondarySystemBackground = Color(UIColor.secondarySystemBackground)
25 | static let tertiarySystemBackground = Color(UIColor.tertiarySystemBackground)
| `- error: 'tertiarySystemBackground' is unavailable in tvOS
26 |
27 | // MARK: - Fill Colors
/Applications/Xcode-27.0.0-Release.Candidate.app/Contents/Developer/Platforms/AppleTVOS.platform/Developer/SDKs/AppleTVOS27.0.sdk/System/Library/Frameworks/UIKit.framework/Headers/UIInterface.h:210:49: note: 'tertiarySystemBackground' has been explicitly marked unavailable here
208 | @property (class, nonatomic, readonly) UIColor *systemBackgroundColor API_AVAILABLE(ios(13.0)) API_UNAVAILABLE(tvos, watchos);
209 | @property (class, nonatomic, readonly) UIColor *secondarySystemBackgroundColor API_AVAILABLE(ios(13.0)) API_UNAVAILABLE(tvos, watchos);
210 | @property (class, nonatomic, readonly) UIColor *tertiarySystemBackgroundColor API_AVAILABLE(ios(13.0)) API_UNAVAILABLE(tvos, watchos);
| `- note: 'tertiarySystemBackground' has been explicitly marked unavailable here
211 |
212 | /* 2. systemGroupedBackground
/Users/admin/builder/spi-builder-workspace/Sources/Debugger/Shared/Extensions/Color+.swift:28:43: error: 'systemFill' is unavailable in tvOS
26 |
27 | // MARK: - Fill Colors
28 | static let systemFill = Color(UIColor.systemFill)
| `- error: 'systemFill' is unavailable in tvOS
29 | static let secondarySystemFill = Color(UIColor.secondarySystemFill)
30 | static let tertiarySystemFill = Color(UIColor.tertiarySystemFill)
/Applications/Xcode-27.0.0-Release.Candidate.app/Contents/Developer/Platforms/AppleTVOS.platform/Developer/SDKs/AppleTVOS27.0.sdk/System/Library/Frameworks/UIKit.framework/Headers/UIInterface.h:229:49: note: 'systemFill' has been explicitly marked unavailable here
227 | * Example: The track of a slider.
228 | */
229 | @property (class, nonatomic, readonly) UIColor *systemFillColor API_AVAILABLE(ios(13.0)) API_UNAVAILABLE(tvos, watchos);
| `- note: 'systemFill' has been explicitly marked unavailable here
230 |
231 | /* secondarySystemFillColor is appropriate for filling medium-size shapes.
/Users/admin/builder/spi-builder-workspace/Sources/Debugger/Shared/Extensions/Color+.swift:29:52: error: 'secondarySystemFill' is unavailable in tvOS
27 | // MARK: - Fill Colors
28 | static let systemFill = Color(UIColor.systemFill)
29 | static let secondarySystemFill = Color(UIColor.secondarySystemFill)
| `- error: 'secondarySystemFill' is unavailable in tvOS
30 | static let tertiarySystemFill = Color(UIColor.tertiarySystemFill)
31 | static let quaternarySystemFill = Color(UIColor.quaternarySystemFill)
/Applications/Xcode-27.0.0-Release.Candidate.app/Contents/Developer/Platforms/AppleTVOS.platform/Developer/SDKs/AppleTVOS27.0.sdk/System/Library/Frameworks/UIKit.framework/Headers/UIInterface.h:234:49: note: 'secondarySystemFill' has been explicitly marked unavailable here
232 | * Example: The background of a switch.
233 | */
234 | @property (class, nonatomic, readonly) UIColor *secondarySystemFillColor API_AVAILABLE(ios(13.0)) API_UNAVAILABLE(tvos, watchos);
| `- note: 'secondarySystemFill' has been explicitly marked unavailable here
235 |
236 | /* tertiarySystemFillColor is appropriate for filling large shapes.
/Users/admin/builder/spi-builder-workspace/Sources/Debugger/Shared/Extensions/Color+.swift:30:51: error: 'tertiarySystemFill' is unavailable in tvOS
28 | static let systemFill = Color(UIColor.systemFill)
29 | static let secondarySystemFill = Color(UIColor.secondarySystemFill)
30 | static let tertiarySystemFill = Color(UIColor.tertiarySystemFill)
| `- error: 'tertiarySystemFill' is unavailable in tvOS
31 | static let quaternarySystemFill = Color(UIColor.quaternarySystemFill)
32 |
/Applications/Xcode-27.0.0-Release.Candidate.app/Contents/Developer/Platforms/AppleTVOS.platform/Developer/SDKs/AppleTVOS27.0.sdk/System/Library/Frameworks/UIKit.framework/Headers/UIInterface.h:239:49: note: 'tertiarySystemFill' has been explicitly marked unavailable here
237 | * Examples: Input fields, search bars, buttons.
238 | */
239 | @property (class, nonatomic, readonly) UIColor *tertiarySystemFillColor API_AVAILABLE(ios(13.0)) API_UNAVAILABLE(tvos, watchos);
| `- note: 'tertiarySystemFill' has been explicitly marked unavailable here
240 |
241 | /* quaternarySystemFillColor is appropriate for filling large areas containing complex content.
/Users/admin/builder/spi-builder-workspace/Sources/Debugger/Shared/Extensions/Color+.swift:31:53: error: 'quaternarySystemFill' is unavailable in tvOS
29 | static let secondarySystemFill = Color(UIColor.secondarySystemFill)
30 | static let tertiarySystemFill = Color(UIColor.tertiarySystemFill)
31 | static let quaternarySystemFill = Color(UIColor.quaternarySystemFill)
| `- error: 'quaternarySystemFill' is unavailable in tvOS
32 |
33 | // MARK: - Grouped Background Colors
/Applications/Xcode-27.0.0-Release.Candidate.app/Contents/Developer/Platforms/AppleTVOS.platform/Developer/SDKs/AppleTVOS27.0.sdk/System/Library/Frameworks/UIKit.framework/Headers/UIInterface.h:244:49: note: 'quaternarySystemFill' has been explicitly marked unavailable here
242 | * Example: Expanded table cells.
243 | */
244 | @property (class, nonatomic, readonly) UIColor *quaternarySystemFillColor API_AVAILABLE(ios(13.0)) API_UNAVAILABLE(tvos, watchos);
| `- note: 'quaternarySystemFill' has been explicitly marked unavailable here
245 |
246 | #pragma mark Other colors
/Users/admin/builder/spi-builder-workspace/Sources/Debugger/Shared/Extensions/Color+.swift:34:56: error: 'systemGroupedBackground' is unavailable in tvOS
32 |
33 | // MARK: - Grouped Background Colors
34 | static let systemGroupedBackground = Color(UIColor.systemGroupedBackground)
| `- error: 'systemGroupedBackground' is unavailable in tvOS
35 | static let secondarySystemGroupedBackground = Color(UIColor.secondarySystemGroupedBackground)
36 | static let tertiarySystemGroupedBackground = Color(UIColor.tertiarySystemGroupedBackground)
/Applications/Xcode-27.0.0-Release.Candidate.app/Contents/Developer/Platforms/AppleTVOS.platform/Developer/SDKs/AppleTVOS27.0.sdk/System/Library/Frameworks/UIKit.framework/Headers/UIInterface.h:217:49: note: 'systemGroupedBackground' has been explicitly marked unavailable here
215 | * colors in places where a table view wouldn't make sense.
216 | */
217 | @property (class, nonatomic, readonly) UIColor *systemGroupedBackgroundColor API_AVAILABLE(ios(13.0)) API_UNAVAILABLE(tvos, watchos);
| `- note: 'systemGroupedBackground' has been explicitly marked unavailable here
218 | @property (class, nonatomic, readonly) UIColor *secondarySystemGroupedBackgroundColor API_AVAILABLE(ios(13.0)) API_UNAVAILABLE(tvos, watchos);
219 | @property (class, nonatomic, readonly) UIColor *tertiarySystemGroupedBackgroundColor API_AVAILABLE(ios(13.0)) API_UNAVAILABLE(tvos, watchos);
/Users/admin/builder/spi-builder-workspace/Sources/Debugger/Shared/Extensions/Color+.swift:35:65: error: 'secondarySystemGroupedBackground' is unavailable in tvOS
33 | // MARK: - Grouped Background Colors
34 | static let systemGroupedBackground = Color(UIColor.systemGroupedBackground)
35 | static let secondarySystemGroupedBackground = Color(UIColor.secondarySystemGroupedBackground)
| `- error: 'secondarySystemGroupedBackground' is unavailable in tvOS
36 | static let tertiarySystemGroupedBackground = Color(UIColor.tertiarySystemGroupedBackground)
37 |
/Applications/Xcode-27.0.0-Release.Candidate.app/Contents/Developer/Platforms/AppleTVOS.platform/Developer/SDKs/AppleTVOS27.0.sdk/System/Library/Frameworks/UIKit.framework/Headers/UIInterface.h:218:49: note: 'secondarySystemGroupedBackground' has been explicitly marked unavailable here
216 | */
217 | @property (class, nonatomic, readonly) UIColor *systemGroupedBackgroundColor API_AVAILABLE(ios(13.0)) API_UNAVAILABLE(tvos, watchos);
218 | @property (class, nonatomic, readonly) UIColor *secondarySystemGroupedBackgroundColor API_AVAILABLE(ios(13.0)) API_UNAVAILABLE(tvos, watchos);
| `- note: 'secondarySystemGroupedBackground' has been explicitly marked unavailable here
219 | @property (class, nonatomic, readonly) UIColor *tertiarySystemGroupedBackgroundColor API_AVAILABLE(ios(13.0)) API_UNAVAILABLE(tvos, watchos);
220 |
/Users/admin/builder/spi-builder-workspace/Sources/Debugger/Shared/Extensions/Color+.swift:36:64: error: 'tertiarySystemGroupedBackground' is unavailable in tvOS
34 | static let systemGroupedBackground = Color(UIColor.systemGroupedBackground)
35 | static let secondarySystemGroupedBackground = Color(UIColor.secondarySystemGroupedBackground)
36 | static let tertiarySystemGroupedBackground = Color(UIColor.tertiarySystemGroupedBackground)
| `- error: 'tertiarySystemGroupedBackground' is unavailable in tvOS
37 |
38 | // MARK: - Gray Colors
/Applications/Xcode-27.0.0-Release.Candidate.app/Contents/Developer/Platforms/AppleTVOS.platform/Developer/SDKs/AppleTVOS27.0.sdk/System/Library/Frameworks/UIKit.framework/Headers/UIInterface.h:219:49: note: 'tertiarySystemGroupedBackground' has been explicitly marked unavailable here
217 | @property (class, nonatomic, readonly) UIColor *systemGroupedBackgroundColor API_AVAILABLE(ios(13.0)) API_UNAVAILABLE(tvos, watchos);
218 | @property (class, nonatomic, readonly) UIColor *secondarySystemGroupedBackgroundColor API_AVAILABLE(ios(13.0)) API_UNAVAILABLE(tvos, watchos);
219 | @property (class, nonatomic, readonly) UIColor *tertiarySystemGroupedBackgroundColor API_AVAILABLE(ios(13.0)) API_UNAVAILABLE(tvos, watchos);
| `- note: 'tertiarySystemGroupedBackground' has been explicitly marked unavailable here
220 |
221 | #pragma mark Fill colors
/Users/admin/builder/spi-builder-workspace/Sources/Debugger/Shared/Extensions/Color+.swift:40:44: error: 'systemGray2' is unavailable in tvOS
38 | // MARK: - Gray Colors
39 | static let systemGray = Color(UIColor.systemGray)
40 | static let systemGray2 = Color(UIColor.systemGray2)
| `- error: 'systemGray2' is unavailable in tvOS
41 | static let systemGray3 = Color(UIColor.systemGray3)
42 | static let systemGray4 = Color(UIColor.systemGray4)
/Applications/Xcode-27.0.0-Release.Candidate.app/Contents/Developer/Platforms/AppleTVOS.platform/Developer/SDKs/AppleTVOS27.0.sdk/System/Library/Frameworks/UIKit.framework/Headers/UIInterface.h:146:49: note: 'systemGray2' has been explicitly marked unavailable here
144 | * systemGray3 is darker than that, and so on.
145 | */
146 | @property (class, nonatomic, readonly) UIColor *systemGray2Color API_AVAILABLE(ios(13.0)) API_UNAVAILABLE(tvos, watchos);
| `- note: 'systemGray2' has been explicitly marked unavailable here
147 | @property (class, nonatomic, readonly) UIColor *systemGray3Color API_AVAILABLE(ios(13.0)) API_UNAVAILABLE(tvos, watchos);
148 | @property (class, nonatomic, readonly) UIColor *systemGray4Color API_AVAILABLE(ios(13.0)) API_UNAVAILABLE(tvos, watchos);
/Users/admin/builder/spi-builder-workspace/Sources/Debugger/Shared/Extensions/Color+.swift:41:44: error: 'systemGray3' is unavailable in tvOS
39 | static let systemGray = Color(UIColor.systemGray)
40 | static let systemGray2 = Color(UIColor.systemGray2)
41 | static let systemGray3 = Color(UIColor.systemGray3)
| `- error: 'systemGray3' is unavailable in tvOS
42 | static let systemGray4 = Color(UIColor.systemGray4)
43 | static let systemGray5 = Color(UIColor.systemGray5)
/Applications/Xcode-27.0.0-Release.Candidate.app/Contents/Developer/Platforms/AppleTVOS.platform/Developer/SDKs/AppleTVOS27.0.sdk/System/Library/Frameworks/UIKit.framework/Headers/UIInterface.h:147:49: note: 'systemGray3' has been explicitly marked unavailable here
145 | */
146 | @property (class, nonatomic, readonly) UIColor *systemGray2Color API_AVAILABLE(ios(13.0)) API_UNAVAILABLE(tvos, watchos);
147 | @property (class, nonatomic, readonly) UIColor *systemGray3Color API_AVAILABLE(ios(13.0)) API_UNAVAILABLE(tvos, watchos);
| `- note: 'systemGray3' has been explicitly marked unavailable here
148 | @property (class, nonatomic, readonly) UIColor *systemGray4Color API_AVAILABLE(ios(13.0)) API_UNAVAILABLE(tvos, watchos);
149 | @property (class, nonatomic, readonly) UIColor *systemGray5Color API_AVAILABLE(ios(13.0)) API_UNAVAILABLE(tvos, watchos);
/Users/admin/builder/spi-builder-workspace/Sources/Debugger/Shared/Extensions/Color+.swift:42:44: error: 'systemGray4' is unavailable in tvOS
40 | static let systemGray2 = Color(UIColor.systemGray2)
41 | static let systemGray3 = Color(UIColor.systemGray3)
42 | static let systemGray4 = Color(UIColor.systemGray4)
| `- error: 'systemGray4' is unavailable in tvOS
43 | static let systemGray5 = Color(UIColor.systemGray5)
44 | static let systemGray6 = Color(UIColor.systemGray6)
/Applications/Xcode-27.0.0-Release.Candidate.app/Contents/Developer/Platforms/AppleTVOS.platform/Developer/SDKs/AppleTVOS27.0.sdk/System/Library/Frameworks/UIKit.framework/Headers/UIInterface.h:148:49: note: 'systemGray4' has been explicitly marked unavailable here
146 | @property (class, nonatomic, readonly) UIColor *systemGray2Color API_AVAILABLE(ios(13.0)) API_UNAVAILABLE(tvos, watchos);
147 | @property (class, nonatomic, readonly) UIColor *systemGray3Color API_AVAILABLE(ios(13.0)) API_UNAVAILABLE(tvos, watchos);
148 | @property (class, nonatomic, readonly) UIColor *systemGray4Color API_AVAILABLE(ios(13.0)) API_UNAVAILABLE(tvos, watchos);
| `- note: 'systemGray4' has been explicitly marked unavailable here
149 | @property (class, nonatomic, readonly) UIColor *systemGray5Color API_AVAILABLE(ios(13.0)) API_UNAVAILABLE(tvos, watchos);
150 | @property (class, nonatomic, readonly) UIColor *systemGray6Color API_AVAILABLE(ios(13.0)) API_UNAVAILABLE(tvos, watchos);
/Users/admin/builder/spi-builder-workspace/Sources/Debugger/Shared/Extensions/Color+.swift:43:44: error: 'systemGray5' is unavailable in tvOS
41 | static let systemGray3 = Color(UIColor.systemGray3)
42 | static let systemGray4 = Color(UIColor.systemGray4)
43 | static let systemGray5 = Color(UIColor.systemGray5)
| `- error: 'systemGray5' is unavailable in tvOS
44 | static let systemGray6 = Color(UIColor.systemGray6)
45 |
/Applications/Xcode-27.0.0-Release.Candidate.app/Contents/Developer/Platforms/AppleTVOS.platform/Developer/SDKs/AppleTVOS27.0.sdk/System/Library/Frameworks/UIKit.framework/Headers/UIInterface.h:149:49: note: 'systemGray5' has been explicitly marked unavailable here
147 | @property (class, nonatomic, readonly) UIColor *systemGray3Color API_AVAILABLE(ios(13.0)) API_UNAVAILABLE(tvos, watchos);
148 | @property (class, nonatomic, readonly) UIColor *systemGray4Color API_AVAILABLE(ios(13.0)) API_UNAVAILABLE(tvos, watchos);
149 | @property (class, nonatomic, readonly) UIColor *systemGray5Color API_AVAILABLE(ios(13.0)) API_UNAVAILABLE(tvos, watchos);
| `- note: 'systemGray5' has been explicitly marked unavailable here
150 | @property (class, nonatomic, readonly) UIColor *systemGray6Color API_AVAILABLE(ios(13.0)) API_UNAVAILABLE(tvos, watchos);
151 |
/Users/admin/builder/spi-builder-workspace/Sources/Debugger/Shared/Extensions/Color+.swift:44:44: error: 'systemGray6' is unavailable in tvOS
42 | static let systemGray4 = Color(UIColor.systemGray4)
43 | static let systemGray5 = Color(UIColor.systemGray5)
44 | static let systemGray6 = Color(UIColor.systemGray6)
| `- error: 'systemGray6' is unavailable in tvOS
45 |
46 | // MARK: - Other Colors
/Applications/Xcode-27.0.0-Release.Candidate.app/Contents/Developer/Platforms/AppleTVOS.platform/Developer/SDKs/AppleTVOS27.0.sdk/System/Library/Frameworks/UIKit.framework/Headers/UIInterface.h:150:49: note: 'systemGray6' has been explicitly marked unavailable here
148 | @property (class, nonatomic, readonly) UIColor *systemGray4Color API_AVAILABLE(ios(13.0)) API_UNAVAILABLE(tvos, watchos);
149 | @property (class, nonatomic, readonly) UIColor *systemGray5Color API_AVAILABLE(ios(13.0)) API_UNAVAILABLE(tvos, watchos);
150 | @property (class, nonatomic, readonly) UIColor *systemGray6Color API_AVAILABLE(ios(13.0)) API_UNAVAILABLE(tvos, watchos);
| `- note: 'systemGray6' has been explicitly marked unavailable here
151 |
152 | #pragma mark Tint color
/Users/admin/builder/spi-builder-workspace/Sources/Debugger/Shared/Utils/SimplePDF.swift:84:86: error: 'systemFontSize' is unavailable in tvOS
82 | ///
83 | /// This process will be repeated untill there's no text left to draw.
84 | open func addText(_ text: String, font:UIFont = UIFont.systemFont(ofSize: UIFont.systemFontSize), textColor:UIColor = UIColor.black) {
| `- error: 'systemFontSize' is unavailable in tvOS
85 | commands += [ .addText(text: text, font: font, textColor: textColor) ]
86 | }
/Applications/Xcode-27.0.0-Release.Candidate.app/Contents/Developer/Platforms/AppleTVOS.platform/Developer/SDKs/AppleTVOS27.0.sdk/System/Library/Frameworks/UIKit.framework/Headers/UIInterface.h:271:47: note: 'systemFontSize' has been explicitly marked unavailable here
269 | @property(class, nonatomic, readonly) CGFloat buttonFontSize API_UNAVAILABLE(tvos, watchos);
270 | @property(class, nonatomic, readonly) CGFloat smallSystemFontSize API_UNAVAILABLE(tvos, watchos);
271 | @property(class, nonatomic, readonly) CGFloat systemFontSize API_UNAVAILABLE(tvos, watchos);
| `- note: 'systemFontSize' has been explicitly marked unavailable here
272 | @property(class, nonatomic, readonly) CGFloat defaultFontSize API_UNAVAILABLE(macos, ios, tvos, watchos);
273 | @property(class, nonatomic, readonly) CGFloat systemMinimumFontSize API_UNAVAILABLE(macos, ios, tvos, watchos);
Failed frontend command:
/Applications/Xcode-27.0.0-Release.Candidate.app/Contents/Developer/Toolchains/XcodeDefault.xctoolchain/usr/bin/swift-frontend -frontend -emit-module -experimental-skip-non-inlinable-function-bodies-without-types /Users/admin/builder/spi-builder-workspace/Sources/Debugger/Debugger.swift /Users/admin/builder/spi-builder-workspace/Sources/Debugger/Debugger/Models/DebugFeature.swift /Users/admin/builder/spi-builder-workspace/Sources/Debugger/Debugger/ViewModels/DebuggerItemViewModel.swift /Users/admin/builder/spi-builder-workspace/Sources/Debugger/Debugger/Views/DebuggerItemView.swift /Users/admin/builder/spi-builder-workspace/Sources/Debugger/Debugger/Views/DebuggerView.swift /Users/admin/builder/spi-builder-workspace/Sources/Debugger/Features/AnimationControl/ViewModels/AnimationControlViewModel.swift /Users/admin/builder/spi-builder-workspace/Sources/Debugger/Features/AnimationControl/Views/AnimationControlView.swift /Users/admin/builder/spi-builder-workspace/Sources/Debugger/Features/ConfigurationSwitcher/Logic/NetworkModifierService.swift /Users/admin/builder/spi-builder-workspace/Sources/Debugger/Features/ConfigurationSwitcher/Models/ConfigurationSetting.swift /Users/admin/builder/spi-builder-workspace/Sources/Debugger/Features/ConfigurationSwitcher/Models/DebuggerConfiguration.swift /Users/admin/builder/spi-builder-workspace/Sources/Debugger/Features/ConfigurationSwitcher/Models/DebuggerConfigurationRule.swift /Users/admin/builder/spi-builder-workspace/Sources/Debugger/Features/ConfigurationSwitcher/Models/HttpBodyStream.swift /Users/admin/builder/spi-builder-workspace/Sources/Debugger/Features/ConfigurationSwitcher/Models/RequestBody.swift /Users/admin/builder/spi-builder-workspace/Sources/Debugger/Features/ConfigurationSwitcher/Models/RequestContentType.swift /Users/admin/builder/spi-builder-workspace/Sources/Debugger/Features/ConfigurationSwitcher/ViewModels/ConfigurationItemViewModel.swift /Users/admin/builder/spi-builder-workspace/Sources/Debugger/Features/ConfigurationSwitcher/ViewModels/ConfigurationRuleViewModel.swift /Users/admin/builder/spi-builder-workspace/Sources/Debugger/Features/ConfigurationSwitcher/ViewModels/ConfigurationSwitcherViewModel.swift /Users/admin/builder/spi-builder-workspace/Sources/Debugger/Features/ConfigurationSwitcher/ViewModels/ConfigurationViewModel.swift /Users/admin/builder/spi-builder-workspace/Sources/Debugger/Features/ConfigurationSwitcher/Views/ConfigurationEditRuleView.swift /Users/admin/builder/spi-builder-workspace/Sources/Debugger/Features/ConfigurationSwitcher/Views/ConfigurationItemView.swift /Users/admin/builder/spi-builder-workspace/Sources/Debugger/Features/ConfigurationSwitcher/Views/ConfigurationRuleView.swift /Users/admin/builder/spi-builder-workspace/Sources/Debugger/Features/ConfigurationSwitcher/Views/ConfigurationSwitcherView.swift /Users/admin/builder/spi-builder-workspace/Sources/Debugger/Features/ConfigurationSwitcher/Views/ConfigurationView.swift /Users/admin/builder/spi-builder-workspace/Sources/Debugger/Features/NetworkSniffer/Logic/DebugHTTPProtocol.swift /Users/admin/builder/spi-builder-workspace/Sources/Debugger/Features/NetworkSniffer/Logic/FileHandler.swift /Users/admin/builder/spi-builder-workspace/Sources/Debugger/Features/NetworkSniffer/Logic/RequestModelBeautifier.swift /Users/admin/builder/spi-builder-workspace/Sources/Debugger/Features/NetworkSniffer/Logic/ShareSheet.swift /Users/admin/builder/spi-builder-workspace/Sources/Debugger/Features/NetworkSniffer/Logic/ShareUtils.swift /Users/admin/builder/spi-builder-workspace/Sources/Debugger/Features/NetworkSniffer/Models/PostmanModels.swift /Users/admin/builder/spi-builder-workspace/Sources/Debugger/Features/NetworkSniffer/Models/RequestModel.swift /Users/admin/builder/spi-builder-workspace/Sources/Debugger/Features/NetworkSniffer/Models/RequestTagItem.swift /Users/admin/builder/spi-builder-workspace/Sources/Debugger/Features/NetworkSniffer/ViewModels/NetworkSnifferViewModel.swift /Users/admin/builder/spi-builder-workspace/Sources/Debugger/Features/NetworkSniffer/ViewModels/RequestSectionViewModel.swift /Users/admin/builder/spi-builder-workspace/Sources/Debugger/Features/NetworkSniffer/ViewModels/RequestTagItemViewModel.swift /Users/admin/builder/spi-builder-workspace/Sources/Debugger/Features/NetworkSniffer/Views/NetworkSnifferView.swift /Users/admin/builder/spi-builder-workspace/Sources/Debugger/Features/NetworkSniffer/Views/RequestItemView.swift /Users/admin/builder/spi-builder-workspace/Sources/Debugger/Features/NetworkSniffer/Views/RequestSectionLongView.swift /Users/admin/builder/spi-builder-workspace/Sources/Debugger/Features/NetworkSniffer/Views/RequestSectionView.swift /Users/admin/builder/spi-builder-workspace/Sources/Debugger/Features/NetworkSniffer/Views/RequestTagItemView.swift /Users/admin/builder/spi-builder-workspace/Sources/Debugger/Features/NetworkSniffer/Views/RequestView.swift /Users/admin/builder/spi-builder-workspace/Sources/Debugger/Features/SystemDebugger/Extensions/NSObject+LifecycleMonitor.swift /Users/admin/builder/spi-builder-workspace/Sources/Debugger/Features/SystemDebugger/Extensions/Notification.Name+Leaks.swift /Users/admin/builder/spi-builder-workspace/Sources/Debugger/Features/SystemDebugger/Logic/FPSCounterService.swift /Users/admin/builder/spi-builder-workspace/Sources/Debugger/Features/SystemDebugger/Logic/MemoryLeakSnifferService.swift /Users/admin/builder/spi-builder-workspace/Sources/Debugger/Features/SystemDebugger/Logic/ObjectLifecycleMonitor.swift /Users/admin/builder/spi-builder-workspace/Sources/Debugger/Features/SystemDebugger/Logic/PropertyWrapper.swift /Users/admin/builder/spi-builder-workspace/Sources/Debugger/Features/SystemDebugger/Logic/SystemMetricService.swift /Users/admin/builder/spi-builder-workspace/Sources/Debugger/Features/SystemDebugger/Models/SystemMetric.swift /Users/admin/builder/spi-builder-workspace/Sources/Debugger/Features/SystemDebugger/ViewModels/SystemDebuggerViewModel.swift /Users/admin/builder/spi-builder-workspace/Sources/Debugger/Features/SystemDebugger/Views/SystemDebuggerView.swift /Users/admin/builder/spi-builder-workspace/Sources/Debugger/Features/SystemDebugger/Views/SystemDebuggerWidgetView.swift /Users/admin/builder/spi-builder-workspace/Sources/Debugger/Features/ViewInspector/Extensions/UIView+.swift /Users/admin/builder/spi-builder-workspace/Sources/Debugger/Features/ViewInspector/Logic/ViewInspectorService.swift /Users/admin/builder/spi-builder-workspace/Sources/Debugger/Features/ViewInspector/Models/ViewInspectorConfiguration.swift /Users/admin/builder/spi-builder-workspace/Sources/Debugger/Features/ViewInspector/ViewModels/AttributesInspectorViewModel.swift /Users/admin/builder/spi-builder-workspace/Sources/Debugger/Features/ViewInspector/ViewModels/ViewInspectorViewModel.swift /Users/admin/builder/spi-builder-workspace/Sources/Debugger/Features/ViewInspector/Views/AttributesInspectorView.swift /Users/admin/builder/spi-builder-workspace/Sources/Debugger/Features/ViewInspector/Views/ViewInspectorConfigurationView.swift /Users/admin/builder/spi-builder-workspace/Sources/Debugger/Features/ViewInspector/Views/ViewInspectorView.swift /Users/admin/builder/spi-builder-workspace/Sources/Debugger/Shared/Extensions/Binding+.swift /Users/admin/builder/spi-builder-workspace/Sources/Debugger/Shared/Extensions/Color+.swift /Users/admin/builder/spi-builder-workspace/Sources/Debugger/Shared/Extensions/DispatchQueue+.swift /Users/admin/builder/spi-builder-workspace/Sources/Debugger/Shared/Extensions/EdgeInsets+.swift /Users/admin/builder/spi-builder-workspace/Sources/Debugger/Shared/Extensions/EnvironmentValues+.swift /Users/admin/builder/spi-builder-workspace/Sources/Debugger/Shared/Extensions/InputStream+.swift /Users/admin/builder/spi-builder-workspace/Sources/Debugger/Shared/Extensions/NSObject+.swift /Users/admin/builder/spi-builder-workspace/Sources/Debugger/Shared/Extensions/NotificationCenter+.swift /Users/admin/builder/spi-builder-workspace/Sources/Debugger/Shared/Extensions/String+.swift /Users/admin/builder/spi-builder-workspace/Sources/Debugger/Shared/Extensions/UIApplication+.swift /Users/admin/builder/spi-builder-workspace/Sources/Debugger/Shared/Extensions/UIColor+.swift /Users/admin/builder/spi-builder-workspace/Sources/Debugger/Shared/Extensions/UINavigationController+Swizzle.swift /Users/admin/builder/spi-builder-workspace/Sources/Debugger/Shared/Extensions/UIView+Swizzle.swift /Users/admin/builder/spi-builder-workspace/Sources/Debugger/Shared/Extensions/UIViewController+Swizzle.swift /Users/admin/builder/spi-builder-workspace/Sources/Debugger/Shared/Extensions/UIWindow+.swift /Users/admin/builder/spi-builder-workspace/Sources/Debugger/Shared/Extensions/URLSessionConfiguration+.swift /Users/admin/builder/spi-builder-workspace/Sources/Debugger/Shared/Extensions/View+.swift /Users/admin/builder/spi-builder-workspace/Sources/Debugger/Shared/Models/AnyCodableParameter.swift /Users/admin/builder/spi-builder-workspace/Sources/Debugger/Shared/Models/EnvironmentSettings.swift /Users/admin/builder/spi-builder-workspace/Sources/Debugger/Shared/Modifiers/ListModifier.swift /Users/admin/builder/spi-builder-workspace/Sources/Debugger/Shared/Modifiers/ListRowModifier.swift /Users/admin/builder/spi-builder-workspace/Sources/Debugger/Shared/Modifiers/View+Modifiers.swift /Users/admin/builder/spi-builder-workspace/Sources/Debugger/Shared/Utils/AssociatedObject.swift /Users/admin/builder/spi-builder-workspace/Sources/Debugger/Shared/Utils/SimplePDF.swift /Users/admin/builder/spi-builder-workspace/Sources/Debugger/Shared/Views/FlexibleView.swift /Users/admin/builder/spi-builder-workspace/Sources/Debugger/Shared/Views/KeyValueInfoView.swift /Users/admin/builder/spi-builder-workspace/Sources/Debugger/Shared/Views/KeyValueView.swift /Users/admin/builder/spi-builder-workspace/Sources/Debugger/Shared/Views/OptionView.swift /Users/admin/builder/spi-builder-workspace/Sources/Debugger/Shared/Views/OptionsView.swift /Users/admin/builder/spi-builder-workspace/Sources/Debugger/Shared/Views/SearchBar.swift -target arm64-apple-tvos15.0 -disable-cross-import-overlay-search -load-resolved-plugin /Applications/Xcode-27.0.0-Release.Candidate.app/Contents/Developer/Platforms/AppleTVOS.platform/Developer/usr/lib/swift/host/plugins/libFoundationMacros.dylib\#/Applications/Xcode-27.0.0-Release.Candidate.app/Contents/Developer/Platforms/AppleTVOS.platform/Developer/usr/bin/swift-plugin-server\#FoundationMacros -load-resolved-plugin /Applications/Xcode-27.0.0-Release.Candidate.app/Contents/Developer/Platforms/AppleTVOS.platform/Developer/usr/lib/swift/host/plugins/libObservationMacros.dylib\#/Applications/Xcode-27.0.0-Release.Candidate.app/Contents/Developer/Platforms/AppleTVOS.platform/Developer/usr/bin/swift-plugin-server\#ObservationMacros -load-resolved-plugin /Applications/Xcode-27.0.0-Release.Candidate.app/Contents/Developer/Platforms/AppleTVOS.platform/Developer/usr/lib/swift/host/plugins/libPreviewsMacros.dylib\#/Applications/Xcode-27.0.0-Release.Candidate.app/Contents/Developer/Platforms/AppleTVOS.platform/Developer/usr/bin/swift-plugin-server\#PreviewsMacros -load-resolved-plugin /Applications/Xcode-27.0.0-Release.Candidate.app/Contents/Developer/Platforms/AppleTVOS.platform/Developer/usr/lib/swift/host/plugins/libSwiftMacros.dylib\#/Applications/Xcode-27.0.0-Release.Candidate.app/Contents/Developer/Platforms/AppleTVOS.platform/Developer/usr/bin/swift-plugin-server\#SwiftMacros -load-resolved-plugin /Applications/Xcode-27.0.0-Release.Candidate.app/Contents/Developer/Platforms/AppleTVOS.platform/Developer/usr/lib/swift/host/plugins/libSwiftUIMacros.dylib\#/Applications/Xcode-27.0.0-Release.Candidate.app/Contents/Developer/Platforms/AppleTVOS.platform/Developer/usr/bin/swift-plugin-server\#SwiftUIMacros -disable-implicit-swift-modules -Xcc -fno-implicit-modules -Xcc -fno-implicit-module-maps -explicit-swift-module-map-file /Users/admin/builder/spi-builder-workspace/.derivedData/Build/Intermediates.noindex/Debugger.build/Debug-appletvos/Debugger-t.build/Objects-normal/arm64/Debugger-dependencies-1.json -Xllvm -aarch64-use-tbi -enable-objc-interop -stack-check -sdk /Applications/Xcode-27.0.0-Release.Candidate.app/Contents/Developer/Platforms/AppleTVOS.platform/Developer/SDKs/AppleTVOS27.0.sdk -I /Users/admin/builder/spi-builder-workspace/.derivedData/Build/Products/Debug-appletvos -Isystem /Applications/Xcode-27.0.0-Release.Candidate.app/Contents/Developer/Platforms/AppleTVOS.platform/Developer/usr/lib -F /Users/admin/builder/spi-builder-workspace/.derivedData/Build/Products/Debug-appletvos -F /Applications/Xcode-27.0.0-Release.Candidate.app/Contents/Developer/Platforms/AppleTVOS.platform/Developer/Library/Frameworks -F /Applications/Xcode-27.0.0-Release.Candidate.app/Contents/Developer/Platforms/AppleTVOS.platform/Developer/SDKs/AppleTVOS27.0.sdk/Developer/Library/Frameworks -module-cache-path /Users/admin/builder/spi-builder-workspace/.derivedData/Build/Intermediates.noindex/SwiftExplicitPrecompiledModules -no-color-diagnostics -Xcc -fno-color-diagnostics -enable-testing -g -debug-info-format\=dwarf -dwarf-version\=4 -profile-generate -profile-coverage-mapping -swift-version 5 -Onone -D SWIFT_PACKAGE -D DEBUG -D SWIFT_MODULE_RESOURCE_BUNDLE_UNAVAILABLE -D Xcode -serialize-debugging-options -enable-experimental-feature DebugDescriptionMacro -empty-abi-descriptor -validate-clang-modules-once -clang-build-session-file /Users/admin/builder/spi-builder-workspace/.derivedData/ModuleCache.noindex/Session.modulevalidation -Xcc -working-directory -Xcc /Users/admin/builder/spi-builder-workspace/.swiftpm/xcode -enable-anonymous-context-mangled-names -file-compilation-dir /Users/admin/builder/spi-builder-workspace/.swiftpm/xcode -Xcc -D_LIBCPP_HARDENING_MODE\=_LIBCPP_HARDENING_MODE_DEBUG -Xcc -ivfsstatcache -Xcc /Users/admin/builder/spi-builder-workspace/.derivedData/SDKStatCaches.noindex/appletvos27.0-24J360-e829b21a6f8c9b70876ba0858053c044b32bfd8d43560033f8d89884cdb90028.sdkstatcache -Xcc -fmodules-prune-interval\=86400 -Xcc -fmodules-prune-after\=345600 -Xcc -I/Users/admin/builder/spi-builder-workspace/.derivedData/Build/Products/Debug-appletvos/include -Xcc -I/Users/admin/builder/spi-builder-workspace/.derivedData/Build/Intermediates.noindex/Debugger.build/Debug-appletvos/Debugger-t.build/DerivedSources-normal/arm64 -Xcc -I/Users/admin/builder/spi-builder-workspace/.derivedData/Build/Intermediates.noindex/Debugger.build/Debug-appletvos/Debugger-t.build/DerivedSources/arm64 -Xcc -I/Users/admin/builder/spi-builder-workspace/.derivedData/Build/Intermediates.noindex/Debugger.build/Debug-appletvos/Debugger-t.build/DerivedSources -Xcc -DSWIFT_PACKAGE -Xcc -DDEBUG\=1 -no-auto-bridging-header-chaining -module-name Debugger -package-name spi_builder_workspace -const-gather-protocols-file /Users/admin/builder/spi-builder-workspace/.derivedData/Build/Intermediates.noindex/Debugger.build/Debug-appletvos/Debugger-t.build/Objects-normal/arm64/Debugger_const_extract_protocols.json -disable-clang-spi -clang-target arm64-apple-tvos27.0 -target-sdk-version 27.0 -target-sdk-name appletvos27.0 -in-process-plugin-server-path /Applications/Xcode-27.0.0-Release.Candidate.app/Contents/Developer/Toolchains/XcodeDefault.xctoolchain/usr/lib/swift/host/libSwiftInProcPluginServer.dylib -emit-module-doc-path /Users/admin/builder/spi-builder-workspace/.derivedData/Build/Intermediates.noindex/Debugger.build/Debug-appletvos/Debugger-t.build/Objects-normal/arm64/Debugger.swiftdoc -emit-module-source-info-path /Users/admin/builder/spi-builder-workspace/.derivedData/Build/Intermediates.noindex/Debugger.build/Debug-appletvos/Debugger-t.build/Objects-normal/arm64/Debugger.swiftsourceinfo -emit-objc-header-path /Users/admin/builder/spi-builder-workspace/.derivedData/Build/Intermediates.noindex/Debugger.build/Debug-appletvos/Debugger-t.build/Objects-normal/arm64/Debugger-Swift.h -serialize-diagnostics-path /Users/admin/builder/spi-builder-workspace/.derivedData/Build/Intermediates.noindex/Debugger.build/Debug-appletvos/Debugger-t.build/Objects-normal/arm64/Debugger-primary-emit-module.dia -emit-dependencies-path /Users/admin/builder/spi-builder-workspace/.derivedData/Build/Intermediates.noindex/Debugger.build/Debug-appletvos/Debugger-t.build/Objects-normal/arm64/Debugger-primary-emit-module.d -parse-as-library -o /Users/admin/builder/spi-builder-workspace/.derivedData/Build/Intermediates.noindex/Debugger.build/Debug-appletvos/Debugger-t.build/Objects-normal/arm64/Debugger.swiftmodule -emit-abi-descriptor-path /Users/admin/builder/spi-builder-workspace/.derivedData/Build/Intermediates.noindex/Debugger.build/Debug-appletvos/Debugger-t.build/Objects-normal/arm64/Debugger.abi.json
SwiftCompile normal arm64 (in target 'Debugger' from project 'Debugger')
cd /Users/admin/builder/spi-builder-workspace/.swiftpm/xcode
SwiftCompile normal arm64 Compiling\ UIViewController+Swizzle.swift,\ UIWindow+.swift,\ URLSessionConfiguration+.swift,\ View+.swift,\ AnyCodableParameter.swift,\ EnvironmentSettings.swift,\ ListModifier.swift,\ ListRowModifier.swift,\ View+Modifiers.swift /Users/admin/builder/spi-builder-workspace/Sources/Debugger/Shared/Extensions/UIViewController+Swizzle.swift /Users/admin/builder/spi-builder-workspace/Sources/Debugger/Shared/Extensions/UIWindow+.swift /Users/admin/builder/spi-builder-workspace/Sources/Debugger/Shared/Extensions/URLSessionConfiguration+.swift /Users/admin/builder/spi-builder-workspace/Sources/Debugger/Shared/Extensions/View+.swift /Users/admin/builder/spi-builder-workspace/Sources/Debugger/Shared/Models/AnyCodableParameter.swift /Users/admin/builder/spi-builder-workspace/Sources/Debugger/Shared/Models/EnvironmentSettings.swift /Users/admin/builder/spi-builder-workspace/Sources/Debugger/Shared/Modifiers/ListModifier.swift /Users/admin/builder/spi-builder-workspace/Sources/Debugger/Shared/Modifiers/ListRowModifier.swift /Users/admin/builder/spi-builder-workspace/Sources/Debugger/Shared/Modifiers/View+Modifiers.swift (in target 'Debugger' from project 'Debugger')
/Users/admin/builder/spi-builder-workspace/Sources/Debugger/Shared/Extensions/Color+.swift:34:56: error: 'systemGroupedBackground' is unavailable in tvOS
32 |
33 | // MARK: - Grouped Background Colors
34 | static let systemGroupedBackground = Color(UIColor.systemGroupedBackground)
| `- error: 'systemGroupedBackground' is unavailable in tvOS
35 | static let secondarySystemGroupedBackground = Color(UIColor.secondarySystemGroupedBackground)
36 | static let tertiarySystemGroupedBackground = Color(UIColor.tertiarySystemGroupedBackground)
/Applications/Xcode-27.0.0-Release.Candidate.app/Contents/Developer/Platforms/AppleTVOS.platform/Developer/SDKs/AppleTVOS27.0.sdk/System/Library/Frameworks/UIKit.framework/Headers/UIInterface.h:217:49: note: 'systemGroupedBackground' has been explicitly marked unavailable here
215 | * colors in places where a table view wouldn't make sense.
216 | */
217 | @property (class, nonatomic, readonly) UIColor *systemGroupedBackgroundColor API_AVAILABLE(ios(13.0)) API_UNAVAILABLE(tvos, watchos);
| `- note: 'systemGroupedBackground' has been explicitly marked unavailable here
218 | @property (class, nonatomic, readonly) UIColor *secondarySystemGroupedBackgroundColor API_AVAILABLE(ios(13.0)) API_UNAVAILABLE(tvos, watchos);
219 | @property (class, nonatomic, readonly) UIColor *tertiarySystemGroupedBackgroundColor API_AVAILABLE(ios(13.0)) API_UNAVAILABLE(tvos, watchos);
/Users/admin/builder/spi-builder-workspace/Sources/Debugger/Shared/Modifiers/ListRowModifier.swift:44:18: error: 'listRowSeparator(_:edges:)' is unavailable in tvOS
42 | )
43 | .listRowBackground(Color.clear)
44 | .listRowSeparator(.hidden)
| `- error: 'listRowSeparator(_:edges:)' is unavailable in tvOS
45 | } else {
46 | itemView(content: content)
SwiftUI.View.listRowSeparator:2:25: note: 'listRowSeparator(_:edges:)' has been explicitly marked unavailable here
1 | protocol View {
2 | nonisolated public func listRowSeparator(_ visibility: Visibility, edges: VerticalEdge.Set = .all) -> some View
| `- note: 'listRowSeparator(_:edges:)' has been explicitly marked unavailable here
3 | }
4 |
SwiftCompile normal arm64 /Users/admin/builder/spi-builder-workspace/Sources/Debugger/Shared/Extensions/UIViewController+Swizzle.swift (in target 'Debugger' from project 'Debugger')
cd /Users/admin/builder/spi-builder-workspace/.swiftpm/xcode
builtin-SwiftPerFileCompile UIViewController+Swizzle.swift
SwiftCompile normal arm64 /Users/admin/builder/spi-builder-workspace/Sources/Debugger/Shared/Extensions/UIWindow+.swift (in target 'Debugger' from project 'Debugger')
cd /Users/admin/builder/spi-builder-workspace/.swiftpm/xcode
builtin-SwiftPerFileCompile UIWindow+.swift
SwiftCompile normal arm64 /Users/admin/builder/spi-builder-workspace/Sources/Debugger/Shared/Extensions/URLSessionConfiguration+.swift (in target 'Debugger' from project 'Debugger')
cd /Users/admin/builder/spi-builder-workspace/.swiftpm/xcode
builtin-SwiftPerFileCompile URLSessionConfiguration+.swift
SwiftCompile normal arm64 /Users/admin/builder/spi-builder-workspace/Sources/Debugger/Shared/Extensions/View+.swift (in target 'Debugger' from project 'Debugger')
cd /Users/admin/builder/spi-builder-workspace/.swiftpm/xcode
builtin-SwiftPerFileCompile View+.swift
SwiftCompile normal arm64 /Users/admin/builder/spi-builder-workspace/Sources/Debugger/Shared/Models/AnyCodableParameter.swift (in target 'Debugger' from project 'Debugger')
cd /Users/admin/builder/spi-builder-workspace/.swiftpm/xcode
builtin-SwiftPerFileCompile AnyCodableParameter.swift
SwiftCompile normal arm64 /Users/admin/builder/spi-builder-workspace/Sources/Debugger/Shared/Models/EnvironmentSettings.swift (in target 'Debugger' from project 'Debugger')
cd /Users/admin/builder/spi-builder-workspace/.swiftpm/xcode
builtin-SwiftPerFileCompile EnvironmentSettings.swift
SwiftCompile normal arm64 /Users/admin/builder/spi-builder-workspace/Sources/Debugger/Shared/Modifiers/ListModifier.swift (in target 'Debugger' from project 'Debugger')
cd /Users/admin/builder/spi-builder-workspace/.swiftpm/xcode
builtin-SwiftPerFileCompile ListModifier.swift
SwiftCompile normal arm64 /Users/admin/builder/spi-builder-workspace/Sources/Debugger/Shared/Modifiers/ListRowModifier.swift (in target 'Debugger' from project 'Debugger')
cd /Users/admin/builder/spi-builder-workspace/.swiftpm/xcode
builtin-SwiftPerFileCompile ListRowModifier.swift
SwiftCompile normal arm64 /Users/admin/builder/spi-builder-workspace/Sources/Debugger/Shared/Modifiers/View+Modifiers.swift (in target 'Debugger' from project 'Debugger')
cd /Users/admin/builder/spi-builder-workspace/.swiftpm/xcode
builtin-SwiftPerFileCompile View+Modifiers.swift
SwiftCompile normal arm64 Compiling\ ConfigurationEditRuleView.swift,\ ConfigurationItemView.swift,\ ConfigurationRuleView.swift,\ ConfigurationSwitcherView.swift,\ ConfigurationView.swift,\ DebugHTTPProtocol.swift,\ FileHandler.swift,\ RequestModelBeautifier.swift,\ ShareSheet.swift /Users/admin/builder/spi-builder-workspace/Sources/Debugger/Features/ConfigurationSwitcher/Views/ConfigurationEditRuleView.swift /Users/admin/builder/spi-builder-workspace/Sources/Debugger/Features/ConfigurationSwitcher/Views/ConfigurationItemView.swift /Users/admin/builder/spi-builder-workspace/Sources/Debugger/Features/ConfigurationSwitcher/Views/ConfigurationRuleView.swift /Users/admin/builder/spi-builder-workspace/Sources/Debugger/Features/ConfigurationSwitcher/Views/ConfigurationSwitcherView.swift /Users/admin/builder/spi-builder-workspace/Sources/Debugger/Features/ConfigurationSwitcher/Views/ConfigurationView.swift /Users/admin/builder/spi-builder-workspace/Sources/Debugger/Features/NetworkSniffer/Logic/DebugHTTPProtocol.swift /Users/admin/builder/spi-builder-workspace/Sources/Debugger/Features/NetworkSniffer/Logic/FileHandler.swift /Users/admin/builder/spi-builder-workspace/Sources/Debugger/Features/NetworkSniffer/Logic/RequestModelBeautifier.swift /Users/admin/builder/spi-builder-workspace/Sources/Debugger/Features/NetworkSniffer/Logic/ShareSheet.swift (in target 'Debugger' from project 'Debugger')
/Users/admin/builder/spi-builder-workspace/Sources/Debugger/Features/ConfigurationSwitcher/Views/ConfigurationEditRuleView.swift:79:31: error: 'menu' is only available in tvOS 17.0 or newer
8 | import SwiftUI
9 |
10 | struct ConfigurationEditRuleView: View {
| `- note: add '@available' attribute to enclosing struct
11 | @Environment(\.presentationMode) private var presentationMode: Binding<PresentationMode>
12 |
:
17 | var isEditing = true
18 |
19 | var body: some View {
| `- note: add '@available' attribute to enclosing property
20 | List {
21 | KeyValueView(
:
77 | }
78 | }
79 | .pickerStyle(.menu)
| |- error: 'menu' is only available in tvOS 17.0 or newer
| `- note: add 'if #available' version check
80 |
81 | switch viewModel.rule.type {
/Users/admin/builder/spi-builder-workspace/Sources/Debugger/Features/ConfigurationSwitcher/Views/ConfigurationEditRuleView.swift:93:21: error: 'TextEditor' is unavailable in tvOS
91 | .onDelete(perform: removeUpdatingParams)
92 | case .responseBody:
93 | TextEditor(text: $viewModel.rule.updatingResponse)
| `- error: 'TextEditor' is unavailable in tvOS
94 | .foregroundColor(.secondary)
95 | .font(.system(size: 14))
SwiftUI.TextEditor:4:27: note: 'TextEditor' has been explicitly marked unavailable here
2 | @available(tvOS, unavailable)
3 | @available(watchOS, unavailable)
4 | nonisolated public struct TextEditor : View, ~Sendable {
| `- note: 'TextEditor' has been explicitly marked unavailable here
5 | nonisolated public init(text: Binding<String>)
6 | @available(iOS 18.0, macOS 15.0, visionOS 2.0, *)
/Users/admin/builder/spi-builder-workspace/Sources/Debugger/Features/ConfigurationSwitcher/Views/ConfigurationEditRuleView.swift:121:10: error: 'navigationBarTitleDisplayMode' is unavailable in tvOS
119 | .list()
120 | .navigationTitle(isEditing ? "Edit Rule" : "New Rule")
121 | .navigationBarTitleDisplayMode(.inline)
| `- error: 'navigationBarTitleDisplayMode' is unavailable in tvOS
122 | .navigationBarItems(trailing: navigationBarItem)
123 | }
SwiftUI.View.navigationBarTitleDisplayMode:2:25: note: 'navigationBarTitleDisplayMode' has been explicitly marked unavailable here
1 | protocol View {
2 | nonisolated public func navigationBarTitleDisplayMode(_ displayMode: NavigationBarItem.TitleDisplayMode) -> some View
| `- note: 'navigationBarTitleDisplayMode' has been explicitly marked unavailable here
3 | }
4 |
/Users/admin/builder/spi-builder-workspace/Sources/Debugger/Shared/Extensions/Color+.swift:35:65: error: 'secondarySystemGroupedBackground' is unavailable in tvOS
33 | // MARK: - Grouped Background Colors
34 | static let systemGroupedBackground = Color(UIColor.systemGroupedBackground)
35 | static let secondarySystemGroupedBackground = Color(UIColor.secondarySystemGroupedBackground)
| `- error: 'secondarySystemGroupedBackground' is unavailable in tvOS
36 | static let tertiarySystemGroupedBackground = Color(UIColor.tertiarySystemGroupedBackground)
37 |
/Applications/Xcode-27.0.0-Release.Candidate.app/Contents/Developer/Platforms/AppleTVOS.platform/Developer/SDKs/AppleTVOS27.0.sdk/System/Library/Frameworks/UIKit.framework/Headers/UIInterface.h:218:49: note: 'secondarySystemGroupedBackground' has been explicitly marked unavailable here
216 | */
217 | @property (class, nonatomic, readonly) UIColor *systemGroupedBackgroundColor API_AVAILABLE(ios(13.0)) API_UNAVAILABLE(tvos, watchos);
218 | @property (class, nonatomic, readonly) UIColor *secondarySystemGroupedBackgroundColor API_AVAILABLE(ios(13.0)) API_UNAVAILABLE(tvos, watchos);
| `- note: 'secondarySystemGroupedBackground' has been explicitly marked unavailable here
219 | @property (class, nonatomic, readonly) UIColor *tertiarySystemGroupedBackgroundColor API_AVAILABLE(ios(13.0)) API_UNAVAILABLE(tvos, watchos);
220 |
/Users/admin/builder/spi-builder-workspace/Sources/Debugger/Features/ConfigurationSwitcher/Views/ConfigurationItemView.swift:42:18: error: 'onTapGesture(count:perform:)' is only available in tvOS 16.0 or newer
8 | import SwiftUI
9 |
10 | struct ConfigurationItemView: View {
| `- note: add '@available' attribute to enclosing struct
11 | @ObservedObject var viewModel: ConfigurationItemViewModel
12 | var didSelectConfiguration: (DebuggerConfiguration) -> Void
:
14 | @State private var isShowConfigurationInfo = false
15 |
16 | var body: some View {
| `- note: add '@available' attribute to enclosing property
17 | NavigationLink(
18 | destination: ConfigurationView(
:
40 | }
41 | }
42 | .onTapGesture {
| |- error: 'onTapGesture(count:perform:)' is only available in tvOS 16.0 or newer
| `- note: add 'if #available' version check
43 | didSelectConfiguration(viewModel.configuration)
44 | }
/Users/admin/builder/spi-builder-workspace/Sources/Debugger/Features/ConfigurationSwitcher/Views/ConfigurationRuleView.swift:51:22: error: 'BorderlessButtonStyle' is only available in tvOS 17.0 or newer
8 | import SwiftUI
9 |
10 | struct ConfigurationRuleView: View {
| `- note: add '@available' attribute to enclosing struct
11 | @ObservedObject var viewModel: ConfigurationRuleViewModel
12 | var updateRuleCompletion: (DebuggerConfigurationRule) -> Void
:
41 | }
42 |
43 | private var checkboxView: some View {
| `- note: add '@available' attribute to enclosing property
44 | Button(action: {
45 | viewModel.rule.isEnabled.toggle()
:
49 | .foregroundColor(viewModel.rule.isEnabled ? .blue : .gray)
50 | }
51 | .buttonStyle(BorderlessButtonStyle())
| |- error: 'BorderlessButtonStyle' is only available in tvOS 17.0 or newer
| `- note: add 'if #available' version check
52 | }
53 | }
/Users/admin/builder/spi-builder-workspace/Sources/Debugger/Features/NetworkSniffer/Logic/DebugHTTPProtocol.swift:86:1: warning: conformance of 'URLProtocol' to 'Sendable' is unavailable in tvOS; this is an error in the Swift 6 language mode
84 | }
85 |
86 | extension DebugHTTPProtocol: URLSessionDataDelegate {
| `- warning: conformance of 'URLProtocol' to 'Sendable' is unavailable in tvOS; this is an error in the Swift 6 language mode
87 | func urlSession(_ session: URLSession, dataTask: URLSessionDataTask, didReceive data: Data) {
88 | currentRequest?.saveDataResponse(data: data)
/Applications/Xcode-27.0.0-Release.Candidate.app/Contents/Developer/Platforms/AppleTVOS.platform/Developer/SDKs/AppleTVOS27.0.sdk/System/Library/Frameworks/Foundation.framework/Headers/NSAttributedString.h: 0:213 | /// `NSMutableAttributedString` is "toll-free bridged" with its Core Foundation counterpart, <doc://com.apple.documentation/documentation/corefoundation/cfmutableattributedstring>. See [Toll-Free Bridging](https://developer.apple.com/library/archive/documentation/General/Conceptual/CocoaEncyclopedia/Toll-FreeBridgin/Toll-FreeBridgin.html#//apple_ref/doc/uid/TP40010810-CH2) for more information.
214 | API_AVAILABLE(macos(10.0), ios(3.2), watchos(2.0), tvos(9.0))
215 | @interface NSMutableAttributedString : NSAttributedString
+--- --------------------------------------------------------------
|1 | @_nonSendable(_assumed)
| | `- note: conformance of 'URLProtocol' to 'Sendable' has been explicitly marked unavailable here
+-------------------------------------------------------------------
216 |
217 | // Override these two APIs (in addition to the two for NSAttributedString) when subclassing NSMutableAttributedString
SwiftCompile normal arm64 /Users/admin/builder/spi-builder-workspace/Sources/Debugger/Features/ConfigurationSwitcher/Views/ConfigurationEditRuleView.swift (in target 'Debugger' from project 'Debugger')
cd /Users/admin/builder/spi-builder-workspace/.swiftpm/xcode
builtin-SwiftPerFileCompile ConfigurationEditRuleView.swift
SwiftCompile normal arm64 /Users/admin/builder/spi-builder-workspace/Sources/Debugger/Features/ConfigurationSwitcher/Views/ConfigurationItemView.swift (in target 'Debugger' from project 'Debugger')
cd /Users/admin/builder/spi-builder-workspace/.swiftpm/xcode
builtin-SwiftPerFileCompile ConfigurationItemView.swift
SwiftCompile normal arm64 /Users/admin/builder/spi-builder-workspace/Sources/Debugger/Features/ConfigurationSwitcher/Views/ConfigurationRuleView.swift (in target 'Debugger' from project 'Debugger')
cd /Users/admin/builder/spi-builder-workspace/.swiftpm/xcode
builtin-SwiftPerFileCompile ConfigurationRuleView.swift
SwiftCompile normal arm64 /Users/admin/builder/spi-builder-workspace/Sources/Debugger/Features/ConfigurationSwitcher/Views/ConfigurationSwitcherView.swift (in target 'Debugger' from project 'Debugger')
cd /Users/admin/builder/spi-builder-workspace/.swiftpm/xcode
builtin-SwiftPerFileCompile ConfigurationSwitcherView.swift
SwiftCompile normal arm64 /Users/admin/builder/spi-builder-workspace/Sources/Debugger/Features/ConfigurationSwitcher/Views/ConfigurationView.swift (in target 'Debugger' from project 'Debugger')
cd /Users/admin/builder/spi-builder-workspace/.swiftpm/xcode
builtin-SwiftPerFileCompile ConfigurationView.swift
SwiftCompile normal arm64 /Users/admin/builder/spi-builder-workspace/Sources/Debugger/Features/NetworkSniffer/Logic/DebugHTTPProtocol.swift (in target 'Debugger' from project 'Debugger')
cd /Users/admin/builder/spi-builder-workspace/.swiftpm/xcode
builtin-SwiftPerFileCompile DebugHTTPProtocol.swift
SwiftCompile normal arm64 /Users/admin/builder/spi-builder-workspace/Sources/Debugger/Features/NetworkSniffer/Logic/FileHandler.swift (in target 'Debugger' from project 'Debugger')
cd /Users/admin/builder/spi-builder-workspace/.swiftpm/xcode
builtin-SwiftPerFileCompile FileHandler.swift
SwiftCompile normal arm64 /Users/admin/builder/spi-builder-workspace/Sources/Debugger/Features/NetworkSniffer/Logic/RequestModelBeautifier.swift (in target 'Debugger' from project 'Debugger')
cd /Users/admin/builder/spi-builder-workspace/.swiftpm/xcode
builtin-SwiftPerFileCompile RequestModelBeautifier.swift
SwiftCompile normal arm64 /Users/admin/builder/spi-builder-workspace/Sources/Debugger/Features/NetworkSniffer/Logic/ShareSheet.swift (in target 'Debugger' from project 'Debugger')
cd /Users/admin/builder/spi-builder-workspace/.swiftpm/xcode
builtin-SwiftPerFileCompile ShareSheet.swift
SwiftCompile normal arm64 Compiling\ RequestSectionLongView.swift,\ RequestSectionView.swift,\ RequestTagItemView.swift,\ RequestView.swift,\ NSObject+LifecycleMonitor.swift,\ Notification.Name+Leaks.swift,\ FPSCounterService.swift,\ MemoryLeakSnifferService.swift,\ ObjectLifecycleMonitor.swift /Users/admin/builder/spi-builder-workspace/Sources/Debugger/Features/NetworkSniffer/Views/RequestSectionLongView.swift /Users/admin/builder/spi-builder-workspace/Sources/Debugger/Features/NetworkSniffer/Views/RequestSectionView.swift /Users/admin/builder/spi-builder-workspace/Sources/Debugger/Features/NetworkSniffer/Views/RequestTagItemView.swift /Users/admin/builder/spi-builder-workspace/Sources/Debugger/Features/NetworkSniffer/Views/RequestView.swift /Users/admin/builder/spi-builder-workspace/Sources/Debugger/Features/SystemDebugger/Extensions/NSObject+LifecycleMonitor.swift /Users/admin/builder/spi-builder-workspace/Sources/Debugger/Features/SystemDebugger/Extensions/Notification.Name+Leaks.swift /Users/admin/builder/spi-builder-workspace/Sources/Debugger/Features/SystemDebugger/Logic/FPSCounterService.swift /Users/admin/builder/spi-builder-workspace/Sources/Debugger/Features/SystemDebugger/Logic/MemoryLeakSnifferService.swift /Users/admin/builder/spi-builder-workspace/Sources/Debugger/Features/SystemDebugger/Logic/ObjectLifecycleMonitor.swift (in target 'Debugger' from project 'Debugger')
/Users/admin/builder/spi-builder-workspace/Sources/Debugger/Features/NetworkSniffer/Views/RequestSectionLongView.swift:58:33: error: 'RoundedBorderTextFieldStyle' is unavailable in tvOS
56 | viewModel.searchResults.removeAll()
57 | })
58 | .textFieldStyle(RoundedBorderTextFieldStyle())
| `- error: 'RoundedBorderTextFieldStyle' is unavailable in tvOS
59 | .padding()
60 |
SwiftUI.RoundedBorderTextFieldStyle:5:15: note: 'RoundedBorderTextFieldStyle' has been explicitly marked unavailable here
3 | @available(tvOS, unavailable)
4 | @available(watchOS, unavailable)
5 | public struct RoundedBorderTextFieldStyle : TextFieldStyle, ~Sendable {
| `- note: 'RoundedBorderTextFieldStyle' has been explicitly marked unavailable here
6 | public init()
7 | public func _body(configuration: TextField<RoundedBorderTextFieldStyle._Label>) -> some View
/Users/admin/builder/spi-builder-workspace/Sources/Debugger/Features/NetworkSniffer/Views/RequestSectionView.swift:75:18: error: 'textSelection' is unavailable in tvOS
73 |
74 | return Text(attributedString)
75 | .textSelection(.enabled)
| `- error: 'textSelection' is unavailable in tvOS
76 | } else {
77 | guard searchText.isEmpty == false else {
SwiftUI.View.textSelection:2:25: note: 'textSelection' has been explicitly marked unavailable here
1 | protocol View {
2 | nonisolated public func textSelection<S>(_ selectability: S) -> some View where S : TextSelectability
| `- note: 'textSelection' has been explicitly marked unavailable here
3 | }
4 |
/Users/admin/builder/spi-builder-workspace/Sources/Debugger/Features/NetworkSniffer/Views/RequestSectionView.swift:75:33: error: 'enabled' is unavailable in tvOS
73 |
74 | return Text(attributedString)
75 | .textSelection(.enabled)
| `- error: 'enabled' is unavailable in tvOS
76 | } else {
77 | guard searchText.isEmpty == false else {
SwiftUI.TextSelectability.enabled:2:43: note: 'enabled' has been explicitly marked unavailable here
1 | protocol TextSelectability {
2 | @export(implementation) public static var enabled: EnabledTextSelectability { get }}
| `- note: 'enabled' has been explicitly marked unavailable here
3 |
/Users/admin/builder/spi-builder-workspace/Sources/Debugger/Shared/Utils/SimplePDF.swift:84:86: error: 'systemFontSize' is unavailable in tvOS
82 | ///
83 | /// This process will be repeated untill there's no text left to draw.
84 | open func addText(_ text: String, font:UIFont = UIFont.systemFont(ofSize: UIFont.systemFontSize), textColor:UIColor = UIColor.black) {
| `- error: 'systemFontSize' is unavailable in tvOS
85 | commands += [ .addText(text: text, font: font, textColor: textColor) ]
86 | }
/Applications/Xcode-27.0.0-Release.Candidate.app/Contents/Developer/Platforms/AppleTVOS.platform/Developer/SDKs/AppleTVOS27.0.sdk/System/Library/Frameworks/UIKit.framework/Headers/UIInterface.h:271:47: note: 'systemFontSize' has been explicitly marked unavailable here
269 | @property(class, nonatomic, readonly) CGFloat buttonFontSize API_UNAVAILABLE(tvos, watchos);
270 | @property(class, nonatomic, readonly) CGFloat smallSystemFontSize API_UNAVAILABLE(tvos, watchos);
271 | @property(class, nonatomic, readonly) CGFloat systemFontSize API_UNAVAILABLE(tvos, watchos);
| `- note: 'systemFontSize' has been explicitly marked unavailable here
272 | @property(class, nonatomic, readonly) CGFloat defaultFontSize API_UNAVAILABLE(macos, ios, tvos, watchos);
273 | @property(class, nonatomic, readonly) CGFloat systemMinimumFontSize API_UNAVAILABLE(macos, ios, tvos, watchos);
/Users/admin/builder/spi-builder-workspace/Sources/Debugger/Features/NetworkSniffer/Views/RequestView.swift:37:10: error: 'navigationBarTitle(_:displayMode:)' is unavailable in tvOS
35 | }
36 | .listStyle(.plain)
37 | .navigationBarTitle(Text(requestModel.url?.relativePath ?? ""), displayMode: .inline)
| `- error: 'navigationBarTitle(_:displayMode:)' is unavailable in tvOS
38 | .navigationBarItems(trailing:
39 | Button(action: {
SwiftUI.View.navigationBarTitle:7:27: note: 'navigationBarTitle(_:displayMode:)' has been explicitly marked unavailable here
5 | @available(watchOS, unavailable)
6 | @available(visionOS, introduced: 1.0, deprecated: 100000.0, message: "Use navigationTitle(_:) with navigationBarTitleDisplayMode(_:)")
7 | nonisolated public func navigationBarTitle(_ title: Text, displayMode: NavigationBarItem.TitleDisplayMode) -> some View
| `- note: 'navigationBarTitle(_:displayMode:)' has been explicitly marked unavailable here
8 | }
9 |
SwiftCompile normal arm64 /Users/admin/builder/spi-builder-workspace/Sources/Debugger/Features/NetworkSniffer/Views/RequestSectionLongView.swift (in target 'Debugger' from project 'Debugger')
cd /Users/admin/builder/spi-builder-workspace/.swiftpm/xcode
builtin-SwiftPerFileCompile RequestSectionLongView.swift
SwiftCompile normal arm64 /Users/admin/builder/spi-builder-workspace/Sources/Debugger/Features/NetworkSniffer/Views/RequestSectionView.swift (in target 'Debugger' from project 'Debugger')
cd /Users/admin/builder/spi-builder-workspace/.swiftpm/xcode
builtin-SwiftPerFileCompile RequestSectionView.swift
SwiftCompile normal arm64 /Users/admin/builder/spi-builder-workspace/Sources/Debugger/Features/NetworkSniffer/Views/RequestTagItemView.swift (in target 'Debugger' from project 'Debugger')
cd /Users/admin/builder/spi-builder-workspace/.swiftpm/xcode
builtin-SwiftPerFileCompile RequestTagItemView.swift
SwiftCompile normal arm64 /Users/admin/builder/spi-builder-workspace/Sources/Debugger/Features/NetworkSniffer/Views/RequestView.swift (in target 'Debugger' from project 'Debugger')
cd /Users/admin/builder/spi-builder-workspace/.swiftpm/xcode
builtin-SwiftPerFileCompile RequestView.swift
SwiftCompile normal arm64 /Users/admin/builder/spi-builder-workspace/Sources/Debugger/Features/SystemDebugger/Extensions/NSObject+LifecycleMonitor.swift (in target 'Debugger' from project 'Debugger')
cd /Users/admin/builder/spi-builder-workspace/.swiftpm/xcode
builtin-SwiftPerFileCompile NSObject+LifecycleMonitor.swift
SwiftCompile normal arm64 /Users/admin/builder/spi-builder-workspace/Sources/Debugger/Features/SystemDebugger/Extensions/Notification.Name+Leaks.swift (in target 'Debugger' from project 'Debugger')
cd /Users/admin/builder/spi-builder-workspace/.swiftpm/xcode
builtin-SwiftPerFileCompile Notification.Name+Leaks.swift
SwiftCompile normal arm64 /Users/admin/builder/spi-builder-workspace/Sources/Debugger/Features/SystemDebugger/Logic/FPSCounterService.swift (in target 'Debugger' from project 'Debugger')
cd /Users/admin/builder/spi-builder-workspace/.swiftpm/xcode
builtin-SwiftPerFileCompile FPSCounterService.swift
SwiftCompile normal arm64 /Users/admin/builder/spi-builder-workspace/Sources/Debugger/Features/SystemDebugger/Logic/MemoryLeakSnifferService.swift (in target 'Debugger' from project 'Debugger')
cd /Users/admin/builder/spi-builder-workspace/.swiftpm/xcode
builtin-SwiftPerFileCompile MemoryLeakSnifferService.swift
SwiftCompile normal arm64 /Users/admin/builder/spi-builder-workspace/Sources/Debugger/Features/SystemDebugger/Logic/ObjectLifecycleMonitor.swift (in target 'Debugger' from project 'Debugger')
cd /Users/admin/builder/spi-builder-workspace/.swiftpm/xcode
builtin-SwiftPerFileCompile ObjectLifecycleMonitor.swift
SwiftCompile normal arm64 Compiling\ AssociatedObject.swift,\ SimplePDF.swift,\ FlexibleView.swift,\ KeyValueInfoView.swift,\ KeyValueView.swift,\ OptionView.swift,\ OptionsView.swift,\ SearchBar.swift /Users/admin/builder/spi-builder-workspace/Sources/Debugger/Shared/Utils/AssociatedObject.swift /Users/admin/builder/spi-builder-workspace/Sources/Debugger/Shared/Utils/SimplePDF.swift /Users/admin/builder/spi-builder-workspace/Sources/Debugger/Shared/Views/FlexibleView.swift /Users/admin/builder/spi-builder-workspace/Sources/Debugger/Shared/Views/KeyValueInfoView.swift /Users/admin/builder/spi-builder-workspace/Sources/Debugger/Shared/Views/KeyValueView.swift /Users/admin/builder/spi-builder-workspace/Sources/Debugger/Shared/Views/OptionView.swift /Users/admin/builder/spi-builder-workspace/Sources/Debugger/Shared/Views/OptionsView.swift /Users/admin/builder/spi-builder-workspace/Sources/Debugger/Shared/Views/SearchBar.swift (in target 'Debugger' from project 'Debugger')
/Users/admin/builder/spi-builder-workspace/Sources/Debugger/Shared/Utils/SimplePDF.swift:84:86: error: 'systemFontSize' is unavailable in tvOS
82 | ///
83 | /// This process will be repeated untill there's no text left to draw.
84 | open func addText(_ text: String, font:UIFont = UIFont.systemFont(ofSize: UIFont.systemFontSize), textColor:UIColor = UIColor.black) {
| `- error: 'systemFontSize' is unavailable in tvOS
85 | commands += [ .addText(text: text, font: font, textColor: textColor) ]
86 | }
/Applications/Xcode-27.0.0-Release.Candidate.app/Contents/Developer/Platforms/AppleTVOS.platform/Developer/SDKs/AppleTVOS27.0.sdk/System/Library/Frameworks/UIKit.framework/Headers/UIInterface.h:271:47: note: 'systemFontSize' has been explicitly marked unavailable here
269 | @property(class, nonatomic, readonly) CGFloat buttonFontSize API_UNAVAILABLE(tvos, watchos);
270 | @property(class, nonatomic, readonly) CGFloat smallSystemFontSize API_UNAVAILABLE(tvos, watchos);
271 | @property(class, nonatomic, readonly) CGFloat systemFontSize API_UNAVAILABLE(tvos, watchos);
| `- note: 'systemFontSize' has been explicitly marked unavailable here
272 | @property(class, nonatomic, readonly) CGFloat defaultFontSize API_UNAVAILABLE(macos, ios, tvos, watchos);
273 | @property(class, nonatomic, readonly) CGFloat systemMinimumFontSize API_UNAVAILABLE(macos, ios, tvos, watchos);
/Users/admin/builder/spi-builder-workspace/Sources/Debugger/Shared/Utils/SimplePDF.swift:384:61: error: 'systemFontSize' is unavailable in tvOS
382 | }
383 |
384 | return UIFont.systemFont(ofSize: UIFont.systemFontSize)
| `- error: 'systemFontSize' is unavailable in tvOS
385 | }()
386 |
/Applications/Xcode-27.0.0-Release.Candidate.app/Contents/Developer/Platforms/AppleTVOS.platform/Developer/SDKs/AppleTVOS27.0.sdk/System/Library/Frameworks/UIKit.framework/Headers/UIInterface.h:271:47: note: 'systemFontSize' has been explicitly marked unavailable here
269 | @property(class, nonatomic, readonly) CGFloat buttonFontSize API_UNAVAILABLE(tvos, watchos);
270 | @property(class, nonatomic, readonly) CGFloat smallSystemFontSize API_UNAVAILABLE(tvos, watchos);
271 | @property(class, nonatomic, readonly) CGFloat systemFontSize API_UNAVAILABLE(tvos, watchos);
| `- note: 'systemFontSize' has been explicitly marked unavailable here
272 | @property(class, nonatomic, readonly) CGFloat defaultFontSize API_UNAVAILABLE(macos, ios, tvos, watchos);
273 | @property(class, nonatomic, readonly) CGFloat systemMinimumFontSize API_UNAVAILABLE(macos, ios, tvos, watchos);
/Users/admin/builder/spi-builder-workspace/Sources/Debugger/Shared/Views/OptionsView.swift:22:22: error: 'onTapGesture(count:perform:)' is only available in tvOS 16.0 or newer
8 | import SwiftUI
9 |
10 | struct OptionsView: View {
| `- note: add '@available' attribute to enclosing struct
11 | @Environment(\.presentationMode) private var presentationMode: Binding<PresentationMode>
12 |
:
16 | let didSelectOption: ((String) -> Void)?
17 |
18 | var body: some View {
| `- note: add '@available' attribute to enclosing property
19 | List {
20 | ForEach(options, id: \.self) { option in
21 | OptionView(option: option, isSelected: option == selectedOption)
22 | .onTapGesture {
| |- error: 'onTapGesture(count:perform:)' is only available in tvOS 16.0 or newer
| `- note: add 'if #available' version check
23 | didSelectOption?(option)
24 | presentationMode.wrappedValue.dismiss()
/Users/admin/builder/spi-builder-workspace/Sources/Debugger/Shared/Extensions/Color+.swift:43:44: error: 'systemGray5' is unavailable in tvOS
41 | static let systemGray3 = Color(UIColor.systemGray3)
42 | static let systemGray4 = Color(UIColor.systemGray4)
43 | static let systemGray5 = Color(UIColor.systemGray5)
| `- error: 'systemGray5' is unavailable in tvOS
44 | static let systemGray6 = Color(UIColor.systemGray6)
45 |
/Applications/Xcode-27.0.0-Release.Candidate.app/Contents/Developer/Platforms/AppleTVOS.platform/Developer/SDKs/AppleTVOS27.0.sdk/System/Library/Frameworks/UIKit.framework/Headers/UIInterface.h:149:49: note: 'systemGray5' has been explicitly marked unavailable here
147 | @property (class, nonatomic, readonly) UIColor *systemGray3Color API_AVAILABLE(ios(13.0)) API_UNAVAILABLE(tvos, watchos);
148 | @property (class, nonatomic, readonly) UIColor *systemGray4Color API_AVAILABLE(ios(13.0)) API_UNAVAILABLE(tvos, watchos);
149 | @property (class, nonatomic, readonly) UIColor *systemGray5Color API_AVAILABLE(ios(13.0)) API_UNAVAILABLE(tvos, watchos);
| `- note: 'systemGray5' has been explicitly marked unavailable here
150 | @property (class, nonatomic, readonly) UIColor *systemGray6Color API_AVAILABLE(ios(13.0)) API_UNAVAILABLE(tvos, watchos);
151 |
/Users/admin/builder/spi-builder-workspace/Sources/Debugger/Shared/Views/SearchBar.swift:19:18: error: 'onTapGesture(count:perform:)' is only available in tvOS 16.0 or newer
8 | import SwiftUI
9 |
10 | struct SearchBar: View {
| `- note: add '@available' attribute to enclosing struct
11 | @Binding var text: String
12 |
13 | @State private var isEditing = false
14 |
15 | var body: some View {
| `- note: add '@available' attribute to enclosing property
16 | HStack {
17 | TextField("Поиск", text: $text)
18 | .frame(height: 40)
19 | .onTapGesture {
| |- error: 'onTapGesture(count:perform:)' is only available in tvOS 16.0 or newer
| `- note: add 'if #available' version check
20 | self.isEditing = true
21 | }
SwiftCompile normal arm64 /Users/admin/builder/spi-builder-workspace/Sources/Debugger/Shared/Utils/AssociatedObject.swift (in target 'Debugger' from project 'Debugger')
cd /Users/admin/builder/spi-builder-workspace/.swiftpm/xcode
builtin-SwiftPerFileCompile AssociatedObject.swift
SwiftCompile normal arm64 /Users/admin/builder/spi-builder-workspace/Sources/Debugger/Shared/Utils/SimplePDF.swift (in target 'Debugger' from project 'Debugger')
cd /Users/admin/builder/spi-builder-workspace/.swiftpm/xcode
builtin-SwiftPerFileCompile SimplePDF.swift
SwiftCompile normal arm64 /Users/admin/builder/spi-builder-workspace/Sources/Debugger/Shared/Views/FlexibleView.swift (in target 'Debugger' from project 'Debugger')
cd /Users/admin/builder/spi-builder-workspace/.swiftpm/xcode
builtin-SwiftPerFileCompile FlexibleView.swift
SwiftCompile normal arm64 /Users/admin/builder/spi-builder-workspace/Sources/Debugger/Shared/Views/KeyValueInfoView.swift (in target 'Debugger' from project 'Debugger')
cd /Users/admin/builder/spi-builder-workspace/.swiftpm/xcode
builtin-SwiftPerFileCompile KeyValueInfoView.swift
SwiftCompile normal arm64 /Users/admin/builder/spi-builder-workspace/Sources/Debugger/Shared/Views/KeyValueView.swift (in target 'Debugger' from project 'Debugger')
cd /Users/admin/builder/spi-builder-workspace/.swiftpm/xcode
builtin-SwiftPerFileCompile KeyValueView.swift
SwiftCompile normal arm64 /Users/admin/builder/spi-builder-workspace/Sources/Debugger/Shared/Views/OptionView.swift (in target 'Debugger' from project 'Debugger')
cd /Users/admin/builder/spi-builder-workspace/.swiftpm/xcode
builtin-SwiftPerFileCompile OptionView.swift
SwiftCompile normal arm64 /Users/admin/builder/spi-builder-workspace/Sources/Debugger/Shared/Views/OptionsView.swift (in target 'Debugger' from project 'Debugger')
cd /Users/admin/builder/spi-builder-workspace/.swiftpm/xcode
builtin-SwiftPerFileCompile OptionsView.swift
SwiftCompile normal arm64 /Users/admin/builder/spi-builder-workspace/Sources/Debugger/Shared/Views/SearchBar.swift (in target 'Debugger' from project 'Debugger')
cd /Users/admin/builder/spi-builder-workspace/.swiftpm/xcode
builtin-SwiftPerFileCompile SearchBar.swift
SwiftCompile normal arm64 Compiling\ EnvironmentValues+.swift,\ InputStream+.swift,\ NSObject+.swift,\ NotificationCenter+.swift,\ String+.swift,\ UIApplication+.swift,\ UIColor+.swift,\ UINavigationController+Swizzle.swift,\ UIView+Swizzle.swift /Users/admin/builder/spi-builder-workspace/Sources/Debugger/Shared/Extensions/EnvironmentValues+.swift /Users/admin/builder/spi-builder-workspace/Sources/Debugger/Shared/Extensions/InputStream+.swift /Users/admin/builder/spi-builder-workspace/Sources/Debugger/Shared/Extensions/NSObject+.swift /Users/admin/builder/spi-builder-workspace/Sources/Debugger/Shared/Extensions/NotificationCenter+.swift /Users/admin/builder/spi-builder-workspace/Sources/Debugger/Shared/Extensions/String+.swift /Users/admin/builder/spi-builder-workspace/Sources/Debugger/Shared/Extensions/UIApplication+.swift /Users/admin/builder/spi-builder-workspace/Sources/Debugger/Shared/Extensions/UIColor+.swift /Users/admin/builder/spi-builder-workspace/Sources/Debugger/Shared/Extensions/UINavigationController+Swizzle.swift /Users/admin/builder/spi-builder-workspace/Sources/Debugger/Shared/Extensions/UIView+Swizzle.swift (in target 'Debugger' from project 'Debugger')
SwiftCompile normal arm64 /Users/admin/builder/spi-builder-workspace/Sources/Debugger/Shared/Extensions/EnvironmentValues+.swift (in target 'Debugger' from project 'Debugger')
cd /Users/admin/builder/spi-builder-workspace/.swiftpm/xcode
builtin-SwiftPerFileCompile EnvironmentValues+.swift
SwiftCompile normal arm64 /Users/admin/builder/spi-builder-workspace/Sources/Debugger/Shared/Extensions/InputStream+.swift (in target 'Debugger' from project 'Debugger')
cd /Users/admin/builder/spi-builder-workspace/.swiftpm/xcode
builtin-SwiftPerFileCompile InputStream+.swift
SwiftCompile normal arm64 /Users/admin/builder/spi-builder-workspace/Sources/Debugger/Shared/Extensions/NSObject+.swift (in target 'Debugger' from project 'Debugger')
cd /Users/admin/builder/spi-builder-workspace/.swiftpm/xcode
builtin-SwiftPerFileCompile NSObject+.swift
SwiftCompile normal arm64 /Users/admin/builder/spi-builder-workspace/Sources/Debugger/Shared/Extensions/NotificationCenter+.swift (in target 'Debugger' from project 'Debugger')
cd /Users/admin/builder/spi-builder-workspace/.swiftpm/xcode
builtin-SwiftPerFileCompile NotificationCenter+.swift
SwiftCompile normal arm64 /Users/admin/builder/spi-builder-workspace/Sources/Debugger/Shared/Extensions/String+.swift (in target 'Debugger' from project 'Debugger')
cd /Users/admin/builder/spi-builder-workspace/.swiftpm/xcode
builtin-SwiftPerFileCompile String+.swift
SwiftCompile normal arm64 /Users/admin/builder/spi-builder-workspace/Sources/Debugger/Shared/Extensions/UIApplication+.swift (in target 'Debugger' from project 'Debugger')
cd /Users/admin/builder/spi-builder-workspace/.swiftpm/xcode
builtin-SwiftPerFileCompile UIApplication+.swift
SwiftCompile normal arm64 /Users/admin/builder/spi-builder-workspace/Sources/Debugger/Shared/Extensions/UIColor+.swift (in target 'Debugger' from project 'Debugger')
cd /Users/admin/builder/spi-builder-workspace/.swiftpm/xcode
builtin-SwiftPerFileCompile UIColor+.swift
SwiftCompile normal arm64 /Users/admin/builder/spi-builder-workspace/Sources/Debugger/Shared/Extensions/UINavigationController+Swizzle.swift (in target 'Debugger' from project 'Debugger')
cd /Users/admin/builder/spi-builder-workspace/.swiftpm/xcode
builtin-SwiftPerFileCompile UINavigationController+Swizzle.swift
SwiftCompile normal arm64 /Users/admin/builder/spi-builder-workspace/Sources/Debugger/Shared/Extensions/UIView+Swizzle.swift (in target 'Debugger' from project 'Debugger')
cd /Users/admin/builder/spi-builder-workspace/.swiftpm/xcode
builtin-SwiftPerFileCompile UIView+Swizzle.swift
SwiftCompile normal arm64 Compiling\ Debugger.swift,\ DebugFeature.swift,\ DebuggerItemViewModel.swift,\ DebuggerItemView.swift,\ DebuggerView.swift,\ AnimationControlViewModel.swift,\ AnimationControlView.swift,\ NetworkModifierService.swift,\ ConfigurationSetting.swift /Users/admin/builder/spi-builder-workspace/Sources/Debugger/Debugger.swift /Users/admin/builder/spi-builder-workspace/Sources/Debugger/Debugger/Models/DebugFeature.swift /Users/admin/builder/spi-builder-workspace/Sources/Debugger/Debugger/ViewModels/DebuggerItemViewModel.swift /Users/admin/builder/spi-builder-workspace/Sources/Debugger/Debugger/Views/DebuggerItemView.swift /Users/admin/builder/spi-builder-workspace/Sources/Debugger/Debugger/Views/DebuggerView.swift /Users/admin/builder/spi-builder-workspace/Sources/Debugger/Features/AnimationControl/ViewModels/AnimationControlViewModel.swift /Users/admin/builder/spi-builder-workspace/Sources/Debugger/Features/AnimationControl/Views/AnimationControlView.swift /Users/admin/builder/spi-builder-workspace/Sources/Debugger/Features/ConfigurationSwitcher/Logic/NetworkModifierService.swift /Users/admin/builder/spi-builder-workspace/Sources/Debugger/Features/ConfigurationSwitcher/Models/ConfigurationSetting.swift (in target 'Debugger' from project 'Debugger')
SwiftCompile normal arm64 /Users/admin/builder/spi-builder-workspace/Sources/Debugger/Debugger.swift (in target 'Debugger' from project 'Debugger')
cd /Users/admin/builder/spi-builder-workspace/.swiftpm/xcode
builtin-SwiftPerFileCompile Debugger.swift
SwiftCompile normal arm64 /Users/admin/builder/spi-builder-workspace/Sources/Debugger/Debugger/Models/DebugFeature.swift (in target 'Debugger' from project 'Debugger')
cd /Users/admin/builder/spi-builder-workspace/.swiftpm/xcode
builtin-SwiftPerFileCompile DebugFeature.swift
SwiftCompile normal arm64 /Users/admin/builder/spi-builder-workspace/Sources/Debugger/Debugger/ViewModels/DebuggerItemViewModel.swift (in target 'Debugger' from project 'Debugger')
cd /Users/admin/builder/spi-builder-workspace/.swiftpm/xcode
builtin-SwiftPerFileCompile DebuggerItemViewModel.swift
SwiftCompile normal arm64 /Users/admin/builder/spi-builder-workspace/Sources/Debugger/Debugger/Views/DebuggerItemView.swift (in target 'Debugger' from project 'Debugger')
cd /Users/admin/builder/spi-builder-workspace/.swiftpm/xcode
builtin-SwiftPerFileCompile DebuggerItemView.swift
SwiftCompile normal arm64 /Users/admin/builder/spi-builder-workspace/Sources/Debugger/Debugger/Views/DebuggerView.swift (in target 'Debugger' from project 'Debugger')
cd /Users/admin/builder/spi-builder-workspace/.swiftpm/xcode
builtin-SwiftPerFileCompile DebuggerView.swift
SwiftCompile normal arm64 /Users/admin/builder/spi-builder-workspace/Sources/Debugger/Features/AnimationControl/ViewModels/AnimationControlViewModel.swift (in target 'Debugger' from project 'Debugger')
cd /Users/admin/builder/spi-builder-workspace/.swiftpm/xcode
builtin-SwiftPerFileCompile AnimationControlViewModel.swift
SwiftCompile normal arm64 /Users/admin/builder/spi-builder-workspace/Sources/Debugger/Features/AnimationControl/Views/AnimationControlView.swift (in target 'Debugger' from project 'Debugger')
cd /Users/admin/builder/spi-builder-workspace/.swiftpm/xcode
builtin-SwiftPerFileCompile AnimationControlView.swift
SwiftCompile normal arm64 /Users/admin/builder/spi-builder-workspace/Sources/Debugger/Features/ConfigurationSwitcher/Logic/NetworkModifierService.swift (in target 'Debugger' from project 'Debugger')
cd /Users/admin/builder/spi-builder-workspace/.swiftpm/xcode
builtin-SwiftPerFileCompile NetworkModifierService.swift
SwiftCompile normal arm64 /Users/admin/builder/spi-builder-workspace/Sources/Debugger/Features/ConfigurationSwitcher/Models/ConfigurationSetting.swift (in target 'Debugger' from project 'Debugger')
cd /Users/admin/builder/spi-builder-workspace/.swiftpm/xcode
builtin-SwiftPerFileCompile ConfigurationSetting.swift
PruneExplicitPrecompiledModules /Users/admin/builder/spi-builder-workspace/.derivedData/Build/Intermediates.noindex/SwiftExplicitPrecompiledModules
PruneExplicitPrecompiledModules /Users/admin/builder/spi-builder-workspace/.derivedData/Build/Intermediates.noindex/ExplicitPrecompiledModules
PruneExplicitPrecompiledModules /Users/admin/builder/spi-builder-workspace/.derivedData/SDKExplicitPrecompiledModules
2026-09-20 13:29:42.664 xcodebuild[757:4582] [MT] IDERunDestination: Supported platforms for the buildables in the current scheme is empty.
** BUILD FAILED **
The following build commands failed:
SwiftEmitModule normal arm64 Emitting\ module\ for\ Debugger (in target 'Debugger' from project 'Debugger')
SwiftCompile normal arm64 (in target 'Debugger' from project 'Debugger')
Building workspace Debugger with scheme Debugger
(3 failures)
BUILD FAILURE 6.4 tvOS