Build Information
Failed to build SpeziChat, reference 0.2.5 (d696d8), with Swift 6.4 for tvOS using Xcode 27.0 on 23 Sep 2026 02:48:48 UTC.
Build Command
env DEVELOPER_DIR=/Applications/Xcode-27.0.0-Release.Candidate.app xcrun xcodebuild -IDEClonedSourcePackagesDirPathOverride=$PWD/.dependencies -skipMacroValidation -skipPackagePluginValidation -derivedDataPath $PWD/.derivedData build -scheme SpeziChat -destination generic/platform=tvOSBuild Log
SwiftDriverJobDiscovery normal arm64 Compiling Application+TypeAlias.swift, ApplicationDelegate.swift, ApplicationDelegateAdaptor.swift, DynamicReference.swift, Module+Properties.swift, ProcessInfo+PreviewSimulator.swift (in target 'Spezi' from project 'Spezi')
SwiftDriver SpeziSpeechSynthesizer normal arm64 com.apple.xcode.tools.swift.compiler (in target 'SpeziSpeechSynthesizer' from project 'SpeziSpeech')
cd /Users/admin/builder/spi-builder-workspace/.swiftpm/xcode
builtin-SwiftDriver -- /Applications/Xcode-27.0.0-Release.Candidate.app/Contents/Developer/Toolchains/XcodeDefault.xctoolchain/usr/bin/swiftc -parse-as-library -module-name SpeziSpeechSynthesizer -Onone @/Users/admin/builder/spi-builder-workspace/.derivedData/Build/Intermediates.noindex/SpeziSpeech.build/Debug-appletvos/SpeziSpeechSynthesizer-t.build/Objects-normal/arm64/SpeziSpeechSynthesizer.SwiftFileList -DSWIFT_PACKAGE -DDEBUG -DSWIFT_MODULE_RESOURCE_BUNDLE_UNAVAILABLE -Xcc -fmodule-map-file\=/Users/admin/builder/spi-builder-workspace/.dependencies/checkouts/zstd/lib/module.modulemap -Xcc -fmodule-map-file\=/Users/admin/builder/spi-builder-workspace/.dependencies/checkouts/swift-atomics/Sources/_AtomicsShims/include/module.modulemap -Xcc -fmodule-map-file\=/Users/admin/builder/spi-builder-workspace/.dependencies/checkouts/swift-numerics/Sources/_NumericsShims/include/module.modulemap -Xcc -fmodule-map-file\=/Users/admin/builder/spi-builder-workspace/.derivedData/Build/Intermediates.noindex/GeneratedModuleMaps-appletvos/SpeziFoundationObjC.modulemap -DXcode -plugin-path /Applications/Xcode-27.0.0-Release.Candidate.app/Contents/Developer/Toolchains/XcodeDefault.xctoolchain/usr/lib/swift/host/plugins/testing -enable-experimental-feature DebugDescriptionMacro -sdk /Applications/Xcode-27.0.0-Release.Candidate.app/Contents/Developer/Platforms/AppleTVOS.platform/Developer/SDKs/AppleTVOS27.0.sdk -target arm64-apple-tvos17.0 -g -module-cache-path /Users/admin/builder/spi-builder-workspace/.derivedData/ModuleCache.noindex -Xfrontend -serialize-debugging-options -profile-coverage-mapping -profile-generate -enable-testing -suppress-warnings -index-store-path /Users/admin/builder/spi-builder-workspace/.derivedData/Index.noindex/DataStore -Xcc -D_LIBCPP_HARDENING_MODE\=_LIBCPP_HARDENING_MODE_DEBUG -swift-version 6 -I /Users/admin/builder/spi-builder-workspace/.derivedData/Build/Products/Debug-appletvos -Isystem /Applications/Xcode-27.0.0-Release.Candidate.app/Contents/Developer/Platforms/AppleTVOS.platform/Developer/usr/lib -F /Users/admin/builder/spi-builder-workspace/.derivedData/Build/Products/Debug-appletvos/PackageFrameworks -F /Users/admin/builder/spi-builder-workspace/.derivedData/Build/Products/Debug-appletvos -F /Applications/Xcode-27.0.0-Release.Candidate.app/Contents/Developer/Platforms/AppleTVOS.platform/Developer/Library/Frameworks -F /Applications/Xcode-27.0.0-Release.Candidate.app/Contents/Developer/Platforms/AppleTVOS.platform/Developer/SDKs/AppleTVOS27.0.sdk/Developer/Library/Frameworks -Xfrontend -load-plugin-executable -Xfrontend /Users/admin/builder/spi-builder-workspace/.derivedData/Build/Products/Debug/ThreadLocalMacros\#ThreadLocalMacros -emit-localized-strings -emit-localized-strings-path /Users/admin/builder/spi-builder-workspace/.derivedData/Build/Intermediates.noindex/SpeziSpeech.build/Debug-appletvos/SpeziSpeechSynthesizer-t.build/Objects-normal/arm64 -c -j10 -enable-batch-mode -incremental -Xcc -ivfsstatcache -Xcc /Users/admin/builder/spi-builder-workspace/.derivedData/SDKStatCaches.noindex/appletvos27.0-24J360-e829b21a6f8c9b70876ba0858053c044b32bfd8d43560033f8d89884cdb90028.sdkstatcache -output-file-map /Users/admin/builder/spi-builder-workspace/.derivedData/Build/Intermediates.noindex/SpeziSpeech.build/Debug-appletvos/SpeziSpeechSynthesizer-t.build/Objects-normal/arm64/SpeziSpeechSynthesizer-OutputFileMap.json -save-temps -no-color-diagnostics -explicit-module-build -module-cache-path /Users/admin/builder/spi-builder-workspace/.derivedData/Build/Intermediates.noindex/SwiftExplicitPrecompiledModules -clang-scanner-module-cache-path /Users/admin/builder/spi-builder-workspace/.derivedData/ModuleCache.noindex -sdk-module-cache-path /Users/admin/builder/spi-builder-workspace/.derivedData/SDKExplicitPrecompiledModules -emit-dependencies -emit-module -emit-module-path /Users/admin/builder/spi-builder-workspace/.derivedData/Build/Intermediates.noindex/SpeziSpeech.build/Debug-appletvos/SpeziSpeechSynthesizer-t.build/Objects-normal/arm64/SpeziSpeechSynthesizer.swiftmodule -serialize-diagnostics -dependency-scan-serialize-diagnostics-path /Users/admin/builder/spi-builder-workspace/.derivedData/Build/Intermediates.noindex/SpeziSpeech.build/Debug-appletvos/SpeziSpeechSynthesizer-t.build/Objects-normal/arm64/SpeziSpeechSynthesizer-dependency-scan.dia -user-module-version 1.1.2 -validate-clang-modules-once -clang-build-session-file /Users/admin/builder/spi-builder-workspace/.derivedData/ModuleCache.noindex/Session.modulevalidation -Xcc -fmodules-prune-interval\=86400 -Xcc -fmodules-prune-after\=345600 -package-name spezispeech -emit-const-values -const-gather-protocols-list /Users/admin/builder/spi-builder-workspace/.derivedData/Build/Intermediates.noindex/SpeziSpeech.build/Debug-appletvos/SpeziSpeechSynthesizer-t.build/Objects-normal/arm64/SpeziSpeechSynthesizer_const_extract_protocols.json -Xcc -I/Users/admin/builder/spi-builder-workspace/.dependencies/checkouts/zstd/lib -Xcc -I/Users/admin/builder/spi-builder-workspace/.dependencies/checkouts/swift-atomics/Sources/_AtomicsShims/include -Xcc -I/Users/admin/builder/spi-builder-workspace/.dependencies/checkouts/swift-numerics/Sources/_NumericsShims/include -Xcc -I/Users/admin/builder/spi-builder-workspace/.dependencies/checkouts/SpeziFoundation/Sources/SpeziFoundationObjC/include -Xcc -I/Users/admin/builder/spi-builder-workspace/.derivedData/Build/Products/Debug-appletvos/include -Xcc -I/Users/admin/builder/spi-builder-workspace/.derivedData/Build/Intermediates.noindex/SpeziSpeech.build/Debug-appletvos/SpeziSpeechSynthesizer-t.build/DerivedSources-normal/arm64 -Xcc -I/Users/admin/builder/spi-builder-workspace/.derivedData/Build/Intermediates.noindex/SpeziSpeech.build/Debug-appletvos/SpeziSpeechSynthesizer-t.build/DerivedSources/arm64 -Xcc -I/Users/admin/builder/spi-builder-workspace/.derivedData/Build/Intermediates.noindex/SpeziSpeech.build/Debug-appletvos/SpeziSpeechSynthesizer-t.build/DerivedSources -Xcc -DSWIFT_PACKAGE -Xcc -DDEBUG\=1 -emit-objc-header -emit-objc-header-path /Users/admin/builder/spi-builder-workspace/.derivedData/Build/Intermediates.noindex/SpeziSpeech.build/Debug-appletvos/SpeziSpeechSynthesizer-t.build/Objects-normal/arm64/SpeziSpeechSynthesizer-Swift.h -working-directory /Users/admin/builder/spi-builder-workspace/.swiftpm/xcode -experimental-emit-module-separately -disable-cmo
SwiftDriver SpeziSpeechRecognizer normal arm64 com.apple.xcode.tools.swift.compiler (in target 'SpeziSpeechRecognizer' from project 'SpeziSpeech')
cd /Users/admin/builder/spi-builder-workspace/.swiftpm/xcode
builtin-SwiftDriver -- /Applications/Xcode-27.0.0-Release.Candidate.app/Contents/Developer/Toolchains/XcodeDefault.xctoolchain/usr/bin/swiftc -parse-as-library -module-name SpeziSpeechRecognizer -Onone @/Users/admin/builder/spi-builder-workspace/.derivedData/Build/Intermediates.noindex/SpeziSpeech.build/Debug-appletvos/SpeziSpeechRecognizer-t.build/Objects-normal/arm64/SpeziSpeechRecognizer.SwiftFileList -DSWIFT_PACKAGE -DDEBUG -DSWIFT_MODULE_RESOURCE_BUNDLE_UNAVAILABLE -Xcc -fmodule-map-file\=/Users/admin/builder/spi-builder-workspace/.dependencies/checkouts/zstd/lib/module.modulemap -Xcc -fmodule-map-file\=/Users/admin/builder/spi-builder-workspace/.dependencies/checkouts/swift-atomics/Sources/_AtomicsShims/include/module.modulemap -Xcc -fmodule-map-file\=/Users/admin/builder/spi-builder-workspace/.dependencies/checkouts/swift-numerics/Sources/_NumericsShims/include/module.modulemap -Xcc -fmodule-map-file\=/Users/admin/builder/spi-builder-workspace/.derivedData/Build/Intermediates.noindex/GeneratedModuleMaps-appletvos/SpeziFoundationObjC.modulemap -DXcode -plugin-path /Applications/Xcode-27.0.0-Release.Candidate.app/Contents/Developer/Toolchains/XcodeDefault.xctoolchain/usr/lib/swift/host/plugins/testing -enable-experimental-feature DebugDescriptionMacro -sdk /Applications/Xcode-27.0.0-Release.Candidate.app/Contents/Developer/Platforms/AppleTVOS.platform/Developer/SDKs/AppleTVOS27.0.sdk -target arm64-apple-tvos17.0 -g -module-cache-path /Users/admin/builder/spi-builder-workspace/.derivedData/ModuleCache.noindex -Xfrontend -serialize-debugging-options -profile-coverage-mapping -profile-generate -enable-testing -suppress-warnings -index-store-path /Users/admin/builder/spi-builder-workspace/.derivedData/Index.noindex/DataStore -Xcc -D_LIBCPP_HARDENING_MODE\=_LIBCPP_HARDENING_MODE_DEBUG -swift-version 6 -I /Users/admin/builder/spi-builder-workspace/.derivedData/Build/Products/Debug-appletvos -Isystem /Applications/Xcode-27.0.0-Release.Candidate.app/Contents/Developer/Platforms/AppleTVOS.platform/Developer/usr/lib -F /Users/admin/builder/spi-builder-workspace/.derivedData/Build/Products/Debug-appletvos/PackageFrameworks -F /Users/admin/builder/spi-builder-workspace/.derivedData/Build/Products/Debug-appletvos -F /Applications/Xcode-27.0.0-Release.Candidate.app/Contents/Developer/Platforms/AppleTVOS.platform/Developer/Library/Frameworks -F /Applications/Xcode-27.0.0-Release.Candidate.app/Contents/Developer/Platforms/AppleTVOS.platform/Developer/SDKs/AppleTVOS27.0.sdk/Developer/Library/Frameworks -Xfrontend -load-plugin-executable -Xfrontend /Users/admin/builder/spi-builder-workspace/.derivedData/Build/Products/Debug/ThreadLocalMacros\#ThreadLocalMacros -emit-localized-strings -emit-localized-strings-path /Users/admin/builder/spi-builder-workspace/.derivedData/Build/Intermediates.noindex/SpeziSpeech.build/Debug-appletvos/SpeziSpeechRecognizer-t.build/Objects-normal/arm64 -c -j10 -enable-batch-mode -incremental -Xcc -ivfsstatcache -Xcc /Users/admin/builder/spi-builder-workspace/.derivedData/SDKStatCaches.noindex/appletvos27.0-24J360-e829b21a6f8c9b70876ba0858053c044b32bfd8d43560033f8d89884cdb90028.sdkstatcache -output-file-map /Users/admin/builder/spi-builder-workspace/.derivedData/Build/Intermediates.noindex/SpeziSpeech.build/Debug-appletvos/SpeziSpeechRecognizer-t.build/Objects-normal/arm64/SpeziSpeechRecognizer-OutputFileMap.json -save-temps -no-color-diagnostics -explicit-module-build -module-cache-path /Users/admin/builder/spi-builder-workspace/.derivedData/Build/Intermediates.noindex/SwiftExplicitPrecompiledModules -clang-scanner-module-cache-path /Users/admin/builder/spi-builder-workspace/.derivedData/ModuleCache.noindex -sdk-module-cache-path /Users/admin/builder/spi-builder-workspace/.derivedData/SDKExplicitPrecompiledModules -emit-dependencies -emit-module -emit-module-path /Users/admin/builder/spi-builder-workspace/.derivedData/Build/Intermediates.noindex/SpeziSpeech.build/Debug-appletvos/SpeziSpeechRecognizer-t.build/Objects-normal/arm64/SpeziSpeechRecognizer.swiftmodule -serialize-diagnostics -dependency-scan-serialize-diagnostics-path /Users/admin/builder/spi-builder-workspace/.derivedData/Build/Intermediates.noindex/SpeziSpeech.build/Debug-appletvos/SpeziSpeechRecognizer-t.build/Objects-normal/arm64/SpeziSpeechRecognizer-dependency-scan.dia -user-module-version 1.1.2 -validate-clang-modules-once -clang-build-session-file /Users/admin/builder/spi-builder-workspace/.derivedData/ModuleCache.noindex/Session.modulevalidation -Xcc -fmodules-prune-interval\=86400 -Xcc -fmodules-prune-after\=345600 -package-name spezispeech -emit-const-values -const-gather-protocols-list /Users/admin/builder/spi-builder-workspace/.derivedData/Build/Intermediates.noindex/SpeziSpeech.build/Debug-appletvos/SpeziSpeechRecognizer-t.build/Objects-normal/arm64/SpeziSpeechRecognizer_const_extract_protocols.json -Xcc -I/Users/admin/builder/spi-builder-workspace/.dependencies/checkouts/zstd/lib -Xcc -I/Users/admin/builder/spi-builder-workspace/.dependencies/checkouts/swift-atomics/Sources/_AtomicsShims/include -Xcc -I/Users/admin/builder/spi-builder-workspace/.dependencies/checkouts/swift-numerics/Sources/_NumericsShims/include -Xcc -I/Users/admin/builder/spi-builder-workspace/.dependencies/checkouts/SpeziFoundation/Sources/SpeziFoundationObjC/include -Xcc -I/Users/admin/builder/spi-builder-workspace/.derivedData/Build/Products/Debug-appletvos/include -Xcc -I/Users/admin/builder/spi-builder-workspace/.derivedData/Build/Intermediates.noindex/SpeziSpeech.build/Debug-appletvos/SpeziSpeechRecognizer-t.build/DerivedSources-normal/arm64 -Xcc -I/Users/admin/builder/spi-builder-workspace/.derivedData/Build/Intermediates.noindex/SpeziSpeech.build/Debug-appletvos/SpeziSpeechRecognizer-t.build/DerivedSources/arm64 -Xcc -I/Users/admin/builder/spi-builder-workspace/.derivedData/Build/Intermediates.noindex/SpeziSpeech.build/Debug-appletvos/SpeziSpeechRecognizer-t.build/DerivedSources -Xcc -DSWIFT_PACKAGE -Xcc -DDEBUG\=1 -emit-objc-header -emit-objc-header-path /Users/admin/builder/spi-builder-workspace/.derivedData/Build/Intermediates.noindex/SpeziSpeech.build/Debug-appletvos/SpeziSpeechRecognizer-t.build/Objects-normal/arm64/SpeziSpeechRecognizer-Swift.h -working-directory /Users/admin/builder/spi-builder-workspace/.swiftpm/xcode -experimental-emit-module-separately -disable-cmo
SwiftDriverJobDiscovery normal arm64 Compiling DependencyContext.swift, DependencyDeclaration.swift, DependencyPropertyWrapper.swift, Module+Dependencies.swift, DependencyReference.swift, ModuleReference.swift, Module.swift (in target 'Spezi' from project 'Spezi')
SwiftDriverJobDiscovery normal arm64 Compiling ServiceModule.swift, EnvironmentAccessible.swift, ModelModifier.swift, ModelPropertyWrapper.swift, ModifierPropertyWrapper.swift, ViewModifierProvider.swift, Configuration.swift (in target 'Spezi' from project 'Spezi')
SwiftDriverJobDiscovery normal arm64 Compiling ModuleBuilder.swift, ModuleCollection.swift, ModuleOwnership.swift, BackgroundFetchResult.swift, NotificationHandler.swift, NotificationTokenHandler.swift (in target 'Spezi' from project 'Spezi')
SwiftDriverJobDiscovery normal arm64 Compiling DefaultInitializable.swift, DependencyManager.swift, DependencyManagerError.swift, Module+DependencyRelation.swift, DependencyBuilder.swift, DependencyCollection.swift, DependencyCollectionBuilder.swift (in target 'Spezi' from project 'Spezi')
SwiftDriverJobDiscovery normal arm64 Compiling SpeziAnchor.swift, SpeziStorage.swift, StoredModulesKey.swift, ModuleDescription.swift, ServiceModuleGroup.swift, Spezi+Logger.swift (in target 'Spezi' from project 'Spezi')
SwiftDriverJobDiscovery normal arm64 Compiling RemoteNotificationRegistrationSupport.swift, Spezi+RegisterRemoteNotificationsAction.swift, Spezi+UnregisterRemoteNotifications.swift, SpeziNotificationCenterDelegate.swift, ImplicitlyCreatedModulesKey.swift, LaunchOptionsKey.swift (in target 'Spezi' from project 'Spezi')
SwiftExplicitDependencyGeneratePcm arm64 /Users/admin/builder/spi-builder-workspace/.derivedData/SDKExplicitPrecompiledModules/PDFKit-13R8PF410G99FUXWHTP72YOQL.pcm
SwiftDriverJobDiscovery normal arm64 Compiling Spezi+Preview.swift, Spezi+Spezi.swift, Spezi.swift, SpeziAppDelegate.swift, SpeziModuleError.swift, SpeziPropertyWrapper.swift (in target 'Spezi' from project 'Spezi')
SwiftDriver\ Compilation Spezi normal arm64 com.apple.xcode.tools.swift.compiler (in target 'Spezi' from project 'Spezi')
cd /Users/admin/builder/spi-builder-workspace/.swiftpm/xcode
builtin-Swift-Compilation -- /Applications/Xcode-27.0.0-Release.Candidate.app/Contents/Developer/Toolchains/XcodeDefault.xctoolchain/usr/bin/swiftc -parse-as-library -module-name Spezi -Onone @/Users/admin/builder/spi-builder-workspace/.derivedData/Build/Intermediates.noindex/Spezi.build/Debug-appletvos/Spezi-t.build/Objects-normal/arm64/Spezi.SwiftFileList -DSWIFT_PACKAGE -DDEBUG -DSWIFT_MODULE_RESOURCE_BUNDLE_UNAVAILABLE -Xcc -fmodule-map-file\=/Users/admin/builder/spi-builder-workspace/.dependencies/checkouts/zstd/lib/module.modulemap -Xcc -fmodule-map-file\=/Users/admin/builder/spi-builder-workspace/.dependencies/checkouts/swift-atomics/Sources/_AtomicsShims/include/module.modulemap -Xcc -fmodule-map-file\=/Users/admin/builder/spi-builder-workspace/.dependencies/checkouts/swift-numerics/Sources/_NumericsShims/include/module.modulemap -Xcc -fmodule-map-file\=/Users/admin/builder/spi-builder-workspace/.derivedData/Build/Intermediates.noindex/GeneratedModuleMaps-appletvos/SpeziFoundationObjC.modulemap -DXcode -enable-upcoming-feature ExistentialAny -plugin-path /Applications/Xcode-27.0.0-Release.Candidate.app/Contents/Developer/Toolchains/XcodeDefault.xctoolchain/usr/lib/swift/host/plugins/testing -enable-experimental-feature DebugDescriptionMacro -sdk /Applications/Xcode-27.0.0-Release.Candidate.app/Contents/Developer/Platforms/AppleTVOS.platform/Developer/SDKs/AppleTVOS27.0.sdk -target arm64-apple-tvos17.0 -g -module-cache-path /Users/admin/builder/spi-builder-workspace/.derivedData/ModuleCache.noindex -Xfrontend -serialize-debugging-options -profile-coverage-mapping -profile-generate -enable-testing -suppress-warnings -index-store-path /Users/admin/builder/spi-builder-workspace/.derivedData/Index.noindex/DataStore -Xcc -D_LIBCPP_HARDENING_MODE\=_LIBCPP_HARDENING_MODE_DEBUG -swift-version 6 -I /Users/admin/builder/spi-builder-workspace/.derivedData/Build/Products/Debug-appletvos -Isystem /Applications/Xcode-27.0.0-Release.Candidate.app/Contents/Developer/Platforms/AppleTVOS.platform/Developer/usr/lib -F /Users/admin/builder/spi-builder-workspace/.derivedData/Build/Products/Debug-appletvos/PackageFrameworks -F /Users/admin/builder/spi-builder-workspace/.derivedData/Build/Products/Debug-appletvos -F /Applications/Xcode-27.0.0-Release.Candidate.app/Contents/Developer/Platforms/AppleTVOS.platform/Developer/Library/Frameworks -F /Applications/Xcode-27.0.0-Release.Candidate.app/Contents/Developer/Platforms/AppleTVOS.platform/Developer/SDKs/AppleTVOS27.0.sdk/Developer/Library/Frameworks -Xfrontend -load-plugin-executable -Xfrontend /Users/admin/builder/spi-builder-workspace/.derivedData/Build/Products/Debug/ThreadLocalMacros\#ThreadLocalMacros -emit-localized-strings -emit-localized-strings-path /Users/admin/builder/spi-builder-workspace/.derivedData/Build/Intermediates.noindex/Spezi.build/Debug-appletvos/Spezi-t.build/Objects-normal/arm64 -c -j10 -enable-batch-mode -incremental -Xcc -ivfsstatcache -Xcc /Users/admin/builder/spi-builder-workspace/.derivedData/SDKStatCaches.noindex/appletvos27.0-24J360-e829b21a6f8c9b70876ba0858053c044b32bfd8d43560033f8d89884cdb90028.sdkstatcache -output-file-map /Users/admin/builder/spi-builder-workspace/.derivedData/Build/Intermediates.noindex/Spezi.build/Debug-appletvos/Spezi-t.build/Objects-normal/arm64/Spezi-OutputFileMap.json -save-temps -no-color-diagnostics -explicit-module-build -module-cache-path /Users/admin/builder/spi-builder-workspace/.derivedData/Build/Intermediates.noindex/SwiftExplicitPrecompiledModules -clang-scanner-module-cache-path /Users/admin/builder/spi-builder-workspace/.derivedData/ModuleCache.noindex -sdk-module-cache-path /Users/admin/builder/spi-builder-workspace/.derivedData/SDKExplicitPrecompiledModules -emit-dependencies -emit-module -emit-module-path /Users/admin/builder/spi-builder-workspace/.derivedData/Build/Intermediates.noindex/Spezi.build/Debug-appletvos/Spezi-t.build/Objects-normal/arm64/Spezi.swiftmodule -serialize-diagnostics -dependency-scan-serialize-diagnostics-path /Users/admin/builder/spi-builder-workspace/.derivedData/Build/Intermediates.noindex/Spezi.build/Debug-appletvos/Spezi-t.build/Objects-normal/arm64/Spezi-dependency-scan.dia -user-module-version 1.10.2 -validate-clang-modules-once -clang-build-session-file /Users/admin/builder/spi-builder-workspace/.derivedData/ModuleCache.noindex/Session.modulevalidation -Xcc -fmodules-prune-interval\=86400 -Xcc -fmodules-prune-after\=345600 -package-name spezi -emit-const-values -const-gather-protocols-list /Users/admin/builder/spi-builder-workspace/.derivedData/Build/Intermediates.noindex/Spezi.build/Debug-appletvos/Spezi-t.build/Objects-normal/arm64/Spezi_const_extract_protocols.json -Xcc -I/Users/admin/builder/spi-builder-workspace/.dependencies/checkouts/zstd/lib -Xcc -I/Users/admin/builder/spi-builder-workspace/.dependencies/checkouts/swift-atomics/Sources/_AtomicsShims/include -Xcc -I/Users/admin/builder/spi-builder-workspace/.dependencies/checkouts/swift-numerics/Sources/_NumericsShims/include -Xcc -I/Users/admin/builder/spi-builder-workspace/.dependencies/checkouts/SpeziFoundation/Sources/SpeziFoundationObjC/include -Xcc -I/Users/admin/builder/spi-builder-workspace/.derivedData/Build/Products/Debug-appletvos/include -Xcc -I/Users/admin/builder/spi-builder-workspace/.derivedData/Build/Intermediates.noindex/Spezi.build/Debug-appletvos/Spezi-t.build/DerivedSources-normal/arm64 -Xcc -I/Users/admin/builder/spi-builder-workspace/.derivedData/Build/Intermediates.noindex/Spezi.build/Debug-appletvos/Spezi-t.build/DerivedSources/arm64 -Xcc -I/Users/admin/builder/spi-builder-workspace/.derivedData/Build/Intermediates.noindex/Spezi.build/Debug-appletvos/Spezi-t.build/DerivedSources -Xcc -DSWIFT_PACKAGE -Xcc -DDEBUG\=1 -emit-objc-header -emit-objc-header-path /Users/admin/builder/spi-builder-workspace/.derivedData/Build/Intermediates.noindex/Spezi.build/Debug-appletvos/Spezi-t.build/Objects-normal/arm64/Spezi-Swift.h -working-directory /Users/admin/builder/spi-builder-workspace/.swiftpm/xcode -experimental-emit-module-separately -disable-cmo
Ld /Users/admin/builder/spi-builder-workspace/.derivedData/Build/Products/Debug-appletvos/Spezi.o normal (in target 'Spezi' from project 'Spezi')
cd /Users/admin/builder/spi-builder-workspace/.dependencies/checkouts/Spezi
/Applications/Xcode-27.0.0-Release.Candidate.app/Contents/Developer/Toolchains/XcodeDefault.xctoolchain/usr/bin/clang -Xlinker -reproducible -target arm64-apple-tvos17.0 -r -isysroot /Applications/Xcode-27.0.0-Release.Candidate.app/Contents/Developer/Platforms/AppleTVOS.platform/Developer/SDKs/AppleTVOS27.0.sdk -O0 -w -Xlinker -no_warn_duplicate_libraries -F/Users/admin/builder/spi-builder-workspace/.derivedData/Build/Intermediates.noindex/EagerLinkingTBDs/Debug-appletvos -F/Users/admin/builder/spi-builder-workspace/.derivedData/Build/Products/Debug-appletvos/PackageFrameworks -F/Users/admin/builder/spi-builder-workspace/.derivedData/Build/Products/Debug-appletvos -iframework /Applications/Xcode-27.0.0-Release.Candidate.app/Contents/Developer/Platforms/AppleTVOS.platform/Developer/Library/Frameworks -iframework /Applications/Xcode-27.0.0-Release.Candidate.app/Contents/Developer/Platforms/AppleTVOS.platform/Developer/SDKs/AppleTVOS27.0.sdk/Developer/Library/Frameworks -filelist /Users/admin/builder/spi-builder-workspace/.derivedData/Build/Intermediates.noindex/Spezi.build/Debug-appletvos/Spezi-t.build/Objects-normal/arm64/Spezi.LinkFileList -nostdlib -Xlinker -object_path_lto -Xlinker /Users/admin/builder/spi-builder-workspace/.derivedData/Build/Intermediates.noindex/Spezi.build/Debug-appletvos/Spezi-t.build/Objects-normal/arm64/Spezi_lto.o -Xlinker -no_deduplicate -Xlinker -debug_variant -Xlinker -dependency_info -Xlinker /Users/admin/builder/spi-builder-workspace/.derivedData/Build/Intermediates.noindex/Spezi.build/Debug-appletvos/Spezi-t.build/Objects-normal/arm64/Spezi_dependency_info.dat -fobjc-link-runtime -L/Applications/Xcode-27.0.0-Release.Candidate.app/Contents/Developer/Toolchains/XcodeDefault.xctoolchain/usr/lib/swift/appletvos -L/usr/lib/swift -Xlinker -add_ast_path -Xlinker /Users/admin/builder/spi-builder-workspace/.derivedData/Build/Intermediates.noindex/Spezi.build/Debug-appletvos/Spezi-t.build/Objects-normal/arm64/Spezi.swiftmodule -o /Users/admin/builder/spi-builder-workspace/.derivedData/Build/Products/Debug-appletvos/Spezi.o
ExtractAppIntentsMetadata (in target 'Spezi' from project 'Spezi')
cd /Users/admin/builder/spi-builder-workspace/.dependencies/checkouts/Spezi
/Applications/Xcode-27.0.0-Release.Candidate.app/Contents/Developer/Toolchains/XcodeDefault.xctoolchain/usr/bin/appintentsmetadataprocessor --toolchain-dir /var/run/com.apple.security.cryptexd/mnt/com.apple.MobileAsset.MetalToolchain-v27.1.266.1.Y5Jjzm/Metal.xctoolchain --module-name Spezi --sdk-root /Applications/Xcode-27.0.0-Release.Candidate.app/Contents/Developer/Platforms/AppleTVOS.platform/Developer/SDKs/AppleTVOS27.0.sdk --xcode-version 27A266a --platform-family tvOS --deployment-target 17.0 --bundle-identifier spezi.Spezi --output /Users/admin/builder/spi-builder-workspace/.derivedData/Build/Products/Debug-appletvos/Spezi.appintents --target-triple arm64-apple-tvos17.0 --binary-file /Users/admin/builder/spi-builder-workspace/.derivedData/Build/Products/Debug-appletvos/Spezi.o --dependency-file /Users/admin/builder/spi-builder-workspace/.derivedData/Build/Intermediates.noindex/Spezi.build/Debug-appletvos/Spezi-t.build/Objects-normal/arm64/Spezi_dependency_info.dat --stringsdata-file /Users/admin/builder/spi-builder-workspace/.derivedData/Build/Intermediates.noindex/Spezi.build/Debug-appletvos/Spezi-t.build/Objects-normal/arm64/ExtractedAppShortcutsMetadata.stringsdata --source-file-list /Users/admin/builder/spi-builder-workspace/.derivedData/Build/Intermediates.noindex/Spezi.build/Debug-appletvos/Spezi-t.build/Objects-normal/arm64/Spezi.SwiftFileList --metadata-file-list /Users/admin/builder/spi-builder-workspace/.derivedData/Build/Intermediates.noindex/Spezi.build/Debug-appletvos/Spezi-t.build/Spezi.DependencyMetadataFileList --static-metadata-file-list /Users/admin/builder/spi-builder-workspace/.derivedData/Build/Intermediates.noindex/Spezi.build/Debug-appletvos/Spezi-t.build/Spezi.DependencyStaticMetadataFileList --swift-const-vals-list /Users/admin/builder/spi-builder-workspace/.derivedData/Build/Intermediates.noindex/Spezi.build/Debug-appletvos/Spezi-t.build/Objects-normal/arm64/Spezi.SwiftConstValuesFileList --force --compile-time-extraction --deployment-aware-processing --no-app-shortcuts-localization
2026-09-22 22:48:34.360 appintentsmetadataprocessor[1982:10333] Starting appintentsmetadataprocessor export
2026-09-22 22:48:34.431 appintentsmetadataprocessor[1982:10333] Extracted no relevant App Intents symbols, skipping writing output
SwiftExplicitDependencyGeneratePcm arm64 /Users/admin/builder/spi-builder-workspace/.derivedData/SDKExplicitPrecompiledModules/CoreMIDI-B30Z2AL3XECIIRY4VF47O5AZP.pcm
SwiftExplicitDependencyGeneratePcm arm64 /Users/admin/builder/spi-builder-workspace/.derivedData/SDKExplicitPrecompiledModules/AVRouting-1D04U5TBLVBV1SGX0SZE8SJLX.pcm
SwiftExplicitDependencyGeneratePcm arm64 /Users/admin/builder/spi-builder-workspace/.derivedData/SDKExplicitPrecompiledModules/VideoToolbox-6AXV5B7IB0FN5DXUTUG5ITQEA.pcm
SwiftEmitModule normal arm64 Emitting\ module\ for\ SpeziViews (in target 'SpeziViews' from project 'SpeziViews')
SwiftCompile normal arm64 (in target 'SpeziViews' from project 'SpeziViews')
cd /Users/admin/builder/spi-builder-workspace/.swiftpm/xcode
SwiftCompile normal arm64 Compiling\ CanvasView.swift,\ PencilKit+Utils.swift,\ DescriptionGridRow.swift,\ DynamicHStack.swift,\ HorizontalGeometryReader.swift,\ ResizeToFit.swift /Users/admin/builder/spi-builder-workspace/.dependencies/checkouts/SpeziViews/Sources/SpeziViews/Views/Drawing/CanvasView.swift /Users/admin/builder/spi-builder-workspace/.dependencies/checkouts/SpeziViews/Sources/SpeziViews/Views/Drawing/PencilKit+Utils.swift /Users/admin/builder/spi-builder-workspace/.dependencies/checkouts/SpeziViews/Sources/SpeziViews/Views/Layout/DescriptionGridRow.swift /Users/admin/builder/spi-builder-workspace/.dependencies/checkouts/SpeziViews/Sources/SpeziViews/Views/Layout/DynamicHStack.swift /Users/admin/builder/spi-builder-workspace/.dependencies/checkouts/SpeziViews/Sources/SpeziViews/Views/Layout/HorizontalGeometryReader.swift /Users/admin/builder/spi-builder-workspace/.dependencies/checkouts/SpeziViews/Sources/SpeziViews/Views/Layout/ResizeToFit.swift (in target 'SpeziViews' from project 'SpeziViews')
SwiftCompile normal arm64 /Users/admin/builder/spi-builder-workspace/.dependencies/checkouts/SpeziViews/Sources/SpeziViews/Views/Drawing/CanvasView.swift (in target 'SpeziViews' from project 'SpeziViews')
cd /Users/admin/builder/spi-builder-workspace/.swiftpm/xcode
builtin-SwiftPerFileCompile CanvasView.swift
SwiftCompile normal arm64 /Users/admin/builder/spi-builder-workspace/.dependencies/checkouts/SpeziViews/Sources/SpeziViews/Views/Drawing/PencilKit+Utils.swift (in target 'SpeziViews' from project 'SpeziViews')
cd /Users/admin/builder/spi-builder-workspace/.swiftpm/xcode
builtin-SwiftPerFileCompile PencilKit+Utils.swift
SwiftCompile normal arm64 /Users/admin/builder/spi-builder-workspace/.dependencies/checkouts/SpeziViews/Sources/SpeziViews/Views/Layout/DescriptionGridRow.swift (in target 'SpeziViews' from project 'SpeziViews')
cd /Users/admin/builder/spi-builder-workspace/.swiftpm/xcode
builtin-SwiftPerFileCompile DescriptionGridRow.swift
SwiftCompile normal arm64 /Users/admin/builder/spi-builder-workspace/.dependencies/checkouts/SpeziViews/Sources/SpeziViews/Views/Layout/DynamicHStack.swift (in target 'SpeziViews' from project 'SpeziViews')
cd /Users/admin/builder/spi-builder-workspace/.swiftpm/xcode
builtin-SwiftPerFileCompile DynamicHStack.swift
SwiftCompile normal arm64 /Users/admin/builder/spi-builder-workspace/.dependencies/checkouts/SpeziViews/Sources/SpeziViews/Views/Layout/HorizontalGeometryReader.swift (in target 'SpeziViews' from project 'SpeziViews')
cd /Users/admin/builder/spi-builder-workspace/.swiftpm/xcode
builtin-SwiftPerFileCompile HorizontalGeometryReader.swift
SwiftCompile normal arm64 /Users/admin/builder/spi-builder-workspace/.dependencies/checkouts/SpeziViews/Sources/SpeziViews/Views/Layout/ResizeToFit.swift (in target 'SpeziViews' from project 'SpeziViews')
cd /Users/admin/builder/spi-builder-workspace/.swiftpm/xcode
builtin-SwiftPerFileCompile ResizeToFit.swift
SwiftCompile normal arm64 Compiling\ TextContent.swift,\ CompletedTileHeader.swift,\ SimpleTile.swift,\ TileHeader.swift,\ GeneratedStringSymbols_Localizable.swift /Users/admin/builder/spi-builder-workspace/.dependencies/checkouts/SpeziViews/Sources/SpeziViews/Views/Text/TextContent.swift /Users/admin/builder/spi-builder-workspace/.dependencies/checkouts/SpeziViews/Sources/SpeziViews/Views/Tiles/CompletedTileHeader.swift /Users/admin/builder/spi-builder-workspace/.dependencies/checkouts/SpeziViews/Sources/SpeziViews/Views/Tiles/SimpleTile.swift /Users/admin/builder/spi-builder-workspace/.dependencies/checkouts/SpeziViews/Sources/SpeziViews/Views/Tiles/TileHeader.swift /Users/admin/builder/spi-builder-workspace/.derivedData/Build/Intermediates.noindex/SpeziViews.build/Debug-appletvos/SpeziViews-t.build/DerivedSources/GeneratedStringSymbols_Localizable.swift (in target 'SpeziViews' from project 'SpeziViews')
SwiftCompile normal arm64 /Users/admin/builder/spi-builder-workspace/.dependencies/checkouts/SpeziViews/Sources/SpeziViews/Views/Text/TextContent.swift (in target 'SpeziViews' from project 'SpeziViews')
cd /Users/admin/builder/spi-builder-workspace/.swiftpm/xcode
builtin-SwiftPerFileCompile TextContent.swift
SwiftCompile normal arm64 /Users/admin/builder/spi-builder-workspace/.dependencies/checkouts/SpeziViews/Sources/SpeziViews/Views/Tiles/CompletedTileHeader.swift (in target 'SpeziViews' from project 'SpeziViews')
cd /Users/admin/builder/spi-builder-workspace/.swiftpm/xcode
builtin-SwiftPerFileCompile CompletedTileHeader.swift
SwiftCompile normal arm64 /Users/admin/builder/spi-builder-workspace/.dependencies/checkouts/SpeziViews/Sources/SpeziViews/Views/Tiles/SimpleTile.swift (in target 'SpeziViews' from project 'SpeziViews')
cd /Users/admin/builder/spi-builder-workspace/.swiftpm/xcode
builtin-SwiftPerFileCompile SimpleTile.swift
SwiftCompile normal arm64 /Users/admin/builder/spi-builder-workspace/.dependencies/checkouts/SpeziViews/Sources/SpeziViews/Views/Tiles/TileHeader.swift (in target 'SpeziViews' from project 'SpeziViews')
cd /Users/admin/builder/spi-builder-workspace/.swiftpm/xcode
builtin-SwiftPerFileCompile TileHeader.swift
SwiftCompile normal arm64 /Users/admin/builder/spi-builder-workspace/.derivedData/Build/Intermediates.noindex/SpeziViews.build/Debug-appletvos/SpeziViews-t.build/DerivedSources/GeneratedStringSymbols_Localizable.swift (in target 'SpeziViews' from project 'SpeziViews')
cd /Users/admin/builder/spi-builder-workspace/.swiftpm/xcode
builtin-SwiftPerFileCompile GeneratedStringSymbols_Localizable.swift
SwiftCompile normal arm64 Compiling\ LabeledContent+Init.swift,\ ListHeader.swift,\ ListRow.swift,\ IllegalNavigationStepView.swift,\ ManagedNavigationStack+Path.swift,\ ManagedNavigationStack.swift /Users/admin/builder/spi-builder-workspace/.dependencies/checkouts/SpeziViews/Sources/SpeziViews/Views/List/LabeledContent+Init.swift /Users/admin/builder/spi-builder-workspace/.dependencies/checkouts/SpeziViews/Sources/SpeziViews/Views/List/ListHeader.swift /Users/admin/builder/spi-builder-workspace/.dependencies/checkouts/SpeziViews/Sources/SpeziViews/Views/List/ListRow.swift /Users/admin/builder/spi-builder-workspace/.dependencies/checkouts/SpeziViews/Sources/SpeziViews/Views/ManagedNavigationStack/IllegalNavigationStepView.swift /Users/admin/builder/spi-builder-workspace/.dependencies/checkouts/SpeziViews/Sources/SpeziViews/Views/ManagedNavigationStack/ManagedNavigationStack+Path.swift /Users/admin/builder/spi-builder-workspace/.dependencies/checkouts/SpeziViews/Sources/SpeziViews/Views/ManagedNavigationStack/ManagedNavigationStack.swift (in target 'SpeziViews' from project 'SpeziViews')
SwiftCompile normal arm64 /Users/admin/builder/spi-builder-workspace/.dependencies/checkouts/SpeziViews/Sources/SpeziViews/Views/List/LabeledContent+Init.swift (in target 'SpeziViews' from project 'SpeziViews')
cd /Users/admin/builder/spi-builder-workspace/.swiftpm/xcode
builtin-SwiftPerFileCompile LabeledContent+Init.swift
SwiftCompile normal arm64 /Users/admin/builder/spi-builder-workspace/.dependencies/checkouts/SpeziViews/Sources/SpeziViews/Views/List/ListHeader.swift (in target 'SpeziViews' from project 'SpeziViews')
cd /Users/admin/builder/spi-builder-workspace/.swiftpm/xcode
builtin-SwiftPerFileCompile ListHeader.swift
SwiftCompile normal arm64 /Users/admin/builder/spi-builder-workspace/.dependencies/checkouts/SpeziViews/Sources/SpeziViews/Views/List/ListRow.swift (in target 'SpeziViews' from project 'SpeziViews')
cd /Users/admin/builder/spi-builder-workspace/.swiftpm/xcode
builtin-SwiftPerFileCompile ListRow.swift
SwiftCompile normal arm64 /Users/admin/builder/spi-builder-workspace/.dependencies/checkouts/SpeziViews/Sources/SpeziViews/Views/ManagedNavigationStack/IllegalNavigationStepView.swift (in target 'SpeziViews' from project 'SpeziViews')
cd /Users/admin/builder/spi-builder-workspace/.swiftpm/xcode
builtin-SwiftPerFileCompile IllegalNavigationStepView.swift
SwiftCompile normal arm64 /Users/admin/builder/spi-builder-workspace/.dependencies/checkouts/SpeziViews/Sources/SpeziViews/Views/ManagedNavigationStack/ManagedNavigationStack+Path.swift (in target 'SpeziViews' from project 'SpeziViews')
cd /Users/admin/builder/spi-builder-workspace/.swiftpm/xcode
builtin-SwiftPerFileCompile ManagedNavigationStack+Path.swift
SwiftCompile normal arm64 /Users/admin/builder/spi-builder-workspace/.dependencies/checkouts/SpeziViews/Sources/SpeziViews/Views/ManagedNavigationStack/ManagedNavigationStack.swift (in target 'SpeziViews' from project 'SpeziViews')
cd /Users/admin/builder/spi-builder-workspace/.swiftpm/xcode
builtin-SwiftPerFileCompile ManagedNavigationStack.swift
SwiftCompile normal arm64 Compiling\ ShareableRepresentation.swift,\ Label.swift,\ LazyText.swift,\ MarkdownView+ImageProviders.swift,\ MarkdownView.swift /Users/admin/builder/spi-builder-workspace/.dependencies/checkouts/SpeziViews/Sources/SpeziViews/Views/Sharing/ShareableRepresentation.swift /Users/admin/builder/spi-builder-workspace/.dependencies/checkouts/SpeziViews/Sources/SpeziViews/Views/Text/Label.swift /Users/admin/builder/spi-builder-workspace/.dependencies/checkouts/SpeziViews/Sources/SpeziViews/Views/Text/LazyText.swift /Users/admin/builder/spi-builder-workspace/.dependencies/checkouts/SpeziViews/Sources/SpeziViews/Views/Text/MarkdownView+ImageProviders.swift /Users/admin/builder/spi-builder-workspace/.dependencies/checkouts/SpeziViews/Sources/SpeziViews/Views/Text/MarkdownView.swift (in target 'SpeziViews' from project 'SpeziViews')
SwiftCompile normal arm64 /Users/admin/builder/spi-builder-workspace/.dependencies/checkouts/SpeziViews/Sources/SpeziViews/Views/Sharing/ShareableRepresentation.swift (in target 'SpeziViews' from project 'SpeziViews')
cd /Users/admin/builder/spi-builder-workspace/.swiftpm/xcode
builtin-SwiftPerFileCompile ShareableRepresentation.swift
SwiftCompile normal arm64 /Users/admin/builder/spi-builder-workspace/.dependencies/checkouts/SpeziViews/Sources/SpeziViews/Views/Text/Label.swift (in target 'SpeziViews' from project 'SpeziViews')
cd /Users/admin/builder/spi-builder-workspace/.swiftpm/xcode
builtin-SwiftPerFileCompile Label.swift
SwiftCompile normal arm64 /Users/admin/builder/spi-builder-workspace/.dependencies/checkouts/SpeziViews/Sources/SpeziViews/Views/Text/LazyText.swift (in target 'SpeziViews' from project 'SpeziViews')
cd /Users/admin/builder/spi-builder-workspace/.swiftpm/xcode
builtin-SwiftPerFileCompile LazyText.swift
SwiftCompile normal arm64 /Users/admin/builder/spi-builder-workspace/.dependencies/checkouts/SpeziViews/Sources/SpeziViews/Views/Text/MarkdownView+ImageProviders.swift (in target 'SpeziViews' from project 'SpeziViews')
cd /Users/admin/builder/spi-builder-workspace/.swiftpm/xcode
builtin-SwiftPerFileCompile MarkdownView+ImageProviders.swift
SwiftCompile normal arm64 /Users/admin/builder/spi-builder-workspace/.dependencies/checkouts/SpeziViews/Sources/SpeziViews/Views/Text/MarkdownView.swift (in target 'SpeziViews' from project 'SpeziViews')
cd /Users/admin/builder/spi-builder-workspace/.swiftpm/xcode
builtin-SwiftPerFileCompile MarkdownView.swift
SwiftCompile normal arm64 Compiling\ ShimmerModifier.swift,\ SkeletonLoadingModifier.swift,\ OperationStateAlert.swift,\ ViewStateAlert.swift,\ ViewStateMapper.swift,\ AsyncButton.swift /Users/admin/builder/spi-builder-workspace/.dependencies/checkouts/SpeziViews/Sources/SpeziViews/ViewModifier/ShimmerModifier.swift /Users/admin/builder/spi-builder-workspace/.dependencies/checkouts/SpeziViews/Sources/SpeziViews/ViewModifier/SkeletonLoadingModifier.swift /Users/admin/builder/spi-builder-workspace/.dependencies/checkouts/SpeziViews/Sources/SpeziViews/ViewModifier/ViewState/OperationStateAlert.swift /Users/admin/builder/spi-builder-workspace/.dependencies/checkouts/SpeziViews/Sources/SpeziViews/ViewModifier/ViewState/ViewStateAlert.swift /Users/admin/builder/spi-builder-workspace/.dependencies/checkouts/SpeziViews/Sources/SpeziViews/ViewModifier/ViewState/ViewStateMapper.swift /Users/admin/builder/spi-builder-workspace/.dependencies/checkouts/SpeziViews/Sources/SpeziViews/Views/Button/AsyncButton.swift (in target 'SpeziViews' from project 'SpeziViews')
SwiftCompile normal arm64 /Users/admin/builder/spi-builder-workspace/.dependencies/checkouts/SpeziViews/Sources/SpeziViews/ViewModifier/ShimmerModifier.swift (in target 'SpeziViews' from project 'SpeziViews')
cd /Users/admin/builder/spi-builder-workspace/.swiftpm/xcode
builtin-SwiftPerFileCompile ShimmerModifier.swift
SwiftCompile normal arm64 /Users/admin/builder/spi-builder-workspace/.dependencies/checkouts/SpeziViews/Sources/SpeziViews/ViewModifier/SkeletonLoadingModifier.swift (in target 'SpeziViews' from project 'SpeziViews')
cd /Users/admin/builder/spi-builder-workspace/.swiftpm/xcode
builtin-SwiftPerFileCompile SkeletonLoadingModifier.swift
SwiftCompile normal arm64 /Users/admin/builder/spi-builder-workspace/.dependencies/checkouts/SpeziViews/Sources/SpeziViews/ViewModifier/ViewState/OperationStateAlert.swift (in target 'SpeziViews' from project 'SpeziViews')
cd /Users/admin/builder/spi-builder-workspace/.swiftpm/xcode
builtin-SwiftPerFileCompile OperationStateAlert.swift
SwiftCompile normal arm64 /Users/admin/builder/spi-builder-workspace/.dependencies/checkouts/SpeziViews/Sources/SpeziViews/ViewModifier/ViewState/ViewStateAlert.swift (in target 'SpeziViews' from project 'SpeziViews')
cd /Users/admin/builder/spi-builder-workspace/.swiftpm/xcode
builtin-SwiftPerFileCompile ViewStateAlert.swift
SwiftCompile normal arm64 /Users/admin/builder/spi-builder-workspace/.dependencies/checkouts/SpeziViews/Sources/SpeziViews/ViewModifier/ViewState/ViewStateMapper.swift (in target 'SpeziViews' from project 'SpeziViews')
cd /Users/admin/builder/spi-builder-workspace/.swiftpm/xcode
builtin-SwiftPerFileCompile ViewStateMapper.swift
SwiftCompile normal arm64 /Users/admin/builder/spi-builder-workspace/.dependencies/checkouts/SpeziViews/Sources/SpeziViews/Views/Button/AsyncButton.swift (in target 'SpeziViews' from project 'SpeziViews')
cd /Users/admin/builder/spi-builder-workspace/.swiftpm/xcode
builtin-SwiftPerFileCompile AsyncButton.swift
SwiftCompile normal arm64 Compiling\ Binding+Negate.swift,\ TextContentType.swift,\ ConditionalModifier.swift,\ DeviceOrientationModifier.swift,\ FocusOnTapModifier.swift,\ ProcessingOverlay.swift /Users/admin/builder/spi-builder-workspace/.dependencies/checkouts/SpeziViews/Sources/SpeziViews/Utilities/Binding+Negate.swift /Users/admin/builder/spi-builder-workspace/.dependencies/checkouts/SpeziViews/Sources/SpeziViews/Utilities/TextContentType.swift /Users/admin/builder/spi-builder-workspace/.dependencies/checkouts/SpeziViews/Sources/SpeziViews/ViewModifier/ConditionalModifier.swift /Users/admin/builder/spi-builder-workspace/.dependencies/checkouts/SpeziViews/Sources/SpeziViews/ViewModifier/DeviceOrientationModifier.swift /Users/admin/builder/spi-builder-workspace/.dependencies/checkouts/SpeziViews/Sources/SpeziViews/ViewModifier/FocusOnTapModifier.swift /Users/admin/builder/spi-builder-workspace/.dependencies/checkouts/SpeziViews/Sources/SpeziViews/ViewModifier/ProcessingOverlay.swift (in target 'SpeziViews' from project 'SpeziViews')
SwiftCompile normal arm64 /Users/admin/builder/spi-builder-workspace/.dependencies/checkouts/SpeziViews/Sources/SpeziViews/Utilities/Binding+Negate.swift (in target 'SpeziViews' from project 'SpeziViews')
cd /Users/admin/builder/spi-builder-workspace/.swiftpm/xcode
builtin-SwiftPerFileCompile Binding+Negate.swift
SwiftCompile normal arm64 /Users/admin/builder/spi-builder-workspace/.dependencies/checkouts/SpeziViews/Sources/SpeziViews/Utilities/TextContentType.swift (in target 'SpeziViews' from project 'SpeziViews')
cd /Users/admin/builder/spi-builder-workspace/.swiftpm/xcode
builtin-SwiftPerFileCompile TextContentType.swift
SwiftCompile normal arm64 /Users/admin/builder/spi-builder-workspace/.dependencies/checkouts/SpeziViews/Sources/SpeziViews/ViewModifier/ConditionalModifier.swift (in target 'SpeziViews' from project 'SpeziViews')
cd /Users/admin/builder/spi-builder-workspace/.swiftpm/xcode
builtin-SwiftPerFileCompile ConditionalModifier.swift
SwiftCompile normal arm64 /Users/admin/builder/spi-builder-workspace/.dependencies/checkouts/SpeziViews/Sources/SpeziViews/ViewModifier/DeviceOrientationModifier.swift (in target 'SpeziViews' from project 'SpeziViews')
cd /Users/admin/builder/spi-builder-workspace/.swiftpm/xcode
builtin-SwiftPerFileCompile DeviceOrientationModifier.swift
SwiftCompile normal arm64 /Users/admin/builder/spi-builder-workspace/.dependencies/checkouts/SpeziViews/Sources/SpeziViews/ViewModifier/FocusOnTapModifier.swift (in target 'SpeziViews' from project 'SpeziViews')
cd /Users/admin/builder/spi-builder-workspace/.swiftpm/xcode
builtin-SwiftPerFileCompile FocusOnTapModifier.swift
SwiftCompile normal arm64 /Users/admin/builder/spi-builder-workspace/.dependencies/checkouts/SpeziViews/Sources/SpeziViews/ViewModifier/ProcessingOverlay.swift (in target 'SpeziViews' from project 'SpeziViews')
cd /Users/admin/builder/spi-builder-workspace/.swiftpm/xcode
builtin-SwiftPerFileCompile ProcessingOverlay.swift
SwiftCompile normal arm64 Compiling\ resource_bundle_accessor.swift,\ DefaultErrorDescription.swift,\ ProcessingDebounceDuration.swift,\ Exports.swift,\ ImageReference.swift,\ OperationState.swift /Users/admin/builder/spi-builder-workspace/.derivedData/Build/Intermediates.noindex/SpeziViews.build/Debug-appletvos/SpeziViews-t.build/DerivedSources/resource_bundle_accessor.swift /Users/admin/builder/spi-builder-workspace/.dependencies/checkouts/SpeziViews/Sources/SpeziViews/Environment/DefaultErrorDescription.swift /Users/admin/builder/spi-builder-workspace/.dependencies/checkouts/SpeziViews/Sources/SpeziViews/Environment/ProcessingDebounceDuration.swift /Users/admin/builder/spi-builder-workspace/.dependencies/checkouts/SpeziViews/Sources/SpeziViews/Exports.swift /Users/admin/builder/spi-builder-workspace/.dependencies/checkouts/SpeziViews/Sources/SpeziViews/Model/ImageReference.swift /Users/admin/builder/spi-builder-workspace/.dependencies/checkouts/SpeziViews/Sources/SpeziViews/Model/OperationState.swift (in target 'SpeziViews' from project 'SpeziViews')
SwiftCompile normal arm64 /Users/admin/builder/spi-builder-workspace/.derivedData/Build/Intermediates.noindex/SpeziViews.build/Debug-appletvos/SpeziViews-t.build/DerivedSources/resource_bundle_accessor.swift (in target 'SpeziViews' from project 'SpeziViews')
cd /Users/admin/builder/spi-builder-workspace/.swiftpm/xcode
builtin-SwiftPerFileCompile resource_bundle_accessor.swift
SwiftCompile normal arm64 /Users/admin/builder/spi-builder-workspace/.dependencies/checkouts/SpeziViews/Sources/SpeziViews/Environment/DefaultErrorDescription.swift (in target 'SpeziViews' from project 'SpeziViews')
cd /Users/admin/builder/spi-builder-workspace/.swiftpm/xcode
builtin-SwiftPerFileCompile DefaultErrorDescription.swift
SwiftCompile normal arm64 /Users/admin/builder/spi-builder-workspace/.dependencies/checkouts/SpeziViews/Sources/SpeziViews/Environment/ProcessingDebounceDuration.swift (in target 'SpeziViews' from project 'SpeziViews')
cd /Users/admin/builder/spi-builder-workspace/.swiftpm/xcode
builtin-SwiftPerFileCompile ProcessingDebounceDuration.swift
SwiftCompile normal arm64 /Users/admin/builder/spi-builder-workspace/.dependencies/checkouts/SpeziViews/Sources/SpeziViews/Exports.swift (in target 'SpeziViews' from project 'SpeziViews')
cd /Users/admin/builder/spi-builder-workspace/.swiftpm/xcode
builtin-SwiftPerFileCompile Exports.swift
SwiftCompile normal arm64 /Users/admin/builder/spi-builder-workspace/.dependencies/checkouts/SpeziViews/Sources/SpeziViews/Model/ImageReference.swift (in target 'SpeziViews' from project 'SpeziViews')
cd /Users/admin/builder/spi-builder-workspace/.swiftpm/xcode
builtin-SwiftPerFileCompile ImageReference.swift
SwiftCompile normal arm64 /Users/admin/builder/spi-builder-workspace/.dependencies/checkouts/SpeziViews/Sources/SpeziViews/Model/OperationState.swift (in target 'SpeziViews' from project 'SpeziViews')
cd /Users/admin/builder/spi-builder-workspace/.swiftpm/xcode
builtin-SwiftPerFileCompile OperationState.swift
SwiftCompile normal arm64 Compiling\ AsyncButtonProcessingStyle.swift,\ DismissButton.swift,\ InfoButton.swift,\ CaseIterablePicker.swift,\ OptionSetPicker.swift,\ PickerValue.swift /Users/admin/builder/spi-builder-workspace/.dependencies/checkouts/SpeziViews/Sources/SpeziViews/Views/Button/AsyncButtonProcessingStyle.swift /Users/admin/builder/spi-builder-workspace/.dependencies/checkouts/SpeziViews/Sources/SpeziViews/Views/Button/DismissButton.swift /Users/admin/builder/spi-builder-workspace/.dependencies/checkouts/SpeziViews/Sources/SpeziViews/Views/Button/InfoButton.swift /Users/admin/builder/spi-builder-workspace/.dependencies/checkouts/SpeziViews/Sources/SpeziViews/Views/Controls/CaseIterablePicker.swift /Users/admin/builder/spi-builder-workspace/.dependencies/checkouts/SpeziViews/Sources/SpeziViews/Views/Controls/OptionSetPicker.swift /Users/admin/builder/spi-builder-workspace/.dependencies/checkouts/SpeziViews/Sources/SpeziViews/Views/Controls/PickerValue.swift (in target 'SpeziViews' from project 'SpeziViews')
SwiftCompile normal arm64 /Users/admin/builder/spi-builder-workspace/.dependencies/checkouts/SpeziViews/Sources/SpeziViews/Views/Button/AsyncButtonProcessingStyle.swift (in target 'SpeziViews' from project 'SpeziViews')
cd /Users/admin/builder/spi-builder-workspace/.swiftpm/xcode
builtin-SwiftPerFileCompile AsyncButtonProcessingStyle.swift
SwiftCompile normal arm64 /Users/admin/builder/spi-builder-workspace/.dependencies/checkouts/SpeziViews/Sources/SpeziViews/Views/Button/DismissButton.swift (in target 'SpeziViews' from project 'SpeziViews')
cd /Users/admin/builder/spi-builder-workspace/.swiftpm/xcode
builtin-SwiftPerFileCompile DismissButton.swift
SwiftCompile normal arm64 /Users/admin/builder/spi-builder-workspace/.dependencies/checkouts/SpeziViews/Sources/SpeziViews/Views/Button/InfoButton.swift (in target 'SpeziViews' from project 'SpeziViews')
cd /Users/admin/builder/spi-builder-workspace/.swiftpm/xcode
builtin-SwiftPerFileCompile InfoButton.swift
SwiftCompile normal arm64 /Users/admin/builder/spi-builder-workspace/.dependencies/checkouts/SpeziViews/Sources/SpeziViews/Views/Controls/CaseIterablePicker.swift (in target 'SpeziViews' from project 'SpeziViews')
cd /Users/admin/builder/spi-builder-workspace/.swiftpm/xcode
builtin-SwiftPerFileCompile CaseIterablePicker.swift
SwiftCompile normal arm64 /Users/admin/builder/spi-builder-workspace/.dependencies/checkouts/SpeziViews/Sources/SpeziViews/Views/Controls/OptionSetPicker.swift (in target 'SpeziViews' from project 'SpeziViews')
cd /Users/admin/builder/spi-builder-workspace/.swiftpm/xcode
builtin-SwiftPerFileCompile OptionSetPicker.swift
SwiftCompile normal arm64 /Users/admin/builder/spi-builder-workspace/.dependencies/checkouts/SpeziViews/Sources/SpeziViews/Views/Controls/PickerValue.swift (in target 'SpeziViews' from project 'SpeziViews')
cd /Users/admin/builder/spi-builder-workspace/.swiftpm/xcode
builtin-SwiftPerFileCompile PickerValue.swift
SwiftExplicitDependencyGeneratePcm arm64 /Users/admin/builder/spi-builder-workspace/.derivedData/SDKExplicitPrecompiledModules/AudioToolbox-9V31DICOPA27I0F5R9SY4TSML.pcm
SwiftCompile normal arm64 Compiling\ NavigationStepIdentifier.swift,\ NavigationStepIdentifying.swift,\ NavigationStepsBuilder.swift,\ NavigationStepsCollection.swift,\ ShareSheet.swift,\ ShareSheetInput.swift /Users/admin/builder/spi-builder-workspace/.dependencies/checkouts/SpeziViews/Sources/SpeziViews/Views/ManagedNavigationStack/NavigationStepIdentifier.swift /Users/admin/builder/spi-builder-workspace/.dependencies/checkouts/SpeziViews/Sources/SpeziViews/Views/ManagedNavigationStack/NavigationStepIdentifying.swift /Users/admin/builder/spi-builder-workspace/.dependencies/checkouts/SpeziViews/Sources/SpeziViews/Views/ManagedNavigationStack/NavigationStepsBuilder.swift /Users/admin/builder/spi-builder-workspace/.dependencies/checkouts/SpeziViews/Sources/SpeziViews/Views/ManagedNavigationStack/NavigationStepsCollection.swift /Users/admin/builder/spi-builder-workspace/.dependencies/checkouts/SpeziViews/Sources/SpeziViews/Views/Sharing/ShareSheet.swift /Users/admin/builder/spi-builder-workspace/.dependencies/checkouts/SpeziViews/Sources/SpeziViews/Views/Sharing/ShareSheetInput.swift (in target 'SpeziViews' from project 'SpeziViews')
SwiftCompile normal arm64 /Users/admin/builder/spi-builder-workspace/.dependencies/checkouts/SpeziViews/Sources/SpeziViews/Views/ManagedNavigationStack/NavigationStepIdentifier.swift (in target 'SpeziViews' from project 'SpeziViews')
cd /Users/admin/builder/spi-builder-workspace/.swiftpm/xcode
builtin-SwiftPerFileCompile NavigationStepIdentifier.swift
SwiftCompile normal arm64 /Users/admin/builder/spi-builder-workspace/.dependencies/checkouts/SpeziViews/Sources/SpeziViews/Views/ManagedNavigationStack/NavigationStepIdentifying.swift (in target 'SpeziViews' from project 'SpeziViews')
cd /Users/admin/builder/spi-builder-workspace/.swiftpm/xcode
builtin-SwiftPerFileCompile NavigationStepIdentifying.swift
SwiftCompile normal arm64 /Users/admin/builder/spi-builder-workspace/.dependencies/checkouts/SpeziViews/Sources/SpeziViews/Views/ManagedNavigationStack/NavigationStepsBuilder.swift (in target 'SpeziViews' from project 'SpeziViews')
cd /Users/admin/builder/spi-builder-workspace/.swiftpm/xcode
builtin-SwiftPerFileCompile NavigationStepsBuilder.swift
SwiftCompile normal arm64 /Users/admin/builder/spi-builder-workspace/.dependencies/checkouts/SpeziViews/Sources/SpeziViews/Views/ManagedNavigationStack/NavigationStepsCollection.swift (in target 'SpeziViews' from project 'SpeziViews')
cd /Users/admin/builder/spi-builder-workspace/.swiftpm/xcode
builtin-SwiftPerFileCompile NavigationStepsCollection.swift
SwiftCompile normal arm64 /Users/admin/builder/spi-builder-workspace/.dependencies/checkouts/SpeziViews/Sources/SpeziViews/Views/Sharing/ShareSheet.swift (in target 'SpeziViews' from project 'SpeziViews')
cd /Users/admin/builder/spi-builder-workspace/.swiftpm/xcode
builtin-SwiftPerFileCompile ShareSheet.swift
SwiftCompile normal arm64 /Users/admin/builder/spi-builder-workspace/.dependencies/checkouts/SpeziViews/Sources/SpeziViews/Views/Sharing/ShareSheetInput.swift (in target 'SpeziViews' from project 'SpeziViews')
cd /Users/admin/builder/spi-builder-workspace/.swiftpm/xcode
builtin-SwiftPerFileCompile ShareSheetInput.swift
SwiftExplicitDependencyGeneratePcm arm64 /Users/admin/builder/spi-builder-workspace/.derivedData/SDKExplicitPrecompiledModules/AVFAudio-8NW4NDEP5052P5EQPU4CJYSUE.pcm
SwiftDriverJobDiscovery normal arm64 Compiling Binding+Negate.swift, TextContentType.swift, ConditionalModifier.swift, DeviceOrientationModifier.swift, FocusOnTapModifier.swift, ProcessingOverlay.swift (in target 'SpeziViews' from project 'SpeziViews')
SwiftExplicitDependencyGeneratePcm arm64 /Users/admin/builder/spi-builder-workspace/.derivedData/SDKExplicitPrecompiledModules/MediaToolbox-BE3KU6HBZSJI7WDP3WV3ZD4H.pcm
SwiftDriverJobDiscovery normal arm64 Compiling resource_bundle_accessor.swift, DefaultErrorDescription.swift, ProcessingDebounceDuration.swift, Exports.swift, ImageReference.swift, OperationState.swift (in target 'SpeziViews' from project 'SpeziViews')
SwiftCompile normal arm64 Compiling\ ViewState.swift,\ ConfigureTipKit.swift,\ ManagedViewUpdate.swift,\ LiquidGlass.swift,\ ReverseLabelStyle.swift,\ AnyLocalizedError.swift /Users/admin/builder/spi-builder-workspace/.dependencies/checkouts/SpeziViews/Sources/SpeziViews/Model/ViewState.swift /Users/admin/builder/spi-builder-workspace/.dependencies/checkouts/SpeziViews/Sources/SpeziViews/Modules/ConfigureTipKit.swift /Users/admin/builder/spi-builder-workspace/.dependencies/checkouts/SpeziViews/Sources/SpeziViews/Properties/ManagedViewUpdate.swift /Users/admin/builder/spi-builder-workspace/.dependencies/checkouts/SpeziViews/Sources/SpeziViews/Styles/LiquidGlass.swift /Users/admin/builder/spi-builder-workspace/.dependencies/checkouts/SpeziViews/Sources/SpeziViews/Styles/ReverseLabelStyle.swift /Users/admin/builder/spi-builder-workspace/.dependencies/checkouts/SpeziViews/Sources/SpeziViews/Utilities/AnyLocalizedError.swift (in target 'SpeziViews' from project 'SpeziViews')
SwiftCompile normal arm64 /Users/admin/builder/spi-builder-workspace/.dependencies/checkouts/SpeziViews/Sources/SpeziViews/Model/ViewState.swift (in target 'SpeziViews' from project 'SpeziViews')
cd /Users/admin/builder/spi-builder-workspace/.swiftpm/xcode
builtin-SwiftPerFileCompile ViewState.swift
SwiftCompile normal arm64 /Users/admin/builder/spi-builder-workspace/.dependencies/checkouts/SpeziViews/Sources/SpeziViews/Modules/ConfigureTipKit.swift (in target 'SpeziViews' from project 'SpeziViews')
cd /Users/admin/builder/spi-builder-workspace/.swiftpm/xcode
builtin-SwiftPerFileCompile ConfigureTipKit.swift
SwiftCompile normal arm64 /Users/admin/builder/spi-builder-workspace/.dependencies/checkouts/SpeziViews/Sources/SpeziViews/Properties/ManagedViewUpdate.swift (in target 'SpeziViews' from project 'SpeziViews')
cd /Users/admin/builder/spi-builder-workspace/.swiftpm/xcode
builtin-SwiftPerFileCompile ManagedViewUpdate.swift
SwiftCompile normal arm64 /Users/admin/builder/spi-builder-workspace/.dependencies/checkouts/SpeziViews/Sources/SpeziViews/Styles/LiquidGlass.swift (in target 'SpeziViews' from project 'SpeziViews')
cd /Users/admin/builder/spi-builder-workspace/.swiftpm/xcode
builtin-SwiftPerFileCompile LiquidGlass.swift
SwiftCompile normal arm64 /Users/admin/builder/spi-builder-workspace/.dependencies/checkouts/SpeziViews/Sources/SpeziViews/Styles/ReverseLabelStyle.swift (in target 'SpeziViews' from project 'SpeziViews')
cd /Users/admin/builder/spi-builder-workspace/.swiftpm/xcode
builtin-SwiftPerFileCompile ReverseLabelStyle.swift
SwiftCompile normal arm64 /Users/admin/builder/spi-builder-workspace/.dependencies/checkouts/SpeziViews/Sources/SpeziViews/Utilities/AnyLocalizedError.swift (in target 'SpeziViews' from project 'SpeziViews')
cd /Users/admin/builder/spi-builder-workspace/.swiftpm/xcode
builtin-SwiftPerFileCompile AnyLocalizedError.swift
SwiftExplicitDependencyGeneratePcm arm64 /Users/admin/builder/spi-builder-workspace/.derivedData/SDKExplicitPrecompiledModules/AVFoundation-EIWJ6PBPOZ2W1SBMRDTGJLC8P.pcm
SwiftDriverJobDiscovery normal arm64 Compiling NavigationStepIdentifier.swift, NavigationStepIdentifying.swift, NavigationStepsBuilder.swift, NavigationStepsCollection.swift, ShareSheet.swift, ShareSheetInput.swift (in target 'SpeziViews' from project 'SpeziViews')
SwiftDriverJobDiscovery normal arm64 Compiling CanvasView.swift, PencilKit+Utils.swift, DescriptionGridRow.swift, DynamicHStack.swift, HorizontalGeometryReader.swift, ResizeToFit.swift (in target 'SpeziViews' from project 'SpeziViews')
SwiftDriverJobDiscovery normal arm64 Compiling TextContent.swift, CompletedTileHeader.swift, SimpleTile.swift, TileHeader.swift, GeneratedStringSymbols_Localizable.swift (in target 'SpeziViews' from project 'SpeziViews')
SwiftEmitModule normal arm64 Emitting\ module\ for\ SpeziSpeechSynthesizer (in target 'SpeziSpeechSynthesizer' from project 'SpeziSpeech')
SwiftCompile normal arm64 (in target 'SpeziSpeechSynthesizer' from project 'SpeziSpeech')
cd /Users/admin/builder/spi-builder-workspace/.swiftpm/xcode
SwiftCompile normal arm64 Compiling\ SpeechSynthesizer.swift /Users/admin/builder/spi-builder-workspace/.dependencies/checkouts/SpeziSpeech/Sources/SpeziSpeechSynthesizer/SpeechSynthesizer.swift (in target 'SpeziSpeechSynthesizer' from project 'SpeziSpeech')
SwiftCompile normal arm64 /Users/admin/builder/spi-builder-workspace/.dependencies/checkouts/SpeziSpeech/Sources/SpeziSpeechSynthesizer/SpeechSynthesizer.swift (in target 'SpeziSpeechSynthesizer' from project 'SpeziSpeech')
cd /Users/admin/builder/spi-builder-workspace/.swiftpm/xcode
builtin-SwiftPerFileCompile SpeechSynthesizer.swift
SwiftExplicitDependencyGeneratePcm arm64 /Users/admin/builder/spi-builder-workspace/.derivedData/SDKExplicitPrecompiledModules/Speech-C27Q1DLJZU71950UJMEBDMW9G.pcm
SwiftDriverJobDiscovery normal arm64 Compiling ShareableRepresentation.swift, Label.swift, LazyText.swift, MarkdownView+ImageProviders.swift, MarkdownView.swift (in target 'SpeziViews' from project 'SpeziViews')
SwiftDriverJobDiscovery normal arm64 Emitting module for SpeziViews (in target 'SpeziViews' from project 'SpeziViews')
SwiftDriver\ Compilation\ Requirements SpeziViews normal arm64 com.apple.xcode.tools.swift.compiler (in target 'SpeziViews' from project 'SpeziViews')
cd /Users/admin/builder/spi-builder-workspace/.swiftpm/xcode
builtin-Swift-Compilation-Requirements -- /Applications/Xcode-27.0.0-Release.Candidate.app/Contents/Developer/Toolchains/XcodeDefault.xctoolchain/usr/bin/swiftc -parse-as-library -module-name SpeziViews -Onone @/Users/admin/builder/spi-builder-workspace/.derivedData/Build/Intermediates.noindex/SpeziViews.build/Debug-appletvos/SpeziViews-t.build/Objects-normal/arm64/SpeziViews.SwiftFileList -DSWIFT_PACKAGE -DDEBUG -DSWIFT_MODULE_RESOURCE_BUNDLE_AVAILABLE -Xcc -fmodule-map-file\=/Users/admin/builder/spi-builder-workspace/.dependencies/checkouts/zstd/lib/module.modulemap -Xcc -fmodule-map-file\=/Users/admin/builder/spi-builder-workspace/.dependencies/checkouts/swift-atomics/Sources/_AtomicsShims/include/module.modulemap -Xcc -fmodule-map-file\=/Users/admin/builder/spi-builder-workspace/.dependencies/checkouts/swift-numerics/Sources/_NumericsShims/include/module.modulemap -Xcc -fmodule-map-file\=/Users/admin/builder/spi-builder-workspace/.derivedData/Build/Intermediates.noindex/GeneratedModuleMaps-appletvos/SpeziFoundationObjC.modulemap -Xcc -fmodule-map-file\=/Users/admin/builder/spi-builder-workspace/.dependencies/checkouts/swift-cmark/src/include/module.modulemap -Xcc -fmodule-map-file\=/Users/admin/builder/spi-builder-workspace/.dependencies/checkouts/swift-cmark/extensions/include/module.modulemap -DXcode -plugin-path /Applications/Xcode-27.0.0-Release.Candidate.app/Contents/Developer/Toolchains/XcodeDefault.xctoolchain/usr/lib/swift/host/plugins/testing -enable-experimental-feature DebugDescriptionMacro -sdk /Applications/Xcode-27.0.0-Release.Candidate.app/Contents/Developer/Platforms/AppleTVOS.platform/Developer/SDKs/AppleTVOS27.0.sdk -target arm64-apple-tvos17.0 -g -module-cache-path /Users/admin/builder/spi-builder-workspace/.derivedData/ModuleCache.noindex -Xfrontend -serialize-debugging-options -profile-coverage-mapping -profile-generate -enable-testing -suppress-warnings -index-store-path /Users/admin/builder/spi-builder-workspace/.derivedData/Index.noindex/DataStore -Xcc -D_LIBCPP_HARDENING_MODE\=_LIBCPP_HARDENING_MODE_DEBUG -swift-version 6 -I /Users/admin/builder/spi-builder-workspace/.derivedData/Build/Products/Debug-appletvos -Isystem /Applications/Xcode-27.0.0-Release.Candidate.app/Contents/Developer/Platforms/AppleTVOS.platform/Developer/usr/lib -F /Users/admin/builder/spi-builder-workspace/.derivedData/Build/Products/Debug-appletvos/PackageFrameworks -F /Users/admin/builder/spi-builder-workspace/.derivedData/Build/Products/Debug-appletvos -F /Applications/Xcode-27.0.0-Release.Candidate.app/Contents/Developer/Platforms/AppleTVOS.platform/Developer/Library/Frameworks -F /Applications/Xcode-27.0.0-Release.Candidate.app/Contents/Developer/Platforms/AppleTVOS.platform/Developer/SDKs/AppleTVOS27.0.sdk/Developer/Library/Frameworks -Xfrontend -load-plugin-executable -Xfrontend /Users/admin/builder/spi-builder-workspace/.derivedData/Build/Products/Debug/ThreadLocalMacros\#ThreadLocalMacros -emit-localized-strings -emit-localized-strings-path /Users/admin/builder/spi-builder-workspace/.derivedData/Build/Intermediates.noindex/SpeziViews.build/Debug-appletvos/SpeziViews-t.build/Objects-normal/arm64 -c -j10 -enable-batch-mode -incremental -Xcc -ivfsstatcache -Xcc /Users/admin/builder/spi-builder-workspace/.derivedData/SDKStatCaches.noindex/appletvos27.0-24J360-e829b21a6f8c9b70876ba0858053c044b32bfd8d43560033f8d89884cdb90028.sdkstatcache -output-file-map /Users/admin/builder/spi-builder-workspace/.derivedData/Build/Intermediates.noindex/SpeziViews.build/Debug-appletvos/SpeziViews-t.build/Objects-normal/arm64/SpeziViews-OutputFileMap.json -save-temps -no-color-diagnostics -explicit-module-build -module-cache-path /Users/admin/builder/spi-builder-workspace/.derivedData/Build/Intermediates.noindex/SwiftExplicitPrecompiledModules -clang-scanner-module-cache-path /Users/admin/builder/spi-builder-workspace/.derivedData/ModuleCache.noindex -sdk-module-cache-path /Users/admin/builder/spi-builder-workspace/.derivedData/SDKExplicitPrecompiledModules -emit-dependencies -emit-module -emit-module-path /Users/admin/builder/spi-builder-workspace/.derivedData/Build/Intermediates.noindex/SpeziViews.build/Debug-appletvos/SpeziViews-t.build/Objects-normal/arm64/SpeziViews.swiftmodule -serialize-diagnostics -dependency-scan-serialize-diagnostics-path /Users/admin/builder/spi-builder-workspace/.derivedData/Build/Intermediates.noindex/SpeziViews.build/Debug-appletvos/SpeziViews-t.build/Objects-normal/arm64/SpeziViews-dependency-scan.dia -user-module-version 1.12.14 -validate-clang-modules-once -clang-build-session-file /Users/admin/builder/spi-builder-workspace/.derivedData/ModuleCache.noindex/Session.modulevalidation -Xcc -fmodules-prune-interval\=86400 -Xcc -fmodules-prune-after\=345600 -package-name speziviews -emit-const-values -const-gather-protocols-list /Users/admin/builder/spi-builder-workspace/.derivedData/Build/Intermediates.noindex/SpeziViews.build/Debug-appletvos/SpeziViews-t.build/Objects-normal/arm64/SpeziViews_const_extract_protocols.json -Xcc -I/Users/admin/builder/spi-builder-workspace/.dependencies/checkouts/zstd/lib -Xcc -I/Users/admin/builder/spi-builder-workspace/.dependencies/checkouts/swift-atomics/Sources/_AtomicsShims/include -Xcc -I/Users/admin/builder/spi-builder-workspace/.dependencies/checkouts/swift-numerics/Sources/_NumericsShims/include -Xcc -I/Users/admin/builder/spi-builder-workspace/.dependencies/checkouts/SpeziFoundation/Sources/SpeziFoundationObjC/include -Xcc -I/Users/admin/builder/spi-builder-workspace/.dependencies/checkouts/swift-cmark/src/include -Xcc -I/Users/admin/builder/spi-builder-workspace/.dependencies/checkouts/swift-cmark/extensions/include -Xcc -I/Users/admin/builder/spi-builder-workspace/.derivedData/Build/Products/Debug-appletvos/include -Xcc -I/Users/admin/builder/spi-builder-workspace/.derivedData/Build/Intermediates.noindex/SpeziViews.build/Debug-appletvos/SpeziViews-t.build/DerivedSources-normal/arm64 -Xcc -I/Users/admin/builder/spi-builder-workspace/.derivedData/Build/Intermediates.noindex/SpeziViews.build/Debug-appletvos/SpeziViews-t.build/DerivedSources/arm64 -Xcc -I/Users/admin/builder/spi-builder-workspace/.derivedData/Build/Intermediates.noindex/SpeziViews.build/Debug-appletvos/SpeziViews-t.build/DerivedSources -Xcc -DSWIFT_PACKAGE -Xcc -DDEBUG\=1 -emit-objc-header -emit-objc-header-path /Users/admin/builder/spi-builder-workspace/.derivedData/Build/Intermediates.noindex/SpeziViews.build/Debug-appletvos/SpeziViews-t.build/Objects-normal/arm64/SpeziViews-Swift.h -working-directory /Users/admin/builder/spi-builder-workspace/.swiftpm/xcode -experimental-emit-module-separately -disable-cmo
SwiftMergeGeneratedHeaders /Users/admin/builder/spi-builder-workspace/.derivedData/Build/Intermediates.noindex/GeneratedModuleMaps-appletvos/SpeziViews-Swift.h /Users/admin/builder/spi-builder-workspace/.derivedData/Build/Intermediates.noindex/SpeziViews.build/Debug-appletvos/SpeziViews-t.build/Objects-normal/arm64/SpeziViews-Swift.h (in target 'SpeziViews' from project 'SpeziViews')
cd /Users/admin/builder/spi-builder-workspace/.dependencies/checkouts/SpeziViews
builtin-swiftHeaderTool -arch arm64 /Users/admin/builder/spi-builder-workspace/.derivedData/Build/Intermediates.noindex/SpeziViews.build/Debug-appletvos/SpeziViews-t.build/Objects-normal/arm64/SpeziViews-Swift.h -o /Users/admin/builder/spi-builder-workspace/.derivedData/Build/Intermediates.noindex/GeneratedModuleMaps-appletvos/SpeziViews-Swift.h
Copy /Users/admin/builder/spi-builder-workspace/.derivedData/Build/Products/Debug-appletvos/SpeziViews.swiftmodule/arm64-apple-tvos.swiftmodule /Users/admin/builder/spi-builder-workspace/.derivedData/Build/Intermediates.noindex/SpeziViews.build/Debug-appletvos/SpeziViews-t.build/Objects-normal/arm64/SpeziViews.swiftmodule (in target 'SpeziViews' from project 'SpeziViews')
cd /Users/admin/builder/spi-builder-workspace/.dependencies/checkouts/SpeziViews
builtin-copy -exclude .DS_Store -exclude CVS -exclude .svn -exclude .git -exclude .hg -resolve-src-symlinks -rename /Users/admin/builder/spi-builder-workspace/.derivedData/Build/Intermediates.noindex/SpeziViews.build/Debug-appletvos/SpeziViews-t.build/Objects-normal/arm64/SpeziViews.swiftmodule /Users/admin/builder/spi-builder-workspace/.derivedData/Build/Products/Debug-appletvos/SpeziViews.swiftmodule/arm64-apple-tvos.swiftmodule
Copy /Users/admin/builder/spi-builder-workspace/.derivedData/Build/Products/Debug-appletvos/SpeziViews.swiftmodule/arm64-apple-tvos.swiftdoc /Users/admin/builder/spi-builder-workspace/.derivedData/Build/Intermediates.noindex/SpeziViews.build/Debug-appletvos/SpeziViews-t.build/Objects-normal/arm64/SpeziViews.swiftdoc (in target 'SpeziViews' from project 'SpeziViews')
cd /Users/admin/builder/spi-builder-workspace/.dependencies/checkouts/SpeziViews
builtin-copy -exclude .DS_Store -exclude CVS -exclude .svn -exclude .git -exclude .hg -resolve-src-symlinks -rename /Users/admin/builder/spi-builder-workspace/.derivedData/Build/Intermediates.noindex/SpeziViews.build/Debug-appletvos/SpeziViews-t.build/Objects-normal/arm64/SpeziViews.swiftdoc /Users/admin/builder/spi-builder-workspace/.derivedData/Build/Products/Debug-appletvos/SpeziViews.swiftmodule/arm64-apple-tvos.swiftdoc
Copy /Users/admin/builder/spi-builder-workspace/.derivedData/Build/Products/Debug-appletvos/SpeziViews.swiftmodule/arm64-apple-tvos.abi.json /Users/admin/builder/spi-builder-workspace/.derivedData/Build/Intermediates.noindex/SpeziViews.build/Debug-appletvos/SpeziViews-t.build/Objects-normal/arm64/SpeziViews.abi.json (in target 'SpeziViews' from project 'SpeziViews')
cd /Users/admin/builder/spi-builder-workspace/.dependencies/checkouts/SpeziViews
builtin-copy -exclude .DS_Store -exclude CVS -exclude .svn -exclude .git -exclude .hg -resolve-src-symlinks -rename /Users/admin/builder/spi-builder-workspace/.derivedData/Build/Intermediates.noindex/SpeziViews.build/Debug-appletvos/SpeziViews-t.build/Objects-normal/arm64/SpeziViews.abi.json /Users/admin/builder/spi-builder-workspace/.derivedData/Build/Products/Debug-appletvos/SpeziViews.swiftmodule/arm64-apple-tvos.abi.json
Copy /Users/admin/builder/spi-builder-workspace/.derivedData/Build/Products/Debug-appletvos/SpeziViews.swiftmodule/Project/arm64-apple-tvos.swiftsourceinfo /Users/admin/builder/spi-builder-workspace/.derivedData/Build/Intermediates.noindex/SpeziViews.build/Debug-appletvos/SpeziViews-t.build/Objects-normal/arm64/SpeziViews.swiftsourceinfo (in target 'SpeziViews' from project 'SpeziViews')
cd /Users/admin/builder/spi-builder-workspace/.dependencies/checkouts/SpeziViews
builtin-copy -exclude .DS_Store -exclude CVS -exclude .svn -exclude .git -exclude .hg -resolve-src-symlinks -rename /Users/admin/builder/spi-builder-workspace/.derivedData/Build/Intermediates.noindex/SpeziViews.build/Debug-appletvos/SpeziViews-t.build/Objects-normal/arm64/SpeziViews.swiftsourceinfo /Users/admin/builder/spi-builder-workspace/.derivedData/Build/Products/Debug-appletvos/SpeziViews.swiftmodule/Project/arm64-apple-tvos.swiftsourceinfo
SwiftEmitModule normal arm64 Emitting\ module\ for\ SpeziSpeechRecognizer (in target 'SpeziSpeechRecognizer' from project 'SpeziSpeech')
/Users/admin/builder/spi-builder-workspace/.dependencies/checkouts/SpeziSpeech/Sources/SpeziSpeechRecognizer/SpeechRecognizer.swift:78:35: error: 'SFSpeechRecognizer' is unavailable in tvOS
76 | public final class SpeechRecognizer: NSObject, Module, DefaultInitializable, EnvironmentAccessible, SFSpeechRecognizerDelegate, @unchecked Sendable {
77 | private static let logger = Logger(subsystem: "edu.stanford.spezi", category: "SpeziSpeech")
78 | private let speechRecognizer: SFSpeechRecognizer?
| `- error: 'SFSpeechRecognizer' is unavailable in tvOS
79 | private let audioEngine: AVAudioEngine?
80 |
/Applications/Xcode-27.0.0-Release.Candidate.app/Contents/Developer/Platforms/AppleTVOS.platform/Developer/SDKs/AppleTVOS27.0.sdk/System/Library/Frameworks/Speech.framework/Headers/SFSpeechRecognizer.h:78:12: note: 'SFSpeechRecognizer' has been explicitly marked unavailable here
76 | API_AVAILABLE(ios(10.0), macos(10.15))
77 | API_UNAVAILABLE(tvos)
78 | @interface SFSpeechRecognizer : NSObject
| `- note: 'SFSpeechRecognizer' has been explicitly marked unavailable here
79 |
80 | /**
/Users/admin/builder/spi-builder-workspace/.dependencies/checkouts/SpeziSpeech/Sources/SpeziSpeechRecognizer/SpeechRecognizer.swift:86:37: error: 'SFSpeechAudioBufferRecognitionRequest' is unavailable in tvOS
84 | public private(set) var isAvailable: Bool
85 |
86 | private var recognitionRequest: SFSpeechAudioBufferRecognitionRequest?
| `- error: 'SFSpeechAudioBufferRecognitionRequest' is unavailable in tvOS
87 | private var recognitionTask: SFSpeechRecognitionTask?
88 |
/Applications/Xcode-27.0.0-Release.Candidate.app/Contents/Developer/Platforms/AppleTVOS.platform/Developer/SDKs/AppleTVOS27.0.sdk/System/Library/Frameworks/Speech.framework/Headers/SFSpeechRecognitionRequest.h:148:12: note: 'SFSpeechAudioBufferRecognitionRequest' has been explicitly marked unavailable here
146 | API_AVAILABLE(ios(10.0), macos(10.15))
147 | API_UNAVAILABLE(tvos)
148 | @interface SFSpeechAudioBufferRecognitionRequest : SFSpeechRecognitionRequest
| `- note: 'SFSpeechAudioBufferRecognitionRequest' has been explicitly marked unavailable here
149 |
150 | /**
macro expansion @ObservationTracked:2:35: error: 'SFSpeechAudioBufferRecognitionRequest' is unavailable in tvOS
`- /Users/admin/builder/spi-builder-workspace/.dependencies/checkouts/SpeziSpeech/Sources/SpeziSpeechRecognizer/SpeechRecognizer.swift:86:75: note: expanded code originates here
84 | public private(set) var isAvailable: Bool
85 |
86 | private var recognitionRequest: SFSpeechAudioBufferRecognitionRequest?
+--- macro expansion @ObservationTracked ---------------------------
|1 | @ObservationIgnored
|2 | private var _recognitionRequest: SFSpeechAudioBufferRecognitionRequest?
| | `- error: 'SFSpeechAudioBufferRecognitionRequest' is unavailable in tvOS
+-------------------------------------------------------------------
87 | private var recognitionTask: SFSpeechRecognitionTask?
88 |
/Applications/Xcode-27.0.0-Release.Candidate.app/Contents/Developer/Platforms/AppleTVOS.platform/Developer/SDKs/AppleTVOS27.0.sdk/System/Library/Frameworks/Speech.framework/Headers/SFSpeechRecognitionRequest.h:148:12: note: 'SFSpeechAudioBufferRecognitionRequest' has been explicitly marked unavailable here
146 | API_AVAILABLE(ios(10.0), macos(10.15))
147 | API_UNAVAILABLE(tvos)
148 | @interface SFSpeechAudioBufferRecognitionRequest : SFSpeechRecognitionRequest
| `- note: 'SFSpeechAudioBufferRecognitionRequest' has been explicitly marked unavailable here
149 |
150 | /**
/Users/admin/builder/spi-builder-workspace/.dependencies/checkouts/SpeziSpeech/Sources/SpeziSpeechRecognizer/SpeechRecognizer.swift:87:34: error: 'SFSpeechRecognitionTask' is unavailable in tvOS
85 |
86 | private var recognitionRequest: SFSpeechAudioBufferRecognitionRequest?
87 | private var recognitionTask: SFSpeechRecognitionTask?
| `- error: 'SFSpeechRecognitionTask' is unavailable in tvOS
88 |
89 |
/Applications/Xcode-27.0.0-Release.Candidate.app/Contents/Developer/Platforms/AppleTVOS.platform/Developer/SDKs/AppleTVOS27.0.sdk/System/Library/Frameworks/Speech.framework/Headers/SFSpeechRecognitionTask.h:46:12: note: 'SFSpeechRecognitionTask' has been explicitly marked unavailable here
44 | API_AVAILABLE(ios(10.0), macos(10.15))
45 | API_UNAVAILABLE(tvos)
46 | @interface SFSpeechRecognitionTask : NSObject
| `- note: 'SFSpeechRecognitionTask' has been explicitly marked unavailable here
47 |
48 | /**
macro expansion @ObservationTracked:2:32: error: 'SFSpeechRecognitionTask' is unavailable in tvOS
`- /Users/admin/builder/spi-builder-workspace/.dependencies/checkouts/SpeziSpeech/Sources/SpeziSpeechRecognizer/SpeechRecognizer.swift:87:58: note: expanded code originates here
85 |
86 | private var recognitionRequest: SFSpeechAudioBufferRecognitionRequest?
87 | private var recognitionTask: SFSpeechRecognitionTask?
+--- macro expansion @ObservationTracked ---------------------------
|1 | @ObservationIgnored
|2 | private var _recognitionTask: SFSpeechRecognitionTask?
| | `- error: 'SFSpeechRecognitionTask' is unavailable in tvOS
+-------------------------------------------------------------------
88 |
89 |
/Applications/Xcode-27.0.0-Release.Candidate.app/Contents/Developer/Platforms/AppleTVOS.platform/Developer/SDKs/AppleTVOS27.0.sdk/System/Library/Frameworks/Speech.framework/Headers/SFSpeechRecognitionTask.h:46:12: note: 'SFSpeechRecognitionTask' has been explicitly marked unavailable here
44 | API_AVAILABLE(ios(10.0), macos(10.15))
45 | API_UNAVAILABLE(tvos)
46 | @interface SFSpeechRecognitionTask : NSObject
| `- note: 'SFSpeechRecognitionTask' has been explicitly marked unavailable here
47 |
48 | /**
/Users/admin/builder/spi-builder-workspace/.dependencies/checkouts/SpeziSpeech/Sources/SpeziSpeechRecognizer/SpeechRecognizer.swift:118:48: error: 'SFSpeechRecognitionResult' is unavailable in tvOS
116 | ///
117 | /// - Returns: An asynchronous stream that yields the speech recognition results.
118 | public func start() -> AsyncThrowingStream<SFSpeechRecognitionResult, Error> { // swiftlint:disable:this function_body_length
| `- error: 'SFSpeechRecognitionResult' is unavailable in tvOS
119 | AsyncThrowingStream { continuation in // swiftlint:disable:this closure_body_length
120 | guard !isRecording else {
/Applications/Xcode-27.0.0-Release.Candidate.app/Contents/Developer/Platforms/AppleTVOS.platform/Developer/SDKs/AppleTVOS27.0.sdk/System/Library/Frameworks/Speech.framework/Headers/SFSpeechRecognitionResult.h:25:12: note: 'SFSpeechRecognitionResult' has been explicitly marked unavailable here
23 | API_AVAILABLE(ios(10.0), macos(10.15))
24 | API_UNAVAILABLE(tvos)
25 | @interface SFSpeechRecognitionResult : NSObject <NSCopying, NSSecureCoding>
| `- note: 'SFSpeechRecognitionResult' has been explicitly marked unavailable here
26 |
27 | /**
/Users/admin/builder/spi-builder-workspace/.dependencies/checkouts/SpeziSpeech/Sources/SpeziSpeechRecognizer/SpeechRecognizer.swift:208:54: error: 'SFSpeechRecognizer' is unavailable in tvOS
206 |
207 | @_documentation(visibility: internal)
208 | public func speechRecognizer(_ speechRecognizer: SFSpeechRecognizer, availabilityDidChange available: Bool) {
| `- error: 'SFSpeechRecognizer' is unavailable in tvOS
209 | guard self.speechRecognizer == speechRecognizer else {
210 | return
/Applications/Xcode-27.0.0-Release.Candidate.app/Contents/Developer/Platforms/AppleTVOS.platform/Developer/SDKs/AppleTVOS27.0.sdk/System/Library/Frameworks/Speech.framework/Headers/SFSpeechRecognizer.h:78:12: note: 'SFSpeechRecognizer' has been explicitly marked unavailable here
76 | API_AVAILABLE(ios(10.0), macos(10.15))
77 | API_UNAVAILABLE(tvos)
78 | @interface SFSpeechRecognizer : NSObject
| `- note: 'SFSpeechRecognizer' has been explicitly marked unavailable here
79 |
80 | /**
/Users/admin/builder/spi-builder-workspace/.dependencies/checkouts/SpeziSpeech/Sources/SpeziSpeechRecognizer/SpeechRecognizer.swift:76:101: error: 'SFSpeechRecognizerDelegate' is unavailable in tvOS
74 | /// ```
75 | @Observable
76 | public final class SpeechRecognizer: NSObject, Module, DefaultInitializable, EnvironmentAccessible, SFSpeechRecognizerDelegate, @unchecked Sendable {
| `- error: 'SFSpeechRecognizerDelegate' is unavailable in tvOS
77 | private static let logger = Logger(subsystem: "edu.stanford.spezi", category: "SpeziSpeech")
78 | private let speechRecognizer: SFSpeechRecognizer?
/Applications/Xcode-27.0.0-Release.Candidate.app/Contents/Developer/Platforms/AppleTVOS.platform/Developer/SDKs/AppleTVOS27.0.sdk/System/Library/Frameworks/Speech.framework/Headers/SFSpeechRecognizer.h:231:11: note: 'SFSpeechRecognizerDelegate' has been explicitly marked unavailable here
229 | API_AVAILABLE(ios(10.0), macos(10.15))
230 | API_UNAVAILABLE(tvos)
231 | @protocol SFSpeechRecognizerDelegate <NSObject>
| `- note: 'SFSpeechRecognizerDelegate' has been explicitly marked unavailable here
232 | @optional
233 |
/Users/admin/builder/spi-builder-workspace/.dependencies/checkouts/SpeziSpeech/Sources/SpeziSpeechRecognizer/SpeechRecognizer.swift:221:11: error: 'SFSpeechRecognitionResult' is unavailable in tvOS
219 | ///
220 | /// - Note: Wrapping the `SFSpeechRecognitionResult` in a custom `Sendable` struct is not desired as it would break API.
221 | extension SFSpeechRecognitionResult: @retroactive @unchecked Sendable {}
| `- error: 'SFSpeechRecognitionResult' is unavailable in tvOS
222 |
/Applications/Xcode-27.0.0-Release.Candidate.app/Contents/Developer/Platforms/AppleTVOS.platform/Developer/SDKs/AppleTVOS27.0.sdk/System/Library/Frameworks/Speech.framework/Headers/SFSpeechRecognitionResult.h:25:12: note: 'SFSpeechRecognitionResult' has been explicitly marked unavailable here
23 | API_AVAILABLE(ios(10.0), macos(10.15))
24 | API_UNAVAILABLE(tvos)
25 | @interface SFSpeechRecognitionResult : NSObject <NSCopying, NSSecureCoding>
| `- note: 'SFSpeechRecognitionResult' has been explicitly marked unavailable here
26 |
27 | /**
Failed frontend command:
/Applications/Xcode-27.0.0-Release.Candidate.app/Contents/Developer/Toolchains/XcodeDefault.xctoolchain/usr/bin/swift-frontend -frontend -emit-module -experimental-skip-non-inlinable-function-bodies-without-types /Users/admin/builder/spi-builder-workspace/.dependencies/checkouts/SpeziSpeech/Sources/SpeziSpeechRecognizer/SpeechRecognizer.swift -target arm64-apple-tvos17.0 -disable-cross-import-overlay-search -load-resolved-plugin /Applications/Xcode-27.0.0-Release.Candidate.app/Contents/Developer/Platforms/AppleTVOS.platform/Developer/usr/lib/swift/host/plugins/libFoundationMacros.dylib\#/Applications/Xcode-27.0.0-Release.Candidate.app/Contents/Developer/Platforms/AppleTVOS.platform/Developer/usr/bin/swift-plugin-server\#FoundationMacros -load-resolved-plugin /Applications/Xcode-27.0.0-Release.Candidate.app/Contents/Developer/Platforms/AppleTVOS.platform/Developer/usr/lib/swift/host/plugins/libObservationMacros.dylib\#/Applications/Xcode-27.0.0-Release.Candidate.app/Contents/Developer/Platforms/AppleTVOS.platform/Developer/usr/bin/swift-plugin-server\#ObservationMacros -load-resolved-plugin /Applications/Xcode-27.0.0-Release.Candidate.app/Contents/Developer/Platforms/AppleTVOS.platform/Developer/usr/lib/swift/host/plugins/libPreviewsMacros.dylib\#/Applications/Xcode-27.0.0-Release.Candidate.app/Contents/Developer/Platforms/AppleTVOS.platform/Developer/usr/bin/swift-plugin-server\#PreviewsMacros -load-resolved-plugin /Applications/Xcode-27.0.0-Release.Candidate.app/Contents/Developer/Platforms/AppleTVOS.platform/Developer/usr/lib/swift/host/plugins/libSwiftMacros.dylib\#/Applications/Xcode-27.0.0-Release.Candidate.app/Contents/Developer/Platforms/AppleTVOS.platform/Developer/usr/bin/swift-plugin-server\#SwiftMacros -load-resolved-plugin /Applications/Xcode-27.0.0-Release.Candidate.app/Contents/Developer/Platforms/AppleTVOS.platform/Developer/usr/lib/swift/host/plugins/libSwiftUIMacros.dylib\#/Applications/Xcode-27.0.0-Release.Candidate.app/Contents/Developer/Platforms/AppleTVOS.platform/Developer/usr/bin/swift-plugin-server\#SwiftUIMacros -load-resolved-plugin \#/Users/admin/builder/spi-builder-workspace/.derivedData/Build/Products/Debug/ThreadLocalMacros\#ThreadLocalMacros -disable-implicit-swift-modules -Xcc -fno-implicit-modules -Xcc -fno-implicit-module-maps -explicit-swift-module-map-file /Users/admin/builder/spi-builder-workspace/.derivedData/Build/Intermediates.noindex/SpeziSpeech.build/Debug-appletvos/SpeziSpeechRecognizer-t.build/Objects-normal/arm64/SpeziSpeechRecognizer-dependencies-1.json -Xllvm -aarch64-use-tbi -enable-objc-interop -stack-check -sdk /Applications/Xcode-27.0.0-Release.Candidate.app/Contents/Developer/Platforms/AppleTVOS.platform/Developer/SDKs/AppleTVOS27.0.sdk -I /Users/admin/builder/spi-builder-workspace/.derivedData/Build/Products/Debug-appletvos -Isystem /Applications/Xcode-27.0.0-Release.Candidate.app/Contents/Developer/Platforms/AppleTVOS.platform/Developer/usr/lib -F /Users/admin/builder/spi-builder-workspace/.derivedData/Build/Products/Debug-appletvos/PackageFrameworks -F /Users/admin/builder/spi-builder-workspace/.derivedData/Build/Products/Debug-appletvos -F /Applications/Xcode-27.0.0-Release.Candidate.app/Contents/Developer/Platforms/AppleTVOS.platform/Developer/Library/Frameworks -F /Applications/Xcode-27.0.0-Release.Candidate.app/Contents/Developer/Platforms/AppleTVOS.platform/Developer/SDKs/AppleTVOS27.0.sdk/Developer/Library/Frameworks -module-cache-path /Users/admin/builder/spi-builder-workspace/.derivedData/Build/Intermediates.noindex/SwiftExplicitPrecompiledModules -no-color-diagnostics -Xcc -fno-color-diagnostics -enable-testing -g -debug-info-format\=dwarf -dwarf-version\=4 -suppress-warnings -profile-generate -profile-coverage-mapping -swift-version 6 -Onone -D SWIFT_PACKAGE -D DEBUG -D SWIFT_MODULE_RESOURCE_BUNDLE_UNAVAILABLE -D Xcode -serialize-debugging-options -load-plugin-executable /Users/admin/builder/spi-builder-workspace/.derivedData/Build/Products/Debug/ThreadLocalMacros\#ThreadLocalMacros -enable-experimental-feature DebugDescriptionMacro -empty-abi-descriptor -user-module-version 1.1.2 -validate-clang-modules-once -clang-build-session-file /Users/admin/builder/spi-builder-workspace/.derivedData/ModuleCache.noindex/Session.modulevalidation -Xcc -working-directory -Xcc /Users/admin/builder/spi-builder-workspace/.swiftpm/xcode -enable-anonymous-context-mangled-names -file-compilation-dir /Users/admin/builder/spi-builder-workspace/.swiftpm/xcode -Xcc -fmodule-map-file\=/Users/admin/builder/spi-builder-workspace/.dependencies/checkouts/zstd/lib/module.modulemap -Xcc -fmodule-map-file\=/Users/admin/builder/spi-builder-workspace/.dependencies/checkouts/swift-atomics/Sources/_AtomicsShims/include/module.modulemap -Xcc -fmodule-map-file\=/Users/admin/builder/spi-builder-workspace/.dependencies/checkouts/swift-numerics/Sources/_NumericsShims/include/module.modulemap -Xcc -fmodule-map-file\=/Users/admin/builder/spi-builder-workspace/.derivedData/Build/Intermediates.noindex/GeneratedModuleMaps-appletvos/SpeziFoundationObjC.modulemap -Xcc -D_LIBCPP_HARDENING_MODE\=_LIBCPP_HARDENING_MODE_DEBUG -Xcc -ivfsstatcache -Xcc /Users/admin/builder/spi-builder-workspace/.derivedData/SDKStatCaches.noindex/appletvos27.0-24J360-e829b21a6f8c9b70876ba0858053c044b32bfd8d43560033f8d89884cdb90028.sdkstatcache -Xcc -fmodules-prune-interval\=86400 -Xcc -fmodules-prune-after\=345600 -Xcc -I/Users/admin/builder/spi-builder-workspace/.dependencies/checkouts/zstd/lib -Xcc -I/Users/admin/builder/spi-builder-workspace/.dependencies/checkouts/swift-atomics/Sources/_AtomicsShims/include -Xcc -I/Users/admin/builder/spi-builder-workspace/.dependencies/checkouts/swift-numerics/Sources/_NumericsShims/include -Xcc -I/Users/admin/builder/spi-builder-workspace/.dependencies/checkouts/SpeziFoundation/Sources/SpeziFoundationObjC/include -Xcc -I/Users/admin/builder/spi-builder-workspace/.derivedData/Build/Products/Debug-appletvos/include -Xcc -I/Users/admin/builder/spi-builder-workspace/.derivedData/Build/Intermediates.noindex/SpeziSpeech.build/Debug-appletvos/SpeziSpeechRecognizer-t.build/DerivedSources-normal/arm64 -Xcc -I/Users/admin/builder/spi-builder-workspace/.derivedData/Build/Intermediates.noindex/SpeziSpeech.build/Debug-appletvos/SpeziSpeechRecognizer-t.build/DerivedSources/arm64 -Xcc -I/Users/admin/builder/spi-builder-workspace/.derivedData/Build/Intermediates.noindex/SpeziSpeech.build/Debug-appletvos/SpeziSpeechRecognizer-t.build/DerivedSources -Xcc -DSWIFT_PACKAGE -Xcc -DDEBUG\=1 -no-auto-bridging-header-chaining -module-name SpeziSpeechRecognizer -package-name spezispeech -const-gather-protocols-file /Users/admin/builder/spi-builder-workspace/.derivedData/Build/Intermediates.noindex/SpeziSpeech.build/Debug-appletvos/SpeziSpeechRecognizer-t.build/Objects-normal/arm64/SpeziSpeechRecognizer_const_extract_protocols.json -disable-clang-spi -clang-target arm64-apple-tvos27.0 -target-sdk-version 27.0 -target-sdk-name appletvos27.0 -in-process-plugin-server-path /Applications/Xcode-27.0.0-Release.Candidate.app/Contents/Developer/Toolchains/XcodeDefault.xctoolchain/usr/lib/swift/host/libSwiftInProcPluginServer.dylib -emit-module-doc-path /Users/admin/builder/spi-builder-workspace/.derivedData/Build/Intermediates.noindex/SpeziSpeech.build/Debug-appletvos/SpeziSpeechRecognizer-t.build/Objects-normal/arm64/SpeziSpeechRecognizer.swiftdoc -emit-module-source-info-path /Users/admin/builder/spi-builder-workspace/.derivedData/Build/Intermediates.noindex/SpeziSpeech.build/Debug-appletvos/SpeziSpeechRecognizer-t.build/Objects-normal/arm64/SpeziSpeechRecognizer.swiftsourceinfo -emit-objc-header-path /Users/admin/builder/spi-builder-workspace/.derivedData/Build/Intermediates.noindex/SpeziSpeech.build/Debug-appletvos/SpeziSpeechRecognizer-t.build/Objects-normal/arm64/SpeziSpeechRecognizer-Swift.h -serialize-diagnostics-path /Users/admin/builder/spi-builder-workspace/.derivedData/Build/Intermediates.noindex/SpeziSpeech.build/Debug-appletvos/SpeziSpeechRecognizer-t.build/Objects-normal/arm64/SpeziSpeechRecognizer-primary-emit-module.dia -emit-dependencies-path /Users/admin/builder/spi-builder-workspace/.derivedData/Build/Intermediates.noindex/SpeziSpeech.build/Debug-appletvos/SpeziSpeechRecognizer-t.build/Objects-normal/arm64/SpeziSpeechRecognizer-primary-emit-module.d -parse-as-library -o /Users/admin/builder/spi-builder-workspace/.derivedData/Build/Intermediates.noindex/SpeziSpeech.build/Debug-appletvos/SpeziSpeechRecognizer-t.build/Objects-normal/arm64/SpeziSpeechRecognizer.swiftmodule -emit-abi-descriptor-path /Users/admin/builder/spi-builder-workspace/.derivedData/Build/Intermediates.noindex/SpeziSpeech.build/Debug-appletvos/SpeziSpeechRecognizer-t.build/Objects-normal/arm64/SpeziSpeechRecognizer.abi.json
SwiftCompile normal arm64 (in target 'SpeziSpeechRecognizer' from project 'SpeziSpeech')
cd /Users/admin/builder/spi-builder-workspace/.swiftpm/xcode
SwiftCompile normal arm64 Compiling\ SpeechRecognizer.swift /Users/admin/builder/spi-builder-workspace/.dependencies/checkouts/SpeziSpeech/Sources/SpeziSpeechRecognizer/SpeechRecognizer.swift (in target 'SpeziSpeechRecognizer' from project 'SpeziSpeech')
/Users/admin/builder/spi-builder-workspace/.dependencies/checkouts/SpeziSpeech/Sources/SpeziSpeechRecognizer/SpeechRecognizer.swift:78:35: error: 'SFSpeechRecognizer' is unavailable in tvOS
76 | public final class SpeechRecognizer: NSObject, Module, DefaultInitializable, EnvironmentAccessible, SFSpeechRecognizerDelegate, @unchecked Sendable {
77 | private static let logger = Logger(subsystem: "edu.stanford.spezi", category: "SpeziSpeech")
78 | private let speechRecognizer: SFSpeechRecognizer?
| `- error: 'SFSpeechRecognizer' is unavailable in tvOS
79 | private let audioEngine: AVAudioEngine?
80 |
/Applications/Xcode-27.0.0-Release.Candidate.app/Contents/Developer/Platforms/AppleTVOS.platform/Developer/SDKs/AppleTVOS27.0.sdk/System/Library/Frameworks/Speech.framework/Headers/SFSpeechRecognizer.h:78:12: note: 'SFSpeechRecognizer' has been explicitly marked unavailable here
76 | API_AVAILABLE(ios(10.0), macos(10.15))
77 | API_UNAVAILABLE(tvos)
78 | @interface SFSpeechRecognizer : NSObject
| `- note: 'SFSpeechRecognizer' has been explicitly marked unavailable here
79 |
80 | /**
/Users/admin/builder/spi-builder-workspace/.dependencies/checkouts/SpeziSpeech/Sources/SpeziSpeechRecognizer/SpeechRecognizer.swift:86:37: error: 'SFSpeechAudioBufferRecognitionRequest' is unavailable in tvOS
84 | public private(set) var isAvailable: Bool
85 |
86 | private var recognitionRequest: SFSpeechAudioBufferRecognitionRequest?
| `- error: 'SFSpeechAudioBufferRecognitionRequest' is unavailable in tvOS
87 | private var recognitionTask: SFSpeechRecognitionTask?
88 |
/Applications/Xcode-27.0.0-Release.Candidate.app/Contents/Developer/Platforms/AppleTVOS.platform/Developer/SDKs/AppleTVOS27.0.sdk/System/Library/Frameworks/Speech.framework/Headers/SFSpeechRecognitionRequest.h:148:12: note: 'SFSpeechAudioBufferRecognitionRequest' has been explicitly marked unavailable here
146 | API_AVAILABLE(ios(10.0), macos(10.15))
147 | API_UNAVAILABLE(tvos)
148 | @interface SFSpeechAudioBufferRecognitionRequest : SFSpeechRecognitionRequest
| `- note: 'SFSpeechAudioBufferRecognitionRequest' has been explicitly marked unavailable here
149 |
150 | /**
macro expansion @ObservationTracked:2:35: error: 'SFSpeechAudioBufferRecognitionRequest' is unavailable in tvOS
`- /Users/admin/builder/spi-builder-workspace/.dependencies/checkouts/SpeziSpeech/Sources/SpeziSpeechRecognizer/SpeechRecognizer.swift:86:75: note: expanded code originates here
84 | public private(set) var isAvailable: Bool
85 |
86 | private var recognitionRequest: SFSpeechAudioBufferRecognitionRequest?
+--- macro expansion @ObservationTracked ---------------------------
|1 | @ObservationIgnored
|2 | private var _recognitionRequest: SFSpeechAudioBufferRecognitionRequest?
| | `- error: 'SFSpeechAudioBufferRecognitionRequest' is unavailable in tvOS
+-------------------------------------------------------------------
87 | private var recognitionTask: SFSpeechRecognitionTask?
88 |
/Applications/Xcode-27.0.0-Release.Candidate.app/Contents/Developer/Platforms/AppleTVOS.platform/Developer/SDKs/AppleTVOS27.0.sdk/System/Library/Frameworks/Speech.framework/Headers/SFSpeechRecognitionRequest.h:148:12: note: 'SFSpeechAudioBufferRecognitionRequest' has been explicitly marked unavailable here
146 | API_AVAILABLE(ios(10.0), macos(10.15))
147 | API_UNAVAILABLE(tvos)
148 | @interface SFSpeechAudioBufferRecognitionRequest : SFSpeechRecognitionRequest
| `- note: 'SFSpeechAudioBufferRecognitionRequest' has been explicitly marked unavailable here
149 |
150 | /**
/Users/admin/builder/spi-builder-workspace/.dependencies/checkouts/SpeziSpeech/Sources/SpeziSpeechRecognizer/SpeechRecognizer.swift:87:34: error: 'SFSpeechRecognitionTask' is unavailable in tvOS
85 |
86 | private var recognitionRequest: SFSpeechAudioBufferRecognitionRequest?
87 | private var recognitionTask: SFSpeechRecognitionTask?
| `- error: 'SFSpeechRecognitionTask' is unavailable in tvOS
88 |
89 |
/Applications/Xcode-27.0.0-Release.Candidate.app/Contents/Developer/Platforms/AppleTVOS.platform/Developer/SDKs/AppleTVOS27.0.sdk/System/Library/Frameworks/Speech.framework/Headers/SFSpeechRecognitionTask.h:46:12: note: 'SFSpeechRecognitionTask' has been explicitly marked unavailable here
44 | API_AVAILABLE(ios(10.0), macos(10.15))
45 | API_UNAVAILABLE(tvos)
46 | @interface SFSpeechRecognitionTask : NSObject
| `- note: 'SFSpeechRecognitionTask' has been explicitly marked unavailable here
47 |
48 | /**
macro expansion @ObservationTracked:2:32: error: 'SFSpeechRecognitionTask' is unavailable in tvOS
`- /Users/admin/builder/spi-builder-workspace/.dependencies/checkouts/SpeziSpeech/Sources/SpeziSpeechRecognizer/SpeechRecognizer.swift:87:58: note: expanded code originates here
85 |
86 | private var recognitionRequest: SFSpeechAudioBufferRecognitionRequest?
87 | private var recognitionTask: SFSpeechRecognitionTask?
+--- macro expansion @ObservationTracked ---------------------------
|1 | @ObservationIgnored
|2 | private var _recognitionTask: SFSpeechRecognitionTask?
| | `- error: 'SFSpeechRecognitionTask' is unavailable in tvOS
+-------------------------------------------------------------------
88 |
89 |
/Applications/Xcode-27.0.0-Release.Candidate.app/Contents/Developer/Platforms/AppleTVOS.platform/Developer/SDKs/AppleTVOS27.0.sdk/System/Library/Frameworks/Speech.framework/Headers/SFSpeechRecognitionTask.h:46:12: note: 'SFSpeechRecognitionTask' has been explicitly marked unavailable here
44 | API_AVAILABLE(ios(10.0), macos(10.15))
45 | API_UNAVAILABLE(tvos)
46 | @interface SFSpeechRecognitionTask : NSObject
| `- note: 'SFSpeechRecognitionTask' has been explicitly marked unavailable here
47 |
48 | /**
/Users/admin/builder/spi-builder-workspace/.dependencies/checkouts/SpeziSpeech/Sources/SpeziSpeechRecognizer/SpeechRecognizer.swift:118:48: error: 'SFSpeechRecognitionResult' is unavailable in tvOS
116 | ///
117 | /// - Returns: An asynchronous stream that yields the speech recognition results.
118 | public func start() -> AsyncThrowingStream<SFSpeechRecognitionResult, Error> { // swiftlint:disable:this function_body_length
| `- error: 'SFSpeechRecognitionResult' is unavailable in tvOS
119 | AsyncThrowingStream { continuation in // swiftlint:disable:this closure_body_length
120 | guard !isRecording else {
/Applications/Xcode-27.0.0-Release.Candidate.app/Contents/Developer/Platforms/AppleTVOS.platform/Developer/SDKs/AppleTVOS27.0.sdk/System/Library/Frameworks/Speech.framework/Headers/SFSpeechRecognitionResult.h:25:12: note: 'SFSpeechRecognitionResult' has been explicitly marked unavailable here
23 | API_AVAILABLE(ios(10.0), macos(10.15))
24 | API_UNAVAILABLE(tvos)
25 | @interface SFSpeechRecognitionResult : NSObject <NSCopying, NSSecureCoding>
| `- note: 'SFSpeechRecognitionResult' has been explicitly marked unavailable here
26 |
27 | /**
/Users/admin/builder/spi-builder-workspace/.dependencies/checkouts/SpeziSpeech/Sources/SpeziSpeechRecognizer/SpeechRecognizer.swift:208:54: error: 'SFSpeechRecognizer' is unavailable in tvOS
206 |
207 | @_documentation(visibility: internal)
208 | public func speechRecognizer(_ speechRecognizer: SFSpeechRecognizer, availabilityDidChange available: Bool) {
| `- error: 'SFSpeechRecognizer' is unavailable in tvOS
209 | guard self.speechRecognizer == speechRecognizer else {
210 | return
/Applications/Xcode-27.0.0-Release.Candidate.app/Contents/Developer/Platforms/AppleTVOS.platform/Developer/SDKs/AppleTVOS27.0.sdk/System/Library/Frameworks/Speech.framework/Headers/SFSpeechRecognizer.h:78:12: note: 'SFSpeechRecognizer' has been explicitly marked unavailable here
76 | API_AVAILABLE(ios(10.0), macos(10.15))
77 | API_UNAVAILABLE(tvos)
78 | @interface SFSpeechRecognizer : NSObject
| `- note: 'SFSpeechRecognizer' has been explicitly marked unavailable here
79 |
80 | /**
/Users/admin/builder/spi-builder-workspace/.dependencies/checkouts/SpeziSpeech/Sources/SpeziSpeechRecognizer/SpeechRecognizer.swift:76:101: error: 'SFSpeechRecognizerDelegate' is unavailable in tvOS
74 | /// ```
75 | @Observable
76 | public final class SpeechRecognizer: NSObject, Module, DefaultInitializable, EnvironmentAccessible, SFSpeechRecognizerDelegate, @unchecked Sendable {
| `- error: 'SFSpeechRecognizerDelegate' is unavailable in tvOS
77 | private static let logger = Logger(subsystem: "edu.stanford.spezi", category: "SpeziSpeech")
78 | private let speechRecognizer: SFSpeechRecognizer?
/Applications/Xcode-27.0.0-Release.Candidate.app/Contents/Developer/Platforms/AppleTVOS.platform/Developer/SDKs/AppleTVOS27.0.sdk/System/Library/Frameworks/Speech.framework/Headers/SFSpeechRecognizer.h:231:11: note: 'SFSpeechRecognizerDelegate' has been explicitly marked unavailable here
229 | API_AVAILABLE(ios(10.0), macos(10.15))
230 | API_UNAVAILABLE(tvos)
231 | @protocol SFSpeechRecognizerDelegate <NSObject>
| `- note: 'SFSpeechRecognizerDelegate' has been explicitly marked unavailable here
232 | @optional
233 |
SwiftCompile normal arm64 /Users/admin/builder/spi-builder-workspace/.dependencies/checkouts/SpeziSpeech/Sources/SpeziSpeechRecognizer/SpeechRecognizer.swift (in target 'SpeziSpeechRecognizer' from project 'SpeziSpeech')
cd /Users/admin/builder/spi-builder-workspace/.swiftpm/xcode
builtin-SwiftPerFileCompile SpeechRecognizer.swift
SwiftDriverJobDiscovery normal arm64 Emitting module for SpeziSpeechSynthesizer (in target 'SpeziSpeechSynthesizer' from project 'SpeziSpeech')
SwiftDriver\ Compilation\ Requirements SpeziSpeechSynthesizer normal arm64 com.apple.xcode.tools.swift.compiler (in target 'SpeziSpeechSynthesizer' from project 'SpeziSpeech')
cd /Users/admin/builder/spi-builder-workspace/.swiftpm/xcode
builtin-Swift-Compilation-Requirements -- /Applications/Xcode-27.0.0-Release.Candidate.app/Contents/Developer/Toolchains/XcodeDefault.xctoolchain/usr/bin/swiftc -parse-as-library -module-name SpeziSpeechSynthesizer -Onone @/Users/admin/builder/spi-builder-workspace/.derivedData/Build/Intermediates.noindex/SpeziSpeech.build/Debug-appletvos/SpeziSpeechSynthesizer-t.build/Objects-normal/arm64/SpeziSpeechSynthesizer.SwiftFileList -DSWIFT_PACKAGE -DDEBUG -DSWIFT_MODULE_RESOURCE_BUNDLE_UNAVAILABLE -Xcc -fmodule-map-file\=/Users/admin/builder/spi-builder-workspace/.dependencies/checkouts/zstd/lib/module.modulemap -Xcc -fmodule-map-file\=/Users/admin/builder/spi-builder-workspace/.dependencies/checkouts/swift-atomics/Sources/_AtomicsShims/include/module.modulemap -Xcc -fmodule-map-file\=/Users/admin/builder/spi-builder-workspace/.dependencies/checkouts/swift-numerics/Sources/_NumericsShims/include/module.modulemap -Xcc -fmodule-map-file\=/Users/admin/builder/spi-builder-workspace/.derivedData/Build/Intermediates.noindex/GeneratedModuleMaps-appletvos/SpeziFoundationObjC.modulemap -DXcode -plugin-path /Applications/Xcode-27.0.0-Release.Candidate.app/Contents/Developer/Toolchains/XcodeDefault.xctoolchain/usr/lib/swift/host/plugins/testing -enable-experimental-feature DebugDescriptionMacro -sdk /Applications/Xcode-27.0.0-Release.Candidate.app/Contents/Developer/Platforms/AppleTVOS.platform/Developer/SDKs/AppleTVOS27.0.sdk -target arm64-apple-tvos17.0 -g -module-cache-path /Users/admin/builder/spi-builder-workspace/.derivedData/ModuleCache.noindex -Xfrontend -serialize-debugging-options -profile-coverage-mapping -profile-generate -enable-testing -suppress-warnings -index-store-path /Users/admin/builder/spi-builder-workspace/.derivedData/Index.noindex/DataStore -Xcc -D_LIBCPP_HARDENING_MODE\=_LIBCPP_HARDENING_MODE_DEBUG -swift-version 6 -I /Users/admin/builder/spi-builder-workspace/.derivedData/Build/Products/Debug-appletvos -Isystem /Applications/Xcode-27.0.0-Release.Candidate.app/Contents/Developer/Platforms/AppleTVOS.platform/Developer/usr/lib -F /Users/admin/builder/spi-builder-workspace/.derivedData/Build/Products/Debug-appletvos/PackageFrameworks -F /Users/admin/builder/spi-builder-workspace/.derivedData/Build/Products/Debug-appletvos -F /Applications/Xcode-27.0.0-Release.Candidate.app/Contents/Developer/Platforms/AppleTVOS.platform/Developer/Library/Frameworks -F /Applications/Xcode-27.0.0-Release.Candidate.app/Contents/Developer/Platforms/AppleTVOS.platform/Developer/SDKs/AppleTVOS27.0.sdk/Developer/Library/Frameworks -Xfrontend -load-plugin-executable -Xfrontend /Users/admin/builder/spi-builder-workspace/.derivedData/Build/Products/Debug/ThreadLocalMacros\#ThreadLocalMacros -emit-localized-strings -emit-localized-strings-path /Users/admin/builder/spi-builder-workspace/.derivedData/Build/Intermediates.noindex/SpeziSpeech.build/Debug-appletvos/SpeziSpeechSynthesizer-t.build/Objects-normal/arm64 -c -j10 -enable-batch-mode -incremental -Xcc -ivfsstatcache -Xcc /Users/admin/builder/spi-builder-workspace/.derivedData/SDKStatCaches.noindex/appletvos27.0-24J360-e829b21a6f8c9b70876ba0858053c044b32bfd8d43560033f8d89884cdb90028.sdkstatcache -output-file-map /Users/admin/builder/spi-builder-workspace/.derivedData/Build/Intermediates.noindex/SpeziSpeech.build/Debug-appletvos/SpeziSpeechSynthesizer-t.build/Objects-normal/arm64/SpeziSpeechSynthesizer-OutputFileMap.json -save-temps -no-color-diagnostics -explicit-module-build -module-cache-path /Users/admin/builder/spi-builder-workspace/.derivedData/Build/Intermediates.noindex/SwiftExplicitPrecompiledModules -clang-scanner-module-cache-path /Users/admin/builder/spi-builder-workspace/.derivedData/ModuleCache.noindex -sdk-module-cache-path /Users/admin/builder/spi-builder-workspace/.derivedData/SDKExplicitPrecompiledModules -emit-dependencies -emit-module -emit-module-path /Users/admin/builder/spi-builder-workspace/.derivedData/Build/Intermediates.noindex/SpeziSpeech.build/Debug-appletvos/SpeziSpeechSynthesizer-t.build/Objects-normal/arm64/SpeziSpeechSynthesizer.swiftmodule -serialize-diagnostics -dependency-scan-serialize-diagnostics-path /Users/admin/builder/spi-builder-workspace/.derivedData/Build/Intermediates.noindex/SpeziSpeech.build/Debug-appletvos/SpeziSpeechSynthesizer-t.build/Objects-normal/arm64/SpeziSpeechSynthesizer-dependency-scan.dia -user-module-version 1.1.2 -validate-clang-modules-once -clang-build-session-file /Users/admin/builder/spi-builder-workspace/.derivedData/ModuleCache.noindex/Session.modulevalidation -Xcc -fmodules-prune-interval\=86400 -Xcc -fmodules-prune-after\=345600 -package-name spezispeech -emit-const-values -const-gather-protocols-list /Users/admin/builder/spi-builder-workspace/.derivedData/Build/Intermediates.noindex/SpeziSpeech.build/Debug-appletvos/SpeziSpeechSynthesizer-t.build/Objects-normal/arm64/SpeziSpeechSynthesizer_const_extract_protocols.json -Xcc -I/Users/admin/builder/spi-builder-workspace/.dependencies/checkouts/zstd/lib -Xcc -I/Users/admin/builder/spi-builder-workspace/.dependencies/checkouts/swift-atomics/Sources/_AtomicsShims/include -Xcc -I/Users/admin/builder/spi-builder-workspace/.dependencies/checkouts/swift-numerics/Sources/_NumericsShims/include -Xcc -I/Users/admin/builder/spi-builder-workspace/.dependencies/checkouts/SpeziFoundation/Sources/SpeziFoundationObjC/include -Xcc -I/Users/admin/builder/spi-builder-workspace/.derivedData/Build/Products/Debug-appletvos/include -Xcc -I/Users/admin/builder/spi-builder-workspace/.derivedData/Build/Intermediates.noindex/SpeziSpeech.build/Debug-appletvos/SpeziSpeechSynthesizer-t.build/DerivedSources-normal/arm64 -Xcc -I/Users/admin/builder/spi-builder-workspace/.derivedData/Build/Intermediates.noindex/SpeziSpeech.build/Debug-appletvos/SpeziSpeechSynthesizer-t.build/DerivedSources/arm64 -Xcc -I/Users/admin/builder/spi-builder-workspace/.derivedData/Build/Intermediates.noindex/SpeziSpeech.build/Debug-appletvos/SpeziSpeechSynthesizer-t.build/DerivedSources -Xcc -DSWIFT_PACKAGE -Xcc -DDEBUG\=1 -emit-objc-header -emit-objc-header-path /Users/admin/builder/spi-builder-workspace/.derivedData/Build/Intermediates.noindex/SpeziSpeech.build/Debug-appletvos/SpeziSpeechSynthesizer-t.build/Objects-normal/arm64/SpeziSpeechSynthesizer-Swift.h -working-directory /Users/admin/builder/spi-builder-workspace/.swiftpm/xcode -experimental-emit-module-separately -disable-cmo
SwiftMergeGeneratedHeaders /Users/admin/builder/spi-builder-workspace/.derivedData/Build/Intermediates.noindex/GeneratedModuleMaps-appletvos/SpeziSpeechSynthesizer-Swift.h /Users/admin/builder/spi-builder-workspace/.derivedData/Build/Intermediates.noindex/SpeziSpeech.build/Debug-appletvos/SpeziSpeechSynthesizer-t.build/Objects-normal/arm64/SpeziSpeechSynthesizer-Swift.h (in target 'SpeziSpeechSynthesizer' from project 'SpeziSpeech')
cd /Users/admin/builder/spi-builder-workspace/.dependencies/checkouts/SpeziSpeech
builtin-swiftHeaderTool -arch arm64 /Users/admin/builder/spi-builder-workspace/.derivedData/Build/Intermediates.noindex/SpeziSpeech.build/Debug-appletvos/SpeziSpeechSynthesizer-t.build/Objects-normal/arm64/SpeziSpeechSynthesizer-Swift.h -o /Users/admin/builder/spi-builder-workspace/.derivedData/Build/Intermediates.noindex/GeneratedModuleMaps-appletvos/SpeziSpeechSynthesizer-Swift.h
Copy /Users/admin/builder/spi-builder-workspace/.derivedData/Build/Products/Debug-appletvos/SpeziSpeechSynthesizer.swiftmodule/arm64-apple-tvos.swiftmodule /Users/admin/builder/spi-builder-workspace/.derivedData/Build/Intermediates.noindex/SpeziSpeech.build/Debug-appletvos/SpeziSpeechSynthesizer-t.build/Objects-normal/arm64/SpeziSpeechSynthesizer.swiftmodule (in target 'SpeziSpeechSynthesizer' from project 'SpeziSpeech')
cd /Users/admin/builder/spi-builder-workspace/.dependencies/checkouts/SpeziSpeech
builtin-copy -exclude .DS_Store -exclude CVS -exclude .svn -exclude .git -exclude .hg -resolve-src-symlinks -rename /Users/admin/builder/spi-builder-workspace/.derivedData/Build/Intermediates.noindex/SpeziSpeech.build/Debug-appletvos/SpeziSpeechSynthesizer-t.build/Objects-normal/arm64/SpeziSpeechSynthesizer.swiftmodule /Users/admin/builder/spi-builder-workspace/.derivedData/Build/Products/Debug-appletvos/SpeziSpeechSynthesizer.swiftmodule/arm64-apple-tvos.swiftmodule
Copy /Users/admin/builder/spi-builder-workspace/.derivedData/Build/Products/Debug-appletvos/SpeziSpeechSynthesizer.swiftmodule/arm64-apple-tvos.swiftdoc /Users/admin/builder/spi-builder-workspace/.derivedData/Build/Intermediates.noindex/SpeziSpeech.build/Debug-appletvos/SpeziSpeechSynthesizer-t.build/Objects-normal/arm64/SpeziSpeechSynthesizer.swiftdoc (in target 'SpeziSpeechSynthesizer' from project 'SpeziSpeech')
cd /Users/admin/builder/spi-builder-workspace/.dependencies/checkouts/SpeziSpeech
builtin-copy -exclude .DS_Store -exclude CVS -exclude .svn -exclude .git -exclude .hg -resolve-src-symlinks -rename /Users/admin/builder/spi-builder-workspace/.derivedData/Build/Intermediates.noindex/SpeziSpeech.build/Debug-appletvos/SpeziSpeechSynthesizer-t.build/Objects-normal/arm64/SpeziSpeechSynthesizer.swiftdoc /Users/admin/builder/spi-builder-workspace/.derivedData/Build/Products/Debug-appletvos/SpeziSpeechSynthesizer.swiftmodule/arm64-apple-tvos.swiftdoc
Copy /Users/admin/builder/spi-builder-workspace/.derivedData/Build/Products/Debug-appletvos/SpeziSpeechSynthesizer.swiftmodule/arm64-apple-tvos.abi.json /Users/admin/builder/spi-builder-workspace/.derivedData/Build/Intermediates.noindex/SpeziSpeech.build/Debug-appletvos/SpeziSpeechSynthesizer-t.build/Objects-normal/arm64/SpeziSpeechSynthesizer.abi.json (in target 'SpeziSpeechSynthesizer' from project 'SpeziSpeech')
cd /Users/admin/builder/spi-builder-workspace/.dependencies/checkouts/SpeziSpeech
builtin-copy -exclude .DS_Store -exclude CVS -exclude .svn -exclude .git -exclude .hg -resolve-src-symlinks -rename /Users/admin/builder/spi-builder-workspace/.derivedData/Build/Intermediates.noindex/SpeziSpeech.build/Debug-appletvos/SpeziSpeechSynthesizer-t.build/Objects-normal/arm64/SpeziSpeechSynthesizer.abi.json /Users/admin/builder/spi-builder-workspace/.derivedData/Build/Products/Debug-appletvos/SpeziSpeechSynthesizer.swiftmodule/arm64-apple-tvos.abi.json
Copy /Users/admin/builder/spi-builder-workspace/.derivedData/Build/Products/Debug-appletvos/SpeziSpeechSynthesizer.swiftmodule/Project/arm64-apple-tvos.swiftsourceinfo /Users/admin/builder/spi-builder-workspace/.derivedData/Build/Intermediates.noindex/SpeziSpeech.build/Debug-appletvos/SpeziSpeechSynthesizer-t.build/Objects-normal/arm64/SpeziSpeechSynthesizer.swiftsourceinfo (in target 'SpeziSpeechSynthesizer' from project 'SpeziSpeech')
cd /Users/admin/builder/spi-builder-workspace/.dependencies/checkouts/SpeziSpeech
builtin-copy -exclude .DS_Store -exclude CVS -exclude .svn -exclude .git -exclude .hg -resolve-src-symlinks -rename /Users/admin/builder/spi-builder-workspace/.derivedData/Build/Intermediates.noindex/SpeziSpeech.build/Debug-appletvos/SpeziSpeechSynthesizer-t.build/Objects-normal/arm64/SpeziSpeechSynthesizer.swiftsourceinfo /Users/admin/builder/spi-builder-workspace/.derivedData/Build/Products/Debug-appletvos/SpeziSpeechSynthesizer.swiftmodule/Project/arm64-apple-tvos.swiftsourceinfo
SwiftDriverJobDiscovery normal arm64 Compiling ShimmerModifier.swift, SkeletonLoadingModifier.swift, OperationStateAlert.swift, ViewStateAlert.swift, ViewStateMapper.swift, AsyncButton.swift (in target 'SpeziViews' from project 'SpeziViews')
SwiftDriverJobDiscovery normal arm64 Compiling LabeledContent+Init.swift, ListHeader.swift, ListRow.swift, IllegalNavigationStepView.swift, ManagedNavigationStack+Path.swift, ManagedNavigationStack.swift (in target 'SpeziViews' from project 'SpeziViews')
PruneExplicitPrecompiledModules /Users/admin/builder/spi-builder-workspace/.derivedData/Build/Intermediates.noindex/ExplicitPrecompiledModules
PruneExplicitPrecompiledModules /Users/admin/builder/spi-builder-workspace/.derivedData/Build/Intermediates.noindex/SwiftExplicitPrecompiledModules
PruneExplicitPrecompiledModules /Users/admin/builder/spi-builder-workspace/.derivedData/SDKExplicitPrecompiledModules
2026-09-22 22:48:15.797 xcodebuild[1288:6942] [MT] IDERunDestination: Supported platforms for the buildables in the current scheme is empty.
** BUILD FAILED **
The following build commands failed:
SwiftEmitModule normal arm64 Emitting\ module\ for\ SpeziSpeechRecognizer (in target 'SpeziSpeechRecognizer' from project 'SpeziSpeech')
SwiftCompile normal arm64 (in target 'SpeziSpeechRecognizer' from project 'SpeziSpeech')
Building workspace SpeziChat with scheme SpeziChat
(3 failures)
Command line invocation:
/Applications/Xcode-27.0.0-Release.Candidate.app/Contents/Developer/usr/bin/xcodebuild -IDEClonedSourcePackagesDirPathOverride=/Users/admin/builder/spi-builder-workspace/.dependencies -resolvePackageDependencies
Resolve Package Graph
failed to retrieve search paths with pkg-config; maybe pkg-config is not installedcouldn't find pc file for zlib
Resolved source packages:
ThreadLocal: https://github.com/StanfordBDHG/ThreadLocal.git @ 0.1.3
Spezi: https://github.com/StanfordSpezi/Spezi @ 1.10.2
RuntimeAssertions: https://github.com/StanfordBDHG/XCTRuntimeAssertions.git @ 2.2.0
swift-numerics: https://github.com/apple/swift-numerics.git @ 1.1.1
NetworkImage: https://github.com/gonzalezreal/NetworkImage @ 6.0.1
SpeziSpeech: https://github.com/StanfordSpezi/SpeziSpeech @ 1.1.2
swift-syntax: https://github.com/swiftlang/swift-syntax.git @ 603.0.2
zstd: https://github.com/StanfordBDHG/zstd.git @ 1.5.8-beta.1
swift-log: https://github.com/apple/swift-log @ 1.15.1
SpeziChat: /Users/admin/builder/spi-builder-workspace
swift-collections: https://github.com/apple/swift-collections.git @ 1.7.0
swift-atomics: https://github.com/apple/swift-atomics.git @ 1.3.1
swift-markdown-ui: https://github.com/gonzalezreal/swift-markdown-ui.git @ 2.4.1
SpeziViews: https://github.com/StanfordSpezi/SpeziViews @ 1.12.14
cmark-gfm: https://github.com/swiftlang/swift-cmark @ 0.9.0
swift-algorithms: https://github.com/apple/swift-algorithms.git @ 1.2.1
SpeziFoundation: https://github.com/StanfordSpezi/SpeziFoundation @ 2.7.7
resolved source packages: ThreadLocal, Spezi, RuntimeAssertions, swift-numerics, NetworkImage, SpeziSpeech, swift-syntax, zstd, swift-log, SpeziChat, swift-collections, swift-atomics, swift-markdown-ui, SpeziViews, cmark-gfm, swift-algorithms, SpeziFoundation
2026-09-22 22:48:38.043 xcodebuild[2018:10496] [MT] IDERunDestination: Supported platforms for the buildables in the current scheme is empty.
{
"default_localization" : "en",
"dependencies" : [
{
"identity" : "spezifoundation",
"requirement" : {
"range" : [
{
"lower_bound" : "2.0.1",
"upper_bound" : "3.0.0"
}
]
},
"type" : "sourceControl",
"url" : "https://github.com/StanfordSpezi/SpeziFoundation"
},
{
"identity" : "spezispeech",
"requirement" : {
"range" : [
{
"lower_bound" : "1.1.1",
"upper_bound" : "2.0.0"
}
]
},
"type" : "sourceControl",
"url" : "https://github.com/StanfordSpezi/SpeziSpeech"
},
{
"identity" : "speziviews",
"requirement" : {
"range" : [
{
"lower_bound" : "1.8.0",
"upper_bound" : "2.0.0"
}
]
},
"type" : "sourceControl",
"url" : "https://github.com/StanfordSpezi/SpeziViews"
}
],
"manifest_display_name" : "SpeziChat",
"name" : "SpeziChat",
"path" : "/Users/admin/builder/spi-builder-workspace",
"platforms" : [
{
"name" : "ios",
"version" : "17.0"
},
{
"name" : "visionos",
"version" : "1.0"
},
{
"name" : "macos",
"version" : "14.0"
}
],
"products" : [
{
"name" : "SpeziChat",
"targets" : [
"SpeziChat"
],
"type" : {
"library" : [
"automatic"
]
}
}
],
"targets" : [
{
"c99name" : "SpeziChatTests",
"module_type" : "SwiftTarget",
"name" : "SpeziChatTests",
"path" : "Tests/SpeziChatTests",
"sources" : [
"SpeziChatTests.swift"
],
"target_dependencies" : [
"SpeziChat"
],
"type" : "test"
},
{
"c99name" : "SpeziChat",
"module_type" : "SwiftTarget",
"name" : "SpeziChat",
"path" : "Sources/SpeziChat",
"product_dependencies" : [
"SpeziFoundation",
"SpeziSpeechRecognizer",
"SpeziSpeechSynthesizer",
"SpeziViews"
],
"product_memberships" : [
"SpeziChat"
],
"resources" : [
{
"path" : "/Users/admin/builder/spi-builder-workspace/Sources/SpeziChat/Resources/Localizable.xcstrings",
"rule" : {
"process" : {
}
}
},
{
"path" : "/Users/admin/builder/spi-builder-workspace/Sources/SpeziChat/Resources/Localizable.xcstrings.license",
"rule" : {
"process" : {
}
}
}
],
"sources" : [
"ChatView+Export.swift",
"ChatView+ShareSheet.swift",
"ChatView+SpeechButton.swift",
"ChatView+SpeechOutput.swift",
"ChatView.swift",
"Helpers/MessageInputViewHeightKey.swift",
"Helpers/TypingIndicator.swift",
"MessageInputView.swift",
"MessageStyleViewModifier.swift",
"MessageView.swift",
"MessagesView.swift",
"Models/Chat.swift",
"Models/ChatEntity+Alignment.swift",
"Models/ChatEntity+HiddenMessageType.swift",
"Models/ChatEntity.swift",
"ToolInteractionView.swift"
],
"type" : "library"
}
],
"tools_version" : "6.0"
}
{
"workspace" : {
"name" : "SpeziChat",
"schemes" : [
"MarkdownUI",
"SpeziChat"
]
}
}
2026-09-22 22:48:40.595 xcodebuild[2034:10582] [MT] IDERunDestination: Supported platforms for the buildables in the current scheme is empty.
{
"workspace" : {
"name" : "SpeziChat",
"schemes" : [
"MarkdownUI",
"SpeziChat"
]
}
}
2026-09-22 22:48:42.896 xcodebuild[2044:10631] [MT] IDERunDestination: Supported platforms for the buildables in the current scheme is empty.
Running build ...
env DEVELOPER_DIR=/Applications/Xcode-27.0.0-Release.Candidate.app xcrun xcodebuild -IDEClonedSourcePackagesDirPathOverride=$PWD/.dependencies -skipMacroValidation -skipPackagePluginValidation -derivedDataPath $PWD/.derivedData build -scheme SpeziChat -destination generic/platform=tvOS
Command line invocation:
/Applications/Xcode-27.0.0-Release.Candidate.app/Contents/Developer/usr/bin/xcodebuild -IDEClonedSourcePackagesDirPathOverride=/Users/admin/builder/spi-builder-workspace/.dependencies -skipMacroValidation -skipPackagePluginValidation -derivedDataPath /Users/admin/builder/spi-builder-workspace/.derivedData build -scheme SpeziChat -destination generic/platform=tvOS
Resolve Package Graph
failed to retrieve search paths with pkg-config; maybe pkg-config is not installedcouldn't find pc file for zlib
Resolved source packages:
swift-algorithms: https://github.com/apple/swift-algorithms.git @ 1.2.1
swift-markdown-ui: https://github.com/gonzalezreal/swift-markdown-ui.git @ 2.4.1
NetworkImage: https://github.com/gonzalezreal/NetworkImage @ 6.0.1
swift-numerics: https://github.com/apple/swift-numerics.git @ 1.1.1
SpeziFoundation: https://github.com/StanfordSpezi/SpeziFoundation @ 2.7.7
SpeziViews: https://github.com/StanfordSpezi/SpeziViews @ 1.12.14
swift-collections: https://github.com/apple/swift-collections.git @ 1.7.0
zstd: https://github.com/StanfordBDHG/zstd.git @ 1.5.8-beta.1
ThreadLocal: https://github.com/StanfordBDHG/ThreadLocal.git @ 0.1.3
swift-syntax: https://github.com/swiftlang/swift-syntax.git @ 603.0.2
Spezi: https://github.com/StanfordSpezi/Spezi @ 1.10.2
swift-log: https://github.com/apple/swift-log @ 1.15.1
SpeziChat: /Users/admin/builder/spi-builder-workspace
swift-atomics: https://github.com/apple/swift-atomics.git @ 1.3.1
cmark-gfm: https://github.com/swiftlang/swift-cmark @ 0.9.0
RuntimeAssertions: https://github.com/StanfordBDHG/XCTRuntimeAssertions.git @ 2.2.0
SpeziSpeech: https://github.com/StanfordSpezi/SpeziSpeech @ 1.1.2
ComputePackagePrebuildTargetDependencyGraph
Prepare packages
CreateBuildRequest
SendProjectDescription
CreateBuildOperation
ComputeTargetDependencyGraph
note: Building targets in dependency order
note: Target dependency graph (46 targets)
Target 'SpeziChat-product' in project 'SpeziChat'
➜ Explicit dependency on target 'SpeziChat' in project 'SpeziChat'
➜ Explicit dependency on target 'SpeziChat_SpeziChat' in project 'SpeziChat'
➜ Explicit dependency on target 'SpeziFoundation-product' in project 'SpeziFoundation'
➜ Explicit dependency on target 'SpeziSpeechRecognizer-product' in project 'SpeziSpeech'
➜ Explicit dependency on target 'SpeziSpeechSynthesizer-product' in project 'SpeziSpeech'
➜ Explicit dependency on target 'SpeziViews-product' in project 'SpeziViews'
Target 'SpeziChat' in project 'SpeziChat'
➜ Explicit dependency on target 'SpeziChat_SpeziChat' in project 'SpeziChat'
➜ Explicit dependency on target 'SpeziFoundation-product' in project 'SpeziFoundation'
➜ Explicit dependency on target 'SpeziSpeechRecognizer-product' in project 'SpeziSpeech'
➜ Explicit dependency on target 'SpeziSpeechSynthesizer-product' in project 'SpeziSpeech'
➜ Explicit dependency on target 'SpeziViews-product' in project 'SpeziViews'
Target 'SpeziViews-product' in project 'SpeziViews'
➜ Explicit dependency on target 'SpeziViews' in project 'SpeziViews'
➜ Explicit dependency on target 'SpeziViews_SpeziViews' in project 'SpeziViews'
➜ Explicit dependency on target 'Spezi-product' in project 'Spezi'
➜ Explicit dependency on target 'SpeziFoundation-product' in project 'SpeziFoundation'
➜ Explicit dependency on target 'SpeziLocalization-product' in project 'SpeziFoundation'
➜ Explicit dependency on target 'MarkdownUI-product' in project 'swift-markdown-ui'
Target 'SpeziViews' in project 'SpeziViews'
➜ Explicit dependency on target 'SpeziViews_SpeziViews' in project 'SpeziViews'
➜ Explicit dependency on target 'Spezi-product' in project 'Spezi'
➜ Explicit dependency on target 'SpeziFoundation-product' in project 'SpeziFoundation'
➜ Explicit dependency on target 'SpeziLocalization-product' in project 'SpeziFoundation'
➜ Explicit dependency on target 'MarkdownUI-product' in project 'swift-markdown-ui'
Target 'MarkdownUI-product' in project 'swift-markdown-ui'
➜ Explicit dependency on target 'MarkdownUI' in project 'swift-markdown-ui'
➜ Explicit dependency on target 'cmark-gfm-product' in project 'cmark-gfm'
➜ Explicit dependency on target 'cmark-gfm-extensions-product' in project 'cmark-gfm'
➜ Explicit dependency on target 'NetworkImage-product' in project 'NetworkImage'
Target 'MarkdownUI' in project 'swift-markdown-ui'
➜ Explicit dependency on target 'cmark-gfm-product' in project 'cmark-gfm'
➜ Explicit dependency on target 'cmark-gfm-extensions-product' in project 'cmark-gfm'
➜ Explicit dependency on target 'NetworkImage-product' in project 'NetworkImage'
Target 'NetworkImage-product' in project 'NetworkImage'
➜ Explicit dependency on target 'NetworkImage' in project 'NetworkImage'
Target 'NetworkImage' in project 'NetworkImage' (no dependencies)
Target 'cmark-gfm-extensions-product' in project 'cmark-gfm'
➜ Explicit dependency on target 'cmark-gfm-extensions' in project 'cmark-gfm'
➜ Explicit dependency on target 'cmark-gfm' in project 'cmark-gfm'
Target 'cmark-gfm-extensions' in project 'cmark-gfm'
➜ Explicit dependency on target 'cmark-gfm' in project 'cmark-gfm'
Target 'cmark-gfm-product' in project 'cmark-gfm'
➜ Explicit dependency on target 'cmark-gfm' in project 'cmark-gfm'
Target 'cmark-gfm' in project 'cmark-gfm' (no dependencies)
Target 'SpeziLocalization-product' in project 'SpeziFoundation'
➜ Explicit dependency on target 'SpeziLocalization' in project 'SpeziFoundation'
➜ Explicit dependency on target 'SpeziFoundationObjC' in project 'SpeziFoundation'
➜ Explicit dependency on target 'SpeziFoundation' in project 'SpeziFoundation'
➜ Explicit dependency on target 'libzstd-product' in project 'zstd'
➜ Explicit dependency on target 'Atomics-product' in project 'swift-atomics'
➜ Explicit dependency on target 'Algorithms-product' in project 'swift-algorithms'
➜ Explicit dependency on target 'RuntimeAssertions-product' in project 'RuntimeAssertions'
➜ Explicit dependency on target 'Logging-product' in project 'swift-log'
➜ Explicit dependency on target 'ThreadLocal-product' in project 'ThreadLocal'
Target 'SpeziLocalization' in project 'SpeziFoundation'
➜ Explicit dependency on target 'SpeziFoundationObjC' in project 'SpeziFoundation'
➜ Explicit dependency on target 'SpeziFoundation' in project 'SpeziFoundation'
➜ Explicit dependency on target 'libzstd-product' in project 'zstd'
➜ Explicit dependency on target 'Atomics-product' in project 'swift-atomics'
➜ Explicit dependency on target 'Algorithms-product' in project 'swift-algorithms'
➜ Explicit dependency on target 'RuntimeAssertions-product' in project 'RuntimeAssertions'
➜ Explicit dependency on target 'Logging-product' in project 'swift-log'
➜ Explicit dependency on target 'ThreadLocal-product' in project 'ThreadLocal'
Target 'SpeziViews_SpeziViews' in project 'SpeziViews' (no dependencies)
Target 'SpeziSpeechSynthesizer-product' in project 'SpeziSpeech'
➜ Explicit dependency on target 'SpeziSpeechSynthesizer' in project 'SpeziSpeech'
➜ Explicit dependency on target 'Spezi-product' in project 'Spezi'
Target 'SpeziSpeechSynthesizer' in project 'SpeziSpeech'
➜ Explicit dependency on target 'Spezi-product' in project 'Spezi'
Target 'SpeziSpeechRecognizer-product' in project 'SpeziSpeech'
➜ Explicit dependency on target 'SpeziSpeechRecognizer' in project 'SpeziSpeech'
➜ Explicit dependency on target 'Spezi-product' in project 'Spezi'
Target 'SpeziSpeechRecognizer' in project 'SpeziSpeech'
➜ Explicit dependency on target 'Spezi-product' in project 'Spezi'
Target 'Spezi-product' in project 'Spezi'
➜ Explicit dependency on target 'Spezi' in project 'Spezi'
➜ Explicit dependency on target 'SpeziFoundation-product' in project 'SpeziFoundation'
➜ Explicit dependency on target 'RuntimeAssertions-product' in project 'RuntimeAssertions'
➜ Explicit dependency on target 'OrderedCollections-product' in project 'swift-collections'
Target 'Spezi' in project 'Spezi'
➜ Explicit dependency on target 'SpeziFoundation-product' in project 'SpeziFoundation'
➜ Explicit dependency on target 'RuntimeAssertions-product' in project 'RuntimeAssertions'
➜ Explicit dependency on target 'OrderedCollections-product' in project 'swift-collections'
Target 'OrderedCollections-product' in project 'swift-collections'
➜ Explicit dependency on target 'OrderedCollections' in project 'swift-collections'
➜ Explicit dependency on target 'InternalCollectionsUtilities' in project 'swift-collections'
Target 'OrderedCollections' in project 'swift-collections'
➜ Explicit dependency on target 'InternalCollectionsUtilities' in project 'swift-collections'
Target 'InternalCollectionsUtilities' in project 'swift-collections' (no dependencies)
Target 'SpeziFoundation-product' in project 'SpeziFoundation'
➜ Explicit dependency on target 'SpeziFoundation' in project 'SpeziFoundation'
➜ Explicit dependency on target 'SpeziFoundation_SpeziFoundation' in project 'SpeziFoundation'
➜ Explicit dependency on target 'SpeziFoundationObjC' in project 'SpeziFoundation'
➜ Explicit dependency on target 'libzstd-product' in project 'zstd'
➜ Explicit dependency on target 'Atomics-product' in project 'swift-atomics'
➜ Explicit dependency on target 'Algorithms-product' in project 'swift-algorithms'
➜ Explicit dependency on target 'RuntimeAssertions-product' in project 'RuntimeAssertions'
➜ Explicit dependency on target 'Logging-product' in project 'swift-log'
➜ Explicit dependency on target 'ThreadLocal-product' in project 'ThreadLocal'
Target 'SpeziFoundation' in project 'SpeziFoundation'
➜ Explicit dependency on target 'SpeziFoundation_SpeziFoundation' in project 'SpeziFoundation'
➜ Explicit dependency on target 'SpeziFoundationObjC' in project 'SpeziFoundation'
➜ Explicit dependency on target 'libzstd-product' in project 'zstd'
➜ Explicit dependency on target 'Atomics-product' in project 'swift-atomics'
➜ Explicit dependency on target 'Algorithms-product' in project 'swift-algorithms'
➜ Explicit dependency on target 'RuntimeAssertions-product' in project 'RuntimeAssertions'
➜ Explicit dependency on target 'Logging-product' in project 'swift-log'
➜ Explicit dependency on target 'ThreadLocal-product' in project 'ThreadLocal'
Target 'ThreadLocal-product' in project 'ThreadLocal'
➜ Explicit dependency on target 'ThreadLocal' in project 'ThreadLocal'
➜ Explicit dependency on target 'ThreadLocalMacros' in project 'ThreadLocal'
Target 'ThreadLocal' in project 'ThreadLocal'
➜ Explicit dependency on target 'ThreadLocalMacros' in project 'ThreadLocal'
Target 'ThreadLocalMacros' in project 'ThreadLocal' (no dependencies)
Target 'Logging-product' in project 'swift-log'
➜ Explicit dependency on target 'Logging' in project 'swift-log'
Target 'Logging' in project 'swift-log' (no dependencies)
Target 'RuntimeAssertions-product' in project 'RuntimeAssertions'
➜ Explicit dependency on target 'RuntimeAssertions' in project 'RuntimeAssertions'
Target 'RuntimeAssertions' in project 'RuntimeAssertions' (no dependencies)
Target 'Algorithms-product' in project 'swift-algorithms'
➜ Explicit dependency on target 'Algorithms' in project 'swift-algorithms'
➜ Explicit dependency on target 'RealModule-product' in project 'swift-numerics'
Target 'Algorithms' in project 'swift-algorithms'
➜ Explicit dependency on target 'RealModule-product' in project 'swift-numerics'
Target 'RealModule-product' in project 'swift-numerics'
➜ Explicit dependency on target 'RealModule' in project 'swift-numerics'
➜ Explicit dependency on target '_NumericsShims' in project 'swift-numerics'
Target 'RealModule' in project 'swift-numerics'
➜ Explicit dependency on target '_NumericsShims' in project 'swift-numerics'
Target '_NumericsShims' in project 'swift-numerics' (no dependencies)
Target 'Atomics-product' in project 'swift-atomics'
➜ Explicit dependency on target 'Atomics' in project 'swift-atomics'
➜ Explicit dependency on target '_AtomicsShims' in project 'swift-atomics'
Target 'Atomics' in project 'swift-atomics'
➜ Explicit dependency on target '_AtomicsShims' in project 'swift-atomics'
Target '_AtomicsShims' in project 'swift-atomics' (no dependencies)
Target 'libzstd-product' in project 'zstd'
➜ Explicit dependency on target 'libzstd' in project 'zstd'
Target 'libzstd' in project 'zstd' (no dependencies)
Target 'SpeziFoundationObjC' in project 'SpeziFoundation' (no dependencies)
Target 'SpeziFoundation_SpeziFoundation' in project 'SpeziFoundation' (no dependencies)
Target 'SpeziChat_SpeziChat' in project 'SpeziChat' (no dependencies)
GatherProvisioningInputs
CreateBuildDescription
ClangStatCache /Applications/Xcode-27.0.0-Release.Candidate.app/Contents/Developer/Toolchains/XcodeDefault.xctoolchain/usr/bin/clang-stat-cache /Applications/Xcode-27.0.0-Release.Candidate.app/Contents/Developer/Platforms/AppleTVOS.platform/Developer/SDKs/AppleTVOS27.0.sdk /Users/admin/builder/spi-builder-workspace/.derivedData/SDKStatCaches.noindex/appletvos27.0-24J360-e829b21a6f8c9b70876ba0858053c044b32bfd8d43560033f8d89884cdb90028.sdkstatcache
cd /Users/admin/builder/spi-builder-workspace/.swiftpm/xcode
/Applications/Xcode-27.0.0-Release.Candidate.app/Contents/Developer/Toolchains/XcodeDefault.xctoolchain/usr/bin/clang-stat-cache /Applications/Xcode-27.0.0-Release.Candidate.app/Contents/Developer/Platforms/AppleTVOS.platform/Developer/SDKs/AppleTVOS27.0.sdk -o /Users/admin/builder/spi-builder-workspace/.derivedData/SDKStatCaches.noindex/appletvos27.0-24J360-e829b21a6f8c9b70876ba0858053c044b32bfd8d43560033f8d89884cdb90028.sdkstatcache
ClangStatCache /Applications/Xcode-27.0.0-Release.Candidate.app/Contents/Developer/Toolchains/XcodeDefault.xctoolchain/usr/bin/clang-stat-cache /Applications/Xcode-27.0.0-Release.Candidate.app/Contents/Developer/Platforms/MacOSX.platform/Developer/SDKs/MacOSX27.0.sdk /Users/admin/builder/spi-builder-workspace/.derivedData/SDKStatCaches.noindex/macosx27.0-26A425-e829b21a6f8c9b70876ba0858053c0446a22442a12e9d48fe1a705f55a1adfc4.sdkstatcache
cd /Users/admin/builder/spi-builder-workspace/.swiftpm/xcode
/Applications/Xcode-27.0.0-Release.Candidate.app/Contents/Developer/Toolchains/XcodeDefault.xctoolchain/usr/bin/clang-stat-cache /Applications/Xcode-27.0.0-Release.Candidate.app/Contents/Developer/Platforms/MacOSX.platform/Developer/SDKs/MacOSX27.0.sdk -o /Users/admin/builder/spi-builder-workspace/.derivedData/SDKStatCaches.noindex/macosx27.0-26A425-e829b21a6f8c9b70876ba0858053c0446a22442a12e9d48fe1a705f55a1adfc4.sdkstatcache
SwiftDriver SpeziSpeechSynthesizer normal arm64 com.apple.xcode.tools.swift.compiler (in target 'SpeziSpeechSynthesizer' from project 'SpeziSpeech')
cd /Users/admin/builder/spi-builder-workspace/.swiftpm/xcode
builtin-SwiftDriver -- /Applications/Xcode-27.0.0-Release.Candidate.app/Contents/Developer/Toolchains/XcodeDefault.xctoolchain/usr/bin/swiftc -parse-as-library -module-name SpeziSpeechSynthesizer -Onone @/Users/admin/builder/spi-builder-workspace/.derivedData/Build/Intermediates.noindex/SpeziSpeech.build/Debug-appletvos/SpeziSpeechSynthesizer-t.build/Objects-normal/arm64/SpeziSpeechSynthesizer.SwiftFileList -DSWIFT_PACKAGE -DDEBUG -DSWIFT_MODULE_RESOURCE_BUNDLE_UNAVAILABLE -Xcc -fmodule-map-file\=/Users/admin/builder/spi-builder-workspace/.dependencies/checkouts/zstd/lib/module.modulemap -Xcc -fmodule-map-file\=/Users/admin/builder/spi-builder-workspace/.dependencies/checkouts/swift-atomics/Sources/_AtomicsShims/include/module.modulemap -Xcc -fmodule-map-file\=/Users/admin/builder/spi-builder-workspace/.dependencies/checkouts/swift-numerics/Sources/_NumericsShims/include/module.modulemap -Xcc -fmodule-map-file\=/Users/admin/builder/spi-builder-workspace/.derivedData/Build/Intermediates.noindex/GeneratedModuleMaps-appletvos/SpeziFoundationObjC.modulemap -DXcode -plugin-path /Applications/Xcode-27.0.0-Release.Candidate.app/Contents/Developer/Toolchains/XcodeDefault.xctoolchain/usr/lib/swift/host/plugins/testing -enable-experimental-feature DebugDescriptionMacro -sdk /Applications/Xcode-27.0.0-Release.Candidate.app/Contents/Developer/Platforms/AppleTVOS.platform/Developer/SDKs/AppleTVOS27.0.sdk -target arm64-apple-tvos17.0 -g -module-cache-path /Users/admin/builder/spi-builder-workspace/.derivedData/ModuleCache.noindex -Xfrontend -serialize-debugging-options -profile-coverage-mapping -profile-generate -enable-testing -suppress-warnings -index-store-path /Users/admin/builder/spi-builder-workspace/.derivedData/Index.noindex/DataStore -Xcc -D_LIBCPP_HARDENING_MODE\=_LIBCPP_HARDENING_MODE_DEBUG -swift-version 6 -I /Users/admin/builder/spi-builder-workspace/.derivedData/Build/Products/Debug-appletvos -Isystem /Applications/Xcode-27.0.0-Release.Candidate.app/Contents/Developer/Platforms/AppleTVOS.platform/Developer/usr/lib -F /Users/admin/builder/spi-builder-workspace/.derivedData/Build/Products/Debug-appletvos/PackageFrameworks -F /Users/admin/builder/spi-builder-workspace/.derivedData/Build/Products/Debug-appletvos -F /Applications/Xcode-27.0.0-Release.Candidate.app/Contents/Developer/Platforms/AppleTVOS.platform/Developer/Library/Frameworks -F /Applications/Xcode-27.0.0-Release.Candidate.app/Contents/Developer/Platforms/AppleTVOS.platform/Developer/SDKs/AppleTVOS27.0.sdk/Developer/Library/Frameworks -Xfrontend -load-plugin-executable -Xfrontend /Users/admin/builder/spi-builder-workspace/.derivedData/Build/Products/Debug/ThreadLocalMacros\#ThreadLocalMacros -emit-localized-strings -emit-localized-strings-path /Users/admin/builder/spi-builder-workspace/.derivedData/Build/Intermediates.noindex/SpeziSpeech.build/Debug-appletvos/SpeziSpeechSynthesizer-t.build/Objects-normal/arm64 -c -j10 -enable-batch-mode -incremental -Xcc -ivfsstatcache -Xcc /Users/admin/builder/spi-builder-workspace/.derivedData/SDKStatCaches.noindex/appletvos27.0-24J360-e829b21a6f8c9b70876ba0858053c044b32bfd8d43560033f8d89884cdb90028.sdkstatcache -output-file-map /Users/admin/builder/spi-builder-workspace/.derivedData/Build/Intermediates.noindex/SpeziSpeech.build/Debug-appletvos/SpeziSpeechSynthesizer-t.build/Objects-normal/arm64/SpeziSpeechSynthesizer-OutputFileMap.json -save-temps -no-color-diagnostics -explicit-module-build -module-cache-path /Users/admin/builder/spi-builder-workspace/.derivedData/Build/Intermediates.noindex/SwiftExplicitPrecompiledModules -clang-scanner-module-cache-path /Users/admin/builder/spi-builder-workspace/.derivedData/ModuleCache.noindex -sdk-module-cache-path /Users/admin/builder/spi-builder-workspace/.derivedData/SDKExplicitPrecompiledModules -emit-dependencies -emit-module -emit-module-path /Users/admin/builder/spi-builder-workspace/.derivedData/Build/Intermediates.noindex/SpeziSpeech.build/Debug-appletvos/SpeziSpeechSynthesizer-t.build/Objects-normal/arm64/SpeziSpeechSynthesizer.swiftmodule -serialize-diagnostics -dependency-scan-serialize-diagnostics-path /Users/admin/builder/spi-builder-workspace/.derivedData/Build/Intermediates.noindex/SpeziSpeech.build/Debug-appletvos/SpeziSpeechSynthesizer-t.build/Objects-normal/arm64/SpeziSpeechSynthesizer-dependency-scan.dia -user-module-version 1.1.2 -validate-clang-modules-once -clang-build-session-file /Users/admin/builder/spi-builder-workspace/.derivedData/ModuleCache.noindex/Session.modulevalidation -Xcc -fmodules-prune-interval\=86400 -Xcc -fmodules-prune-after\=345600 -package-name spezispeech -emit-const-values -const-gather-protocols-list /Users/admin/builder/spi-builder-workspace/.derivedData/Build/Intermediates.noindex/SpeziSpeech.build/Debug-appletvos/SpeziSpeechSynthesizer-t.build/Objects-normal/arm64/SpeziSpeechSynthesizer_const_extract_protocols.json -Xcc -I/Users/admin/builder/spi-builder-workspace/.dependencies/checkouts/zstd/lib -Xcc -I/Users/admin/builder/spi-builder-workspace/.dependencies/checkouts/swift-atomics/Sources/_AtomicsShims/include -Xcc -I/Users/admin/builder/spi-builder-workspace/.dependencies/checkouts/swift-numerics/Sources/_NumericsShims/include -Xcc -I/Users/admin/builder/spi-builder-workspace/.dependencies/checkouts/SpeziFoundation/Sources/SpeziFoundationObjC/include -Xcc -I/Users/admin/builder/spi-builder-workspace/.derivedData/Build/Products/Debug-appletvos/include -Xcc -I/Users/admin/builder/spi-builder-workspace/.derivedData/Build/Intermediates.noindex/SpeziSpeech.build/Debug-appletvos/SpeziSpeechSynthesizer-t.build/DerivedSources-normal/arm64 -Xcc -I/Users/admin/builder/spi-builder-workspace/.derivedData/Build/Intermediates.noindex/SpeziSpeech.build/Debug-appletvos/SpeziSpeechSynthesizer-t.build/DerivedSources/arm64 -Xcc -I/Users/admin/builder/spi-builder-workspace/.derivedData/Build/Intermediates.noindex/SpeziSpeech.build/Debug-appletvos/SpeziSpeechSynthesizer-t.build/DerivedSources -Xcc -DSWIFT_PACKAGE -Xcc -DDEBUG\=1 -emit-objc-header -emit-objc-header-path /Users/admin/builder/spi-builder-workspace/.derivedData/Build/Intermediates.noindex/SpeziSpeech.build/Debug-appletvos/SpeziSpeechSynthesizer-t.build/Objects-normal/arm64/SpeziSpeechSynthesizer-Swift.h -working-directory /Users/admin/builder/spi-builder-workspace/.swiftpm/xcode -experimental-emit-module-separately -disable-cmo
SwiftDriver SpeziSpeechRecognizer normal arm64 com.apple.xcode.tools.swift.compiler (in target 'SpeziSpeechRecognizer' from project 'SpeziSpeech')
cd /Users/admin/builder/spi-builder-workspace/.swiftpm/xcode
builtin-SwiftDriver -- /Applications/Xcode-27.0.0-Release.Candidate.app/Contents/Developer/Toolchains/XcodeDefault.xctoolchain/usr/bin/swiftc -parse-as-library -module-name SpeziSpeechRecognizer -Onone @/Users/admin/builder/spi-builder-workspace/.derivedData/Build/Intermediates.noindex/SpeziSpeech.build/Debug-appletvos/SpeziSpeechRecognizer-t.build/Objects-normal/arm64/SpeziSpeechRecognizer.SwiftFileList -DSWIFT_PACKAGE -DDEBUG -DSWIFT_MODULE_RESOURCE_BUNDLE_UNAVAILABLE -Xcc -fmodule-map-file\=/Users/admin/builder/spi-builder-workspace/.dependencies/checkouts/zstd/lib/module.modulemap -Xcc -fmodule-map-file\=/Users/admin/builder/spi-builder-workspace/.dependencies/checkouts/swift-atomics/Sources/_AtomicsShims/include/module.modulemap -Xcc -fmodule-map-file\=/Users/admin/builder/spi-builder-workspace/.dependencies/checkouts/swift-numerics/Sources/_NumericsShims/include/module.modulemap -Xcc -fmodule-map-file\=/Users/admin/builder/spi-builder-workspace/.derivedData/Build/Intermediates.noindex/GeneratedModuleMaps-appletvos/SpeziFoundationObjC.modulemap -DXcode -plugin-path /Applications/Xcode-27.0.0-Release.Candidate.app/Contents/Developer/Toolchains/XcodeDefault.xctoolchain/usr/lib/swift/host/plugins/testing -enable-experimental-feature DebugDescriptionMacro -sdk /Applications/Xcode-27.0.0-Release.Candidate.app/Contents/Developer/Platforms/AppleTVOS.platform/Developer/SDKs/AppleTVOS27.0.sdk -target arm64-apple-tvos17.0 -g -module-cache-path /Users/admin/builder/spi-builder-workspace/.derivedData/ModuleCache.noindex -Xfrontend -serialize-debugging-options -profile-coverage-mapping -profile-generate -enable-testing -suppress-warnings -index-store-path /Users/admin/builder/spi-builder-workspace/.derivedData/Index.noindex/DataStore -Xcc -D_LIBCPP_HARDENING_MODE\=_LIBCPP_HARDENING_MODE_DEBUG -swift-version 6 -I /Users/admin/builder/spi-builder-workspace/.derivedData/Build/Products/Debug-appletvos -Isystem /Applications/Xcode-27.0.0-Release.Candidate.app/Contents/Developer/Platforms/AppleTVOS.platform/Developer/usr/lib -F /Users/admin/builder/spi-builder-workspace/.derivedData/Build/Products/Debug-appletvos/PackageFrameworks -F /Users/admin/builder/spi-builder-workspace/.derivedData/Build/Products/Debug-appletvos -F /Applications/Xcode-27.0.0-Release.Candidate.app/Contents/Developer/Platforms/AppleTVOS.platform/Developer/Library/Frameworks -F /Applications/Xcode-27.0.0-Release.Candidate.app/Contents/Developer/Platforms/AppleTVOS.platform/Developer/SDKs/AppleTVOS27.0.sdk/Developer/Library/Frameworks -Xfrontend -load-plugin-executable -Xfrontend /Users/admin/builder/spi-builder-workspace/.derivedData/Build/Products/Debug/ThreadLocalMacros\#ThreadLocalMacros -emit-localized-strings -emit-localized-strings-path /Users/admin/builder/spi-builder-workspace/.derivedData/Build/Intermediates.noindex/SpeziSpeech.build/Debug-appletvos/SpeziSpeechRecognizer-t.build/Objects-normal/arm64 -c -j10 -enable-batch-mode -incremental -Xcc -ivfsstatcache -Xcc /Users/admin/builder/spi-builder-workspace/.derivedData/SDKStatCaches.noindex/appletvos27.0-24J360-e829b21a6f8c9b70876ba0858053c044b32bfd8d43560033f8d89884cdb90028.sdkstatcache -output-file-map /Users/admin/builder/spi-builder-workspace/.derivedData/Build/Intermediates.noindex/SpeziSpeech.build/Debug-appletvos/SpeziSpeechRecognizer-t.build/Objects-normal/arm64/SpeziSpeechRecognizer-OutputFileMap.json -save-temps -no-color-diagnostics -explicit-module-build -module-cache-path /Users/admin/builder/spi-builder-workspace/.derivedData/Build/Intermediates.noindex/SwiftExplicitPrecompiledModules -clang-scanner-module-cache-path /Users/admin/builder/spi-builder-workspace/.derivedData/ModuleCache.noindex -sdk-module-cache-path /Users/admin/builder/spi-builder-workspace/.derivedData/SDKExplicitPrecompiledModules -emit-dependencies -emit-module -emit-module-path /Users/admin/builder/spi-builder-workspace/.derivedData/Build/Intermediates.noindex/SpeziSpeech.build/Debug-appletvos/SpeziSpeechRecognizer-t.build/Objects-normal/arm64/SpeziSpeechRecognizer.swiftmodule -serialize-diagnostics -dependency-scan-serialize-diagnostics-path /Users/admin/builder/spi-builder-workspace/.derivedData/Build/Intermediates.noindex/SpeziSpeech.build/Debug-appletvos/SpeziSpeechRecognizer-t.build/Objects-normal/arm64/SpeziSpeechRecognizer-dependency-scan.dia -user-module-version 1.1.2 -validate-clang-modules-once -clang-build-session-file /Users/admin/builder/spi-builder-workspace/.derivedData/ModuleCache.noindex/Session.modulevalidation -Xcc -fmodules-prune-interval\=86400 -Xcc -fmodules-prune-after\=345600 -package-name spezispeech -emit-const-values -const-gather-protocols-list /Users/admin/builder/spi-builder-workspace/.derivedData/Build/Intermediates.noindex/SpeziSpeech.build/Debug-appletvos/SpeziSpeechRecognizer-t.build/Objects-normal/arm64/SpeziSpeechRecognizer_const_extract_protocols.json -Xcc -I/Users/admin/builder/spi-builder-workspace/.dependencies/checkouts/zstd/lib -Xcc -I/Users/admin/builder/spi-builder-workspace/.dependencies/checkouts/swift-atomics/Sources/_AtomicsShims/include -Xcc -I/Users/admin/builder/spi-builder-workspace/.dependencies/checkouts/swift-numerics/Sources/_NumericsShims/include -Xcc -I/Users/admin/builder/spi-builder-workspace/.dependencies/checkouts/SpeziFoundation/Sources/SpeziFoundationObjC/include -Xcc -I/Users/admin/builder/spi-builder-workspace/.derivedData/Build/Products/Debug-appletvos/include -Xcc -I/Users/admin/builder/spi-builder-workspace/.derivedData/Build/Intermediates.noindex/SpeziSpeech.build/Debug-appletvos/SpeziSpeechRecognizer-t.build/DerivedSources-normal/arm64 -Xcc -I/Users/admin/builder/spi-builder-workspace/.derivedData/Build/Intermediates.noindex/SpeziSpeech.build/Debug-appletvos/SpeziSpeechRecognizer-t.build/DerivedSources/arm64 -Xcc -I/Users/admin/builder/spi-builder-workspace/.derivedData/Build/Intermediates.noindex/SpeziSpeech.build/Debug-appletvos/SpeziSpeechRecognizer-t.build/DerivedSources -Xcc -DSWIFT_PACKAGE -Xcc -DDEBUG\=1 -emit-objc-header -emit-objc-header-path /Users/admin/builder/spi-builder-workspace/.derivedData/Build/Intermediates.noindex/SpeziSpeech.build/Debug-appletvos/SpeziSpeechRecognizer-t.build/Objects-normal/arm64/SpeziSpeechRecognizer-Swift.h -working-directory /Users/admin/builder/spi-builder-workspace/.swiftpm/xcode -experimental-emit-module-separately -disable-cmo
SwiftDriver SpeziViews normal arm64 com.apple.xcode.tools.swift.compiler (in target 'SpeziViews' from project 'SpeziViews')
cd /Users/admin/builder/spi-builder-workspace/.swiftpm/xcode
builtin-SwiftDriver -- /Applications/Xcode-27.0.0-Release.Candidate.app/Contents/Developer/Toolchains/XcodeDefault.xctoolchain/usr/bin/swiftc -parse-as-library -module-name SpeziViews -Onone @/Users/admin/builder/spi-builder-workspace/.derivedData/Build/Intermediates.noindex/SpeziViews.build/Debug-appletvos/SpeziViews-t.build/Objects-normal/arm64/SpeziViews.SwiftFileList -DSWIFT_PACKAGE -DDEBUG -DSWIFT_MODULE_RESOURCE_BUNDLE_AVAILABLE -Xcc -fmodule-map-file\=/Users/admin/builder/spi-builder-workspace/.dependencies/checkouts/zstd/lib/module.modulemap -Xcc -fmodule-map-file\=/Users/admin/builder/spi-builder-workspace/.dependencies/checkouts/swift-atomics/Sources/_AtomicsShims/include/module.modulemap -Xcc -fmodule-map-file\=/Users/admin/builder/spi-builder-workspace/.dependencies/checkouts/swift-numerics/Sources/_NumericsShims/include/module.modulemap -Xcc -fmodule-map-file\=/Users/admin/builder/spi-builder-workspace/.derivedData/Build/Intermediates.noindex/GeneratedModuleMaps-appletvos/SpeziFoundationObjC.modulemap -Xcc -fmodule-map-file\=/Users/admin/builder/spi-builder-workspace/.dependencies/checkouts/swift-cmark/src/include/module.modulemap -Xcc -fmodule-map-file\=/Users/admin/builder/spi-builder-workspace/.dependencies/checkouts/swift-cmark/extensions/include/module.modulemap -DXcode -plugin-path /Applications/Xcode-27.0.0-Release.Candidate.app/Contents/Developer/Toolchains/XcodeDefault.xctoolchain/usr/lib/swift/host/plugins/testing -enable-experimental-feature DebugDescriptionMacro -sdk /Applications/Xcode-27.0.0-Release.Candidate.app/Contents/Developer/Platforms/AppleTVOS.platform/Developer/SDKs/AppleTVOS27.0.sdk -target arm64-apple-tvos17.0 -g -module-cache-path /Users/admin/builder/spi-builder-workspace/.derivedData/ModuleCache.noindex -Xfrontend -serialize-debugging-options -profile-coverage-mapping -profile-generate -enable-testing -suppress-warnings -index-store-path /Users/admin/builder/spi-builder-workspace/.derivedData/Index.noindex/DataStore -Xcc -D_LIBCPP_HARDENING_MODE\=_LIBCPP_HARDENING_MODE_DEBUG -swift-version 6 -I /Users/admin/builder/spi-builder-workspace/.derivedData/Build/Products/Debug-appletvos -Isystem /Applications/Xcode-27.0.0-Release.Candidate.app/Contents/Developer/Platforms/AppleTVOS.platform/Developer/usr/lib -F /Users/admin/builder/spi-builder-workspace/.derivedData/Build/Products/Debug-appletvos/PackageFrameworks -F /Users/admin/builder/spi-builder-workspace/.derivedData/Build/Products/Debug-appletvos -F /Applications/Xcode-27.0.0-Release.Candidate.app/Contents/Developer/Platforms/AppleTVOS.platform/Developer/Library/Frameworks -F /Applications/Xcode-27.0.0-Release.Candidate.app/Contents/Developer/Platforms/AppleTVOS.platform/Developer/SDKs/AppleTVOS27.0.sdk/Developer/Library/Frameworks -Xfrontend -load-plugin-executable -Xfrontend /Users/admin/builder/spi-builder-workspace/.derivedData/Build/Products/Debug/ThreadLocalMacros\#ThreadLocalMacros -emit-localized-strings -emit-localized-strings-path /Users/admin/builder/spi-builder-workspace/.derivedData/Build/Intermediates.noindex/SpeziViews.build/Debug-appletvos/SpeziViews-t.build/Objects-normal/arm64 -c -j10 -enable-batch-mode -incremental -Xcc -ivfsstatcache -Xcc /Users/admin/builder/spi-builder-workspace/.derivedData/SDKStatCaches.noindex/appletvos27.0-24J360-e829b21a6f8c9b70876ba0858053c044b32bfd8d43560033f8d89884cdb90028.sdkstatcache -output-file-map /Users/admin/builder/spi-builder-workspace/.derivedData/Build/Intermediates.noindex/SpeziViews.build/Debug-appletvos/SpeziViews-t.build/Objects-normal/arm64/SpeziViews-OutputFileMap.json -save-temps -no-color-diagnostics -explicit-module-build -module-cache-path /Users/admin/builder/spi-builder-workspace/.derivedData/Build/Intermediates.noindex/SwiftExplicitPrecompiledModules -clang-scanner-module-cache-path /Users/admin/builder/spi-builder-workspace/.derivedData/ModuleCache.noindex -sdk-module-cache-path /Users/admin/builder/spi-builder-workspace/.derivedData/SDKExplicitPrecompiledModules -emit-dependencies -emit-module -emit-module-path /Users/admin/builder/spi-builder-workspace/.derivedData/Build/Intermediates.noindex/SpeziViews.build/Debug-appletvos/SpeziViews-t.build/Objects-normal/arm64/SpeziViews.swiftmodule -serialize-diagnostics -dependency-scan-serialize-diagnostics-path /Users/admin/builder/spi-builder-workspace/.derivedData/Build/Intermediates.noindex/SpeziViews.build/Debug-appletvos/SpeziViews-t.build/Objects-normal/arm64/SpeziViews-dependency-scan.dia -user-module-version 1.12.14 -validate-clang-modules-once -clang-build-session-file /Users/admin/builder/spi-builder-workspace/.derivedData/ModuleCache.noindex/Session.modulevalidation -Xcc -fmodules-prune-interval\=86400 -Xcc -fmodules-prune-after\=345600 -package-name speziviews -emit-const-values -const-gather-protocols-list /Users/admin/builder/spi-builder-workspace/.derivedData/Build/Intermediates.noindex/SpeziViews.build/Debug-appletvos/SpeziViews-t.build/Objects-normal/arm64/SpeziViews_const_extract_protocols.json -Xcc -I/Users/admin/builder/spi-builder-workspace/.dependencies/checkouts/zstd/lib -Xcc -I/Users/admin/builder/spi-builder-workspace/.dependencies/checkouts/swift-atomics/Sources/_AtomicsShims/include -Xcc -I/Users/admin/builder/spi-builder-workspace/.dependencies/checkouts/swift-numerics/Sources/_NumericsShims/include -Xcc -I/Users/admin/builder/spi-builder-workspace/.dependencies/checkouts/SpeziFoundation/Sources/SpeziFoundationObjC/include -Xcc -I/Users/admin/builder/spi-builder-workspace/.dependencies/checkouts/swift-cmark/src/include -Xcc -I/Users/admin/builder/spi-builder-workspace/.dependencies/checkouts/swift-cmark/extensions/include -Xcc -I/Users/admin/builder/spi-builder-workspace/.derivedData/Build/Products/Debug-appletvos/include -Xcc -I/Users/admin/builder/spi-builder-workspace/.derivedData/Build/Intermediates.noindex/SpeziViews.build/Debug-appletvos/SpeziViews-t.build/DerivedSources-normal/arm64 -Xcc -I/Users/admin/builder/spi-builder-workspace/.derivedData/Build/Intermediates.noindex/SpeziViews.build/Debug-appletvos/SpeziViews-t.build/DerivedSources/arm64 -Xcc -I/Users/admin/builder/spi-builder-workspace/.derivedData/Build/Intermediates.noindex/SpeziViews.build/Debug-appletvos/SpeziViews-t.build/DerivedSources -Xcc -DSWIFT_PACKAGE -Xcc -DDEBUG\=1 -emit-objc-header -emit-objc-header-path /Users/admin/builder/spi-builder-workspace/.derivedData/Build/Intermediates.noindex/SpeziViews.build/Debug-appletvos/SpeziViews-t.build/Objects-normal/arm64/SpeziViews-Swift.h -working-directory /Users/admin/builder/spi-builder-workspace/.swiftpm/xcode -experimental-emit-module-separately -disable-cmo
SwiftEmitModule normal arm64 Emitting\ module\ for\ SpeziSpeechSynthesizer (in target 'SpeziSpeechSynthesizer' from project 'SpeziSpeech')
SwiftCompile normal arm64 (in target 'SpeziSpeechSynthesizer' from project 'SpeziSpeech')
cd /Users/admin/builder/spi-builder-workspace/.swiftpm/xcode
SwiftCompile normal arm64 Compiling\ SpeechSynthesizer.swift /Users/admin/builder/spi-builder-workspace/.dependencies/checkouts/SpeziSpeech/Sources/SpeziSpeechSynthesizer/SpeechSynthesizer.swift (in target 'SpeziSpeechSynthesizer' from project 'SpeziSpeech')
SwiftCompile normal arm64 /Users/admin/builder/spi-builder-workspace/.dependencies/checkouts/SpeziSpeech/Sources/SpeziSpeechSynthesizer/SpeechSynthesizer.swift (in target 'SpeziSpeechSynthesizer' from project 'SpeziSpeech')
cd /Users/admin/builder/spi-builder-workspace/.swiftpm/xcode
builtin-SwiftPerFileCompile SpeechSynthesizer.swift
SwiftCompile normal arm64 Compiling\ SpeechRecognizer.swift /Users/admin/builder/spi-builder-workspace/.dependencies/checkouts/SpeziSpeech/Sources/SpeziSpeechRecognizer/SpeechRecognizer.swift (in target 'SpeziSpeechRecognizer' from project 'SpeziSpeech')
/Users/admin/builder/spi-builder-workspace/.dependencies/checkouts/SpeziSpeech/Sources/SpeziSpeechRecognizer/SpeechRecognizer.swift:78:35: error: 'SFSpeechRecognizer' is unavailable in tvOS
76 | public final class SpeechRecognizer: NSObject, Module, DefaultInitializable, EnvironmentAccessible, SFSpeechRecognizerDelegate, @unchecked Sendable {
77 | private static let logger = Logger(subsystem: "edu.stanford.spezi", category: "SpeziSpeech")
78 | private let speechRecognizer: SFSpeechRecognizer?
| `- error: 'SFSpeechRecognizer' is unavailable in tvOS
79 | private let audioEngine: AVAudioEngine?
80 |
/Applications/Xcode-27.0.0-Release.Candidate.app/Contents/Developer/Platforms/AppleTVOS.platform/Developer/SDKs/AppleTVOS27.0.sdk/System/Library/Frameworks/Speech.framework/Headers/SFSpeechRecognizer.h:78:12: note: 'SFSpeechRecognizer' has been explicitly marked unavailable here
76 | API_AVAILABLE(ios(10.0), macos(10.15))
77 | API_UNAVAILABLE(tvos)
78 | @interface SFSpeechRecognizer : NSObject
| `- note: 'SFSpeechRecognizer' has been explicitly marked unavailable here
79 |
80 | /**
/Users/admin/builder/spi-builder-workspace/.dependencies/checkouts/SpeziSpeech/Sources/SpeziSpeechRecognizer/SpeechRecognizer.swift:86:37: error: 'SFSpeechAudioBufferRecognitionRequest' is unavailable in tvOS
84 | public private(set) var isAvailable: Bool
85 |
86 | private var recognitionRequest: SFSpeechAudioBufferRecognitionRequest?
| `- error: 'SFSpeechAudioBufferRecognitionRequest' is unavailable in tvOS
87 | private var recognitionTask: SFSpeechRecognitionTask?
88 |
/Applications/Xcode-27.0.0-Release.Candidate.app/Contents/Developer/Platforms/AppleTVOS.platform/Developer/SDKs/AppleTVOS27.0.sdk/System/Library/Frameworks/Speech.framework/Headers/SFSpeechRecognitionRequest.h:148:12: note: 'SFSpeechAudioBufferRecognitionRequest' has been explicitly marked unavailable here
146 | API_AVAILABLE(ios(10.0), macos(10.15))
147 | API_UNAVAILABLE(tvos)
148 | @interface SFSpeechAudioBufferRecognitionRequest : SFSpeechRecognitionRequest
| `- note: 'SFSpeechAudioBufferRecognitionRequest' has been explicitly marked unavailable here
149 |
150 | /**
macro expansion @ObservationTracked:2:35: error: 'SFSpeechAudioBufferRecognitionRequest' is unavailable in tvOS
`- /Users/admin/builder/spi-builder-workspace/.dependencies/checkouts/SpeziSpeech/Sources/SpeziSpeechRecognizer/SpeechRecognizer.swift:86:75: note: expanded code originates here
84 | public private(set) var isAvailable: Bool
85 |
86 | private var recognitionRequest: SFSpeechAudioBufferRecognitionRequest?
+--- macro expansion @ObservationTracked ---------------------------
|1 | @ObservationIgnored
|2 | private var _recognitionRequest: SFSpeechAudioBufferRecognitionRequest?
| | `- error: 'SFSpeechAudioBufferRecognitionRequest' is unavailable in tvOS
+-------------------------------------------------------------------
87 | private var recognitionTask: SFSpeechRecognitionTask?
88 |
/Applications/Xcode-27.0.0-Release.Candidate.app/Contents/Developer/Platforms/AppleTVOS.platform/Developer/SDKs/AppleTVOS27.0.sdk/System/Library/Frameworks/Speech.framework/Headers/SFSpeechRecognitionRequest.h:148:12: note: 'SFSpeechAudioBufferRecognitionRequest' has been explicitly marked unavailable here
146 | API_AVAILABLE(ios(10.0), macos(10.15))
147 | API_UNAVAILABLE(tvos)
148 | @interface SFSpeechAudioBufferRecognitionRequest : SFSpeechRecognitionRequest
| `- note: 'SFSpeechAudioBufferRecognitionRequest' has been explicitly marked unavailable here
149 |
150 | /**
/Users/admin/builder/spi-builder-workspace/.dependencies/checkouts/SpeziSpeech/Sources/SpeziSpeechRecognizer/SpeechRecognizer.swift:87:34: error: 'SFSpeechRecognitionTask' is unavailable in tvOS
85 |
86 | private var recognitionRequest: SFSpeechAudioBufferRecognitionRequest?
87 | private var recognitionTask: SFSpeechRecognitionTask?
| `- error: 'SFSpeechRecognitionTask' is unavailable in tvOS
88 |
89 |
/Applications/Xcode-27.0.0-Release.Candidate.app/Contents/Developer/Platforms/AppleTVOS.platform/Developer/SDKs/AppleTVOS27.0.sdk/System/Library/Frameworks/Speech.framework/Headers/SFSpeechRecognitionTask.h:46:12: note: 'SFSpeechRecognitionTask' has been explicitly marked unavailable here
44 | API_AVAILABLE(ios(10.0), macos(10.15))
45 | API_UNAVAILABLE(tvos)
46 | @interface SFSpeechRecognitionTask : NSObject
| `- note: 'SFSpeechRecognitionTask' has been explicitly marked unavailable here
47 |
48 | /**
macro expansion @ObservationTracked:2:32: error: 'SFSpeechRecognitionTask' is unavailable in tvOS
`- /Users/admin/builder/spi-builder-workspace/.dependencies/checkouts/SpeziSpeech/Sources/SpeziSpeechRecognizer/SpeechRecognizer.swift:87:58: note: expanded code originates here
85 |
86 | private var recognitionRequest: SFSpeechAudioBufferRecognitionRequest?
87 | private var recognitionTask: SFSpeechRecognitionTask?
+--- macro expansion @ObservationTracked ---------------------------
|1 | @ObservationIgnored
|2 | private var _recognitionTask: SFSpeechRecognitionTask?
| | `- error: 'SFSpeechRecognitionTask' is unavailable in tvOS
+-------------------------------------------------------------------
88 |
89 |
/Applications/Xcode-27.0.0-Release.Candidate.app/Contents/Developer/Platforms/AppleTVOS.platform/Developer/SDKs/AppleTVOS27.0.sdk/System/Library/Frameworks/Speech.framework/Headers/SFSpeechRecognitionTask.h:46:12: note: 'SFSpeechRecognitionTask' has been explicitly marked unavailable here
44 | API_AVAILABLE(ios(10.0), macos(10.15))
45 | API_UNAVAILABLE(tvos)
46 | @interface SFSpeechRecognitionTask : NSObject
| `- note: 'SFSpeechRecognitionTask' has been explicitly marked unavailable here
47 |
48 | /**
/Users/admin/builder/spi-builder-workspace/.dependencies/checkouts/SpeziSpeech/Sources/SpeziSpeechRecognizer/SpeechRecognizer.swift:118:48: error: 'SFSpeechRecognitionResult' is unavailable in tvOS
116 | ///
117 | /// - Returns: An asynchronous stream that yields the speech recognition results.
118 | public func start() -> AsyncThrowingStream<SFSpeechRecognitionResult, Error> { // swiftlint:disable:this function_body_length
| `- error: 'SFSpeechRecognitionResult' is unavailable in tvOS
119 | AsyncThrowingStream { continuation in // swiftlint:disable:this closure_body_length
120 | guard !isRecording else {
/Applications/Xcode-27.0.0-Release.Candidate.app/Contents/Developer/Platforms/AppleTVOS.platform/Developer/SDKs/AppleTVOS27.0.sdk/System/Library/Frameworks/Speech.framework/Headers/SFSpeechRecognitionResult.h:25:12: note: 'SFSpeechRecognitionResult' has been explicitly marked unavailable here
23 | API_AVAILABLE(ios(10.0), macos(10.15))
24 | API_UNAVAILABLE(tvos)
25 | @interface SFSpeechRecognitionResult : NSObject <NSCopying, NSSecureCoding>
| `- note: 'SFSpeechRecognitionResult' has been explicitly marked unavailable here
26 |
27 | /**
/Users/admin/builder/spi-builder-workspace/.dependencies/checkouts/SpeziSpeech/Sources/SpeziSpeechRecognizer/SpeechRecognizer.swift:208:54: error: 'SFSpeechRecognizer' is unavailable in tvOS
206 |
207 | @_documentation(visibility: internal)
208 | public func speechRecognizer(_ speechRecognizer: SFSpeechRecognizer, availabilityDidChange available: Bool) {
| `- error: 'SFSpeechRecognizer' is unavailable in tvOS
209 | guard self.speechRecognizer == speechRecognizer else {
210 | return
/Applications/Xcode-27.0.0-Release.Candidate.app/Contents/Developer/Platforms/AppleTVOS.platform/Developer/SDKs/AppleTVOS27.0.sdk/System/Library/Frameworks/Speech.framework/Headers/SFSpeechRecognizer.h:78:12: note: 'SFSpeechRecognizer' has been explicitly marked unavailable here
76 | API_AVAILABLE(ios(10.0), macos(10.15))
77 | API_UNAVAILABLE(tvos)
78 | @interface SFSpeechRecognizer : NSObject
| `- note: 'SFSpeechRecognizer' has been explicitly marked unavailable here
79 |
80 | /**
/Users/admin/builder/spi-builder-workspace/.dependencies/checkouts/SpeziSpeech/Sources/SpeziSpeechRecognizer/SpeechRecognizer.swift:76:101: error: 'SFSpeechRecognizerDelegate' is unavailable in tvOS
74 | /// ```
75 | @Observable
76 | public final class SpeechRecognizer: NSObject, Module, DefaultInitializable, EnvironmentAccessible, SFSpeechRecognizerDelegate, @unchecked Sendable {
| `- error: 'SFSpeechRecognizerDelegate' is unavailable in tvOS
77 | private static let logger = Logger(subsystem: "edu.stanford.spezi", category: "SpeziSpeech")
78 | private let speechRecognizer: SFSpeechRecognizer?
/Applications/Xcode-27.0.0-Release.Candidate.app/Contents/Developer/Platforms/AppleTVOS.platform/Developer/SDKs/AppleTVOS27.0.sdk/System/Library/Frameworks/Speech.framework/Headers/SFSpeechRecognizer.h:231:11: note: 'SFSpeechRecognizerDelegate' has been explicitly marked unavailable here
229 | API_AVAILABLE(ios(10.0), macos(10.15))
230 | API_UNAVAILABLE(tvos)
231 | @protocol SFSpeechRecognizerDelegate <NSObject>
| `- note: 'SFSpeechRecognizerDelegate' has been explicitly marked unavailable here
232 | @optional
233 |
SwiftCompile normal arm64 /Users/admin/builder/spi-builder-workspace/.dependencies/checkouts/SpeziSpeech/Sources/SpeziSpeechRecognizer/SpeechRecognizer.swift (in target 'SpeziSpeechRecognizer' from project 'SpeziSpeech')
cd /Users/admin/builder/spi-builder-workspace/.swiftpm/xcode
builtin-SwiftPerFileCompile SpeechRecognizer.swift
/Users/admin/builder/spi-builder-workspace/.dependencies/checkouts/SpeziSpeech/Sources/SpeziSpeechRecognizer/SpeechRecognizer.swift:221:11: error: 'SFSpeechRecognitionResult' is unavailable in tvOS
219 | ///
220 | /// - Note: Wrapping the `SFSpeechRecognitionResult` in a custom `Sendable` struct is not desired as it would break API.
221 | extension SFSpeechRecognitionResult: @retroactive @unchecked Sendable {}
| `- error: 'SFSpeechRecognitionResult' is unavailable in tvOS
222 |
/Applications/Xcode-27.0.0-Release.Candidate.app/Contents/Developer/Platforms/AppleTVOS.platform/Developer/SDKs/AppleTVOS27.0.sdk/System/Library/Frameworks/Speech.framework/Headers/SFSpeechRecognitionResult.h:25:12: note: 'SFSpeechRecognitionResult' has been explicitly marked unavailable here
23 | API_AVAILABLE(ios(10.0), macos(10.15))
24 | API_UNAVAILABLE(tvos)
25 | @interface SFSpeechRecognitionResult : NSObject <NSCopying, NSSecureCoding>
| `- note: 'SFSpeechRecognitionResult' has been explicitly marked unavailable here
26 |
27 | /**
SwiftEmitModule normal arm64 Emitting\ module\ for\ SpeziSpeechRecognizer (in target 'SpeziSpeechRecognizer' from project 'SpeziSpeech')
/Users/admin/builder/spi-builder-workspace/.dependencies/checkouts/SpeziSpeech/Sources/SpeziSpeechRecognizer/SpeechRecognizer.swift:78:35: error: 'SFSpeechRecognizer' is unavailable in tvOS
76 | public final class SpeechRecognizer: NSObject, Module, DefaultInitializable, EnvironmentAccessible, SFSpeechRecognizerDelegate, @unchecked Sendable {
77 | private static let logger = Logger(subsystem: "edu.stanford.spezi", category: "SpeziSpeech")
78 | private let speechRecognizer: SFSpeechRecognizer?
| `- error: 'SFSpeechRecognizer' is unavailable in tvOS
79 | private let audioEngine: AVAudioEngine?
80 |
/Applications/Xcode-27.0.0-Release.Candidate.app/Contents/Developer/Platforms/AppleTVOS.platform/Developer/SDKs/AppleTVOS27.0.sdk/System/Library/Frameworks/Speech.framework/Headers/SFSpeechRecognizer.h:78:12: note: 'SFSpeechRecognizer' has been explicitly marked unavailable here
76 | API_AVAILABLE(ios(10.0), macos(10.15))
77 | API_UNAVAILABLE(tvos)
78 | @interface SFSpeechRecognizer : NSObject
| `- note: 'SFSpeechRecognizer' has been explicitly marked unavailable here
79 |
80 | /**
/Users/admin/builder/spi-builder-workspace/.dependencies/checkouts/SpeziSpeech/Sources/SpeziSpeechRecognizer/SpeechRecognizer.swift:86:37: error: 'SFSpeechAudioBufferRecognitionRequest' is unavailable in tvOS
84 | public private(set) var isAvailable: Bool
85 |
86 | private var recognitionRequest: SFSpeechAudioBufferRecognitionRequest?
| `- error: 'SFSpeechAudioBufferRecognitionRequest' is unavailable in tvOS
87 | private var recognitionTask: SFSpeechRecognitionTask?
88 |
/Applications/Xcode-27.0.0-Release.Candidate.app/Contents/Developer/Platforms/AppleTVOS.platform/Developer/SDKs/AppleTVOS27.0.sdk/System/Library/Frameworks/Speech.framework/Headers/SFSpeechRecognitionRequest.h:148:12: note: 'SFSpeechAudioBufferRecognitionRequest' has been explicitly marked unavailable here
146 | API_AVAILABLE(ios(10.0), macos(10.15))
147 | API_UNAVAILABLE(tvos)
148 | @interface SFSpeechAudioBufferRecognitionRequest : SFSpeechRecognitionRequest
| `- note: 'SFSpeechAudioBufferRecognitionRequest' has been explicitly marked unavailable here
149 |
150 | /**
macro expansion @ObservationTracked:2:35: error: 'SFSpeechAudioBufferRecognitionRequest' is unavailable in tvOS
`- /Users/admin/builder/spi-builder-workspace/.dependencies/checkouts/SpeziSpeech/Sources/SpeziSpeechRecognizer/SpeechRecognizer.swift:86:75: note: expanded code originates here
84 | public private(set) var isAvailable: Bool
85 |
86 | private var recognitionRequest: SFSpeechAudioBufferRecognitionRequest?
+--- macro expansion @ObservationTracked ---------------------------
|1 | @ObservationIgnored
|2 | private var _recognitionRequest: SFSpeechAudioBufferRecognitionRequest?
| | `- error: 'SFSpeechAudioBufferRecognitionRequest' is unavailable in tvOS
+-------------------------------------------------------------------
87 | private var recognitionTask: SFSpeechRecognitionTask?
88 |
/Applications/Xcode-27.0.0-Release.Candidate.app/Contents/Developer/Platforms/AppleTVOS.platform/Developer/SDKs/AppleTVOS27.0.sdk/System/Library/Frameworks/Speech.framework/Headers/SFSpeechRecognitionRequest.h:148:12: note: 'SFSpeechAudioBufferRecognitionRequest' has been explicitly marked unavailable here
146 | API_AVAILABLE(ios(10.0), macos(10.15))
147 | API_UNAVAILABLE(tvos)
148 | @interface SFSpeechAudioBufferRecognitionRequest : SFSpeechRecognitionRequest
| `- note: 'SFSpeechAudioBufferRecognitionRequest' has been explicitly marked unavailable here
149 |
150 | /**
/Users/admin/builder/spi-builder-workspace/.dependencies/checkouts/SpeziSpeech/Sources/SpeziSpeechRecognizer/SpeechRecognizer.swift:87:34: error: 'SFSpeechRecognitionTask' is unavailable in tvOS
85 |
86 | private var recognitionRequest: SFSpeechAudioBufferRecognitionRequest?
87 | private var recognitionTask: SFSpeechRecognitionTask?
| `- error: 'SFSpeechRecognitionTask' is unavailable in tvOS
88 |
89 |
/Applications/Xcode-27.0.0-Release.Candidate.app/Contents/Developer/Platforms/AppleTVOS.platform/Developer/SDKs/AppleTVOS27.0.sdk/System/Library/Frameworks/Speech.framework/Headers/SFSpeechRecognitionTask.h:46:12: note: 'SFSpeechRecognitionTask' has been explicitly marked unavailable here
44 | API_AVAILABLE(ios(10.0), macos(10.15))
45 | API_UNAVAILABLE(tvos)
46 | @interface SFSpeechRecognitionTask : NSObject
| `- note: 'SFSpeechRecognitionTask' has been explicitly marked unavailable here
47 |
48 | /**
macro expansion @ObservationTracked:2:32: error: 'SFSpeechRecognitionTask' is unavailable in tvOS
`- /Users/admin/builder/spi-builder-workspace/.dependencies/checkouts/SpeziSpeech/Sources/SpeziSpeechRecognizer/SpeechRecognizer.swift:87:58: note: expanded code originates here
85 |
86 | private var recognitionRequest: SFSpeechAudioBufferRecognitionRequest?
87 | private var recognitionTask: SFSpeechRecognitionTask?
+--- macro expansion @ObservationTracked ---------------------------
|1 | @ObservationIgnored
|2 | private var _recognitionTask: SFSpeechRecognitionTask?
| | `- error: 'SFSpeechRecognitionTask' is unavailable in tvOS
+-------------------------------------------------------------------
88 |
89 |
/Applications/Xcode-27.0.0-Release.Candidate.app/Contents/Developer/Platforms/AppleTVOS.platform/Developer/SDKs/AppleTVOS27.0.sdk/System/Library/Frameworks/Speech.framework/Headers/SFSpeechRecognitionTask.h:46:12: note: 'SFSpeechRecognitionTask' has been explicitly marked unavailable here
44 | API_AVAILABLE(ios(10.0), macos(10.15))
45 | API_UNAVAILABLE(tvos)
46 | @interface SFSpeechRecognitionTask : NSObject
| `- note: 'SFSpeechRecognitionTask' has been explicitly marked unavailable here
47 |
48 | /**
/Users/admin/builder/spi-builder-workspace/.dependencies/checkouts/SpeziSpeech/Sources/SpeziSpeechRecognizer/SpeechRecognizer.swift:118:48: error: 'SFSpeechRecognitionResult' is unavailable in tvOS
116 | ///
117 | /// - Returns: An asynchronous stream that yields the speech recognition results.
118 | public func start() -> AsyncThrowingStream<SFSpeechRecognitionResult, Error> { // swiftlint:disable:this function_body_length
| `- error: 'SFSpeechRecognitionResult' is unavailable in tvOS
119 | AsyncThrowingStream { continuation in // swiftlint:disable:this closure_body_length
120 | guard !isRecording else {
/Applications/Xcode-27.0.0-Release.Candidate.app/Contents/Developer/Platforms/AppleTVOS.platform/Developer/SDKs/AppleTVOS27.0.sdk/System/Library/Frameworks/Speech.framework/Headers/SFSpeechRecognitionResult.h:25:12: note: 'SFSpeechRecognitionResult' has been explicitly marked unavailable here
23 | API_AVAILABLE(ios(10.0), macos(10.15))
24 | API_UNAVAILABLE(tvos)
25 | @interface SFSpeechRecognitionResult : NSObject <NSCopying, NSSecureCoding>
| `- note: 'SFSpeechRecognitionResult' has been explicitly marked unavailable here
26 |
27 | /**
/Users/admin/builder/spi-builder-workspace/.dependencies/checkouts/SpeziSpeech/Sources/SpeziSpeechRecognizer/SpeechRecognizer.swift:208:54: error: 'SFSpeechRecognizer' is unavailable in tvOS
206 |
207 | @_documentation(visibility: internal)
208 | public func speechRecognizer(_ speechRecognizer: SFSpeechRecognizer, availabilityDidChange available: Bool) {
| `- error: 'SFSpeechRecognizer' is unavailable in tvOS
209 | guard self.speechRecognizer == speechRecognizer else {
210 | return
/Applications/Xcode-27.0.0-Release.Candidate.app/Contents/Developer/Platforms/AppleTVOS.platform/Developer/SDKs/AppleTVOS27.0.sdk/System/Library/Frameworks/Speech.framework/Headers/SFSpeechRecognizer.h:78:12: note: 'SFSpeechRecognizer' has been explicitly marked unavailable here
76 | API_AVAILABLE(ios(10.0), macos(10.15))
77 | API_UNAVAILABLE(tvos)
78 | @interface SFSpeechRecognizer : NSObject
| `- note: 'SFSpeechRecognizer' has been explicitly marked unavailable here
79 |
80 | /**
/Users/admin/builder/spi-builder-workspace/.dependencies/checkouts/SpeziSpeech/Sources/SpeziSpeechRecognizer/SpeechRecognizer.swift:76:101: error: 'SFSpeechRecognizerDelegate' is unavailable in tvOS
74 | /// ```
75 | @Observable
76 | public final class SpeechRecognizer: NSObject, Module, DefaultInitializable, EnvironmentAccessible, SFSpeechRecognizerDelegate, @unchecked Sendable {
| `- error: 'SFSpeechRecognizerDelegate' is unavailable in tvOS
77 | private static let logger = Logger(subsystem: "edu.stanford.spezi", category: "SpeziSpeech")
78 | private let speechRecognizer: SFSpeechRecognizer?
/Applications/Xcode-27.0.0-Release.Candidate.app/Contents/Developer/Platforms/AppleTVOS.platform/Developer/SDKs/AppleTVOS27.0.sdk/System/Library/Frameworks/Speech.framework/Headers/SFSpeechRecognizer.h:231:11: note: 'SFSpeechRecognizerDelegate' has been explicitly marked unavailable here
229 | API_AVAILABLE(ios(10.0), macos(10.15))
230 | API_UNAVAILABLE(tvos)
231 | @protocol SFSpeechRecognizerDelegate <NSObject>
| `- note: 'SFSpeechRecognizerDelegate' has been explicitly marked unavailable here
232 | @optional
233 |
/Users/admin/builder/spi-builder-workspace/.dependencies/checkouts/SpeziSpeech/Sources/SpeziSpeechRecognizer/SpeechRecognizer.swift:221:11: error: 'SFSpeechRecognitionResult' is unavailable in tvOS
219 | ///
220 | /// - Note: Wrapping the `SFSpeechRecognitionResult` in a custom `Sendable` struct is not desired as it would break API.
221 | extension SFSpeechRecognitionResult: @retroactive @unchecked Sendable {}
| `- error: 'SFSpeechRecognitionResult' is unavailable in tvOS
222 |
/Applications/Xcode-27.0.0-Release.Candidate.app/Contents/Developer/Platforms/AppleTVOS.platform/Developer/SDKs/AppleTVOS27.0.sdk/System/Library/Frameworks/Speech.framework/Headers/SFSpeechRecognitionResult.h:25:12: note: 'SFSpeechRecognitionResult' has been explicitly marked unavailable here
23 | API_AVAILABLE(ios(10.0), macos(10.15))
24 | API_UNAVAILABLE(tvos)
25 | @interface SFSpeechRecognitionResult : NSObject <NSCopying, NSSecureCoding>
| `- note: 'SFSpeechRecognitionResult' has been explicitly marked unavailable here
26 |
27 | /**
Failed frontend command:
/Applications/Xcode-27.0.0-Release.Candidate.app/Contents/Developer/Toolchains/XcodeDefault.xctoolchain/usr/bin/swift-frontend -frontend -emit-module -experimental-skip-non-inlinable-function-bodies-without-types /Users/admin/builder/spi-builder-workspace/.dependencies/checkouts/SpeziSpeech/Sources/SpeziSpeechRecognizer/SpeechRecognizer.swift -target arm64-apple-tvos17.0 -disable-cross-import-overlay-search -load-resolved-plugin /Applications/Xcode-27.0.0-Release.Candidate.app/Contents/Developer/Platforms/AppleTVOS.platform/Developer/usr/lib/swift/host/plugins/libFoundationMacros.dylib\#/Applications/Xcode-27.0.0-Release.Candidate.app/Contents/Developer/Platforms/AppleTVOS.platform/Developer/usr/bin/swift-plugin-server\#FoundationMacros -load-resolved-plugin /Applications/Xcode-27.0.0-Release.Candidate.app/Contents/Developer/Platforms/AppleTVOS.platform/Developer/usr/lib/swift/host/plugins/libObservationMacros.dylib\#/Applications/Xcode-27.0.0-Release.Candidate.app/Contents/Developer/Platforms/AppleTVOS.platform/Developer/usr/bin/swift-plugin-server\#ObservationMacros -load-resolved-plugin /Applications/Xcode-27.0.0-Release.Candidate.app/Contents/Developer/Platforms/AppleTVOS.platform/Developer/usr/lib/swift/host/plugins/libPreviewsMacros.dylib\#/Applications/Xcode-27.0.0-Release.Candidate.app/Contents/Developer/Platforms/AppleTVOS.platform/Developer/usr/bin/swift-plugin-server\#PreviewsMacros -load-resolved-plugin /Applications/Xcode-27.0.0-Release.Candidate.app/Contents/Developer/Platforms/AppleTVOS.platform/Developer/usr/lib/swift/host/plugins/libSwiftMacros.dylib\#/Applications/Xcode-27.0.0-Release.Candidate.app/Contents/Developer/Platforms/AppleTVOS.platform/Developer/usr/bin/swift-plugin-server\#SwiftMacros -load-resolved-plugin /Applications/Xcode-27.0.0-Release.Candidate.app/Contents/Developer/Platforms/AppleTVOS.platform/Developer/usr/lib/swift/host/plugins/libSwiftUIMacros.dylib\#/Applications/Xcode-27.0.0-Release.Candidate.app/Contents/Developer/Platforms/AppleTVOS.platform/Developer/usr/bin/swift-plugin-server\#SwiftUIMacros -load-resolved-plugin \#/Users/admin/builder/spi-builder-workspace/.derivedData/Build/Products/Debug/ThreadLocalMacros\#ThreadLocalMacros -disable-implicit-swift-modules -Xcc -fno-implicit-modules -Xcc -fno-implicit-module-maps -explicit-swift-module-map-file /Users/admin/builder/spi-builder-workspace/.derivedData/Build/Intermediates.noindex/SpeziSpeech.build/Debug-appletvos/SpeziSpeechRecognizer-t.build/Objects-normal/arm64/SpeziSpeechRecognizer-dependencies-1.json -Xllvm -aarch64-use-tbi -enable-objc-interop -stack-check -sdk /Applications/Xcode-27.0.0-Release.Candidate.app/Contents/Developer/Platforms/AppleTVOS.platform/Developer/SDKs/AppleTVOS27.0.sdk -I /Users/admin/builder/spi-builder-workspace/.derivedData/Build/Products/Debug-appletvos -Isystem /Applications/Xcode-27.0.0-Release.Candidate.app/Contents/Developer/Platforms/AppleTVOS.platform/Developer/usr/lib -F /Users/admin/builder/spi-builder-workspace/.derivedData/Build/Products/Debug-appletvos/PackageFrameworks -F /Users/admin/builder/spi-builder-workspace/.derivedData/Build/Products/Debug-appletvos -F /Applications/Xcode-27.0.0-Release.Candidate.app/Contents/Developer/Platforms/AppleTVOS.platform/Developer/Library/Frameworks -F /Applications/Xcode-27.0.0-Release.Candidate.app/Contents/Developer/Platforms/AppleTVOS.platform/Developer/SDKs/AppleTVOS27.0.sdk/Developer/Library/Frameworks -module-cache-path /Users/admin/builder/spi-builder-workspace/.derivedData/Build/Intermediates.noindex/SwiftExplicitPrecompiledModules -no-color-diagnostics -Xcc -fno-color-diagnostics -enable-testing -g -debug-info-format\=dwarf -dwarf-version\=4 -suppress-warnings -profile-generate -profile-coverage-mapping -swift-version 6 -Onone -D SWIFT_PACKAGE -D DEBUG -D SWIFT_MODULE_RESOURCE_BUNDLE_UNAVAILABLE -D Xcode -serialize-debugging-options -load-plugin-executable /Users/admin/builder/spi-builder-workspace/.derivedData/Build/Products/Debug/ThreadLocalMacros\#ThreadLocalMacros -enable-experimental-feature DebugDescriptionMacro -empty-abi-descriptor -user-module-version 1.1.2 -validate-clang-modules-once -clang-build-session-file /Users/admin/builder/spi-builder-workspace/.derivedData/ModuleCache.noindex/Session.modulevalidation -Xcc -working-directory -Xcc /Users/admin/builder/spi-builder-workspace/.swiftpm/xcode -enable-anonymous-context-mangled-names -file-compilation-dir /Users/admin/builder/spi-builder-workspace/.swiftpm/xcode -Xcc -fmodule-map-file\=/Users/admin/builder/spi-builder-workspace/.dependencies/checkouts/zstd/lib/module.modulemap -Xcc -fmodule-map-file\=/Users/admin/builder/spi-builder-workspace/.dependencies/checkouts/swift-atomics/Sources/_AtomicsShims/include/module.modulemap -Xcc -fmodule-map-file\=/Users/admin/builder/spi-builder-workspace/.dependencies/checkouts/swift-numerics/Sources/_NumericsShims/include/module.modulemap -Xcc -fmodule-map-file\=/Users/admin/builder/spi-builder-workspace/.derivedData/Build/Intermediates.noindex/GeneratedModuleMaps-appletvos/SpeziFoundationObjC.modulemap -Xcc -D_LIBCPP_HARDENING_MODE\=_LIBCPP_HARDENING_MODE_DEBUG -Xcc -ivfsstatcache -Xcc /Users/admin/builder/spi-builder-workspace/.derivedData/SDKStatCaches.noindex/appletvos27.0-24J360-e829b21a6f8c9b70876ba0858053c044b32bfd8d43560033f8d89884cdb90028.sdkstatcache -Xcc -fmodules-prune-interval\=86400 -Xcc -fmodules-prune-after\=345600 -Xcc -I/Users/admin/builder/spi-builder-workspace/.dependencies/checkouts/zstd/lib -Xcc -I/Users/admin/builder/spi-builder-workspace/.dependencies/checkouts/swift-atomics/Sources/_AtomicsShims/include -Xcc -I/Users/admin/builder/spi-builder-workspace/.dependencies/checkouts/swift-numerics/Sources/_NumericsShims/include -Xcc -I/Users/admin/builder/spi-builder-workspace/.dependencies/checkouts/SpeziFoundation/Sources/SpeziFoundationObjC/include -Xcc -I/Users/admin/builder/spi-builder-workspace/.derivedData/Build/Products/Debug-appletvos/include -Xcc -I/Users/admin/builder/spi-builder-workspace/.derivedData/Build/Intermediates.noindex/SpeziSpeech.build/Debug-appletvos/SpeziSpeechRecognizer-t.build/DerivedSources-normal/arm64 -Xcc -I/Users/admin/builder/spi-builder-workspace/.derivedData/Build/Intermediates.noindex/SpeziSpeech.build/Debug-appletvos/SpeziSpeechRecognizer-t.build/DerivedSources/arm64 -Xcc -I/Users/admin/builder/spi-builder-workspace/.derivedData/Build/Intermediates.noindex/SpeziSpeech.build/Debug-appletvos/SpeziSpeechRecognizer-t.build/DerivedSources -Xcc -DSWIFT_PACKAGE -Xcc -DDEBUG\=1 -no-auto-bridging-header-chaining -module-name SpeziSpeechRecognizer -package-name spezispeech -const-gather-protocols-file /Users/admin/builder/spi-builder-workspace/.derivedData/Build/Intermediates.noindex/SpeziSpeech.build/Debug-appletvos/SpeziSpeechRecognizer-t.build/Objects-normal/arm64/SpeziSpeechRecognizer_const_extract_protocols.json -disable-clang-spi -clang-target arm64-apple-tvos27.0 -target-sdk-version 27.0 -target-sdk-name appletvos27.0 -in-process-plugin-server-path /Applications/Xcode-27.0.0-Release.Candidate.app/Contents/Developer/Toolchains/XcodeDefault.xctoolchain/usr/lib/swift/host/libSwiftInProcPluginServer.dylib -emit-module-doc-path /Users/admin/builder/spi-builder-workspace/.derivedData/Build/Intermediates.noindex/SpeziSpeech.build/Debug-appletvos/SpeziSpeechRecognizer-t.build/Objects-normal/arm64/SpeziSpeechRecognizer.swiftdoc -emit-module-source-info-path /Users/admin/builder/spi-builder-workspace/.derivedData/Build/Intermediates.noindex/SpeziSpeech.build/Debug-appletvos/SpeziSpeechRecognizer-t.build/Objects-normal/arm64/SpeziSpeechRecognizer.swiftsourceinfo -emit-objc-header-path /Users/admin/builder/spi-builder-workspace/.derivedData/Build/Intermediates.noindex/SpeziSpeech.build/Debug-appletvos/SpeziSpeechRecognizer-t.build/Objects-normal/arm64/SpeziSpeechRecognizer-Swift.h -serialize-diagnostics-path /Users/admin/builder/spi-builder-workspace/.derivedData/Build/Intermediates.noindex/SpeziSpeech.build/Debug-appletvos/SpeziSpeechRecognizer-t.build/Objects-normal/arm64/SpeziSpeechRecognizer-primary-emit-module.dia -emit-dependencies-path /Users/admin/builder/spi-builder-workspace/.derivedData/Build/Intermediates.noindex/SpeziSpeech.build/Debug-appletvos/SpeziSpeechRecognizer-t.build/Objects-normal/arm64/SpeziSpeechRecognizer-primary-emit-module.d -parse-as-library -o /Users/admin/builder/spi-builder-workspace/.derivedData/Build/Intermediates.noindex/SpeziSpeech.build/Debug-appletvos/SpeziSpeechRecognizer-t.build/Objects-normal/arm64/SpeziSpeechRecognizer.swiftmodule -emit-abi-descriptor-path /Users/admin/builder/spi-builder-workspace/.derivedData/Build/Intermediates.noindex/SpeziSpeech.build/Debug-appletvos/SpeziSpeechRecognizer-t.build/Objects-normal/arm64/SpeziSpeechRecognizer.abi.json
SwiftCompile normal arm64 (in target 'SpeziSpeechRecognizer' from project 'SpeziSpeech')
cd /Users/admin/builder/spi-builder-workspace/.swiftpm/xcode
SwiftEmitModule normal arm64 Emitting\ module\ for\ SpeziViews (in target 'SpeziViews' from project 'SpeziViews')
SwiftCompile normal arm64 (in target 'SpeziViews' from project 'SpeziViews')
cd /Users/admin/builder/spi-builder-workspace/.swiftpm/xcode
SwiftCompile normal arm64 Compiling\ OptionSetPicker.swift /Users/admin/builder/spi-builder-workspace/.dependencies/checkouts/SpeziViews/Sources/SpeziViews/Views/Controls/OptionSetPicker.swift (in target 'SpeziViews' from project 'SpeziViews')
SwiftCompile normal arm64 /Users/admin/builder/spi-builder-workspace/.dependencies/checkouts/SpeziViews/Sources/SpeziViews/Views/Controls/OptionSetPicker.swift (in target 'SpeziViews' from project 'SpeziViews')
cd /Users/admin/builder/spi-builder-workspace/.swiftpm/xcode
builtin-SwiftPerFileCompile OptionSetPicker.swift
SwiftCompile normal arm64 Compiling\ PickerValue.swift /Users/admin/builder/spi-builder-workspace/.dependencies/checkouts/SpeziViews/Sources/SpeziViews/Views/Controls/PickerValue.swift (in target 'SpeziViews' from project 'SpeziViews')
SwiftCompile normal arm64 /Users/admin/builder/spi-builder-workspace/.dependencies/checkouts/SpeziViews/Sources/SpeziViews/Views/Controls/PickerValue.swift (in target 'SpeziViews' from project 'SpeziViews')
cd /Users/admin/builder/spi-builder-workspace/.swiftpm/xcode
builtin-SwiftPerFileCompile PickerValue.swift
SwiftCompile normal arm64 Compiling\ DismissButton.swift /Users/admin/builder/spi-builder-workspace/.dependencies/checkouts/SpeziViews/Sources/SpeziViews/Views/Button/DismissButton.swift (in target 'SpeziViews' from project 'SpeziViews')
SwiftCompile normal arm64 /Users/admin/builder/spi-builder-workspace/.dependencies/checkouts/SpeziViews/Sources/SpeziViews/Views/Button/DismissButton.swift (in target 'SpeziViews' from project 'SpeziViews')
cd /Users/admin/builder/spi-builder-workspace/.swiftpm/xcode
builtin-SwiftPerFileCompile DismissButton.swift
SwiftCompile normal arm64 Compiling\ ManagedViewUpdate.swift,\ LiquidGlass.swift /Users/admin/builder/spi-builder-workspace/.dependencies/checkouts/SpeziViews/Sources/SpeziViews/Properties/ManagedViewUpdate.swift /Users/admin/builder/spi-builder-workspace/.dependencies/checkouts/SpeziViews/Sources/SpeziViews/Styles/LiquidGlass.swift (in target 'SpeziViews' from project 'SpeziViews')
SwiftCompile normal arm64 /Users/admin/builder/spi-builder-workspace/.dependencies/checkouts/SpeziViews/Sources/SpeziViews/Properties/ManagedViewUpdate.swift (in target 'SpeziViews' from project 'SpeziViews')
cd /Users/admin/builder/spi-builder-workspace/.swiftpm/xcode
builtin-SwiftPerFileCompile ManagedViewUpdate.swift
SwiftCompile normal arm64 /Users/admin/builder/spi-builder-workspace/.dependencies/checkouts/SpeziViews/Sources/SpeziViews/Styles/LiquidGlass.swift (in target 'SpeziViews' from project 'SpeziViews')
cd /Users/admin/builder/spi-builder-workspace/.swiftpm/xcode
builtin-SwiftPerFileCompile LiquidGlass.swift
SwiftCompile normal arm64 Compiling\ ViewState.swift,\ ConfigureTipKit.swift /Users/admin/builder/spi-builder-workspace/.dependencies/checkouts/SpeziViews/Sources/SpeziViews/Model/ViewState.swift /Users/admin/builder/spi-builder-workspace/.dependencies/checkouts/SpeziViews/Sources/SpeziViews/Modules/ConfigureTipKit.swift (in target 'SpeziViews' from project 'SpeziViews')
SwiftCompile normal arm64 /Users/admin/builder/spi-builder-workspace/.dependencies/checkouts/SpeziViews/Sources/SpeziViews/Model/ViewState.swift (in target 'SpeziViews' from project 'SpeziViews')
cd /Users/admin/builder/spi-builder-workspace/.swiftpm/xcode
builtin-SwiftPerFileCompile ViewState.swift
SwiftCompile normal arm64 /Users/admin/builder/spi-builder-workspace/.dependencies/checkouts/SpeziViews/Sources/SpeziViews/Modules/ConfigureTipKit.swift (in target 'SpeziViews' from project 'SpeziViews')
cd /Users/admin/builder/spi-builder-workspace/.swiftpm/xcode
builtin-SwiftPerFileCompile ConfigureTipKit.swift
SwiftCompile normal arm64 Compiling\ ReverseLabelStyle.swift /Users/admin/builder/spi-builder-workspace/.dependencies/checkouts/SpeziViews/Sources/SpeziViews/Styles/ReverseLabelStyle.swift (in target 'SpeziViews' from project 'SpeziViews')
SwiftCompile normal arm64 /Users/admin/builder/spi-builder-workspace/.dependencies/checkouts/SpeziViews/Sources/SpeziViews/Styles/ReverseLabelStyle.swift (in target 'SpeziViews' from project 'SpeziViews')
cd /Users/admin/builder/spi-builder-workspace/.swiftpm/xcode
builtin-SwiftPerFileCompile ReverseLabelStyle.swift
PruneExplicitPrecompiledModules /Users/admin/builder/spi-builder-workspace/.derivedData/Build/Intermediates.noindex/SwiftExplicitPrecompiledModules
PruneExplicitPrecompiledModules /Users/admin/builder/spi-builder-workspace/.derivedData/SDKExplicitPrecompiledModules
PruneExplicitPrecompiledModules /Users/admin/builder/spi-builder-workspace/.derivedData/Build/Intermediates.noindex/ExplicitPrecompiledModules
2026-09-22 22:48:45.196 xcodebuild[2053:10671] [MT] IDERunDestination: Supported platforms for the buildables in the current scheme is empty.
** BUILD FAILED **
The following build commands failed:
SwiftEmitModule normal arm64 Emitting\ module\ for\ SpeziSpeechRecognizer (in target 'SpeziSpeechRecognizer' from project 'SpeziSpeech')
SwiftCompile normal arm64 (in target 'SpeziSpeechRecognizer' from project 'SpeziSpeech')
Building workspace SpeziChat with scheme SpeziChat
(3 failures)
BUILD FAILURE 6.4 tvOS