The Swift Package Index logo.Swift Package Index

Build Information

Failed to build Logboard, reference main (8de019), with Swift 6.4 for Wasm on 23 Sep 2026 03:41:39 UTC.

Build Command

bash -c docker run --pull=always --rm -v "checkouts-54344847-0":/host -w "$PWD" -e JAVA_HOME="/root/.sdkman/candidates/java/current" -e SPI_BUILD="1" -e SPI_PROCESSING="1" registry.gitlab.com/saguaro1/spi-images:wasm-6.4-latest swift build --swift-sdk swift-6.4.x-DEVELOPMENT-SNAPSHOT-2026-09-04-a_wasm 2>&1

Build Log

========================================
RunAll
========================================
Builder version: 5.1.0
Interrupt handler set up.
========================================
Checkout
========================================
Clone URL: https://github.com/shogo4405/Logboard.git
Reference: main
Initialized empty Git repository in /host/spi-builder-workspace/.git/
hint: Using 'master' as the name for the initial branch. This default branch name
hint: is subject to change. To configure the initial branch name to use in all
hint: of your new repositories, which will suppress this warning, call:
hint:
hint: 	git config --global init.defaultBranch <name>
hint:
hint: Names commonly chosen instead of 'master' are 'main', 'trunk' and
hint: 'development'. The just-created branch can be renamed via this command:
hint:
hint: 	git branch -m <name>
From https://github.com/shogo4405/Logboard
 * branch            main       -> FETCH_HEAD
 * [new branch]      main       -> origin/main
HEAD is now at 8de0192 Merge pull request #36 from shogo4405/dependabot/bundler/json-2.19.9
Cloned https://github.com/shogo4405/Logboard.git
Revision (git rev-parse @):
8de0192dae09125fe882353ee44fb29957f13142
SUCCESS checkout https://github.com/shogo4405/Logboard.git at main
========================================
Build
========================================
Selected platform:         wasm
Swift version:             6.4
Building package at path:  $PWD
https://github.com/shogo4405/Logboard.git
Running build ...
bash -c docker run --pull=always --rm -v "checkouts-54344847-0":/host -w "$PWD" -e JAVA_HOME="/root/.sdkman/candidates/java/current" -e SPI_BUILD="1" -e SPI_PROCESSING="1" registry.gitlab.com/saguaro1/spi-images:wasm-6.4-latest swift build --swift-sdk swift-6.4.x-DEVELOPMENT-SNAPSHOT-2026-09-04-a_wasm 2>&1
wasm-6.4-latest: Pulling from saguaro1/spi-images
Digest: sha256:4328fdb43c680d205c1d6761b1e3267aa38277eefdda9ddfb17b6a0f1a77857a
Status: Image is up to date for registry.gitlab.com/saguaro1/spi-images:wasm-6.4-latest
Fetching https://github.com/swiftlang/swift-docc-plugin
[1/2345] Fetching swift-docc-plugin
Fetched https://github.com/swiftlang/swift-docc-plugin (0.60s)
Computing version for https://github.com/swiftlang/swift-docc-plugin
Computed https://github.com/swiftlang/swift-docc-plugin at 1.5.0 (1.66s)
Fetching https://github.com/swiftlang/swift-docc-symbolkit
[1/3829] Fetching swift-docc-symbolkit
Fetched https://github.com/swiftlang/swift-docc-symbolkit (0.61s)
Computing version for https://github.com/swiftlang/swift-docc-symbolkit
Computed https://github.com/swiftlang/swift-docc-symbolkit at 1.0.0 (0.85s)
Creating working copy for https://github.com/swiftlang/swift-docc-plugin
Working copy of https://github.com/swiftlang/swift-docc-plugin resolved at 1.5.0
Creating working copy for https://github.com/swiftlang/swift-docc-symbolkit
Working copy of https://github.com/swiftlang/swift-docc-symbolkit resolved at 1.0.0
Building for debugging...
[Planning deferred tasks]
[27 / 35] Logboard
error: SwiftCompile normal wasm32 failed with a nonzero exit code. Command line:     cd /host

/host/spi-builder-workspace/Sources/Logboard/OSLoggerAppender.swift:14:25: error: cannot find type 'Logger' in scope
12 | @available(watchOS 7.0, *)
13 | public class OSLoggerAppender: LBLoggerAppender {
14 |     private let logger: Logger
   |                         `- error: cannot find type 'Logger' in scope
15 |
16 |     /// Creates a logger using the specified subsystem and category.
/host/spi-builder-workspace/Sources/Logboard/SocketAppender.swift:64:22: error: cannot find 'DispatchQueue' in scope
 62 |     var inputStream: InputStream?
 63 |     var outputStream: OutputStream?
 64 |     var inputQueue = DispatchQueue(label: "com.haishinkit.HaishinKit.NetSocket.input")
    |                      `- error: cannot find 'DispatchQueue' in scope
 65 |
 66 |     private var buffer: UnsafeMutablePointer<UInt8>?
/host/spi-builder-workspace/Sources/Logboard/SocketAppender.swift:68:31: error: cannot find 'DispatchQueue' in scope
 66 |     private var buffer: UnsafeMutablePointer<UInt8>?
 67 |     private var runloop: RunLoop?
 68 |     private let outputQueue = DispatchQueue(label: "com.haishinkit.HaishinKit.NetSocket.output")
    |                               `- error: cannot find 'DispatchQueue' in scope
 69 |     private var timeoutHandler: (() -> Void)?
 70 |
Failed frontend command:
/usr/bin/swift-frontend -frontend -emit-module -experimental-skip-non-inlinable-function-bodies-without-types /host/spi-builder-workspace/Sources/Logboard/ConsoleAppender.swift /host/spi-builder-workspace/Sources/Logboard/LBLogger.Data.swift /host/spi-builder-workspace/Sources/Logboard/LBLogger.swift /host/spi-builder-workspace/Sources/Logboard/LBLoggerAppender.swift /host/spi-builder-workspace/Sources/Logboard/MultiAppender.swift /host/spi-builder-workspace/Sources/Logboard/NullAppender.swift /host/spi-builder-workspace/Sources/Logboard/OSLoggerAppender.swift /host/spi-builder-workspace/Sources/Logboard/SocketAppender.swift -target wasm32-unknown-wasip1 -disable-objc-interop -sdk /root/.swiftpm/swift-sdks/swift-6.4.x-DEVELOPMENT-SNAPSHOT-2026-09-04-a_wasm.artifactbundle/swift-6.4.x-DEVELOPMENT-SNAPSHOT-2026-09-04-a_wasm/wasm32-unknown-wasip1/WASI.sdk -sysroot /root/.swiftpm/swift-sdks/swift-6.4.x-DEVELOPMENT-SNAPSHOT-2026-09-04-a_wasm.artifactbundle/swift-6.4.x-DEVELOPMENT-SNAPSHOT-2026-09-04-a_wasm/wasm32-unknown-wasip1/WASI.sdk -I /host/spi-builder-workspace/.build/out/Products/Debug-webassembly-wasm32 -module-cache-path /host/spi-builder-workspace/.build/out/ModuleCache.noindex -color-diagnostics -Xcc -fcolor-diagnostics -enable-testing -g -debug-info-format\=dwarf -dwarf-version\=4 -swift-version 5 -Onone -D SWIFT_PACKAGE -D DEBUG -D SWIFT_MODULE_RESOURCE_BUNDLE_UNAVAILABLE -D Xcode -serialize-debugging-options -enable-experimental-feature DebugDescriptionMacro -empty-abi-descriptor -external-plugin-path /usr/lib/swift/host/plugins/testing\#/usr/bin/swift-plugin-server -validate-clang-modules-once -clang-build-session-file /host/spi-builder-workspace/.build/out/ModuleCache.noindex/Session.modulevalidation -Xcc -working-directory -Xcc /host -resource-dir /root/.swiftpm/swift-sdks/swift-6.4.x-DEVELOPMENT-SNAPSHOT-2026-09-04-a_wasm.artifactbundle/swift-6.4.x-DEVELOPMENT-SNAPSHOT-2026-09-04-a_wasm/wasm32-unknown-wasip1/swift.xctoolchain/usr/lib/swift_static -use-static-resource-dir -enable-anonymous-context-mangled-names -file-compilation-dir /host -Xcc -resource-dir -Xcc /root/.swiftpm/swift-sdks/swift-6.4.x-DEVELOPMENT-SNAPSHOT-2026-09-04-a_wasm.artifactbundle/swift-6.4.x-DEVELOPMENT-SNAPSHOT-2026-09-04-a_wasm/wasm32-unknown-wasip1/swift.xctoolchain/usr/lib/swift_static/clang -Xcc -D_LIBCPP_HARDENING_MODE\=_LIBCPP_HARDENING_MODE_DEBUG -Xcc -fmodules-prune-interval\=86400 -Xcc -fmodules-prune-after\=345600 -Xcc -I/host/spi-builder-workspace/.build/out/Products/Debug-webassembly-wasm32/include -Xcc -I/host/spi-builder-workspace/.build/out/Intermediates.noindex/Logboard.build/Debug-webassembly-wasm32/Logboard-t.build/DerivedSources-normal/wasm32 -Xcc -I/host/spi-builder-workspace/.build/out/Intermediates.noindex/Logboard.build/Debug-webassembly-wasm32/Logboard-t.build/DerivedSources/wasm32 -Xcc -I/host/spi-builder-workspace/.build/out/Intermediates.noindex/Logboard.build/Debug-webassembly-wasm32/Logboard-t.build/DerivedSources -Xcc -DSWIFT_PACKAGE -Xcc -DDEBUG\=1 -no-auto-bridging-header-chaining -module-name Logboard -package-name spi_builder_workspace -const-gather-protocols-file /host/spi-builder-workspace/.build/out/Intermediates.noindex/Logboard.build/Debug-webassembly-wasm32/Logboard-t.build/Objects-normal/wasm32/Logboard_const_extract_protocols.json -in-process-plugin-server-path /usr/lib/swift/host/libSwiftInProcPluginServer.so -plugin-path /usr/lib/swift/host/plugins -plugin-path /usr/local/lib/swift/host/plugins -emit-module-doc-path /host/spi-builder-workspace/.build/out/Intermediates.noindex/Logboard.build/Debug-webassembly-wasm32/Logboard-t.build/Objects-normal/wasm32/Modules/Logboard.swiftdoc -emit-module-source-info-path /host/spi-builder-workspace/.build/out/Intermediates.noindex/Logboard.build/Debug-webassembly-wasm32/Logboard-t.build/Objects-normal/wasm32/Modules/Logboard.swiftsourceinfo -emit-objc-header-path /host/spi-builder-workspace/.build/out/Intermediates.noindex/Logboard.build/Debug-webassembly-wasm32/Logboard-t.build/Objects-normal/wasm32/Logboard-Swift.h -serialize-diagnostics-path /host/spi-builder-workspace/.build/out/Intermediates.noindex/Logboard.build/Debug-webassembly-wasm32/Logboard-t.build/Objects-normal/wasm32/Logboard-primary-emit-module.dia -emit-dependencies-path /host/spi-builder-workspace/.build/out/Intermediates.noindex/Logboard.build/Debug-webassembly-wasm32/Logboard-t.build/Objects-normal/wasm32/Logboard-primary-emit-module.d -parse-as-library -o /host/spi-builder-workspace/.build/out/Intermediates.noindex/Logboard.build/Debug-webassembly-wasm32/Logboard-t.build/Objects-normal/wasm32/Modules/Logboard.swiftmodule
error: Build failed
BUILD FAILURE 6.4 wasm