The Swift Package Index logo.Swift Package Index

Build Information

Failed to build LoadableViews, reference main (579c17), with Swift 6.4 for Android on 17 Sep 2026 16:20:40 UTC.

Build Command

bash -c docker run --pull=always --rm -v "checkouts-54344844-0":/host -w "$PWD" -e JAVA_HOME="/root/.sdkman/candidates/java/current" -e SPI_BUILD="1" -e SPI_PROCESSING="1" registry.gitlab.com/saguaro1/spi-images:android-6.4-latest swift build --swift-sdk aarch64-unknown-linux-android28 2>&1

Build Log

========================================
RunAll
========================================
Builder version: 5.1.0
Interrupt handler set up.
========================================
Checkout
========================================
Clone URL: https://github.com/MLSDev/LoadableViews.git
Reference: main
Initialized empty Git repository in /host/spi-builder-workspace/.git/
hint: Using 'master' as the name for the initial branch. This default branch name
hint: is subject to change. To configure the initial branch name to use in all
hint: of your new repositories, which will suppress this warning, call:
hint:
hint: 	git config --global init.defaultBranch <name>
hint:
hint: Names commonly chosen instead of 'master' are 'main', 'trunk' and
hint: 'development'. The just-created branch can be renamed via this command:
hint:
hint: 	git branch -m <name>
From https://github.com/MLSDev/LoadableViews
 * branch            main       -> FETCH_HEAD
 * [new branch]      main       -> origin/main
HEAD is now at 579c175 Bump addressable from 2.8.0 to 2.9.0 (#30)
Cloned https://github.com/MLSDev/LoadableViews.git
Revision (git rev-parse @):
579c17534a56e99b50c9ca8efc2f858df4e6aff5
SUCCESS checkout https://github.com/MLSDev/LoadableViews.git at main
========================================
Build
========================================
Selected platform:         android
Swift version:             6.4
Building package at path:  $PWD
https://github.com/MLSDev/LoadableViews.git
Running build ...
bash -c docker run --pull=always --rm -v "checkouts-54344844-0":/host -w "$PWD" -e JAVA_HOME="/root/.sdkman/candidates/java/current" -e SPI_BUILD="1" -e SPI_PROCESSING="1" registry.gitlab.com/saguaro1/spi-images:android-6.4-latest swift build --swift-sdk aarch64-unknown-linux-android28 2>&1
android-6.4-latest: Pulling from saguaro1/spi-images
Digest: sha256:abadcff584c273feba50641b454858d377ba30b35ea7287a94f45ebd8afd0ea0
Status: Image is up to date for registry.gitlab.com/saguaro1/spi-images:android-6.4-latest
Building for debugging...
[Planning deferred tasks]
error: SwiftCompile normal aarch64 failed with a nonzero exit code. Command line:     cd /host

[23 / 31] LoadableViews
/host/spi-builder-workspace/Sources/LoadableViews/LoadableView.swift:40:27: error: cannot find type 'PlatformView' in scope
38 |
39 |     /// View that serves as a container for loadable view. Loadable views are added to container view in `setupNib(_:)` method.
40 |     var nibContainerView: PlatformView { get }
   |                           `- error: cannot find type 'PlatformView' in scope
41 |
42 |     /// Method that loads view from single view xib with `nibName`.
/host/spi-builder-workspace/Sources/LoadableViews/LoadableView.swift:45:23: error: cannot find type 'PlatformView' in scope
43 |     ///
44 |     /// - returns: loaded from xib view
45 |     func loadNib() -> PlatformView
   |                       `- error: cannot find type 'PlatformView' in scope
46 |
47 |     /// Method that is used to load and configure loadableView. It is then added to `nibContainerView` as a subview. This view receives constraints of same width and height as container view.
/host/spi-builder-workspace/Sources/LoadableViews/LoadableView.swift:57:11: error: cannot find type 'PlatformView' in scope
55 | }
56 |
57 | extension PlatformView {
   |           `- error: cannot find type 'PlatformView' in scope
58 |     /// View usually serves itself as a default container for loadable views
59 |     @objc dynamic open var nibContainerView : PlatformView { return self }
/host/spi-builder-workspace/Sources/LoadableViews/LoadableView.swift:71:26: error: cannot find type 'PlatformView' in scope
69 |
70 | /// UIView subclass, that can be loaded into different xib or storyboard by simply referencing it's class.
71 | open class LoadableView: PlatformView, NibLoadableProtocol {
   |                          `- error: cannot find type 'PlatformView' in scope
72 |
73 |     public override init(frame: CGRect) {
/host/spi-builder-workspace/Sources/LoadableViews/LoadableView.swift:73:21: error: initializer does not override a designated initializer from its superclass
71 | open class LoadableView: PlatformView, NibLoadableProtocol {
72 |
73 |     public override init(frame: CGRect) {
   |                     `- error: initializer does not override a designated initializer from its superclass
74 |         super.init(frame: frame)
75 |         setupNib()
/host/spi-builder-workspace/Sources/LoadableViews/LoadableView.swift:71:12: error: type 'LoadableView' does not conform to protocol 'NibLoadableProtocol'
69 |
70 | /// UIView subclass, that can be loaded into different xib or storyboard by simply referencing it's class.
71 | open class LoadableView: PlatformView, NibLoadableProtocol {
   |            `- error: type 'LoadableView' does not conform to protocol 'NibLoadableProtocol'
72 |
73 |     public override init(frame: CGRect) {
/host/spi-builder-workspace/Sources/LoadableViews/LoadableView.swift:71:12: error: type 'LoadableView' does not conform to protocol 'NSObjectProtocol'
49 |
50 |     /// Name of .xib file to load view from.
51 |     var nibName : String { get }
   |         `- note: protocol requires property 'nibName' with type 'String'
52 |
53 |     /// Bundle to load nib from
54 |     var bundle: Bundle { get }
   |         `- note: protocol requires property 'bundle' with type 'Bundle'
55 | }
56 |
   :
69 |
70 | /// UIView subclass, that can be loaded into different xib or storyboard by simply referencing it's class.
71 | open class LoadableView: PlatformView, NibLoadableProtocol {
   |            |- error: type 'LoadableView' does not conform to protocol 'NSObjectProtocol'
   |            `- note: add stubs for conformance
72 |
73 |     public override init(frame: CGRect) {
Foundation.NSObjectProtocol.isEqual:2:6: note: protocol requires function 'isEqual' with type '(Any?) -> Bool'
1 | protocol NSObjectProtocol {
2 | func isEqual(_ object: Any?) -> Bool}
  |      `- note: protocol requires function 'isEqual' with type '(Any?) -> Bool'
3 |
Foundation.NSObjectProtocol.hash:2:5: note: protocol requires property 'hash' with type 'Int'
1 | protocol NSObjectProtocol {
2 | var hash: Int { get }}
  |     `- note: protocol requires property 'hash' with type 'Int'
3 |
Foundation.NSObjectProtocol.self:2:6: note: protocol requires function 'self()' with type '() -> Self'
1 | protocol NSObjectProtocol {
2 | func `self`() -> Self}
  |      `- note: protocol requires function 'self()' with type '() -> Self'
3 |
Foundation.NSObjectProtocol.isProxy:2:6: note: protocol requires function 'isProxy()' with type '() -> Bool'
1 | protocol NSObjectProtocol {
2 | func isProxy() -> Bool}
  |      `- note: protocol requires function 'isProxy()' with type '() -> Bool'
3 |
Foundation.NSObjectProtocol.description:2:5: note: protocol requires property 'description' with type 'String'
1 | protocol NSObjectProtocol {
2 | var description: String { get }}
  |     `- note: protocol requires property 'description' with type 'String'
3 |
Failed frontend command:
/root/.local/share/swiftly/toolchains/6.4.x-snapshot-2026-09-04/usr/bin/swift-frontend -frontend -emit-module -experimental-skip-non-inlinable-function-bodies-without-types /host/spi-builder-workspace/Sources/LoadableViews/LoadableView+UIKit.swift /host/spi-builder-workspace/Sources/LoadableViews/LoadableView+macOS.swift /host/spi-builder-workspace/Sources/LoadableViews/LoadableView.swift -target aarch64-unknown-linux-android28 -Xllvm -aarch64-use-tbi -disable-objc-interop -sdk /android-ndk/android-ndk-r27d/toolchains/llvm/prebuilt/linux-x86_64/sysroot -sysroot /android-ndk/android-ndk-r27d/toolchains/llvm/prebuilt/linux-x86_64/sysroot -I /host/spi-builder-workspace/.build/out/Products/Debug-android-aarch64 -module-cache-path /host/spi-builder-workspace/.build/out/ModuleCache.noindex -color-diagnostics -Xcc -fcolor-diagnostics -enable-testing -g -debug-info-format\=dwarf -dwarf-version\=4 -swift-version 5 -Onone -D SWIFT_PACKAGE -D DEBUG -D SWIFT_MODULE_RESOURCE_BUNDLE_UNAVAILABLE -D Xcode -serialize-debugging-options -enable-experimental-feature DebugDescriptionMacro -empty-abi-descriptor -external-plugin-path /root/.local/share/swiftly/toolchains/6.4.x-snapshot-2026-09-04/usr/lib/swift/host/plugins/testing\#/root/.local/share/swiftly/toolchains/6.4.x-snapshot-2026-09-04/usr/bin/swift-plugin-server -validate-clang-modules-once -clang-build-session-file /host/spi-builder-workspace/.build/out/ModuleCache.noindex/Session.modulevalidation -Xcc -working-directory -Xcc /host -resource-dir /root/.swiftpm/swift-sdks/swift-6.4.x-DEVELOPMENT-SNAPSHOT-2026-09-04-a_android.artifactbundle/swift-android/swift-resources/usr/lib/swift-aarch64 -enable-anonymous-context-mangled-names -file-compilation-dir /host -Xcc -resource-dir -Xcc /android-ndk/android-ndk-r27d/toolchains/llvm/prebuilt/linux-x86_64/lib/clang/18 -Xcc -fno-omit-frame-pointer -Xcc -D_LIBCPP_HARDENING_MODE\=_LIBCPP_HARDENING_MODE_DEBUG -Xcc -fmodules-prune-interval\=86400 -Xcc -fmodules-prune-after\=345600 -Xcc -I/host/spi-builder-workspace/.build/out/Products/Debug-android-aarch64/include -Xcc -I/host/spi-builder-workspace/.build/out/Intermediates.noindex/LoadableViews.build/Debug-android-aarch64/LoadableViews-t.build/DerivedSources-normal/aarch64 -Xcc -I/host/spi-builder-workspace/.build/out/Intermediates.noindex/LoadableViews.build/Debug-android-aarch64/LoadableViews-t.build/DerivedSources/aarch64 -Xcc -I/host/spi-builder-workspace/.build/out/Intermediates.noindex/LoadableViews.build/Debug-android-aarch64/LoadableViews-t.build/DerivedSources -Xcc -DSWIFT_PACKAGE -Xcc -DDEBUG\=1 -no-auto-bridging-header-chaining -module-name LoadableViews -const-gather-protocols-file /host/spi-builder-workspace/.build/out/Intermediates.noindex/LoadableViews.build/Debug-android-aarch64/LoadableViews-t.build/Objects-normal/aarch64/LoadableViews_const_extract_protocols.json -in-process-plugin-server-path /root/.local/share/swiftly/toolchains/6.4.x-snapshot-2026-09-04/usr/lib/swift/host/libSwiftInProcPluginServer.so -plugin-path /root/.local/share/swiftly/toolchains/6.4.x-snapshot-2026-09-04/usr/lib/swift/host/plugins -plugin-path /root/.local/share/swiftly/toolchains/6.4.x-snapshot-2026-09-04/usr/local/lib/swift/host/plugins -emit-module-doc-path /host/spi-builder-workspace/.build/out/Intermediates.noindex/LoadableViews.build/Debug-android-aarch64/LoadableViews-t.build/Objects-normal/aarch64/Modules/LoadableViews.swiftdoc -emit-module-source-info-path /host/spi-builder-workspace/.build/out/Intermediates.noindex/LoadableViews.build/Debug-android-aarch64/LoadableViews-t.build/Objects-normal/aarch64/Modules/LoadableViews.swiftsourceinfo -emit-objc-header-path /host/spi-builder-workspace/.build/out/Intermediates.noindex/LoadableViews.build/Debug-android-aarch64/LoadableViews-t.build/Objects-normal/aarch64/LoadableViews-Swift.h -serialize-diagnostics-path /host/spi-builder-workspace/.build/out/Intermediates.noindex/LoadableViews.build/Debug-android-aarch64/LoadableViews-t.build/Objects-normal/aarch64/LoadableViews-primary-emit-module.dia -emit-dependencies-path /host/spi-builder-workspace/.build/out/Intermediates.noindex/LoadableViews.build/Debug-android-aarch64/LoadableViews-t.build/Objects-normal/aarch64/LoadableViews-primary-emit-module.d -parse-as-library -o /host/spi-builder-workspace/.build/out/Intermediates.noindex/LoadableViews.build/Debug-android-aarch64/LoadableViews-t.build/Objects-normal/aarch64/Modules/LoadableViews.swiftmodule
error: Build failed
BUILD FAILURE 6.4 android