The Swift Package Index logo.Swift Package Index

Build Information

Failed to build CryptoKitten, reference 0.2.3 (bf7a4d), with Swift 6.4 for visionOS using Xcode 27.0 on 15 Sep 2026 19:49:10 UTC.

Build Command

No build command. This typically means the build failed at an early stage where we determine the build command.

Build Log

========================================
RunAll
========================================
Builder version: 5.1.0
Interrupt handler set up.
========================================
Checkout
========================================
Clone URL: https://github.com/openkitten/cryptokitten.git
Reference: 0.2.3
Initialized empty Git repository in /Users/admin/builder/spi-builder-workspace/.git/
From https://github.com/openkitten/cryptokitten
 * tag               0.2.3      -> FETCH_HEAD
HEAD is now at bf7a4d6 Revert PBKDF2
Cloned https://github.com/openkitten/cryptokitten.git
Revision (git rev-parse @):
bf7a4d6dbd6f4bbd96ae620101239446d2cdd3f9
SUCCESS checkout https://github.com/openkitten/cryptokitten.git at 0.2.3
========================================
Build
========================================
Selected platform:         visionOS
Swift version:             6.4
Building package at path:  $PWD
https://github.com/openkitten/cryptokitten.git
Command line invocation:
    /Applications/Xcode-27.0.0-Release.Candidate.app/Contents/Developer/usr/bin/xcodebuild -IDEClonedSourcePackagesDirPathOverride=/Users/admin/builder/spi-builder-workspace/.dependencies -resolvePackageDependencies
Resolve Package Graph
package 'package.swift' is using Swift tools version 3.1.0 which is no longer supported; consider using '// swift-tools-version: 6.4' to specify the current tools version
Resolved source packages:
  spi-builder-workspace: (null)
2026-09-15 15:49:08.995 xcodebuild[524:3004] Writing error result bundle to /var/folders/xq/y_g06wb113726d38xsyx71_h0000gn/T/ResultBundle_2026-15-09_15-49-0008.xcresult
xcodebuild: error: Could not resolve package dependencies:
  package 'package.swift' is using Swift tools version 3.1.0 which is no longer supported; consider using '// swift-tools-version: 6.4' to specify the current tools version
Command line invocation:
    /Applications/Xcode-27.0.0-Release.Candidate.app/Contents/Developer/usr/bin/xcodebuild -IDEClonedSourcePackagesDirPathOverride=/Users/admin/builder/spi-builder-workspace/.dependencies -resolvePackageDependencies
Resolve Package Graph
package 'package.swift' is using Swift tools version 3.1.0 which is no longer supported; consider using '// swift-tools-version: 6.4' to specify the current tools version
Resolved source packages:
  spi-builder-workspace: (null)
2026-09-15 15:49:10.843 xcodebuild[573:3401] Writing error result bundle to /var/folders/xq/y_g06wb113726d38xsyx71_h0000gn/T/ResultBundle_2026-15-09_15-49-0010.xcresult
xcodebuild: error: Could not resolve package dependencies:
  package 'package.swift' is using Swift tools version 3.1.0 which is no longer supported; consider using '// swift-tools-version: 6.4' to specify the current tools version
BUILD FAILURE 6.4 visionOS