Build Information
Failed to build whim-ios-random, reference main (b97987), with Swift 6.4 for tvOS using Xcode 27.0 on 22 Sep 2026 04:49:48 UTC.
Build Command
env DEVELOPER_DIR=/Applications/Xcode-27.0.0-Release.Candidate.app xcrun xcodebuild -IDEClonedSourcePackagesDirPathOverride=$PWD/.dependencies -skipMacroValidation -skipPackagePluginValidation -derivedDataPath $PWD/.derivedData build -scheme whim-ios-random -destination generic/platform=tvOSBuild Log
========================================
RunAll
========================================
Builder version: 5.1.0
Interrupt handler set up.
========================================
Checkout
========================================
Clone URL: https://github.com/umob-app/whim-ios-random.git
Reference: main
Initialized empty Git repository in /Users/admin/builder/spi-builder-workspace/.git/
From https://github.com/umob-app/whim-ios-random
* branch main -> FETCH_HEAD
* [new branch] main -> origin/main
HEAD is now at b979870 Updated author email in podspec
Cloned https://github.com/umob-app/whim-ios-random.git
Revision (git rev-parse @):
b979870a0ce2c73817dad4e3ad2de9748c0f353e
SUCCESS checkout https://github.com/umob-app/whim-ios-random.git at main
========================================
Build
========================================
Selected platform: tvOS
Swift version: 6.4
Building package at path: $PWD
https://github.com/umob-app/whim-ios-random.git
Command line invocation:
/Applications/Xcode-27.0.0-Release.Candidate.app/Contents/Developer/usr/bin/xcodebuild -IDEClonedSourcePackagesDirPathOverride=/Users/admin/builder/spi-builder-workspace/.dependencies -resolvePackageDependencies
Resolve Package Graph
Resolve Package Graph
Resolved source packages:
whim-ios-random: /Users/admin/builder/spi-builder-workspace
resolved source packages: whim-ios-random
2026-09-22 00:48:55.563 xcodebuild[524:2997] [MT] IDERunDestination: Supported platforms for the buildables in the current scheme is empty.
{
"dependencies" : [
],
"manifest_display_name" : "whim-ios-random",
"name" : "whim-ios-random",
"path" : "/Users/admin/builder/spi-builder-workspace",
"platforms" : [
{
"name" : "ios",
"version" : "14.0"
}
],
"products" : [
{
"name" : "WhimRandom",
"targets" : [
"WhimRandom"
],
"type" : {
"library" : [
"automatic"
]
}
}
],
"targets" : [
{
"c99name" : "WhimRandomTests",
"module_type" : "SwiftTarget",
"name" : "WhimRandomTests",
"path" : "Tests/WhimRandomTests",
"sources" : [
"WhimRandomTests.swift"
],
"target_dependencies" : [
"WhimRandom"
],
"type" : "test"
},
{
"c99name" : "WhimRandom",
"module_type" : "SwiftTarget",
"name" : "WhimRandom",
"path" : "Sources/WhimRandom",
"product_memberships" : [
"WhimRandom"
],
"sources" : [
"Core/Extensions/Collections+Faker.swift",
"Core/Extensions/Collections+Random.swift",
"Core/Extensions/CoreGraphics+Random.swift",
"Core/Extensions/CoreLocation+Random.swift",
"Core/Extensions/Foundation+Random.swift",
"Core/Extensions/MapKit+Random.swift",
"Core/Extensions/Misc+Random.swift",
"Core/Extensions/Numbers+Random.swift",
"Core/Extensions/Strings+Faker.swift",
"Core/Extensions/Strings+Random.swift",
"Core/Extensions/Tuples+Random.swift",
"Core/Extensions/UIKit+Random.swift",
"Core/Faker.swift",
"Core/Random.swift",
"Core/Xoroshiro.swift"
],
"type" : "library"
}
],
"tools_version" : "5.7"
}
{
"workspace" : {
"name" : "whim-ios-random",
"schemes" : [
"whim-ios-random"
]
}
}
2026-09-22 00:49:36.622 xcodebuild[622:3900] [MT] IDERunDestination: Supported platforms for the buildables in the current scheme is empty.
Running build ...
env DEVELOPER_DIR=/Applications/Xcode-27.0.0-Release.Candidate.app xcrun xcodebuild -IDEClonedSourcePackagesDirPathOverride=$PWD/.dependencies -skipMacroValidation -skipPackagePluginValidation -derivedDataPath $PWD/.derivedData build -scheme whim-ios-random -destination generic/platform=tvOS
Command line invocation:
/Applications/Xcode-27.0.0-Release.Candidate.app/Contents/Developer/usr/bin/xcodebuild -IDEClonedSourcePackagesDirPathOverride=/Users/admin/builder/spi-builder-workspace/.dependencies -skipMacroValidation -skipPackagePluginValidation -derivedDataPath /Users/admin/builder/spi-builder-workspace/.derivedData build -scheme whim-ios-random -destination generic/platform=tvOS
Resolve Package Graph
Resolved source packages:
whim-ios-random: /Users/admin/builder/spi-builder-workspace
ComputePackagePrebuildTargetDependencyGraph
Prepare packages
CreateBuildRequest
SendProjectDescription
CreateBuildOperation
ComputeTargetDependencyGraph
note: Building targets in dependency order
note: Target dependency graph (2 targets)
Target 'WhimRandom-product' in project 'whim-ios-random'
➜ Explicit dependency on target 'WhimRandom' in project 'whim-ios-random'
Target 'WhimRandom' in project 'whim-ios-random' (no dependencies)
GatherProvisioningInputs
CreateBuildDescription
ExecuteExternalTool /Applications/Xcode-27.0.0-Release.Candidate.app/Contents/Developer/Toolchains/XcodeDefault.xctoolchain/usr/bin/clang -v -E -dM -isysroot /Applications/Xcode-27.0.0-Release.Candidate.app/Contents/Developer/Platforms/AppleTVOS.platform/Developer/SDKs/AppleTVOS27.0.sdk -x c -c /dev/null
ExecuteExternalTool /Applications/Xcode-27.0.0-Release.Candidate.app/Contents/Developer/Toolchains/XcodeDefault.xctoolchain/usr/bin/swiftc --version
ExecuteExternalTool /Applications/Xcode-27.0.0-Release.Candidate.app/Contents/Developer/Toolchains/XcodeDefault.xctoolchain/usr/bin/ld -version_details
Build description signature: 7f6afcbe0c35cd78010aa3191c1d11bb
Build description path: /Users/admin/builder/spi-builder-workspace/.derivedData/Build/Intermediates.noindex/XCBuildData/7f6afcbe0c35cd78010aa3191c1d11bb.xcbuilddata
CreateBuildDirectory /Users/admin/builder/spi-builder-workspace/.derivedData/SDKExplicitPrecompiledModules
cd /Users/admin/builder/spi-builder-workspace/.swiftpm/xcode
builtin-create-build-directory /Users/admin/builder/spi-builder-workspace/.derivedData/SDKExplicitPrecompiledModules
CreateBuildDirectory /Users/admin/builder/spi-builder-workspace/.derivedData/ModuleCache.noindex
cd /Users/admin/builder/spi-builder-workspace/.swiftpm/xcode
builtin-create-build-directory /Users/admin/builder/spi-builder-workspace/.derivedData/ModuleCache.noindex
CreateBuildDirectory /Users/admin/builder/spi-builder-workspace/.derivedData/CompilationCache.noindex
cd /Users/admin/builder/spi-builder-workspace/.swiftpm/xcode
builtin-create-build-directory /Users/admin/builder/spi-builder-workspace/.derivedData/CompilationCache.noindex
CreateBuildDirectory /Users/admin/builder/spi-builder-workspace/.derivedData/Build/Products
cd /Users/admin/builder/spi-builder-workspace/.swiftpm/xcode
builtin-create-build-directory /Users/admin/builder/spi-builder-workspace/.derivedData/Build/Products
CreateBuildDirectory /Users/admin/builder/spi-builder-workspace/.derivedData/Build/Intermediates.noindex
cd /Users/admin/builder/spi-builder-workspace/.swiftpm/xcode
builtin-create-build-directory /Users/admin/builder/spi-builder-workspace/.derivedData/Build/Intermediates.noindex
ClangStatCache /Applications/Xcode-27.0.0-Release.Candidate.app/Contents/Developer/Toolchains/XcodeDefault.xctoolchain/usr/bin/clang-stat-cache /Applications/Xcode-27.0.0-Release.Candidate.app/Contents/Developer/Platforms/AppleTVOS.platform/Developer/SDKs/AppleTVOS27.0.sdk /Users/admin/builder/spi-builder-workspace/.derivedData/SDKStatCaches.noindex/appletvos27.0-24J360-e829b21a6f8c9b70876ba0858053c044b32bfd8d43560033f8d89884cdb90028.sdkstatcache
cd /Users/admin/builder/spi-builder-workspace/.swiftpm/xcode
/Applications/Xcode-27.0.0-Release.Candidate.app/Contents/Developer/Toolchains/XcodeDefault.xctoolchain/usr/bin/clang-stat-cache /Applications/Xcode-27.0.0-Release.Candidate.app/Contents/Developer/Platforms/AppleTVOS.platform/Developer/SDKs/AppleTVOS27.0.sdk -o /Users/admin/builder/spi-builder-workspace/.derivedData/SDKStatCaches.noindex/appletvos27.0-24J360-e829b21a6f8c9b70876ba0858053c044b32bfd8d43560033f8d89884cdb90028.sdkstatcache
CreateBuildDirectory /Users/admin/builder/spi-builder-workspace/.derivedData/Build/Intermediates.noindex/SwiftExplicitPrecompiledModules
cd /Users/admin/builder/spi-builder-workspace/.swiftpm/xcode
builtin-create-build-directory /Users/admin/builder/spi-builder-workspace/.derivedData/Build/Intermediates.noindex/SwiftExplicitPrecompiledModules
CreateBuildDirectory /Users/admin/builder/spi-builder-workspace/.derivedData/Build/Intermediates.noindex/PrecompiledHeaders
cd /Users/admin/builder/spi-builder-workspace/.swiftpm/xcode
builtin-create-build-directory /Users/admin/builder/spi-builder-workspace/.derivedData/Build/Intermediates.noindex/PrecompiledHeaders
CreateBuildDirectory /Users/admin/builder/spi-builder-workspace/.derivedData/Build/Intermediates.noindex/ExplicitPrecompiledModules
cd /Users/admin/builder/spi-builder-workspace/.swiftpm/xcode
builtin-create-build-directory /Users/admin/builder/spi-builder-workspace/.derivedData/Build/Intermediates.noindex/ExplicitPrecompiledModules
CreateBuildDirectory /Users/admin/builder/spi-builder-workspace/.derivedData/Build/Intermediates.noindex/EagerLinkingTBDs/Debug-appletvos
cd /Users/admin/builder/spi-builder-workspace/.swiftpm/xcode
builtin-create-build-directory /Users/admin/builder/spi-builder-workspace/.derivedData/Build/Intermediates.noindex/EagerLinkingTBDs/Debug-appletvos
CreateBuildDirectory /Users/admin/builder/spi-builder-workspace/.derivedData/Build/Products/Debug-appletvos
cd /Users/admin/builder/spi-builder-workspace/.swiftpm/xcode
builtin-create-build-directory /Users/admin/builder/spi-builder-workspace/.derivedData/Build/Products/Debug-appletvos
CreateBuildDirectory /Users/admin/builder/spi-builder-workspace/.derivedData/Build/Products/Debug-appletvos/PackageFrameworks
cd /Users/admin/builder/spi-builder-workspace/.swiftpm/xcode
builtin-create-build-directory /Users/admin/builder/spi-builder-workspace/.derivedData/Build/Products/Debug-appletvos/PackageFrameworks
WriteAuxiliaryFile /Users/admin/builder/spi-builder-workspace/.derivedData/Build/Intermediates.noindex/whim-ios-random.build/Debug-appletvos/WhimRandom-t.build/WhimRandom.DependencyStaticMetadataFileList (in target 'WhimRandom' from project 'whim-ios-random')
cd /Users/admin/builder/spi-builder-workspace
write-file /Users/admin/builder/spi-builder-workspace/.derivedData/Build/Intermediates.noindex/whim-ios-random.build/Debug-appletvos/WhimRandom-t.build/WhimRandom.DependencyStaticMetadataFileList
WriteAuxiliaryFile /Users/admin/builder/spi-builder-workspace/.derivedData/Build/Intermediates.noindex/whim-ios-random.build/Debug-appletvos/WhimRandom-t.build/WhimRandom.DependencyMetadataFileList (in target 'WhimRandom' from project 'whim-ios-random')
cd /Users/admin/builder/spi-builder-workspace
write-file /Users/admin/builder/spi-builder-workspace/.derivedData/Build/Intermediates.noindex/whim-ios-random.build/Debug-appletvos/WhimRandom-t.build/WhimRandom.DependencyMetadataFileList
WriteAuxiliaryFile /Users/admin/builder/spi-builder-workspace/.derivedData/Build/Intermediates.noindex/whim-ios-random.build/Debug-appletvos/WhimRandom-t.build/WhimRandom.modulemap (in target 'WhimRandom' from project 'whim-ios-random')
cd /Users/admin/builder/spi-builder-workspace
write-file /Users/admin/builder/spi-builder-workspace/.derivedData/Build/Intermediates.noindex/whim-ios-random.build/Debug-appletvos/WhimRandom-t.build/WhimRandom.modulemap
WriteAuxiliaryFile /Users/admin/builder/spi-builder-workspace/.derivedData/Build/Intermediates.noindex/whim-ios-random.build/Debug-appletvos/WhimRandom-t.build/Objects-normal/arm64/WhimRandom-OutputFileMap.json (in target 'WhimRandom' from project 'whim-ios-random')
cd /Users/admin/builder/spi-builder-workspace
write-file /Users/admin/builder/spi-builder-workspace/.derivedData/Build/Intermediates.noindex/whim-ios-random.build/Debug-appletvos/WhimRandom-t.build/Objects-normal/arm64/WhimRandom-OutputFileMap.json
WriteAuxiliaryFile /Users/admin/builder/spi-builder-workspace/.derivedData/Build/Intermediates.noindex/whim-ios-random.build/Debug-appletvos/WhimRandom-t.build/Objects-normal/arm64/WhimRandom_const_extract_protocols.json (in target 'WhimRandom' from project 'whim-ios-random')
cd /Users/admin/builder/spi-builder-workspace
write-file /Users/admin/builder/spi-builder-workspace/.derivedData/Build/Intermediates.noindex/whim-ios-random.build/Debug-appletvos/WhimRandom-t.build/Objects-normal/arm64/WhimRandom_const_extract_protocols.json
WriteAuxiliaryFile /Users/admin/builder/spi-builder-workspace/.derivedData/Build/Intermediates.noindex/whim-ios-random.build/Debug-appletvos/WhimRandom-t.build/Objects-normal/arm64/WhimRandom.LinkFileList (in target 'WhimRandom' from project 'whim-ios-random')
cd /Users/admin/builder/spi-builder-workspace
write-file /Users/admin/builder/spi-builder-workspace/.derivedData/Build/Intermediates.noindex/whim-ios-random.build/Debug-appletvos/WhimRandom-t.build/Objects-normal/arm64/WhimRandom.LinkFileList
WriteAuxiliaryFile /Users/admin/builder/spi-builder-workspace/.derivedData/Build/Intermediates.noindex/whim-ios-random.build/Debug-appletvos/WhimRandom-t.build/Objects-normal/arm64/WhimRandom.SwiftConstValuesFileList (in target 'WhimRandom' from project 'whim-ios-random')
cd /Users/admin/builder/spi-builder-workspace
write-file /Users/admin/builder/spi-builder-workspace/.derivedData/Build/Intermediates.noindex/whim-ios-random.build/Debug-appletvos/WhimRandom-t.build/Objects-normal/arm64/WhimRandom.SwiftConstValuesFileList
WriteAuxiliaryFile /Users/admin/builder/spi-builder-workspace/.derivedData/Build/Intermediates.noindex/whim-ios-random.build/Debug-appletvos/WhimRandom-t.build/Objects-normal/arm64/WhimRandom.SwiftFileList (in target 'WhimRandom' from project 'whim-ios-random')
cd /Users/admin/builder/spi-builder-workspace
write-file /Users/admin/builder/spi-builder-workspace/.derivedData/Build/Intermediates.noindex/whim-ios-random.build/Debug-appletvos/WhimRandom-t.build/Objects-normal/arm64/WhimRandom.SwiftFileList
Copy /Users/admin/builder/spi-builder-workspace/.derivedData/Build/Intermediates.noindex/GeneratedModuleMaps-appletvos/WhimRandom.modulemap /Users/admin/builder/spi-builder-workspace/.derivedData/Build/Intermediates.noindex/whim-ios-random.build/Debug-appletvos/WhimRandom-t.build/WhimRandom.modulemap (in target 'WhimRandom' from project 'whim-ios-random')
cd /Users/admin/builder/spi-builder-workspace
builtin-copy -exclude .DS_Store -exclude CVS -exclude .svn -exclude .git -exclude .hg -resolve-src-symlinks /Users/admin/builder/spi-builder-workspace/.derivedData/Build/Intermediates.noindex/whim-ios-random.build/Debug-appletvos/WhimRandom-t.build/WhimRandom.modulemap /Users/admin/builder/spi-builder-workspace/.derivedData/Build/Intermediates.noindex/GeneratedModuleMaps-appletvos
SwiftDriver WhimRandom normal arm64 com.apple.xcode.tools.swift.compiler (in target 'WhimRandom' from project 'whim-ios-random')
cd /Users/admin/builder/spi-builder-workspace/.swiftpm/xcode
builtin-SwiftDriver -- /Applications/Xcode-27.0.0-Release.Candidate.app/Contents/Developer/Toolchains/XcodeDefault.xctoolchain/usr/bin/swiftc -parse-as-library -module-name WhimRandom -Onone @/Users/admin/builder/spi-builder-workspace/.derivedData/Build/Intermediates.noindex/whim-ios-random.build/Debug-appletvos/WhimRandom-t.build/Objects-normal/arm64/WhimRandom.SwiftFileList -DSWIFT_PACKAGE -DDEBUG -DSWIFT_MODULE_RESOURCE_BUNDLE_UNAVAILABLE -DXcode -plugin-path /Applications/Xcode-27.0.0-Release.Candidate.app/Contents/Developer/Toolchains/XcodeDefault.xctoolchain/usr/lib/swift/host/plugins/testing -enable-experimental-feature DebugDescriptionMacro -sdk /Applications/Xcode-27.0.0-Release.Candidate.app/Contents/Developer/Platforms/AppleTVOS.platform/Developer/SDKs/AppleTVOS27.0.sdk -target arm64-apple-tvos15.0 -g -module-cache-path /Users/admin/builder/spi-builder-workspace/.derivedData/ModuleCache.noindex -Xfrontend -serialize-debugging-options -profile-coverage-mapping -profile-generate -enable-testing -index-store-path /Users/admin/builder/spi-builder-workspace/.derivedData/Index.noindex/DataStore -Xcc -D_LIBCPP_HARDENING_MODE\=_LIBCPP_HARDENING_MODE_DEBUG -swift-version 5 -I /Users/admin/builder/spi-builder-workspace/.derivedData/Build/Products/Debug-appletvos -Isystem /Applications/Xcode-27.0.0-Release.Candidate.app/Contents/Developer/Platforms/AppleTVOS.platform/Developer/usr/lib -F /Users/admin/builder/spi-builder-workspace/.derivedData/Build/Products/Debug-appletvos -F /Applications/Xcode-27.0.0-Release.Candidate.app/Contents/Developer/Platforms/AppleTVOS.platform/Developer/Library/Frameworks -F /Applications/Xcode-27.0.0-Release.Candidate.app/Contents/Developer/Platforms/AppleTVOS.platform/Developer/SDKs/AppleTVOS27.0.sdk/Developer/Library/Frameworks -c -j10 -enable-batch-mode -incremental -Xcc -ivfsstatcache -Xcc /Users/admin/builder/spi-builder-workspace/.derivedData/SDKStatCaches.noindex/appletvos27.0-24J360-e829b21a6f8c9b70876ba0858053c044b32bfd8d43560033f8d89884cdb90028.sdkstatcache -output-file-map /Users/admin/builder/spi-builder-workspace/.derivedData/Build/Intermediates.noindex/whim-ios-random.build/Debug-appletvos/WhimRandom-t.build/Objects-normal/arm64/WhimRandom-OutputFileMap.json -save-temps -no-color-diagnostics -explicit-module-build -module-cache-path /Users/admin/builder/spi-builder-workspace/.derivedData/Build/Intermediates.noindex/SwiftExplicitPrecompiledModules -clang-scanner-module-cache-path /Users/admin/builder/spi-builder-workspace/.derivedData/ModuleCache.noindex -sdk-module-cache-path /Users/admin/builder/spi-builder-workspace/.derivedData/SDKExplicitPrecompiledModules -emit-dependencies -emit-module -emit-module-path /Users/admin/builder/spi-builder-workspace/.derivedData/Build/Intermediates.noindex/whim-ios-random.build/Debug-appletvos/WhimRandom-t.build/Objects-normal/arm64/WhimRandom.swiftmodule -serialize-diagnostics -dependency-scan-serialize-diagnostics-path /Users/admin/builder/spi-builder-workspace/.derivedData/Build/Intermediates.noindex/whim-ios-random.build/Debug-appletvos/WhimRandom-t.build/Objects-normal/arm64/WhimRandom-dependency-scan.dia -validate-clang-modules-once -clang-build-session-file /Users/admin/builder/spi-builder-workspace/.derivedData/ModuleCache.noindex/Session.modulevalidation -Xcc -fmodules-prune-interval\=86400 -Xcc -fmodules-prune-after\=345600 -emit-const-values -const-gather-protocols-list /Users/admin/builder/spi-builder-workspace/.derivedData/Build/Intermediates.noindex/whim-ios-random.build/Debug-appletvos/WhimRandom-t.build/Objects-normal/arm64/WhimRandom_const_extract_protocols.json -Xcc -I/Users/admin/builder/spi-builder-workspace/.derivedData/Build/Products/Debug-appletvos/include -Xcc -I/Users/admin/builder/spi-builder-workspace/.derivedData/Build/Intermediates.noindex/whim-ios-random.build/Debug-appletvos/WhimRandom-t.build/DerivedSources-normal/arm64 -Xcc -I/Users/admin/builder/spi-builder-workspace/.derivedData/Build/Intermediates.noindex/whim-ios-random.build/Debug-appletvos/WhimRandom-t.build/DerivedSources/arm64 -Xcc -I/Users/admin/builder/spi-builder-workspace/.derivedData/Build/Intermediates.noindex/whim-ios-random.build/Debug-appletvos/WhimRandom-t.build/DerivedSources -Xcc -DSWIFT_PACKAGE -Xcc -DDEBUG\=1 -emit-objc-header -emit-objc-header-path /Users/admin/builder/spi-builder-workspace/.derivedData/Build/Intermediates.noindex/whim-ios-random.build/Debug-appletvos/WhimRandom-t.build/Objects-normal/arm64/WhimRandom-Swift.h -working-directory /Users/admin/builder/spi-builder-workspace/.swiftpm/xcode -experimental-emit-module-separately -disable-cmo
SwiftExplicitDependencyGeneratePcm arm64 /Users/admin/builder/spi-builder-workspace/.derivedData/SDKExplicitPrecompiledModules/DeveloperToolsSupport-B1X8RI63V48AJRTH2RK6JAARV.pcm
SwiftExplicitDependencyGeneratePcm arm64 /Users/admin/builder/spi-builder-workspace/.derivedData/SDKExplicitPrecompiledModules/_SwiftConcurrencyShims-BY5PD8KF1L5KF6F4Q69HE3TJ4.pcm
SwiftExplicitDependencyGeneratePcm arm64 /Users/admin/builder/spi-builder-workspace/.derivedData/SDKExplicitPrecompiledModules/_Builtin_float-8ZJAYZ85YBOAOP52Y9H6IUNP3.pcm
SwiftExplicitDependencyGeneratePcm arm64 /Users/admin/builder/spi-builder-workspace/.derivedData/SDKExplicitPrecompiledModules/ptrauth-8X2KEPL7CTRPS40TUB9APHPK6.pcm
SwiftExplicitDependencyGeneratePcm arm64 /Users/admin/builder/spi-builder-workspace/.derivedData/SDKExplicitPrecompiledModules/_Builtin_stdbool-AHRDH5EKLY6D04C5E42F3VCQI.pcm
SwiftExplicitDependencyGeneratePcm arm64 /Users/admin/builder/spi-builder-workspace/.derivedData/SDKExplicitPrecompiledModules/_Builtin_stddef-9ZJZ6FDEZNKTZU8YLPMFT9RAQ.pcm
SwiftExplicitDependencyGeneratePcm arm64 /Users/admin/builder/spi-builder-workspace/.derivedData/SDKExplicitPrecompiledModules/ptrcheck-2AZ6B5IBYD3RRRTFWN2ONASY3.pcm
SwiftExplicitDependencyGeneratePcm arm64 /Users/admin/builder/spi-builder-workspace/.derivedData/SDKExplicitPrecompiledModules/_AvailabilityInternal-BV2EDDP0MI5QJDDPEEV4D9D3V.pcm
SwiftExplicitDependencyGeneratePcm arm64 /Users/admin/builder/spi-builder-workspace/.derivedData/SDKExplicitPrecompiledModules/_Builtin_stdarg-BO2OCAUYVAXDRVQWQ8ISKGNUQ.pcm
SwiftExplicitDependencyGeneratePcm arm64 /Users/admin/builder/spi-builder-workspace/.derivedData/SDKExplicitPrecompiledModules/SwiftShims-8N4EXJ4RUJTR8K9OO3CMOH1EP.pcm
SwiftExplicitDependencyGeneratePcm arm64 /Users/admin/builder/spi-builder-workspace/.derivedData/SDKExplicitPrecompiledModules/_DarwinFoundation1-JOTYMOA1YZCIJ2NON6FQ848O.pcm
SwiftExplicitDependencyGeneratePcm arm64 /Users/admin/builder/spi-builder-workspace/.derivedData/SDKExplicitPrecompiledModules/_DarwinFoundation2-AOGAN1O02NKXRJN5V73AV3V3M.pcm
SwiftExplicitDependencyGeneratePcm arm64 /Users/admin/builder/spi-builder-workspace/.derivedData/SDKExplicitPrecompiledModules/_Builtin_limits-7JU2HP127LIT1X9E2V3D8WZ1.pcm
SwiftExplicitDependencyGeneratePcm arm64 /Users/admin/builder/spi-builder-workspace/.derivedData/SDKExplicitPrecompiledModules/sys_types-8GCAV1YMG5UUGHUID3CA20TCH.pcm
SwiftExplicitDependencyGeneratePcm arm64 /Users/admin/builder/spi-builder-workspace/.derivedData/SDKExplicitPrecompiledModules/_Builtin_stdint-6NFTB6IBKS143IVPGT1EKB7HO.pcm
SwiftExplicitDependencyGeneratePcm arm64 /Users/admin/builder/spi-builder-workspace/.derivedData/SDKExplicitPrecompiledModules/_Builtin_tgmath-7ULT1EUHDHW4OZPSTT33H6QGE.pcm
SwiftExplicitDependencyGeneratePcm arm64 /Users/admin/builder/spi-builder-workspace/.derivedData/SDKExplicitPrecompiledModules/string_h-6EVHP7A717OUS5DMC78F79HWO.pcm
SwiftExplicitDependencyGeneratePcm arm64 /Users/admin/builder/spi-builder-workspace/.derivedData/SDKExplicitPrecompiledModules/_DarwinFoundation3-8SR3855WDFHQPR6G9GHOI2C07.pcm
SwiftExplicitDependencyGeneratePcm arm64 /Users/admin/builder/spi-builder-workspace/.derivedData/SDKExplicitPrecompiledModules/_Builtin_stdatomic-3YXHN678NGYM3NL9POJ2HVEIF.pcm
SwiftExplicitDependencyGeneratePcm arm64 /Users/admin/builder/spi-builder-workspace/.derivedData/SDKExplicitPrecompiledModules/_Builtin_intrinsics-437O2R2NID4WAQVENR63GR82C.pcm
SwiftExplicitDependencyGeneratePcm arm64 /Users/admin/builder/spi-builder-workspace/.derivedData/SDKExplicitPrecompiledModules/_Builtin_inttypes-6X1IQ3QK9KEVKXOK9Y79EW7J3.pcm
SwiftExplicitDependencyGeneratePcm arm64 /Users/admin/builder/spi-builder-workspace/.derivedData/SDKExplicitPrecompiledModules/Darwin-DBSQAVBBPC3D2OMU5ZI2RXMST.pcm
SwiftExplicitDependencyGeneratePcm arm64 /Users/admin/builder/spi-builder-workspace/.derivedData/SDKExplicitPrecompiledModules/simd-117QUXEUT3Z7UQCUYWV2UA228.pcm
SwiftExplicitDependencyGeneratePcm arm64 /Users/admin/builder/spi-builder-workspace/.derivedData/SDKExplicitPrecompiledModules/ObjectiveC-5250FDCE56N8508OR6XUYDKZM.pcm
SwiftExplicitDependencyGeneratePcm arm64 /Users/admin/builder/spi-builder-workspace/.derivedData/SDKExplicitPrecompiledModules/MachO-EH3F5PJCIZG05NO51CEFSZYPW.pcm
SwiftExplicitDependencyGeneratePcm arm64 /Users/admin/builder/spi-builder-workspace/.derivedData/SDKExplicitPrecompiledModules/os_object-E2DGZ0SX0TULQHULZRPO6OKNW.pcm
SwiftExplicitDependencyGeneratePcm arm64 /Users/admin/builder/spi-builder-workspace/.derivedData/SDKExplicitPrecompiledModules/os_workgroup-DBUFF7811DKMX7VPBOJPGGF1U.pcm
SwiftExplicitDependencyGeneratePcm arm64 /Users/admin/builder/spi-builder-workspace/.derivedData/SDKExplicitPrecompiledModules/Spatial-7U8NLEFXSB8BR7PJQGVMF5A4Q.pcm
SwiftExplicitDependencyGeneratePcm arm64 /Users/admin/builder/spi-builder-workspace/.derivedData/SDKExplicitPrecompiledModules/Dispatch-1QL58A0V50C39KVAIC6C38SHL.pcm
SwiftExplicitDependencyGeneratePcm arm64 /Users/admin/builder/spi-builder-workspace/.derivedData/SDKExplicitPrecompiledModules/XPC-6O2DJFT3QUJ7QKTD3SNUB6PCR.pcm
SwiftExplicitDependencyGeneratePcm arm64 /Users/admin/builder/spi-builder-workspace/.derivedData/SDKExplicitPrecompiledModules/CoreFoundation-7TPJ7ENDC4L1A1ESHYI9TXS0D.pcm
SwiftExplicitDependencyGeneratePcm arm64 /Users/admin/builder/spi-builder-workspace/.derivedData/SDKExplicitPrecompiledModules/os-3GJI8H0BNAEZPQPQ1V0VVY3FY.pcm
SwiftExplicitDependencyGeneratePcm arm64 /Users/admin/builder/spi-builder-workspace/.derivedData/SDKExplicitPrecompiledModules/CoreGraphics-CWSP3J98S2658BYCVL6RP99T3.pcm
SwiftExplicitDependencyGeneratePcm arm64 /Users/admin/builder/spi-builder-workspace/.derivedData/SDKExplicitPrecompiledModules/Security-8VMXEKVDA3MHUH9AOTP905DID.pcm
SwiftExplicitDependencyGeneratePcm arm64 /Users/admin/builder/spi-builder-workspace/.derivedData/SDKExplicitPrecompiledModules/CFNetwork-2CUR2VK9S3S3WPFXPNXNUWYGN.pcm
SwiftExplicitDependencyGeneratePcm arm64 /Users/admin/builder/spi-builder-workspace/.derivedData/SDKExplicitPrecompiledModules/Foundation-BSSIP64DIGUKMAYJOG1WPQ78X.pcm
SwiftExplicitDependencyGeneratePcm arm64 /Users/admin/builder/spi-builder-workspace/.derivedData/SDKExplicitPrecompiledModules/ImageIO-88D4CLEBD4CLWQKT78PZ6H1O8.pcm
SwiftExplicitDependencyGeneratePcm arm64 /Users/admin/builder/spi-builder-workspace/.derivedData/SDKExplicitPrecompiledModules/CoreText-59NY7PABM0I4V978161FOC04A.pcm
SwiftExplicitDependencyGeneratePcm arm64 /Users/admin/builder/spi-builder-workspace/.derivedData/SDKExplicitPrecompiledModules/DataDetection-37JIYZ2GWDA1L166PP1D9JKAF.pcm
SwiftExplicitDependencyGeneratePcm arm64 /Users/admin/builder/spi-builder-workspace/.derivedData/SDKExplicitPrecompiledModules/Accessibility-B6BODGZ4MQQTY0PBC4SHRP009.pcm
SwiftExplicitDependencyGeneratePcm arm64 /Users/admin/builder/spi-builder-workspace/.derivedData/SDKExplicitPrecompiledModules/OSLog-7OT6HHTMY0ZFEQJ095LJZ6NLC.pcm
SwiftExplicitDependencyGeneratePcm arm64 /Users/admin/builder/spi-builder-workspace/.derivedData/SDKExplicitPrecompiledModules/UniformTypeIdentifiers-95CC8U42ZA9STP5K6GP9ZVJS5.pcm
SwiftExplicitDependencyGeneratePcm arm64 /Users/admin/builder/spi-builder-workspace/.derivedData/SDKExplicitPrecompiledModules/Symbols-B5AU9VM9Y7NU79RLMH13Z4IFM.pcm
SwiftExplicitDependencyGeneratePcm arm64 /Users/admin/builder/spi-builder-workspace/.derivedData/SDKExplicitPrecompiledModules/UserNotifications-E9ZW5TH066WIJWH9080RC5NG4.pcm
SwiftExplicitDependencyGeneratePcm arm64 /Users/admin/builder/spi-builder-workspace/.derivedData/SDKExplicitPrecompiledModules/CoreTransferable-7V4O8DATEQ9F7SDNTCW8YWLG3.pcm
SwiftExplicitDependencyGeneratePcm arm64 /Users/admin/builder/spi-builder-workspace/.derivedData/SDKExplicitPrecompiledModules/UIUtilities-6ZFJ1AK4H8IBGEBMYQBWGBYLK.pcm
SwiftExplicitDependencyGeneratePcm arm64 /Users/admin/builder/spi-builder-workspace/.derivedData/SDKExplicitPrecompiledModules/IOSurface-38FJ1CKX9FV2RD97O64Z7QB17.pcm
SwiftExplicitDependencyGeneratePcm arm64 /Users/admin/builder/spi-builder-workspace/.derivedData/SDKExplicitPrecompiledModules/_LocationEssentials-ETSJ65FELPWR8WH8G49R1DF2E.pcm
SwiftExplicitDependencyGeneratePcm arm64 /Users/admin/builder/spi-builder-workspace/.derivedData/SDKExplicitPrecompiledModules/CoreLocation-YVXXAOMVX0JH2KO1XTTKTY51.pcm
SwiftExplicitDependencyGeneratePcm arm64 /Users/admin/builder/spi-builder-workspace/.derivedData/SDKExplicitPrecompiledModules/OpenGLES-4NY99CNDU9WUNUYEIXSS1QFGE.pcm
SwiftExplicitDependencyGeneratePcm arm64 /Users/admin/builder/spi-builder-workspace/.derivedData/SDKExplicitPrecompiledModules/Metal-2KYBS7IML1SD788M91YV7Q0CC.pcm
SwiftExplicitDependencyGeneratePcm arm64 /Users/admin/builder/spi-builder-workspace/.derivedData/SDKExplicitPrecompiledModules/CoreVideo-DPU0PB5X0XLSVA2ETRGI6FJBM.pcm
SwiftExplicitDependencyGeneratePcm arm64 /Users/admin/builder/spi-builder-workspace/.derivedData/SDKExplicitPrecompiledModules/QuartzCore-DJSYAWKXFGVSAK5CQMOB3JSR.pcm
SwiftExplicitDependencyGeneratePcm arm64 /Users/admin/builder/spi-builder-workspace/.derivedData/SDKExplicitPrecompiledModules/CoreImage-7S2AFJ8EIY3DUFYLEAX1JR1QV.pcm
SwiftExplicitDependencyGeneratePcm arm64 /Users/admin/builder/spi-builder-workspace/.derivedData/SDKExplicitPrecompiledModules/SwiftUICore-543QU5V2NHKUFCYFJDKUJ7NYG.pcm
SwiftExplicitDependencyGeneratePcm arm64 /Users/admin/builder/spi-builder-workspace/.derivedData/SDKExplicitPrecompiledModules/UIKit-1TKWN7VC2X6N3ITMRVA2G0EB2.pcm
SwiftExplicitDependencyGeneratePcm arm64 /Users/admin/builder/spi-builder-workspace/.derivedData/SDKExplicitPrecompiledModules/MapKit-CRACM3TE3US8BDJJQYC9C1LKW.pcm
SwiftEmitModule normal arm64 Emitting\ module\ for\ WhimRandom (in target 'WhimRandom' from project 'whim-ios-random')
/Users/admin/builder/spi-builder-workspace/Sources/WhimRandom/Core/Extensions/CoreGraphics+Random.swift:18:1: warning: extension declares a conformance of imported type 'CGLineCap' to imported protocol 'CaseIterable'; this will not behave correctly if the owners of 'CoreGraphics' introduce this conformance in the future
16 | }
17 |
18 | extension CGLineCap: CaseIterable, Random {
| |- warning: extension declares a conformance of imported type 'CGLineCap' to imported protocol 'CaseIterable'; this will not behave correctly if the owners of 'CoreGraphics' introduce this conformance in the future
| `- note: add '@retroactive' to silence this warning
19 | public typealias AllCases = [CGLineCap]
20 |
/Users/admin/builder/spi-builder-workspace/Sources/WhimRandom/Core/Extensions/CoreGraphics+Random.swift:30:1: warning: extension declares a conformance of imported type 'CGLineJoin' to imported protocol 'CaseIterable'; this will not behave correctly if the owners of 'CoreGraphics' introduce this conformance in the future
28 | }
29 |
30 | extension CGLineJoin: CaseIterable, Random {
| |- warning: extension declares a conformance of imported type 'CGLineJoin' to imported protocol 'CaseIterable'; this will not behave correctly if the owners of 'CoreGraphics' introduce this conformance in the future
| `- note: add '@retroactive' to silence this warning
31 | public typealias AllCases = [CGLineJoin]
32 |
/Users/admin/builder/spi-builder-workspace/Sources/WhimRandom/Core/Extensions/CoreLocation+Random.swift:22:11: error: 'CLHeading' is unavailable in tvOS
20 | }
21 |
22 | extension CLHeading: Random {
| `- error: 'CLHeading' is unavailable in tvOS
23 | public static func random<G: RandomNumberGenerator>(using generator: inout G) -> Self {
24 | return Self()
/Applications/Xcode-27.0.0-Release.Candidate.app/Contents/Developer/Platforms/AppleTVOS.platform/Developer/SDKs/AppleTVOS27.0.sdk/System/Library/Frameworks/CoreLocation.framework/Headers/CLHeading.h:42:12: note: 'CLHeading' has been explicitly marked unavailable here
40 | CL_EXTERN
41 | API_AVAILABLE(macos(10.7), ios(3.0), watchos(2.0)) API_UNAVAILABLE(tvos, visionos)
42 | @interface CLHeading : NSObject <NSCopying, NSSecureCoding>
| `- note: 'CLHeading' has been explicitly marked unavailable here
43 | {
44 | @private
Failed frontend command:
SwiftCompile normal arm64 (in target 'WhimRandom' from project 'whim-ios-random')
cd /Users/admin/builder/spi-builder-workspace/.swiftpm/xcode
/Applications/Xcode-27.0.0-Release.Candidate.app/Contents/Developer/Toolchains/XcodeDefault.xctoolchain/usr/bin/swift-frontend -frontend -emit-module -experimental-skip-non-inlinable-function-bodies-without-types /Users/admin/builder/spi-builder-workspace/Sources/WhimRandom/Core/Extensions/Collections+Faker.swift /Users/admin/builder/spi-builder-workspace/Sources/WhimRandom/Core/Extensions/Collections+Random.swift /Users/admin/builder/spi-builder-workspace/Sources/WhimRandom/Core/Extensions/CoreGraphics+Random.swift /Users/admin/builder/spi-builder-workspace/Sources/WhimRandom/Core/Extensions/CoreLocation+Random.swift /Users/admin/builder/spi-builder-workspace/Sources/WhimRandom/Core/Extensions/Foundation+Random.swift /Users/admin/builder/spi-builder-workspace/Sources/WhimRandom/Core/Extensions/MapKit+Random.swift /Users/admin/builder/spi-builder-workspace/Sources/WhimRandom/Core/Extensions/Misc+Random.swift /Users/admin/builder/spi-builder-workspace/Sources/WhimRandom/Core/Extensions/Numbers+Random.swift /Users/admin/builder/spi-builder-workspace/Sources/WhimRandom/Core/Extensions/Strings+Faker.swift /Users/admin/builder/spi-builder-workspace/Sources/WhimRandom/Core/Extensions/Strings+Random.swift /Users/admin/builder/spi-builder-workspace/Sources/WhimRandom/Core/Extensions/Tuples+Random.swift /Users/admin/builder/spi-builder-workspace/Sources/WhimRandom/Core/Extensions/UIKit+Random.swift /Users/admin/builder/spi-builder-workspace/Sources/WhimRandom/Core/Faker.swift /Users/admin/builder/spi-builder-workspace/Sources/WhimRandom/Core/Random.swift /Users/admin/builder/spi-builder-workspace/Sources/WhimRandom/Core/Xoroshiro.swift -target arm64-apple-tvos15.0 -disable-cross-import-overlay-search -swift-module-cross-import MapKit /Applications/Xcode-27.0.0-Release.Candidate.app/Contents/Developer/Platforms/AppleTVOS.platform/Developer/SDKs/AppleTVOS.sdk/System/Library/Frameworks/MapKit.framework/Modules/MapKit.swiftcrossimport/SwiftUI.swiftoverlay -swift-module-cross-import MapKit /Applications/Xcode-27.0.0-Release.Candidate.app/Contents/Developer/Platforms/AppleTVOS.platform/Developer/SDKs/AppleTVOS27.0.sdk/System/Library/Frameworks/MapKit.framework/Modules/MapKit.swiftcrossimport/SwiftUI.swiftoverlay -load-resolved-plugin /Applications/Xcode-27.0.0-Release.Candidate.app/Contents/Developer/Platforms/AppleTVOS.platform/Developer/usr/lib/swift/host/plugins/libFoundationMacros.dylib\#/Applications/Xcode-27.0.0-Release.Candidate.app/Contents/Developer/Platforms/AppleTVOS.platform/Developer/usr/bin/swift-plugin-server\#FoundationMacros -load-resolved-plugin /Applications/Xcode-27.0.0-Release.Candidate.app/Contents/Developer/Platforms/AppleTVOS.platform/Developer/usr/lib/swift/host/plugins/libObservationMacros.dylib\#/Applications/Xcode-27.0.0-Release.Candidate.app/Contents/Developer/Platforms/AppleTVOS.platform/Developer/usr/bin/swift-plugin-server\#ObservationMacros -load-resolved-plugin /Applications/Xcode-27.0.0-Release.Candidate.app/Contents/Developer/Platforms/AppleTVOS.platform/Developer/usr/lib/swift/host/plugins/libPreviewsMacros.dylib\#/Applications/Xcode-27.0.0-Release.Candidate.app/Contents/Developer/Platforms/AppleTVOS.platform/Developer/usr/bin/swift-plugin-server\#PreviewsMacros -load-resolved-plugin /Applications/Xcode-27.0.0-Release.Candidate.app/Contents/Developer/Platforms/AppleTVOS.platform/Developer/usr/lib/swift/host/plugins/libSwiftMacros.dylib\#/Applications/Xcode-27.0.0-Release.Candidate.app/Contents/Developer/Platforms/AppleTVOS.platform/Developer/usr/bin/swift-plugin-server\#SwiftMacros -load-resolved-plugin /Applications/Xcode-27.0.0-Release.Candidate.app/Contents/Developer/Platforms/AppleTVOS.platform/Developer/usr/lib/swift/host/plugins/libSwiftUIMacros.dylib\#/Applications/Xcode-27.0.0-Release.Candidate.app/Contents/Developer/Platforms/AppleTVOS.platform/Developer/usr/bin/swift-plugin-server\#SwiftUIMacros -disable-implicit-swift-modules -Xcc -fno-implicit-modules -Xcc -fno-implicit-module-maps -explicit-swift-module-map-file /Users/admin/builder/spi-builder-workspace/.derivedData/Build/Intermediates.noindex/whim-ios-random.build/Debug-appletvos/WhimRandom-t.build/Objects-normal/arm64/WhimRandom-dependencies-1.json -Xllvm -aarch64-use-tbi -enable-objc-interop -stack-check -sdk /Applications/Xcode-27.0.0-Release.Candidate.app/Contents/Developer/Platforms/AppleTVOS.platform/Developer/SDKs/AppleTVOS27.0.sdk -I /Users/admin/builder/spi-builder-workspace/.derivedData/Build/Products/Debug-appletvos -Isystem /Applications/Xcode-27.0.0-Release.Candidate.app/Contents/Developer/Platforms/AppleTVOS.platform/Developer/usr/lib -F /Users/admin/builder/spi-builder-workspace/.derivedData/Build/Products/Debug-appletvos -F /Applications/Xcode-27.0.0-Release.Candidate.app/Contents/Developer/Platforms/AppleTVOS.platform/Developer/Library/Frameworks -F /Applications/Xcode-27.0.0-Release.Candidate.app/Contents/Developer/Platforms/AppleTVOS.platform/Developer/SDKs/AppleTVOS27.0.sdk/Developer/Library/Frameworks -module-cache-path /Users/admin/builder/spi-builder-workspace/.derivedData/Build/Intermediates.noindex/SwiftExplicitPrecompiledModules -no-color-diagnostics -Xcc -fno-color-diagnostics -enable-testing -g -debug-info-format\=dwarf -dwarf-version\=4 -profile-generate -profile-coverage-mapping -swift-version 5 -Onone -D SWIFT_PACKAGE -D DEBUG -D SWIFT_MODULE_RESOURCE_BUNDLE_UNAVAILABLE -D Xcode -serialize-debugging-options -enable-experimental-feature DebugDescriptionMacro -empty-abi-descriptor -validate-clang-modules-once -clang-build-session-file /Users/admin/builder/spi-builder-workspace/.derivedData/ModuleCache.noindex/Session.modulevalidation -Xcc -working-directory -Xcc /Users/admin/builder/spi-builder-workspace/.swiftpm/xcode -enable-anonymous-context-mangled-names -file-compilation-dir /Users/admin/builder/spi-builder-workspace/.swiftpm/xcode -Xcc -D_LIBCPP_HARDENING_MODE\=_LIBCPP_HARDENING_MODE_DEBUG -Xcc -ivfsstatcache -Xcc /Users/admin/builder/spi-builder-workspace/.derivedData/SDKStatCaches.noindex/appletvos27.0-24J360-e829b21a6f8c9b70876ba0858053c044b32bfd8d43560033f8d89884cdb90028.sdkstatcache -Xcc -fmodules-prune-interval\=86400 -Xcc -fmodules-prune-after\=345600 -Xcc -I/Users/admin/builder/spi-builder-workspace/.derivedData/Build/Products/Debug-appletvos/include -Xcc -I/Users/admin/builder/spi-builder-workspace/.derivedData/Build/Intermediates.noindex/whim-ios-random.build/Debug-appletvos/WhimRandom-t.build/DerivedSources-normal/arm64 -Xcc -I/Users/admin/builder/spi-builder-workspace/.derivedData/Build/Intermediates.noindex/whim-ios-random.build/Debug-appletvos/WhimRandom-t.build/DerivedSources/arm64 -Xcc -I/Users/admin/builder/spi-builder-workspace/.derivedData/Build/Intermediates.noindex/whim-ios-random.build/Debug-appletvos/WhimRandom-t.build/DerivedSources -Xcc -DSWIFT_PACKAGE -Xcc -DDEBUG\=1 -no-auto-bridging-header-chaining -module-name WhimRandom -const-gather-protocols-file /Users/admin/builder/spi-builder-workspace/.derivedData/Build/Intermediates.noindex/whim-ios-random.build/Debug-appletvos/WhimRandom-t.build/Objects-normal/arm64/WhimRandom_const_extract_protocols.json -disable-clang-spi -clang-target arm64-apple-tvos27.0 -target-sdk-version 27.0 -target-sdk-name appletvos27.0 -in-process-plugin-server-path /Applications/Xcode-27.0.0-Release.Candidate.app/Contents/Developer/Toolchains/XcodeDefault.xctoolchain/usr/lib/swift/host/libSwiftInProcPluginServer.dylib -emit-module-doc-path /Users/admin/builder/spi-builder-workspace/.derivedData/Build/Intermediates.noindex/whim-ios-random.build/Debug-appletvos/WhimRandom-t.build/Objects-normal/arm64/WhimRandom.swiftdoc -emit-module-source-info-path /Users/admin/builder/spi-builder-workspace/.derivedData/Build/Intermediates.noindex/whim-ios-random.build/Debug-appletvos/WhimRandom-t.build/Objects-normal/arm64/WhimRandom.swiftsourceinfo -emit-objc-header-path /Users/admin/builder/spi-builder-workspace/.derivedData/Build/Intermediates.noindex/whim-ios-random.build/Debug-appletvos/WhimRandom-t.build/Objects-normal/arm64/WhimRandom-Swift.h -serialize-diagnostics-path /Users/admin/builder/spi-builder-workspace/.derivedData/Build/Intermediates.noindex/whim-ios-random.build/Debug-appletvos/WhimRandom-t.build/Objects-normal/arm64/WhimRandom-primary-emit-module.dia -emit-dependencies-path /Users/admin/builder/spi-builder-workspace/.derivedData/Build/Intermediates.noindex/whim-ios-random.build/Debug-appletvos/WhimRandom-t.build/Objects-normal/arm64/WhimRandom-primary-emit-module.d -parse-as-library -o /Users/admin/builder/spi-builder-workspace/.derivedData/Build/Intermediates.noindex/whim-ios-random.build/Debug-appletvos/WhimRandom-t.build/Objects-normal/arm64/WhimRandom.swiftmodule -emit-abi-descriptor-path /Users/admin/builder/spi-builder-workspace/.derivedData/Build/Intermediates.noindex/whim-ios-random.build/Debug-appletvos/WhimRandom-t.build/Objects-normal/arm64/WhimRandom.abi.json
SwiftCompile normal arm64 Compiling\ Xoroshiro.swift /Users/admin/builder/spi-builder-workspace/Sources/WhimRandom/Core/Xoroshiro.swift (in target 'WhimRandom' from project 'whim-ios-random')
SwiftCompile normal arm64 /Users/admin/builder/spi-builder-workspace/Sources/WhimRandom/Core/Xoroshiro.swift (in target 'WhimRandom' from project 'whim-ios-random')
cd /Users/admin/builder/spi-builder-workspace/.swiftpm/xcode
builtin-SwiftPerFileCompile Xoroshiro.swift
SwiftCompile normal arm64 Compiling\ Tuples+Random.swift /Users/admin/builder/spi-builder-workspace/Sources/WhimRandom/Core/Extensions/Tuples+Random.swift (in target 'WhimRandom' from project 'whim-ios-random')
SwiftCompile normal arm64 /Users/admin/builder/spi-builder-workspace/Sources/WhimRandom/Core/Extensions/Tuples+Random.swift (in target 'WhimRandom' from project 'whim-ios-random')
cd /Users/admin/builder/spi-builder-workspace/.swiftpm/xcode
builtin-SwiftPerFileCompile Tuples+Random.swift
SwiftCompile normal arm64 Compiling\ UIKit+Random.swift /Users/admin/builder/spi-builder-workspace/Sources/WhimRandom/Core/Extensions/UIKit+Random.swift (in target 'WhimRandom' from project 'whim-ios-random')
SwiftCompile normal arm64 /Users/admin/builder/spi-builder-workspace/Sources/WhimRandom/Core/Extensions/UIKit+Random.swift (in target 'WhimRandom' from project 'whim-ios-random')
cd /Users/admin/builder/spi-builder-workspace/.swiftpm/xcode
builtin-SwiftPerFileCompile UIKit+Random.swift
SwiftCompile normal arm64 Compiling\ Collections+Faker.swift,\ Collections+Random.swift /Users/admin/builder/spi-builder-workspace/Sources/WhimRandom/Core/Extensions/Collections+Faker.swift /Users/admin/builder/spi-builder-workspace/Sources/WhimRandom/Core/Extensions/Collections+Random.swift (in target 'WhimRandom' from project 'whim-ios-random')
SwiftCompile normal arm64 /Users/admin/builder/spi-builder-workspace/Sources/WhimRandom/Core/Extensions/Collections+Faker.swift (in target 'WhimRandom' from project 'whim-ios-random')
cd /Users/admin/builder/spi-builder-workspace/.swiftpm/xcode
builtin-SwiftPerFileCompile Collections+Faker.swift
SwiftCompile normal arm64 /Users/admin/builder/spi-builder-workspace/Sources/WhimRandom/Core/Extensions/Collections+Random.swift (in target 'WhimRandom' from project 'whim-ios-random')
cd /Users/admin/builder/spi-builder-workspace/.swiftpm/xcode
builtin-SwiftPerFileCompile Collections+Random.swift
SwiftCompile normal arm64 Compiling\ Foundation+Random.swift,\ MapKit+Random.swift /Users/admin/builder/spi-builder-workspace/Sources/WhimRandom/Core/Extensions/Foundation+Random.swift /Users/admin/builder/spi-builder-workspace/Sources/WhimRandom/Core/Extensions/MapKit+Random.swift (in target 'WhimRandom' from project 'whim-ios-random')
SwiftCompile normal arm64 /Users/admin/builder/spi-builder-workspace/Sources/WhimRandom/Core/Extensions/Foundation+Random.swift (in target 'WhimRandom' from project 'whim-ios-random')
cd /Users/admin/builder/spi-builder-workspace/.swiftpm/xcode
builtin-SwiftPerFileCompile Foundation+Random.swift
SwiftCompile normal arm64 /Users/admin/builder/spi-builder-workspace/Sources/WhimRandom/Core/Extensions/MapKit+Random.swift (in target 'WhimRandom' from project 'whim-ios-random')
cd /Users/admin/builder/spi-builder-workspace/.swiftpm/xcode
builtin-SwiftPerFileCompile MapKit+Random.swift
SwiftCompile normal arm64 Compiling\ CoreGraphics+Random.swift,\ CoreLocation+Random.swift /Users/admin/builder/spi-builder-workspace/Sources/WhimRandom/Core/Extensions/CoreGraphics+Random.swift /Users/admin/builder/spi-builder-workspace/Sources/WhimRandom/Core/Extensions/CoreLocation+Random.swift (in target 'WhimRandom' from project 'whim-ios-random')
/Users/admin/builder/spi-builder-workspace/Sources/WhimRandom/Core/Extensions/CoreGraphics+Random.swift:18:1: warning: extension declares a conformance of imported type 'CGLineCap' to imported protocol 'CaseIterable'; this will not behave correctly if the owners of 'CoreGraphics' introduce this conformance in the future
16 | }
17 |
18 | extension CGLineCap: CaseIterable, Random {
| |- warning: extension declares a conformance of imported type 'CGLineCap' to imported protocol 'CaseIterable'; this will not behave correctly if the owners of 'CoreGraphics' introduce this conformance in the future
| `- note: add '@retroactive' to silence this warning
19 | public typealias AllCases = [CGLineCap]
20 |
/Users/admin/builder/spi-builder-workspace/Sources/WhimRandom/Core/Extensions/CoreGraphics+Random.swift:30:1: warning: extension declares a conformance of imported type 'CGLineJoin' to imported protocol 'CaseIterable'; this will not behave correctly if the owners of 'CoreGraphics' introduce this conformance in the future
28 | }
29 |
30 | extension CGLineJoin: CaseIterable, Random {
| |- warning: extension declares a conformance of imported type 'CGLineJoin' to imported protocol 'CaseIterable'; this will not behave correctly if the owners of 'CoreGraphics' introduce this conformance in the future
| `- note: add '@retroactive' to silence this warning
31 | public typealias AllCases = [CGLineJoin]
32 |
SwiftCompile normal arm64 /Users/admin/builder/spi-builder-workspace/Sources/WhimRandom/Core/Extensions/CoreGraphics+Random.swift (in target 'WhimRandom' from project 'whim-ios-random')
cd /Users/admin/builder/spi-builder-workspace/.swiftpm/xcode
builtin-SwiftPerFileCompile CoreGraphics+Random.swift
SwiftCompile normal arm64 /Users/admin/builder/spi-builder-workspace/Sources/WhimRandom/Core/Extensions/CoreLocation+Random.swift (in target 'WhimRandom' from project 'whim-ios-random')
cd /Users/admin/builder/spi-builder-workspace/.swiftpm/xcode
builtin-SwiftPerFileCompile CoreLocation+Random.swift
SwiftCompile normal arm64 Compiling\ Strings+Faker.swift,\ Strings+Random.swift /Users/admin/builder/spi-builder-workspace/Sources/WhimRandom/Core/Extensions/Strings+Faker.swift /Users/admin/builder/spi-builder-workspace/Sources/WhimRandom/Core/Extensions/Strings+Random.swift (in target 'WhimRandom' from project 'whim-ios-random')
SwiftCompile normal arm64 /Users/admin/builder/spi-builder-workspace/Sources/WhimRandom/Core/Extensions/Strings+Faker.swift (in target 'WhimRandom' from project 'whim-ios-random')
cd /Users/admin/builder/spi-builder-workspace/.swiftpm/xcode
builtin-SwiftPerFileCompile Strings+Faker.swift
SwiftCompile normal arm64 /Users/admin/builder/spi-builder-workspace/Sources/WhimRandom/Core/Extensions/Strings+Random.swift (in target 'WhimRandom' from project 'whim-ios-random')
cd /Users/admin/builder/spi-builder-workspace/.swiftpm/xcode
builtin-SwiftPerFileCompile Strings+Random.swift
SwiftCompile normal arm64 Compiling\ Faker.swift /Users/admin/builder/spi-builder-workspace/Sources/WhimRandom/Core/Faker.swift (in target 'WhimRandom' from project 'whim-ios-random')
SwiftCompile normal arm64 /Users/admin/builder/spi-builder-workspace/Sources/WhimRandom/Core/Faker.swift (in target 'WhimRandom' from project 'whim-ios-random')
cd /Users/admin/builder/spi-builder-workspace/.swiftpm/xcode
builtin-SwiftPerFileCompile Faker.swift
SwiftCompile normal arm64 Compiling\ Misc+Random.swift,\ Numbers+Random.swift /Users/admin/builder/spi-builder-workspace/Sources/WhimRandom/Core/Extensions/Misc+Random.swift /Users/admin/builder/spi-builder-workspace/Sources/WhimRandom/Core/Extensions/Numbers+Random.swift (in target 'WhimRandom' from project 'whim-ios-random')
SwiftCompile normal arm64 /Users/admin/builder/spi-builder-workspace/Sources/WhimRandom/Core/Extensions/Misc+Random.swift (in target 'WhimRandom' from project 'whim-ios-random')
cd /Users/admin/builder/spi-builder-workspace/.swiftpm/xcode
builtin-SwiftPerFileCompile Misc+Random.swift
SwiftCompile normal arm64 /Users/admin/builder/spi-builder-workspace/Sources/WhimRandom/Core/Extensions/Numbers+Random.swift (in target 'WhimRandom' from project 'whim-ios-random')
cd /Users/admin/builder/spi-builder-workspace/.swiftpm/xcode
builtin-SwiftPerFileCompile Numbers+Random.swift
SwiftCompile normal arm64 Compiling\ Random.swift /Users/admin/builder/spi-builder-workspace/Sources/WhimRandom/Core/Random.swift (in target 'WhimRandom' from project 'whim-ios-random')
SwiftCompile normal arm64 /Users/admin/builder/spi-builder-workspace/Sources/WhimRandom/Core/Random.swift (in target 'WhimRandom' from project 'whim-ios-random')
cd /Users/admin/builder/spi-builder-workspace/.swiftpm/xcode
builtin-SwiftPerFileCompile Random.swift
PruneExplicitPrecompiledModules /Users/admin/builder/spi-builder-workspace/.derivedData/SDKExplicitPrecompiledModules
PruneExplicitPrecompiledModules /Users/admin/builder/spi-builder-workspace/.derivedData/Build/Intermediates.noindex/ExplicitPrecompiledModules
PruneExplicitPrecompiledModules /Users/admin/builder/spi-builder-workspace/.derivedData/Build/Intermediates.noindex/SwiftExplicitPrecompiledModules
2026-09-22 00:49:38.319 xcodebuild[623:3947] [MT] IDERunDestination: Supported platforms for the buildables in the current scheme is empty.
** BUILD FAILED **
The following build commands failed:
SwiftCompile normal arm64 (in target 'WhimRandom' from project 'whim-ios-random')
SwiftEmitModule normal arm64 Emitting\ module\ for\ WhimRandom (in target 'WhimRandom' from project 'whim-ios-random')
Building workspace whim-ios-random with scheme whim-ios-random
(3 failures)
Command line invocation:
/Applications/Xcode-27.0.0-Release.Candidate.app/Contents/Developer/usr/bin/xcodebuild -IDEClonedSourcePackagesDirPathOverride=/Users/admin/builder/spi-builder-workspace/.dependencies -resolvePackageDependencies
Resolve Package Graph
Resolved source packages:
whim-ios-random: /Users/admin/builder/spi-builder-workspace
resolved source packages: whim-ios-random
2026-09-22 00:49:45.217 xcodebuild[736:4517] [MT] IDERunDestination: Supported platforms for the buildables in the current scheme is empty.
{
"dependencies" : [
],
"manifest_display_name" : "whim-ios-random",
"name" : "whim-ios-random",
"path" : "/Users/admin/builder/spi-builder-workspace",
"platforms" : [
{
"name" : "ios",
"version" : "14.0"
}
],
"products" : [
{
"name" : "WhimRandom",
"targets" : [
"WhimRandom"
],
"type" : {
"library" : [
"automatic"
]
}
}
],
"targets" : [
{
"c99name" : "WhimRandomTests",
"module_type" : "SwiftTarget",
"name" : "WhimRandomTests",
"path" : "Tests/WhimRandomTests",
"sources" : [
"WhimRandomTests.swift"
],
"target_dependencies" : [
"WhimRandom"
],
"type" : "test"
},
{
"c99name" : "WhimRandom",
"module_type" : "SwiftTarget",
"name" : "WhimRandom",
"path" : "Sources/WhimRandom",
"product_memberships" : [
"WhimRandom"
],
"sources" : [
"Core/Extensions/Collections+Faker.swift",
"Core/Extensions/Collections+Random.swift",
"Core/Extensions/CoreGraphics+Random.swift",
"Core/Extensions/CoreLocation+Random.swift",
"Core/Extensions/Foundation+Random.swift",
"Core/Extensions/MapKit+Random.swift",
"Core/Extensions/Misc+Random.swift",
"Core/Extensions/Numbers+Random.swift",
"Core/Extensions/Strings+Faker.swift",
"Core/Extensions/Strings+Random.swift",
"Core/Extensions/Tuples+Random.swift",
"Core/Extensions/UIKit+Random.swift",
"Core/Faker.swift",
"Core/Random.swift",
"Core/Xoroshiro.swift"
],
"type" : "library"
}
],
"tools_version" : "5.7"
}
{
"workspace" : {
"name" : "whim-ios-random",
"schemes" : [
"whim-ios-random"
]
}
}
2026-09-22 00:49:46.494 xcodebuild[744:4589] [MT] IDERunDestination: Supported platforms for the buildables in the current scheme is empty.
Running build ...
env DEVELOPER_DIR=/Applications/Xcode-27.0.0-Release.Candidate.app xcrun xcodebuild -IDEClonedSourcePackagesDirPathOverride=$PWD/.dependencies -skipMacroValidation -skipPackagePluginValidation -derivedDataPath $PWD/.derivedData build -scheme whim-ios-random -destination generic/platform=tvOS
Command line invocation:
/Applications/Xcode-27.0.0-Release.Candidate.app/Contents/Developer/usr/bin/xcodebuild -IDEClonedSourcePackagesDirPathOverride=/Users/admin/builder/spi-builder-workspace/.dependencies -skipMacroValidation -skipPackagePluginValidation -derivedDataPath /Users/admin/builder/spi-builder-workspace/.derivedData build -scheme whim-ios-random -destination generic/platform=tvOS
Resolve Package Graph
Resolved source packages:
whim-ios-random: /Users/admin/builder/spi-builder-workspace
ComputePackagePrebuildTargetDependencyGraph
Prepare packages
CreateBuildRequest
SendProjectDescription
CreateBuildOperation
ComputeTargetDependencyGraph
note: Building targets in dependency order
note: Target dependency graph (2 targets)
Target 'WhimRandom-product' in project 'whim-ios-random'
➜ Explicit dependency on target 'WhimRandom' in project 'whim-ios-random'
Target 'WhimRandom' in project 'whim-ios-random' (no dependencies)
GatherProvisioningInputs
CreateBuildDescription
ClangStatCache /Applications/Xcode-27.0.0-Release.Candidate.app/Contents/Developer/Toolchains/XcodeDefault.xctoolchain/usr/bin/clang-stat-cache /Applications/Xcode-27.0.0-Release.Candidate.app/Contents/Developer/Platforms/AppleTVOS.platform/Developer/SDKs/AppleTVOS27.0.sdk /Users/admin/builder/spi-builder-workspace/.derivedData/SDKStatCaches.noindex/appletvos27.0-24J360-e829b21a6f8c9b70876ba0858053c044b32bfd8d43560033f8d89884cdb90028.sdkstatcache
cd /Users/admin/builder/spi-builder-workspace/.swiftpm/xcode
/Applications/Xcode-27.0.0-Release.Candidate.app/Contents/Developer/Toolchains/XcodeDefault.xctoolchain/usr/bin/clang-stat-cache /Applications/Xcode-27.0.0-Release.Candidate.app/Contents/Developer/Platforms/AppleTVOS.platform/Developer/SDKs/AppleTVOS27.0.sdk -o /Users/admin/builder/spi-builder-workspace/.derivedData/SDKStatCaches.noindex/appletvos27.0-24J360-e829b21a6f8c9b70876ba0858053c044b32bfd8d43560033f8d89884cdb90028.sdkstatcache
SwiftDriver WhimRandom normal arm64 com.apple.xcode.tools.swift.compiler (in target 'WhimRandom' from project 'whim-ios-random')
cd /Users/admin/builder/spi-builder-workspace/.swiftpm/xcode
builtin-SwiftDriver -- /Applications/Xcode-27.0.0-Release.Candidate.app/Contents/Developer/Toolchains/XcodeDefault.xctoolchain/usr/bin/swiftc -parse-as-library -module-name WhimRandom -Onone @/Users/admin/builder/spi-builder-workspace/.derivedData/Build/Intermediates.noindex/whim-ios-random.build/Debug-appletvos/WhimRandom-t.build/Objects-normal/arm64/WhimRandom.SwiftFileList -DSWIFT_PACKAGE -DDEBUG -DSWIFT_MODULE_RESOURCE_BUNDLE_UNAVAILABLE -DXcode -plugin-path /Applications/Xcode-27.0.0-Release.Candidate.app/Contents/Developer/Toolchains/XcodeDefault.xctoolchain/usr/lib/swift/host/plugins/testing -enable-experimental-feature DebugDescriptionMacro -sdk /Applications/Xcode-27.0.0-Release.Candidate.app/Contents/Developer/Platforms/AppleTVOS.platform/Developer/SDKs/AppleTVOS27.0.sdk -target arm64-apple-tvos15.0 -g -module-cache-path /Users/admin/builder/spi-builder-workspace/.derivedData/ModuleCache.noindex -Xfrontend -serialize-debugging-options -profile-coverage-mapping -profile-generate -enable-testing -index-store-path /Users/admin/builder/spi-builder-workspace/.derivedData/Index.noindex/DataStore -Xcc -D_LIBCPP_HARDENING_MODE\=_LIBCPP_HARDENING_MODE_DEBUG -swift-version 5 -I /Users/admin/builder/spi-builder-workspace/.derivedData/Build/Products/Debug-appletvos -Isystem /Applications/Xcode-27.0.0-Release.Candidate.app/Contents/Developer/Platforms/AppleTVOS.platform/Developer/usr/lib -F /Users/admin/builder/spi-builder-workspace/.derivedData/Build/Products/Debug-appletvos -F /Applications/Xcode-27.0.0-Release.Candidate.app/Contents/Developer/Platforms/AppleTVOS.platform/Developer/Library/Frameworks -F /Applications/Xcode-27.0.0-Release.Candidate.app/Contents/Developer/Platforms/AppleTVOS.platform/Developer/SDKs/AppleTVOS27.0.sdk/Developer/Library/Frameworks -c -j10 -enable-batch-mode -incremental -Xcc -ivfsstatcache -Xcc /Users/admin/builder/spi-builder-workspace/.derivedData/SDKStatCaches.noindex/appletvos27.0-24J360-e829b21a6f8c9b70876ba0858053c044b32bfd8d43560033f8d89884cdb90028.sdkstatcache -output-file-map /Users/admin/builder/spi-builder-workspace/.derivedData/Build/Intermediates.noindex/whim-ios-random.build/Debug-appletvos/WhimRandom-t.build/Objects-normal/arm64/WhimRandom-OutputFileMap.json -save-temps -no-color-diagnostics -explicit-module-build -module-cache-path /Users/admin/builder/spi-builder-workspace/.derivedData/Build/Intermediates.noindex/SwiftExplicitPrecompiledModules -clang-scanner-module-cache-path /Users/admin/builder/spi-builder-workspace/.derivedData/ModuleCache.noindex -sdk-module-cache-path /Users/admin/builder/spi-builder-workspace/.derivedData/SDKExplicitPrecompiledModules -emit-dependencies -emit-module -emit-module-path /Users/admin/builder/spi-builder-workspace/.derivedData/Build/Intermediates.noindex/whim-ios-random.build/Debug-appletvos/WhimRandom-t.build/Objects-normal/arm64/WhimRandom.swiftmodule -serialize-diagnostics -dependency-scan-serialize-diagnostics-path /Users/admin/builder/spi-builder-workspace/.derivedData/Build/Intermediates.noindex/whim-ios-random.build/Debug-appletvos/WhimRandom-t.build/Objects-normal/arm64/WhimRandom-dependency-scan.dia -validate-clang-modules-once -clang-build-session-file /Users/admin/builder/spi-builder-workspace/.derivedData/ModuleCache.noindex/Session.modulevalidation -Xcc -fmodules-prune-interval\=86400 -Xcc -fmodules-prune-after\=345600 -emit-const-values -const-gather-protocols-list /Users/admin/builder/spi-builder-workspace/.derivedData/Build/Intermediates.noindex/whim-ios-random.build/Debug-appletvos/WhimRandom-t.build/Objects-normal/arm64/WhimRandom_const_extract_protocols.json -Xcc -I/Users/admin/builder/spi-builder-workspace/.derivedData/Build/Products/Debug-appletvos/include -Xcc -I/Users/admin/builder/spi-builder-workspace/.derivedData/Build/Intermediates.noindex/whim-ios-random.build/Debug-appletvos/WhimRandom-t.build/DerivedSources-normal/arm64 -Xcc -I/Users/admin/builder/spi-builder-workspace/.derivedData/Build/Intermediates.noindex/whim-ios-random.build/Debug-appletvos/WhimRandom-t.build/DerivedSources/arm64 -Xcc -I/Users/admin/builder/spi-builder-workspace/.derivedData/Build/Intermediates.noindex/whim-ios-random.build/Debug-appletvos/WhimRandom-t.build/DerivedSources -Xcc -DSWIFT_PACKAGE -Xcc -DDEBUG\=1 -emit-objc-header -emit-objc-header-path /Users/admin/builder/spi-builder-workspace/.derivedData/Build/Intermediates.noindex/whim-ios-random.build/Debug-appletvos/WhimRandom-t.build/Objects-normal/arm64/WhimRandom-Swift.h -working-directory /Users/admin/builder/spi-builder-workspace/.swiftpm/xcode -experimental-emit-module-separately -disable-cmo
SwiftCompile normal arm64 Compiling\ Collections+Faker.swift,\ Collections+Random.swift /Users/admin/builder/spi-builder-workspace/Sources/WhimRandom/Core/Extensions/Collections+Faker.swift /Users/admin/builder/spi-builder-workspace/Sources/WhimRandom/Core/Extensions/Collections+Random.swift (in target 'WhimRandom' from project 'whim-ios-random')
SwiftCompile normal arm64 /Users/admin/builder/spi-builder-workspace/Sources/WhimRandom/Core/Extensions/Collections+Faker.swift (in target 'WhimRandom' from project 'whim-ios-random')
cd /Users/admin/builder/spi-builder-workspace/.swiftpm/xcode
builtin-SwiftPerFileCompile Collections+Faker.swift
SwiftCompile normal arm64 /Users/admin/builder/spi-builder-workspace/Sources/WhimRandom/Core/Extensions/Collections+Random.swift (in target 'WhimRandom' from project 'whim-ios-random')
cd /Users/admin/builder/spi-builder-workspace/.swiftpm/xcode
builtin-SwiftPerFileCompile Collections+Random.swift
SwiftCompile normal arm64 Compiling\ CoreGraphics+Random.swift,\ CoreLocation+Random.swift /Users/admin/builder/spi-builder-workspace/Sources/WhimRandom/Core/Extensions/CoreGraphics+Random.swift /Users/admin/builder/spi-builder-workspace/Sources/WhimRandom/Core/Extensions/CoreLocation+Random.swift (in target 'WhimRandom' from project 'whim-ios-random')
SwiftCompile normal arm64 /Users/admin/builder/spi-builder-workspace/Sources/WhimRandom/Core/Extensions/CoreGraphics+Random.swift (in target 'WhimRandom' from project 'whim-ios-random')
cd /Users/admin/builder/spi-builder-workspace/.swiftpm/xcode
builtin-SwiftPerFileCompile CoreGraphics+Random.swift
SwiftCompile normal arm64 /Users/admin/builder/spi-builder-workspace/Sources/WhimRandom/Core/Extensions/CoreLocation+Random.swift (in target 'WhimRandom' from project 'whim-ios-random')
cd /Users/admin/builder/spi-builder-workspace/.swiftpm/xcode
builtin-SwiftPerFileCompile CoreLocation+Random.swift
/Users/admin/builder/spi-builder-workspace/Sources/WhimRandom/Core/Extensions/CoreGraphics+Random.swift:18:1: warning: extension declares a conformance of imported type 'CGLineCap' to imported protocol 'CaseIterable'; this will not behave correctly if the owners of 'CoreGraphics' introduce this conformance in the future
16 | }
17 |
18 | extension CGLineCap: CaseIterable, Random {
| |- warning: extension declares a conformance of imported type 'CGLineCap' to imported protocol 'CaseIterable'; this will not behave correctly if the owners of 'CoreGraphics' introduce this conformance in the future
| `- note: add '@retroactive' to silence this warning
19 | public typealias AllCases = [CGLineCap]
20 |
/Users/admin/builder/spi-builder-workspace/Sources/WhimRandom/Core/Extensions/CoreGraphics+Random.swift:30:1: warning: extension declares a conformance of imported type 'CGLineJoin' to imported protocol 'CaseIterable'; this will not behave correctly if the owners of 'CoreGraphics' introduce this conformance in the future
28 | }
29 |
30 | extension CGLineJoin: CaseIterable, Random {
| |- warning: extension declares a conformance of imported type 'CGLineJoin' to imported protocol 'CaseIterable'; this will not behave correctly if the owners of 'CoreGraphics' introduce this conformance in the future
| `- note: add '@retroactive' to silence this warning
31 | public typealias AllCases = [CGLineJoin]
32 |
SwiftCompile normal arm64 Compiling\ Strings+Faker.swift,\ Strings+Random.swift /Users/admin/builder/spi-builder-workspace/Sources/WhimRandom/Core/Extensions/Strings+Faker.swift /Users/admin/builder/spi-builder-workspace/Sources/WhimRandom/Core/Extensions/Strings+Random.swift (in target 'WhimRandom' from project 'whim-ios-random')
SwiftCompile normal arm64 /Users/admin/builder/spi-builder-workspace/Sources/WhimRandom/Core/Extensions/Strings+Faker.swift (in target 'WhimRandom' from project 'whim-ios-random')
cd /Users/admin/builder/spi-builder-workspace/.swiftpm/xcode
builtin-SwiftPerFileCompile Strings+Faker.swift
SwiftCompile normal arm64 /Users/admin/builder/spi-builder-workspace/Sources/WhimRandom/Core/Extensions/Strings+Random.swift (in target 'WhimRandom' from project 'whim-ios-random')
cd /Users/admin/builder/spi-builder-workspace/.swiftpm/xcode
builtin-SwiftPerFileCompile Strings+Random.swift
SwiftCompile normal arm64 Compiling\ Foundation+Random.swift,\ MapKit+Random.swift /Users/admin/builder/spi-builder-workspace/Sources/WhimRandom/Core/Extensions/Foundation+Random.swift /Users/admin/builder/spi-builder-workspace/Sources/WhimRandom/Core/Extensions/MapKit+Random.swift (in target 'WhimRandom' from project 'whim-ios-random')
SwiftCompile normal arm64 /Users/admin/builder/spi-builder-workspace/Sources/WhimRandom/Core/Extensions/Foundation+Random.swift (in target 'WhimRandom' from project 'whim-ios-random')
cd /Users/admin/builder/spi-builder-workspace/.swiftpm/xcode
builtin-SwiftPerFileCompile Foundation+Random.swift
SwiftCompile normal arm64 /Users/admin/builder/spi-builder-workspace/Sources/WhimRandom/Core/Extensions/MapKit+Random.swift (in target 'WhimRandom' from project 'whim-ios-random')
cd /Users/admin/builder/spi-builder-workspace/.swiftpm/xcode
builtin-SwiftPerFileCompile MapKit+Random.swift
SwiftCompile normal arm64 Compiling\ Misc+Random.swift,\ Numbers+Random.swift /Users/admin/builder/spi-builder-workspace/Sources/WhimRandom/Core/Extensions/Misc+Random.swift /Users/admin/builder/spi-builder-workspace/Sources/WhimRandom/Core/Extensions/Numbers+Random.swift (in target 'WhimRandom' from project 'whim-ios-random')
SwiftCompile normal arm64 /Users/admin/builder/spi-builder-workspace/Sources/WhimRandom/Core/Extensions/Misc+Random.swift (in target 'WhimRandom' from project 'whim-ios-random')
cd /Users/admin/builder/spi-builder-workspace/.swiftpm/xcode
builtin-SwiftPerFileCompile Misc+Random.swift
SwiftCompile normal arm64 /Users/admin/builder/spi-builder-workspace/Sources/WhimRandom/Core/Extensions/Numbers+Random.swift (in target 'WhimRandom' from project 'whim-ios-random')
cd /Users/admin/builder/spi-builder-workspace/.swiftpm/xcode
builtin-SwiftPerFileCompile Numbers+Random.swift
SwiftCompile normal arm64 Compiling\ UIKit+Random.swift /Users/admin/builder/spi-builder-workspace/Sources/WhimRandom/Core/Extensions/UIKit+Random.swift (in target 'WhimRandom' from project 'whim-ios-random')
SwiftCompile normal arm64 /Users/admin/builder/spi-builder-workspace/Sources/WhimRandom/Core/Extensions/UIKit+Random.swift (in target 'WhimRandom' from project 'whim-ios-random')
cd /Users/admin/builder/spi-builder-workspace/.swiftpm/xcode
builtin-SwiftPerFileCompile UIKit+Random.swift
SwiftCompile normal arm64 Compiling\ Faker.swift /Users/admin/builder/spi-builder-workspace/Sources/WhimRandom/Core/Faker.swift (in target 'WhimRandom' from project 'whim-ios-random')
SwiftCompile normal arm64 /Users/admin/builder/spi-builder-workspace/Sources/WhimRandom/Core/Faker.swift (in target 'WhimRandom' from project 'whim-ios-random')
cd /Users/admin/builder/spi-builder-workspace/.swiftpm/xcode
builtin-SwiftPerFileCompile Faker.swift
SwiftCompile normal arm64 Compiling\ Xoroshiro.swift /Users/admin/builder/spi-builder-workspace/Sources/WhimRandom/Core/Xoroshiro.swift (in target 'WhimRandom' from project 'whim-ios-random')
SwiftCompile normal arm64 /Users/admin/builder/spi-builder-workspace/Sources/WhimRandom/Core/Xoroshiro.swift (in target 'WhimRandom' from project 'whim-ios-random')
cd /Users/admin/builder/spi-builder-workspace/.swiftpm/xcode
builtin-SwiftPerFileCompile Xoroshiro.swift
SwiftEmitModule normal arm64 Emitting\ module\ for\ WhimRandom (in target 'WhimRandom' from project 'whim-ios-random')
/Users/admin/builder/spi-builder-workspace/Sources/WhimRandom/Core/Extensions/CoreGraphics+Random.swift:18:1: warning: extension declares a conformance of imported type 'CGLineCap' to imported protocol 'CaseIterable'; this will not behave correctly if the owners of 'CoreGraphics' introduce this conformance in the future
16 | }
17 |
18 | extension CGLineCap: CaseIterable, Random {
| |- warning: extension declares a conformance of imported type 'CGLineCap' to imported protocol 'CaseIterable'; this will not behave correctly if the owners of 'CoreGraphics' introduce this conformance in the future
| `- note: add '@retroactive' to silence this warning
19 | public typealias AllCases = [CGLineCap]
20 |
/Users/admin/builder/spi-builder-workspace/Sources/WhimRandom/Core/Extensions/CoreGraphics+Random.swift:30:1: warning: extension declares a conformance of imported type 'CGLineJoin' to imported protocol 'CaseIterable'; this will not behave correctly if the owners of 'CoreGraphics' introduce this conformance in the future
28 | }
29 |
30 | extension CGLineJoin: CaseIterable, Random {
| |- warning: extension declares a conformance of imported type 'CGLineJoin' to imported protocol 'CaseIterable'; this will not behave correctly if the owners of 'CoreGraphics' introduce this conformance in the future
| `- note: add '@retroactive' to silence this warning
31 | public typealias AllCases = [CGLineJoin]
32 |
/Users/admin/builder/spi-builder-workspace/Sources/WhimRandom/Core/Extensions/CoreLocation+Random.swift:22:11: error: 'CLHeading' is unavailable in tvOS
20 | }
21 |
22 | extension CLHeading: Random {
| `- error: 'CLHeading' is unavailable in tvOS
23 | public static func random<G: RandomNumberGenerator>(using generator: inout G) -> Self {
24 | return Self()
/Applications/Xcode-27.0.0-Release.Candidate.app/Contents/Developer/Platforms/AppleTVOS.platform/Developer/SDKs/AppleTVOS27.0.sdk/System/Library/Frameworks/CoreLocation.framework/Headers/CLHeading.h:42:12: note: 'CLHeading' has been explicitly marked unavailable here
40 | CL_EXTERN
41 | API_AVAILABLE(macos(10.7), ios(3.0), watchos(2.0)) API_UNAVAILABLE(tvos, visionos)
42 | @interface CLHeading : NSObject <NSCopying, NSSecureCoding>
| `- note: 'CLHeading' has been explicitly marked unavailable here
43 | {
44 | @private
Failed frontend command:
/Applications/Xcode-27.0.0-Release.Candidate.app/Contents/Developer/Toolchains/XcodeDefault.xctoolchain/usr/bin/swift-frontend -frontend -emit-module -experimental-skip-non-inlinable-function-bodies-without-types /Users/admin/builder/spi-builder-workspace/Sources/WhimRandom/Core/Extensions/Collections+Faker.swift /Users/admin/builder/spi-builder-workspace/Sources/WhimRandom/Core/Extensions/Collections+Random.swift /Users/admin/builder/spi-builder-workspace/Sources/WhimRandom/Core/Extensions/CoreGraphics+Random.swift /Users/admin/builder/spi-builder-workspace/Sources/WhimRandom/Core/Extensions/CoreLocation+Random.swift /Users/admin/builder/spi-builder-workspace/Sources/WhimRandom/Core/Extensions/Foundation+Random.swift /Users/admin/builder/spi-builder-workspace/Sources/WhimRandom/Core/Extensions/MapKit+Random.swift /Users/admin/builder/spi-builder-workspace/Sources/WhimRandom/Core/Extensions/Misc+Random.swift /Users/admin/builder/spi-builder-workspace/Sources/WhimRandom/Core/Extensions/Numbers+Random.swift /Users/admin/builder/spi-builder-workspace/Sources/WhimRandom/Core/Extensions/Strings+Faker.swift /Users/admin/builder/spi-builder-workspace/Sources/WhimRandom/Core/Extensions/Strings+Random.swift /Users/admin/builder/spi-builder-workspace/Sources/WhimRandom/Core/Extensions/Tuples+Random.swift /Users/admin/builder/spi-builder-workspace/Sources/WhimRandom/Core/Extensions/UIKit+Random.swift /Users/admin/builder/spi-builder-workspace/Sources/WhimRandom/Core/Faker.swift /Users/admin/builder/spi-builder-workspace/Sources/WhimRandom/Core/Random.swift /Users/admin/builder/spi-builder-workspace/Sources/WhimRandom/Core/Xoroshiro.swift -target arm64-apple-tvos15.0 -disable-cross-import-overlay-search -swift-module-cross-import MapKit /Applications/Xcode-27.0.0-Release.Candidate.app/Contents/Developer/Platforms/AppleTVOS.platform/Developer/SDKs/AppleTVOS.sdk/System/Library/Frameworks/MapKit.framework/Modules/MapKit.swiftcrossimport/SwiftUI.swiftoverlay -swift-module-cross-import MapKit /Applications/Xcode-27.0.0-Release.Candidate.app/Contents/Developer/Platforms/AppleTVOS.platform/Developer/SDKs/AppleTVOS27.0.sdk/System/Library/Frameworks/MapKit.framework/Modules/MapKit.swiftcrossimport/SwiftUI.swiftoverlay -load-resolved-plugin /Applications/Xcode-27.0.0-Release.Candidate.app/Contents/Developer/Platforms/AppleTVOS.platform/Developer/usr/lib/swift/host/plugins/libFoundationMacros.dylib\#/Applications/Xcode-27.0.0-Release.Candidate.app/Contents/Developer/Platforms/AppleTVOS.platform/Developer/usr/bin/swift-plugin-server\#FoundationMacros -load-resolved-plugin /Applications/Xcode-27.0.0-Release.Candidate.app/Contents/Developer/Platforms/AppleTVOS.platform/Developer/usr/lib/swift/host/plugins/libObservationMacros.dylib\#/Applications/Xcode-27.0.0-Release.Candidate.app/Contents/Developer/Platforms/AppleTVOS.platform/Developer/usr/bin/swift-plugin-server\#ObservationMacros -load-resolved-plugin /Applications/Xcode-27.0.0-Release.Candidate.app/Contents/Developer/Platforms/AppleTVOS.platform/Developer/usr/lib/swift/host/plugins/libPreviewsMacros.dylib\#/Applications/Xcode-27.0.0-Release.Candidate.app/Contents/Developer/Platforms/AppleTVOS.platform/Developer/usr/bin/swift-plugin-server\#PreviewsMacros -load-resolved-plugin /Applications/Xcode-27.0.0-Release.Candidate.app/Contents/Developer/Platforms/AppleTVOS.platform/Developer/usr/lib/swift/host/plugins/libSwiftMacros.dylib\#/Applications/Xcode-27.0.0-Release.Candidate.app/Contents/Developer/Platforms/AppleTVOS.platform/Developer/usr/bin/swift-plugin-server\#SwiftMacros -load-resolved-plugin /Applications/Xcode-27.0.0-Release.Candidate.app/Contents/Developer/Platforms/AppleTVOS.platform/Developer/usr/lib/swift/host/plugins/libSwiftUIMacros.dylib\#/Applications/Xcode-27.0.0-Release.Candidate.app/Contents/Developer/Platforms/AppleTVOS.platform/Developer/usr/bin/swift-plugin-server\#SwiftUIMacros -disable-implicit-swift-modules -Xcc -fno-implicit-modules -Xcc -fno-implicit-module-maps -explicit-swift-module-map-file /Users/admin/builder/spi-builder-workspace/.derivedData/Build/Intermediates.noindex/whim-ios-random.build/Debug-appletvos/WhimRandom-t.build/Objects-normal/arm64/WhimRandom-dependencies-1.json -Xllvm -aarch64-use-tbi -enable-objc-interop -stack-check -sdk /Applications/Xcode-27.0.0-Release.Candidate.app/Contents/Developer/Platforms/AppleTVOS.platform/Developer/SDKs/AppleTVOS27.0.sdk -I /Users/admin/builder/spi-builder-workspace/.derivedData/Build/Products/Debug-appletvos -Isystem /Applications/Xcode-27.0.0-Release.Candidate.app/Contents/Developer/Platforms/AppleTVOS.platform/Developer/usr/lib -F /Users/admin/builder/spi-builder-workspace/.derivedData/Build/Products/Debug-appletvos -F /Applications/Xcode-27.0.0-Release.Candidate.app/Contents/Developer/Platforms/AppleTVOS.platform/Developer/Library/Frameworks -F /Applications/Xcode-27.0.0-Release.Candidate.app/Contents/Developer/Platforms/AppleTVOS.platform/Developer/SDKs/AppleTVOS27.0.sdk/Developer/Library/Frameworks -module-cache-path /Users/admin/builder/spi-builder-workspace/.derivedData/Build/Intermediates.noindex/SwiftExplicitPrecompiledModules -no-color-diagnostics -Xcc -fno-color-diagnostics -enable-testing -g -debug-info-format\=dwarf -dwarf-version\=4 -profile-generate -profile-coverage-mapping -swift-version 5 -Onone -D SWIFT_PACKAGE -D DEBUG -D SWIFT_MODULE_RESOURCE_BUNDLE_UNAVAILABLE -D Xcode -serialize-debugging-options -enable-experimental-feature DebugDescriptionMacro -empty-abi-descriptor -validate-clang-modules-once -clang-build-session-file /Users/admin/builder/spi-builder-workspace/.derivedData/ModuleCache.noindex/Session.modulevalidation -Xcc -working-directory -Xcc /Users/admin/builder/spi-builder-workspace/.swiftpm/xcode -enable-anonymous-context-mangled-names -file-compilation-dir /Users/admin/builder/spi-builder-workspace/.swiftpm/xcode -Xcc -D_LIBCPP_HARDENING_MODE\=_LIBCPP_HARDENING_MODE_DEBUG -Xcc -ivfsstatcache -Xcc /Users/admin/builder/spi-builder-workspace/.derivedData/SDKStatCaches.noindex/appletvos27.0-24J360-e829b21a6f8c9b70876ba0858053c044b32bfd8d43560033f8d89884cdb90028.sdkstatcache -Xcc -fmodules-prune-interval\=86400 -Xcc -fmodules-prune-after\=345600 -Xcc -I/Users/admin/builder/spi-builder-workspace/.derivedData/Build/Products/Debug-appletvos/include -Xcc -I/Users/admin/builder/spi-builder-workspace/.derivedData/Build/Intermediates.noindex/whim-ios-random.build/Debug-appletvos/WhimRandom-t.build/DerivedSources-normal/arm64 -Xcc -I/Users/admin/builder/spi-builder-workspace/.derivedData/Build/Intermediates.noindex/whim-ios-random.build/Debug-appletvos/WhimRandom-t.build/DerivedSources/arm64 -Xcc -I/Users/admin/builder/spi-builder-workspace/.derivedData/Build/Intermediates.noindex/whim-ios-random.build/Debug-appletvos/WhimRandom-t.build/DerivedSources -Xcc -DSWIFT_PACKAGE -Xcc -DDEBUG\=1 -no-auto-bridging-header-chaining -module-name WhimRandom -const-gather-protocols-file /Users/admin/builder/spi-builder-workspace/.derivedData/Build/Intermediates.noindex/whim-ios-random.build/Debug-appletvos/WhimRandom-t.build/Objects-normal/arm64/WhimRandom_const_extract_protocols.json -disable-clang-spi -clang-target arm64-apple-tvos27.0 -target-sdk-version 27.0 -target-sdk-name appletvos27.0 -in-process-plugin-server-path /Applications/Xcode-27.0.0-Release.Candidate.app/Contents/Developer/Toolchains/XcodeDefault.xctoolchain/usr/lib/swift/host/libSwiftInProcPluginServer.dylib -emit-module-doc-path /Users/admin/builder/spi-builder-workspace/.derivedData/Build/Intermediates.noindex/whim-ios-random.build/Debug-appletvos/WhimRandom-t.build/Objects-normal/arm64/WhimRandom.swiftdoc -emit-module-source-info-path /Users/admin/builder/spi-builder-workspace/.derivedData/Build/Intermediates.noindex/whim-ios-random.build/Debug-appletvos/WhimRandom-t.build/Objects-normal/arm64/WhimRandom.swiftsourceinfo -emit-objc-header-path /Users/admin/builder/spi-builder-workspace/.derivedData/Build/Intermediates.noindex/whim-ios-random.build/Debug-appletvos/WhimRandom-t.build/Objects-normal/arm64/WhimRandom-Swift.h -serialize-diagnostics-path /Users/admin/builder/spi-builder-workspace/.derivedData/Build/Intermediates.noindex/whim-ios-random.build/Debug-appletvos/WhimRandom-t.build/Objects-normal/arm64/WhimRandom-primary-emit-module.dia -emit-dependencies-path /Users/admin/builder/spi-builder-workspace/.derivedData/Build/Intermediates.noindex/whim-ios-random.build/Debug-appletvos/WhimRandom-t.build/Objects-normal/arm64/WhimRandom-primary-emit-module.d -parse-as-library -o /Users/admin/builder/spi-builder-workspace/.derivedData/Build/Intermediates.noindex/whim-ios-random.build/Debug-appletvos/WhimRandom-t.build/Objects-normal/arm64/WhimRandom.swiftmodule -emit-abi-descriptor-path /Users/admin/builder/spi-builder-workspace/.derivedData/Build/Intermediates.noindex/whim-ios-random.build/Debug-appletvos/WhimRandom-t.build/Objects-normal/arm64/WhimRandom.abi.json
SwiftCompile normal arm64 (in target 'WhimRandom' from project 'whim-ios-random')
cd /Users/admin/builder/spi-builder-workspace/.swiftpm/xcode
SwiftCompile normal arm64 Compiling\ Tuples+Random.swift /Users/admin/builder/spi-builder-workspace/Sources/WhimRandom/Core/Extensions/Tuples+Random.swift (in target 'WhimRandom' from project 'whim-ios-random')
SwiftCompile normal arm64 /Users/admin/builder/spi-builder-workspace/Sources/WhimRandom/Core/Extensions/Tuples+Random.swift (in target 'WhimRandom' from project 'whim-ios-random')
cd /Users/admin/builder/spi-builder-workspace/.swiftpm/xcode
builtin-SwiftPerFileCompile Tuples+Random.swift
SwiftCompile normal arm64 Compiling\ Random.swift /Users/admin/builder/spi-builder-workspace/Sources/WhimRandom/Core/Random.swift (in target 'WhimRandom' from project 'whim-ios-random')
SwiftCompile normal arm64 /Users/admin/builder/spi-builder-workspace/Sources/WhimRandom/Core/Random.swift (in target 'WhimRandom' from project 'whim-ios-random')
cd /Users/admin/builder/spi-builder-workspace/.swiftpm/xcode
builtin-SwiftPerFileCompile Random.swift
PruneExplicitPrecompiledModules /Users/admin/builder/spi-builder-workspace/.derivedData/SDKExplicitPrecompiledModules
PruneExplicitPrecompiledModules /Users/admin/builder/spi-builder-workspace/.derivedData/Build/Intermediates.noindex/ExplicitPrecompiledModules
PruneExplicitPrecompiledModules /Users/admin/builder/spi-builder-workspace/.derivedData/Build/Intermediates.noindex/SwiftExplicitPrecompiledModules
2026-09-22 00:49:47.429 xcodebuild[745:4617] [MT] IDERunDestination: Supported platforms for the buildables in the current scheme is empty.
** BUILD FAILED **
The following build commands failed:
SwiftEmitModule normal arm64 Emitting\ module\ for\ WhimRandom (in target 'WhimRandom' from project 'whim-ios-random')
SwiftCompile normal arm64 (in target 'WhimRandom' from project 'whim-ios-random')
Building workspace whim-ios-random with scheme whim-ios-random
(3 failures)
BUILD FAILURE 6.4 tvOS