Build Information
Failed to build CombineExt, reference main (a7542e), with Swift 6.2 for Android on 3 Oct 2026 03:11:42 UTC.
Build Command
bash -c docker run --pull=always --rm -v "checkouts-54344844-3":/host -w "$PWD" -e JAVA_HOME="/root/.sdkman/candidates/java/current" -e SPI_BUILD="1" -e SPI_PROCESSING="1" registry.gitlab.com/saguaro1/spi-images:android-6.2-latest swift build --swift-sdk aarch64-unknown-linux-android28 2>&1Build Log
========================================
RunAll
========================================
Builder version: 5.1.1
Interrupt handler set up.
========================================
Checkout
========================================
Clone URL: https://github.com/NikSativa/CombineExt.git
Reference: main
Initialized empty Git repository in /host/spi-builder-workspace/.git/
hint: Using 'master' as the name for the initial branch. This default branch name
hint: is subject to change. To configure the initial branch name to use in all
hint: of your new repositories, which will suppress this warning, call:
hint:
hint: git config --global init.defaultBranch <name>
hint:
hint: Names commonly chosen instead of 'master' are 'main', 'trunk' and
hint: 'development'. The just-created branch can be renamed via this command:
hint:
hint: git branch -m <name>
From https://github.com/NikSativa/CombineExt
* branch main -> FETCH_HEAD
* [new branch] main -> origin/main
HEAD is now at a7542eb Exclude UIKit view examples from watchOS tests
Cloned https://github.com/NikSativa/CombineExt.git
Revision (git rev-parse @):
a7542eb0bccbaa92b5490446ca69afa31c943b6b
SPI manifest file found: $PWD/.spi.yml
SUCCESS checkout https://github.com/NikSativa/CombineExt.git at main
========================================
Build
========================================
Selected platform: android
Swift version: 6.2
Building package at path: $PWD
https://github.com/NikSativa/CombineExt.git
Running build ...
bash -c docker run --pull=always --rm -v "checkouts-54344844-3":/host -w "$PWD" -e JAVA_HOME="/root/.sdkman/candidates/java/current" -e SPI_BUILD="1" -e SPI_PROCESSING="1" registry.gitlab.com/saguaro1/spi-images:android-6.2-latest swift build --swift-sdk aarch64-unknown-linux-android28 2>&1
android-6.2-latest: Pulling from saguaro1/spi-images
Digest: sha256:f47b2a33897778fb58ca39c1139e193fa7f391fa362fe0d23c00db9747030994
Status: Image is up to date for registry.gitlab.com/saguaro1/spi-images:android-6.2-latest
Building for debugging...
[0/8] Write sources
[0/8] Copying PrivacyInfo.xcprivacy
[2/8] Write swift-version--11D90AFD9DD3AB2.txt
[4/23] Compiling CombineExt UIState.swift
/host/spi-builder-workspace/Source/BehavioralState/BehavioralStateContract.swift:1:8: error: no such module 'Combine'
1 | import Combine
| `- error: no such module 'Combine'
2 | import Foundation
3 |
[5/23] Compiling CombineExt AnyTokenBuilder.swift
/host/spi-builder-workspace/Source/BehavioralState/BehavioralStateContract.swift:1:8: error: no such module 'Combine'
1 | import Combine
| `- error: no such module 'Combine'
2 | import Foundation
3 |
[6/25] Compiling CombineExt SubscriptionBuilder.swift
/host/spi-builder-workspace/Source/BehavioralState/BehavioralStateContract.swift:1:8: error: no such module 'Combine'
1 | import Combine
| `- error: no such module 'Combine'
2 | import Foundation
3 |
[7/25] Compiling CombineExt CollectionExt.swift
/host/spi-builder-workspace/Source/BehavioralState/BehavioralStateContract.swift:1:8: error: no such module 'Combine'
1 | import Combine
| `- error: no such module 'Combine'
2 | import Foundation
3 |
[8/25] Compiling CombineExt PublishersExt.swift
/host/spi-builder-workspace/Source/BehavioralState/BehavioralStateContract.swift:1:8: error: no such module 'Combine'
1 | import Combine
| `- error: no such module 'Combine'
2 | import Foundation
3 |
[9/25] Compiling CombineExt Shared.swift
/host/spi-builder-workspace/Source/BehavioralState/BehavioralStateContract.swift:1:8: error: no such module 'Combine'
1 | import Combine
| `- error: no such module 'Combine'
2 | import Foundation
3 |
[10/25] Compiling CombineExt UIBinding.swift
/host/spi-builder-workspace/Source/BehavioralState/BehavioralStateContract.swift:1:8: error: no such module 'Combine'
1 | import Combine
| `- error: no such module 'Combine'
2 | import Foundation
3 |
[11/25] Compiling CombineExt UIBindingFactory.swift
/host/spi-builder-workspace/Source/BehavioralState/BehavioralStateContract.swift:1:8: error: no such module 'Combine'
1 | import Combine
| `- error: no such module 'Combine'
2 | import Foundation
3 |
[12/25] Compiling CombineExt ValueSubject.swift
/host/spi-builder-workspace/Source/BehavioralState/BehavioralStateContract.swift:1:8: error: no such module 'Combine'
1 | import Combine
| `- error: no such module 'Combine'
2 | import Foundation
3 |
[13/25] Compiling CombineExt resource_bundle_accessor.swift
/host/spi-builder-workspace/Source/BehavioralState/BehavioralStateContract.swift:1:8: error: no such module 'Combine'
1 | import Combine
| `- error: no such module 'Combine'
2 | import Foundation
3 |
error: emit-module command failed with exit code 1 (use -v to see invocation)
[14/25] Emitting module CombineExt
/host/spi-builder-workspace/Source/BehavioralState/BehavioralStateContract.swift:1:8: error: no such module 'Combine'
1 | import Combine
| `- error: no such module 'Combine'
2 | import Foundation
3 |
[15/25] Compiling CombineExt BehavioralStateContract.swift
/host/spi-builder-workspace/Source/BehavioralState/BehavioralStateContract.swift:1:8: error: no such module 'Combine'
1 | import Combine
| `- error: no such module 'Combine'
2 | import Foundation
3 |
[16/25] Compiling CombineExt DiffedValue.swift
/host/spi-builder-workspace/Source/BehavioralState/BehavioralStateContract.swift:1:8: error: no such module 'Combine'
1 | import Combine
| `- error: no such module 'Combine'
2 | import Foundation
3 |
[17/25] Compiling CombineExt Publisher+Change.swift
/host/spi-builder-workspace/Source/BehavioralState/BehavioralStateContract.swift:1:8: error: no such module 'Combine'
1 | import Combine
| `- error: no such module 'Combine'
2 | import Foundation
3 |
[18/25] Compiling CombineExt SafeBinding.swift
/host/spi-builder-workspace/Source/BehavioralState/BehavioralStateContract.swift:1:8: error: no such module 'Combine'
1 | import Combine
| `- error: no such module 'Combine'
2 | import Foundation
3 |
[19/25] Compiling CombineExt IgnoredState.swift
/host/spi-builder-workspace/Source/BehavioralState/BehavioralStateContract.swift:1:8: error: no such module 'Combine'
1 | import Combine
| `- error: no such module 'Combine'
2 | import Foundation
3 |
[20/25] Compiling CombineExt ManagedState.swift
/host/spi-builder-workspace/Source/BehavioralState/BehavioralStateContract.swift:1:8: error: no such module 'Combine'
1 | import Combine
| `- error: no such module 'Combine'
2 | import Foundation
3 |
BUILD FAILURE 6.2 android