Build Information
Failed to build CrashReporter, reference master (30e31e), with Swift 6.4 for visionOS using Xcode 27.0 on 21 Sep 2026 15:29:09 UTC.
Build Command
env DEVELOPER_DIR=/Applications/Xcode-27.0.0-Release.Candidate.app xcrun xcodebuild -IDEClonedSourcePackagesDirPathOverride=$PWD/.dependencies -skipMacroValidation -skipPackagePluginValidation -derivedDataPath $PWD/.derivedData build -scheme CrashReporter -destination generic/platform=xrOSBuild Log
========================================
RunAll
========================================
Builder version: 5.1.0
Interrupt handler set up.
========================================
Checkout
========================================
Clone URL: https://github.com/CleanCocoa/CrashReporter.git
Reference: master
Initialized empty Git repository in /Users/admin/builder/spi-builder-workspace/.git/
From https://github.com/CleanCocoa/CrashReporter
* branch master -> FETCH_HEAD
* [new branch] master -> origin/master
HEAD is now at 30e31ea Merge pull request #11 from Cykelero/show-app-icon
Submodule path 'php/vendor/PHPMailer': checked out '511413a6eaeb167fa88282d437766d34510548b8'
Submodule 'php/vendor/PHPMailer' (https://github.com/PHPMailer/PHPMailer.git) registered for path 'php/vendor/PHPMailer'
Cloning into '/Users/admin/builder/spi-builder-workspace/php/vendor/PHPMailer'...
Cloned https://github.com/CleanCocoa/CrashReporter.git
Revision (git rev-parse @):
30e31eac5cad1ec7f34330a3bd3feba14c357aec
SUCCESS checkout https://github.com/CleanCocoa/CrashReporter.git at master
========================================
Build
========================================
Selected platform: visionOS
Swift version: 6.4
Building package at path: $PWD
https://github.com/CleanCocoa/CrashReporter.git
Command line invocation:
/Applications/Xcode-27.0.0-Release.Candidate.app/Contents/Developer/usr/bin/xcodebuild -IDEClonedSourcePackagesDirPathOverride=/Users/admin/builder/spi-builder-workspace/.dependencies -resolvePackageDependencies
resolved source packages:
{
"dependencies" : [
],
"manifest_display_name" : "CrashReporter",
"name" : "CrashReporter",
"path" : "/Users/admin/builder/spi-builder-workspace",
"platforms" : [
{
"name" : "macos",
"version" : "10.11"
}
],
"products" : [
{
"name" : "CrashReporter",
"targets" : [
"CrashReporter"
],
"type" : {
"library" : [
"automatic"
]
}
}
],
"targets" : [
{
"c99name" : "CrashReporterTests",
"module_type" : "SwiftTarget",
"name" : "CrashReporterTests",
"path" : "Tests/CrashReporterTests",
"sources" : [
"EmailAddressSettingTests.swift",
"SendReportsAutomaticallySettingTests.swift"
],
"target_dependencies" : [
"CrashReporter"
],
"type" : "test"
},
{
"c99name" : "CrashReporter",
"module_type" : "SwiftTarget",
"name" : "CrashReporter",
"path" : "Sources/CrashReporter",
"product_memberships" : [
"CrashReporter"
],
"resources" : [
{
"path" : "/Users/admin/builder/spi-builder-workspace/Sources/CrashReporter/UI/CrashReporterWindow.xib",
"rule" : {
"process" : {
}
}
}
],
"sources" : [
"CrashLog.swift",
"CrashReporter+DefaultsKeys.swift",
"CrashReporter.swift",
"CrashReporterBundle.swift",
"EmailAddressSetting.swift",
"Infrastructure/Bundle+InfoKeys.swift",
"Infrastructure/HTTPURLResponse+valueForHTTPHeaderField.swift",
"Infrastructure/OneShotDownload.swift",
"Infrastructure/String+md5.swift",
"Infrastructure/URLResponse+statusIsOK.swift",
"SendReportsAutomaticallySetting.swift",
"UI/CrashReportWindowController.swift"
],
"type" : "library"
}
],
"tools_version" : "5.3"
}
{
"project" : {
"configurations" : [
"Debug",
"Release"
],
"name" : "CrashReporter",
"schemes" : [
"CrashReporter",
"Example"
],
"targets" : [
"CrashReporter",
"CrashReporterTests",
"Example"
]
}
}
{
"workspace" : {
"name" : "CrashReporter",
"schemes" : [
"CrashReporter"
]
}
}
2026-09-21 11:29:01.347 xcodebuild[675:4291] [MT] IDERunDestination: Supported platforms for the buildables in the current scheme is empty.
Running build ...
env DEVELOPER_DIR=/Applications/Xcode-27.0.0-Release.Candidate.app xcrun xcodebuild -IDEClonedSourcePackagesDirPathOverride=$PWD/.dependencies -skipMacroValidation -skipPackagePluginValidation -derivedDataPath $PWD/.derivedData build -scheme CrashReporter -destination generic/platform=xrOS
Command line invocation:
/Applications/Xcode-27.0.0-Release.Candidate.app/Contents/Developer/usr/bin/xcodebuild -IDEClonedSourcePackagesDirPathOverride=/Users/admin/builder/spi-builder-workspace/.dependencies -skipMacroValidation -skipPackagePluginValidation -derivedDataPath /Users/admin/builder/spi-builder-workspace/.derivedData build -scheme CrashReporter -destination generic/platform=xrOS
Resolve Package Graph
Resolved source packages:
CrashReporter: /Users/admin/builder/spi-builder-workspace
ComputePackagePrebuildTargetDependencyGraph
Prepare packages
CreateBuildRequest
SendProjectDescription
CreateBuildOperation
ComputeTargetDependencyGraph
note: Building targets in dependency order
note: Target dependency graph (3 targets)
Target 'CrashReporter-product' in project 'CrashReporter'
➜ Explicit dependency on target 'CrashReporter' in project 'CrashReporter'
➜ Explicit dependency on target 'CrashReporter_CrashReporter' in project 'CrashReporter'
Target 'CrashReporter' in project 'CrashReporter'
➜ Explicit dependency on target 'CrashReporter_CrashReporter' in project 'CrashReporter'
Target 'CrashReporter_CrashReporter' in project 'CrashReporter' (no dependencies)
GatherProvisioningInputs
CreateBuildDescription
ExecuteExternalTool /Applications/Xcode-27.0.0-Release.Candidate.app/Contents/Developer/Toolchains/XcodeDefault.xctoolchain/usr/bin/clang -v -E -dM -isysroot /Applications/Xcode-27.0.0-Release.Candidate.app/Contents/Developer/Platforms/XROS.platform/Developer/SDKs/XROS27.0.sdk -x c -c /dev/null
ExecuteExternalTool /Applications/Xcode-27.0.0-Release.Candidate.app/Contents/Developer/usr/bin/ibtool --version --output-format xml1
ExecuteExternalTool /Applications/Xcode-27.0.0-Release.Candidate.app/Contents/Developer/Toolchains/XcodeDefault.xctoolchain/usr/bin/swiftc --version
ExecuteExternalTool /Applications/Xcode-27.0.0-Release.Candidate.app/Contents/Developer/Toolchains/XcodeDefault.xctoolchain/usr/bin/ld -version_details
Build description signature: 5efcdbfc80ccb4668cfd2028d279c45c
Build description path: /Users/admin/builder/spi-builder-workspace/.derivedData/Build/Intermediates.noindex/XCBuildData/5efcdbfc80ccb4668cfd2028d279c45c.xcbuilddata
CreateBuildDirectory /Users/admin/builder/spi-builder-workspace/.derivedData/SDKExplicitPrecompiledModules
cd /Users/admin/builder/spi-builder-workspace/.swiftpm/xcode
builtin-create-build-directory /Users/admin/builder/spi-builder-workspace/.derivedData/SDKExplicitPrecompiledModules
CreateBuildDirectory /Users/admin/builder/spi-builder-workspace/.derivedData/CompilationCache.noindex
cd /Users/admin/builder/spi-builder-workspace/.swiftpm/xcode
builtin-create-build-directory /Users/admin/builder/spi-builder-workspace/.derivedData/CompilationCache.noindex
CreateBuildDirectory /Users/admin/builder/spi-builder-workspace/.derivedData/ModuleCache.noindex
cd /Users/admin/builder/spi-builder-workspace/.swiftpm/xcode
builtin-create-build-directory /Users/admin/builder/spi-builder-workspace/.derivedData/ModuleCache.noindex
CreateBuildDirectory /Users/admin/builder/spi-builder-workspace/.derivedData/Build/Products
cd /Users/admin/builder/spi-builder-workspace/.swiftpm/xcode
builtin-create-build-directory /Users/admin/builder/spi-builder-workspace/.derivedData/Build/Products
ClangStatCache /Applications/Xcode-27.0.0-Release.Candidate.app/Contents/Developer/Toolchains/XcodeDefault.xctoolchain/usr/bin/clang-stat-cache /Applications/Xcode-27.0.0-Release.Candidate.app/Contents/Developer/Platforms/XROS.platform/Developer/SDKs/XROS27.0.sdk /Users/admin/builder/spi-builder-workspace/.derivedData/SDKStatCaches.noindex/xros27.0-24M361-e829b21a6f8c9b70876ba0858053c044735bd543db762f57723cac368afd1ce4.sdkstatcache
cd /Users/admin/builder/spi-builder-workspace/.swiftpm/xcode
/Applications/Xcode-27.0.0-Release.Candidate.app/Contents/Developer/Toolchains/XcodeDefault.xctoolchain/usr/bin/clang-stat-cache /Applications/Xcode-27.0.0-Release.Candidate.app/Contents/Developer/Platforms/XROS.platform/Developer/SDKs/XROS27.0.sdk -o /Users/admin/builder/spi-builder-workspace/.derivedData/SDKStatCaches.noindex/xros27.0-24M361-e829b21a6f8c9b70876ba0858053c044735bd543db762f57723cac368afd1ce4.sdkstatcache
CreateBuildDirectory /Users/admin/builder/spi-builder-workspace/.derivedData/Build/Intermediates.noindex
cd /Users/admin/builder/spi-builder-workspace/.swiftpm/xcode
builtin-create-build-directory /Users/admin/builder/spi-builder-workspace/.derivedData/Build/Intermediates.noindex
CreateBuildDirectory /Users/admin/builder/spi-builder-workspace/.derivedData/Build/Intermediates.noindex/PrecompiledHeaders
cd /Users/admin/builder/spi-builder-workspace/.swiftpm/xcode
builtin-create-build-directory /Users/admin/builder/spi-builder-workspace/.derivedData/Build/Intermediates.noindex/PrecompiledHeaders
CreateBuildDirectory /Users/admin/builder/spi-builder-workspace/.derivedData/Build/Intermediates.noindex/SwiftExplicitPrecompiledModules
cd /Users/admin/builder/spi-builder-workspace/.swiftpm/xcode
builtin-create-build-directory /Users/admin/builder/spi-builder-workspace/.derivedData/Build/Intermediates.noindex/SwiftExplicitPrecompiledModules
CreateBuildDirectory /Users/admin/builder/spi-builder-workspace/.derivedData/Build/Intermediates.noindex/ExplicitPrecompiledModules
cd /Users/admin/builder/spi-builder-workspace/.swiftpm/xcode
builtin-create-build-directory /Users/admin/builder/spi-builder-workspace/.derivedData/Build/Intermediates.noindex/ExplicitPrecompiledModules
CreateBuildDirectory /Users/admin/builder/spi-builder-workspace/.derivedData/Build/Products/Debug-xros
cd /Users/admin/builder/spi-builder-workspace/.swiftpm/xcode
builtin-create-build-directory /Users/admin/builder/spi-builder-workspace/.derivedData/Build/Products/Debug-xros
CreateBuildDirectory /Users/admin/builder/spi-builder-workspace/.derivedData/Build/Intermediates.noindex/EagerLinkingTBDs/Debug-xros
cd /Users/admin/builder/spi-builder-workspace/.swiftpm/xcode
builtin-create-build-directory /Users/admin/builder/spi-builder-workspace/.derivedData/Build/Intermediates.noindex/EagerLinkingTBDs/Debug-xros
CreateBuildDirectory /Users/admin/builder/spi-builder-workspace/.derivedData/Build/Products/Debug-xros/PackageFrameworks
cd /Users/admin/builder/spi-builder-workspace/.swiftpm/xcode
builtin-create-build-directory /Users/admin/builder/spi-builder-workspace/.derivedData/Build/Products/Debug-xros/PackageFrameworks
MkDir /Users/admin/builder/spi-builder-workspace/.derivedData/Build/Products/Debug-xros/CrashReporter_CrashReporter.bundle (in target 'CrashReporter_CrashReporter' from project 'CrashReporter')
cd /Users/admin/builder/spi-builder-workspace
/bin/mkdir -p /Users/admin/builder/spi-builder-workspace/.derivedData/Build/Products/Debug-xros/CrashReporter_CrashReporter.bundle
WriteAuxiliaryFile /Users/admin/builder/spi-builder-workspace/.derivedData/Build/Intermediates.noindex/CrashReporter.build/Debug-xros/CrashReporter_CrashReporter-b.build/empty-CrashReporter_CrashReporter.plist (in target 'CrashReporter_CrashReporter' from project 'CrashReporter')
cd /Users/admin/builder/spi-builder-workspace
write-file /Users/admin/builder/spi-builder-workspace/.derivedData/Build/Intermediates.noindex/CrashReporter.build/Debug-xros/CrashReporter_CrashReporter-b.build/empty-CrashReporter_CrashReporter.plist
WriteAuxiliaryFile /Users/admin/builder/spi-builder-workspace/.derivedData/Build/Intermediates.noindex/CrashReporter.build/Debug-xros/CrashReporter_CrashReporter-b.build/CrashReporter_CrashReporter.DependencyMetadataFileList (in target 'CrashReporter_CrashReporter' from project 'CrashReporter')
cd /Users/admin/builder/spi-builder-workspace
write-file /Users/admin/builder/spi-builder-workspace/.derivedData/Build/Intermediates.noindex/CrashReporter.build/Debug-xros/CrashReporter_CrashReporter-b.build/CrashReporter_CrashReporter.DependencyMetadataFileList
WriteAuxiliaryFile /Users/admin/builder/spi-builder-workspace/.derivedData/Build/Intermediates.noindex/CrashReporter.build/Debug-xros/CrashReporter_CrashReporter-b.build/CrashReporter_CrashReporter.DependencyStaticMetadataFileList (in target 'CrashReporter_CrashReporter' from project 'CrashReporter')
cd /Users/admin/builder/spi-builder-workspace
write-file /Users/admin/builder/spi-builder-workspace/.derivedData/Build/Intermediates.noindex/CrashReporter.build/Debug-xros/CrashReporter_CrashReporter-b.build/CrashReporter_CrashReporter.DependencyStaticMetadataFileList
WriteAuxiliaryFile /Users/admin/builder/spi-builder-workspace/.derivedData/Build/Intermediates.noindex/CrashReporter.build/Debug-xros/CrashReporter-t.build/Objects-normal/arm64/CrashReporter.LinkFileList (in target 'CrashReporter' from project 'CrashReporter')
cd /Users/admin/builder/spi-builder-workspace
write-file /Users/admin/builder/spi-builder-workspace/.derivedData/Build/Intermediates.noindex/CrashReporter.build/Debug-xros/CrashReporter-t.build/Objects-normal/arm64/CrashReporter.LinkFileList
WriteAuxiliaryFile /Users/admin/builder/spi-builder-workspace/.derivedData/Build/Intermediates.noindex/CrashReporter.build/Debug-xros/CrashReporter-t.build/Objects-normal/arm64/CrashReporter.SwiftConstValuesFileList (in target 'CrashReporter' from project 'CrashReporter')
cd /Users/admin/builder/spi-builder-workspace
write-file /Users/admin/builder/spi-builder-workspace/.derivedData/Build/Intermediates.noindex/CrashReporter.build/Debug-xros/CrashReporter-t.build/Objects-normal/arm64/CrashReporter.SwiftConstValuesFileList
WriteAuxiliaryFile /Users/admin/builder/spi-builder-workspace/.derivedData/Build/Intermediates.noindex/CrashReporter.build/Debug-xros/CrashReporter-t.build/Objects-normal/arm64/CrashReporter.SwiftFileList (in target 'CrashReporter' from project 'CrashReporter')
cd /Users/admin/builder/spi-builder-workspace
write-file /Users/admin/builder/spi-builder-workspace/.derivedData/Build/Intermediates.noindex/CrashReporter.build/Debug-xros/CrashReporter-t.build/Objects-normal/arm64/CrashReporter.SwiftFileList
WriteAuxiliaryFile /Users/admin/builder/spi-builder-workspace/.derivedData/Build/Intermediates.noindex/CrashReporter.build/Debug-xros/CrashReporter-t.build/Objects-normal/arm64/CrashReporter-OutputFileMap.json (in target 'CrashReporter' from project 'CrashReporter')
cd /Users/admin/builder/spi-builder-workspace
write-file /Users/admin/builder/spi-builder-workspace/.derivedData/Build/Intermediates.noindex/CrashReporter.build/Debug-xros/CrashReporter-t.build/Objects-normal/arm64/CrashReporter-OutputFileMap.json
WriteAuxiliaryFile /Users/admin/builder/spi-builder-workspace/.derivedData/Build/Intermediates.noindex/CrashReporter.build/Debug-xros/CrashReporter-t.build/Objects-normal/arm64/CrashReporter_const_extract_protocols.json (in target 'CrashReporter' from project 'CrashReporter')
cd /Users/admin/builder/spi-builder-workspace
write-file /Users/admin/builder/spi-builder-workspace/.derivedData/Build/Intermediates.noindex/CrashReporter.build/Debug-xros/CrashReporter-t.build/Objects-normal/arm64/CrashReporter_const_extract_protocols.json
WriteAuxiliaryFile /Users/admin/builder/spi-builder-workspace/.derivedData/Build/Intermediates.noindex/CrashReporter.build/Debug-xros/CrashReporter-t.build/DerivedSources/resource_bundle_accessor.swift (in target 'CrashReporter' from project 'CrashReporter')
cd /Users/admin/builder/spi-builder-workspace
write-file /Users/admin/builder/spi-builder-workspace/.derivedData/Build/Intermediates.noindex/CrashReporter.build/Debug-xros/CrashReporter-t.build/DerivedSources/resource_bundle_accessor.swift
WriteAuxiliaryFile /Users/admin/builder/spi-builder-workspace/.derivedData/Build/Intermediates.noindex/CrashReporter.build/Debug-xros/CrashReporter-t.build/CrashReporter.modulemap (in target 'CrashReporter' from project 'CrashReporter')
cd /Users/admin/builder/spi-builder-workspace
write-file /Users/admin/builder/spi-builder-workspace/.derivedData/Build/Intermediates.noindex/CrashReporter.build/Debug-xros/CrashReporter-t.build/CrashReporter.modulemap
WriteAuxiliaryFile /Users/admin/builder/spi-builder-workspace/.derivedData/Build/Intermediates.noindex/CrashReporter.build/Debug-xros/CrashReporter-t.build/CrashReporter.DependencyStaticMetadataFileList (in target 'CrashReporter' from project 'CrashReporter')
cd /Users/admin/builder/spi-builder-workspace
write-file /Users/admin/builder/spi-builder-workspace/.derivedData/Build/Intermediates.noindex/CrashReporter.build/Debug-xros/CrashReporter-t.build/CrashReporter.DependencyStaticMetadataFileList
WriteAuxiliaryFile /Users/admin/builder/spi-builder-workspace/.derivedData/Build/Intermediates.noindex/CrashReporter.build/Debug-xros/CrashReporter-t.build/CrashReporter.DependencyMetadataFileList (in target 'CrashReporter' from project 'CrashReporter')
cd /Users/admin/builder/spi-builder-workspace
write-file /Users/admin/builder/spi-builder-workspace/.derivedData/Build/Intermediates.noindex/CrashReporter.build/Debug-xros/CrashReporter-t.build/CrashReporter.DependencyMetadataFileList
Copy /Users/admin/builder/spi-builder-workspace/.derivedData/Build/Intermediates.noindex/GeneratedModuleMaps-xros/CrashReporter.modulemap /Users/admin/builder/spi-builder-workspace/.derivedData/Build/Intermediates.noindex/CrashReporter.build/Debug-xros/CrashReporter-t.build/CrashReporter.modulemap (in target 'CrashReporter' from project 'CrashReporter')
cd /Users/admin/builder/spi-builder-workspace
builtin-copy -exclude .DS_Store -exclude CVS -exclude .svn -exclude .git -exclude .hg -resolve-src-symlinks /Users/admin/builder/spi-builder-workspace/.derivedData/Build/Intermediates.noindex/CrashReporter.build/Debug-xros/CrashReporter-t.build/CrashReporter.modulemap /Users/admin/builder/spi-builder-workspace/.derivedData/Build/Intermediates.noindex/GeneratedModuleMaps-xros
CompileXIB /Users/admin/builder/spi-builder-workspace/Sources/CrashReporter/UI/CrashReporterWindow.xib (in target 'CrashReporter_CrashReporter' from project 'CrashReporter')
cd /Users/admin/builder/spi-builder-workspace
/Applications/Xcode-27.0.0-Release.Candidate.app/Contents/Developer/usr/bin/ibtool --errors --warnings --notices --platform xros --module CrashReporter_CrashReporter --output-partial-info-plist /Users/admin/builder/spi-builder-workspace/.derivedData/Build/Intermediates.noindex/CrashReporter.build/Debug-xros/CrashReporter_CrashReporter-b.build/CrashReporterWindow-PartialInfo.plist --auto-activate-custom-fonts --target-device vision --minimum-deployment-target 1.0 --output-format human-readable-text --compile /Users/admin/builder/spi-builder-workspace/.derivedData/Build/Products/Debug-xros/CrashReporter_CrashReporter.bundle/CrashReporterWindow.nib /Users/admin/builder/spi-builder-workspace/Sources/CrashReporter/UI/CrashReporterWindow.xib
/* com.apple.ibtool.errors */
/Users/admin/builder/spi-builder-workspace/Sources/CrashReporter/UI/CrashReporterWindow.xib: error: Target runtime <IBCocoaTargetRuntime: 0xc9c533930> cannot provide an alternate for platform family visionOS
PruneExplicitPrecompiledModules /Users/admin/builder/spi-builder-workspace/.derivedData/Build/Intermediates.noindex/ExplicitPrecompiledModules
PruneExplicitPrecompiledModules /Users/admin/builder/spi-builder-workspace/.derivedData/Build/Intermediates.noindex/SwiftExplicitPrecompiledModules
PruneExplicitPrecompiledModules /Users/admin/builder/spi-builder-workspace/.derivedData/SDKExplicitPrecompiledModules
2026-09-21 11:29:02.993 xcodebuild[685:4475] [MT] IDERunDestination: Supported platforms for the buildables in the current scheme is empty.
** BUILD FAILED **
The following build commands failed:
CompileXIB /Users/admin/builder/spi-builder-workspace/Sources/CrashReporter/UI/CrashReporterWindow.xib (in target 'CrashReporter_CrashReporter' from project 'CrashReporter')
Building workspace CrashReporter with scheme CrashReporter
(2 failures)
Command line invocation:
/Applications/Xcode-27.0.0-Release.Candidate.app/Contents/Developer/usr/bin/xcodebuild -IDEClonedSourcePackagesDirPathOverride=/Users/admin/builder/spi-builder-workspace/.dependencies -resolvePackageDependencies
Resolve Package Graph
Resolved source packages:
CrashReporter: /Users/admin/builder/spi-builder-workspace
resolved source packages: CrashReporter
2026-09-21 11:29:06.705 xcodebuild[706:4631] [MT] IDERunDestination: Supported platforms for the buildables in the current scheme is empty.
{
"dependencies" : [
],
"manifest_display_name" : "CrashReporter",
"name" : "CrashReporter",
"path" : "/Users/admin/builder/spi-builder-workspace",
"platforms" : [
{
"name" : "macos",
"version" : "10.11"
}
],
"products" : [
{
"name" : "CrashReporter",
"targets" : [
"CrashReporter"
],
"type" : {
"library" : [
"automatic"
]
}
}
],
"targets" : [
{
"c99name" : "CrashReporterTests",
"module_type" : "SwiftTarget",
"name" : "CrashReporterTests",
"path" : "Tests/CrashReporterTests",
"sources" : [
"EmailAddressSettingTests.swift",
"SendReportsAutomaticallySettingTests.swift"
],
"target_dependencies" : [
"CrashReporter"
],
"type" : "test"
},
{
"c99name" : "CrashReporter",
"module_type" : "SwiftTarget",
"name" : "CrashReporter",
"path" : "Sources/CrashReporter",
"product_memberships" : [
"CrashReporter"
],
"resources" : [
{
"path" : "/Users/admin/builder/spi-builder-workspace/Sources/CrashReporter/UI/CrashReporterWindow.xib",
"rule" : {
"process" : {
}
}
}
],
"sources" : [
"CrashLog.swift",
"CrashReporter+DefaultsKeys.swift",
"CrashReporter.swift",
"CrashReporterBundle.swift",
"EmailAddressSetting.swift",
"Infrastructure/Bundle+InfoKeys.swift",
"Infrastructure/HTTPURLResponse+valueForHTTPHeaderField.swift",
"Infrastructure/OneShotDownload.swift",
"Infrastructure/String+md5.swift",
"Infrastructure/URLResponse+statusIsOK.swift",
"SendReportsAutomaticallySetting.swift",
"UI/CrashReportWindowController.swift"
],
"type" : "library"
}
],
"tools_version" : "5.3"
}
{
"workspace" : {
"name" : "CrashReporter",
"schemes" : [
"CrashReporter"
]
}
}
2026-09-21 11:29:07.874 xcodebuild[714:4688] [MT] IDERunDestination: Supported platforms for the buildables in the current scheme is empty.
Running build ...
env DEVELOPER_DIR=/Applications/Xcode-27.0.0-Release.Candidate.app xcrun xcodebuild -IDEClonedSourcePackagesDirPathOverride=$PWD/.dependencies -skipMacroValidation -skipPackagePluginValidation -derivedDataPath $PWD/.derivedData build -scheme CrashReporter -destination generic/platform=xrOS
Command line invocation:
/Applications/Xcode-27.0.0-Release.Candidate.app/Contents/Developer/usr/bin/xcodebuild -IDEClonedSourcePackagesDirPathOverride=/Users/admin/builder/spi-builder-workspace/.dependencies -skipMacroValidation -skipPackagePluginValidation -derivedDataPath /Users/admin/builder/spi-builder-workspace/.derivedData build -scheme CrashReporter -destination generic/platform=xrOS
Resolve Package Graph
Resolved source packages:
CrashReporter: /Users/admin/builder/spi-builder-workspace
ComputePackagePrebuildTargetDependencyGraph
Prepare packages
CreateBuildRequest
SendProjectDescription
CreateBuildOperation
ComputeTargetDependencyGraph
note: Building targets in dependency order
note: Target dependency graph (3 targets)
Target 'CrashReporter-product' in project 'CrashReporter'
➜ Explicit dependency on target 'CrashReporter' in project 'CrashReporter'
➜ Explicit dependency on target 'CrashReporter_CrashReporter' in project 'CrashReporter'
Target 'CrashReporter' in project 'CrashReporter'
➜ Explicit dependency on target 'CrashReporter_CrashReporter' in project 'CrashReporter'
Target 'CrashReporter_CrashReporter' in project 'CrashReporter' (no dependencies)
GatherProvisioningInputs
CreateBuildDescription
ClangStatCache /Applications/Xcode-27.0.0-Release.Candidate.app/Contents/Developer/Toolchains/XcodeDefault.xctoolchain/usr/bin/clang-stat-cache /Applications/Xcode-27.0.0-Release.Candidate.app/Contents/Developer/Platforms/XROS.platform/Developer/SDKs/XROS27.0.sdk /Users/admin/builder/spi-builder-workspace/.derivedData/SDKStatCaches.noindex/xros27.0-24M361-e829b21a6f8c9b70876ba0858053c044735bd543db762f57723cac368afd1ce4.sdkstatcache
cd /Users/admin/builder/spi-builder-workspace/.swiftpm/xcode
/Applications/Xcode-27.0.0-Release.Candidate.app/Contents/Developer/Toolchains/XcodeDefault.xctoolchain/usr/bin/clang-stat-cache /Applications/Xcode-27.0.0-Release.Candidate.app/Contents/Developer/Platforms/XROS.platform/Developer/SDKs/XROS27.0.sdk -o /Users/admin/builder/spi-builder-workspace/.derivedData/SDKStatCaches.noindex/xros27.0-24M361-e829b21a6f8c9b70876ba0858053c044735bd543db762f57723cac368afd1ce4.sdkstatcache
CompileXIB /Users/admin/builder/spi-builder-workspace/Sources/CrashReporter/UI/CrashReporterWindow.xib (in target 'CrashReporter_CrashReporter' from project 'CrashReporter')
cd /Users/admin/builder/spi-builder-workspace
/Applications/Xcode-27.0.0-Release.Candidate.app/Contents/Developer/usr/bin/ibtool --errors --warnings --notices --platform xros --module CrashReporter_CrashReporter --output-partial-info-plist /Users/admin/builder/spi-builder-workspace/.derivedData/Build/Intermediates.noindex/CrashReporter.build/Debug-xros/CrashReporter_CrashReporter-b.build/CrashReporterWindow-PartialInfo.plist --auto-activate-custom-fonts --target-device vision --minimum-deployment-target 1.0 --output-format human-readable-text --compile /Users/admin/builder/spi-builder-workspace/.derivedData/Build/Products/Debug-xros/CrashReporter_CrashReporter.bundle/CrashReporterWindow.nib /Users/admin/builder/spi-builder-workspace/Sources/CrashReporter/UI/CrashReporterWindow.xib
/* com.apple.ibtool.errors */
/Users/admin/builder/spi-builder-workspace/Sources/CrashReporter/UI/CrashReporterWindow.xib: error: Target runtime <IBCocoaTargetRuntime: 0xc9c533930> cannot provide an alternate for platform family visionOS
PruneExplicitPrecompiledModules /Users/admin/builder/spi-builder-workspace/.derivedData/SDKExplicitPrecompiledModules
PruneExplicitPrecompiledModules /Users/admin/builder/spi-builder-workspace/.derivedData/Build/Intermediates.noindex/ExplicitPrecompiledModules
PruneExplicitPrecompiledModules /Users/admin/builder/spi-builder-workspace/.derivedData/Build/Intermediates.noindex/SwiftExplicitPrecompiledModules
2026-09-21 11:29:08.772 xcodebuild[715:4716] [MT] IDERunDestination: Supported platforms for the buildables in the current scheme is empty.
** BUILD FAILED **
The following build commands failed:
CompileXIB /Users/admin/builder/spi-builder-workspace/Sources/CrashReporter/UI/CrashReporterWindow.xib (in target 'CrashReporter_CrashReporter' from project 'CrashReporter')
Building workspace CrashReporter with scheme CrashReporter
(2 failures)
BUILD FAILURE 6.4 visionOS