The Swift Package Index logo.Swift Package Index

Build Information

Failed to build XcodeHelperCliKit, reference 1.0.30 (ed64ae), with Swift 6.4 for tvOS using Xcode 27.0 on 16 Sep 2026 18:44:02 UTC.

Build Command

env DEVELOPER_DIR=/Applications/Xcode-27.0.0-Release.Candidate.app xcrun xcodebuild -IDEClonedSourcePackagesDirPathOverride=$PWD/.dependencies -skipMacroValidation -skipPackagePluginValidation -derivedDataPath $PWD/.derivedData build -scheme XcodeHelperCliKit -destination generic/platform=tvOS

Build Log

========================================
RunAll
========================================
Builder version: 5.1.0
Interrupt handler set up.
========================================
Checkout
========================================
Clone URL: https://github.com/saltzmanjoelh/xcodehelperclikit.git
Reference: 1.0.30
Initialized empty Git repository in /Users/admin/builder/spi-builder-workspace/.git/
From https://github.com/saltzmanjoelh/xcodehelperclikit
 * tag               1.0.30     -> FETCH_HEAD
HEAD is now at ed64aec Updated help descriptions
Cloned https://github.com/saltzmanjoelh/xcodehelperclikit.git
Revision (git rev-parse @):
ed64aec6e63e0f0595167259210e8041771a2cfe
SUCCESS checkout https://github.com/saltzmanjoelh/xcodehelperclikit.git at 1.0.30
========================================
Build
========================================
Selected platform:         tvOS
Swift version:             6.4
Building package at path:  $PWD
https://github.com/saltzmanjoelh/xcodehelperclikit.git
Command line invocation:
    /Applications/Xcode-27.0.0-Release.Candidate.app/Contents/Developer/usr/bin/xcodebuild -IDEClonedSourcePackagesDirPathOverride=/Users/admin/builder/spi-builder-workspace/.dependencies -resolvePackageDependencies
Resolve Package Graph
Fetching from https://github.com/saltzmanjoelh/XcodeHelperKit.git
Fetching from https://github.com/saltzmanjoelh/DockerProcess.git
Fetching from https://github.com/tuist/xcodeproj.git
Fetching from https://github.com/saltzmanjoelh/ProcessRunner.git
Fetching from https://github.com/saltzmanjoelh/S3Kit.git
Fetching from https://github.com/saltzmanjoelh/CliRunnable.git
Fetching from https://github.com/kylef/PathKit
Fetching from https://github.com/tadija/AEXML
Fetching from https://github.com/kareman/SwiftShell
Fetching from https://github.com/kylef/Spectre.git
Fetching from https://github.com/saltzmanjoelh/Yaml.git
Creating working copy of package ‘S3Kit’
Checking out 1.0.21 of package ‘S3Kit’
Creating working copy of package ‘AEXML’
Checking out 4.3.3 of package ‘AEXML’
Creating working copy of package ‘Spectre’
Checking out 0.9.2 of package ‘Spectre’
Creating working copy of package ‘ProcessRunner’
Checking out 1.0.11 of package ‘ProcessRunner’
Creating working copy of package ‘SwiftShell’
Checking out 4.1.2 of package ‘SwiftShell’
Creating working copy of package ‘PathKit’
Checking out 0.9.2 of package ‘PathKit’
Creating working copy of package ‘XcodeHelperKit’
Checking out 1.0.81 of package ‘XcodeHelperKit’
Creating working copy of package ‘CliRunnable’
Checking out 1.0.48 of package ‘CliRunnable’
Creating working copy of package ‘Yaml’
Checking out 3.4.10 of package ‘Yaml’
Creating working copy of package ‘xcodeproj’
Checking out 6.7.0 of package ‘xcodeproj’
Creating working copy of package ‘DockerProcess’
Checking out 1.0.28 of package ‘DockerProcess’
Resolve Package Graph
Resolved source packages:
  ProcessRunner: https://github.com/saltzmanjoelh/ProcessRunner.git @ 1.0.11
  AEXML: https://github.com/tadija/AEXML @ 4.3.3
  XcodeHelperCliKit: /Users/admin/builder/spi-builder-workspace
  XcodeHelperKit: https://github.com/saltzmanjoelh/XcodeHelperKit.git @ 1.0.81
  SwiftShell: https://github.com/kareman/SwiftShell @ 4.1.2
  Spectre: https://github.com/kylef/Spectre.git @ 0.9.2
  S3Kit: https://github.com/saltzmanjoelh/S3Kit.git @ 1.0.21
  PathKit: https://github.com/kylef/PathKit @ 0.9.2
  DockerProcess: https://github.com/saltzmanjoelh/DockerProcess.git @ 1.0.28
  Yaml: https://github.com/saltzmanjoelh/Yaml.git @ 3.4.10
  xcodeproj: https://github.com/tuist/xcodeproj.git @ 6.7.0
  CliRunnable: https://github.com/saltzmanjoelh/CliRunnable.git @ 1.0.48
resolved source packages: ProcessRunner, AEXML, XcodeHelperCliKit, XcodeHelperKit, SwiftShell, Spectre, S3Kit, PathKit, DockerProcess, Yaml, xcodeproj, CliRunnable
2026-09-16 14:43:06.202 xcodebuild[529:3032] [MT] IDERunDestination: Supported platforms for the buildables in the current scheme is empty.
{
  "dependencies" : [
    {
      "identity" : "xcodehelperkit",
      "requirement" : {
        "range" : [
          {
            "lower_bound" : "1.0.0",
            "upper_bound" : "2.0.0"
          }
        ]
      },
      "type" : "sourceControl",
      "url" : "https://github.com/saltzmanjoelh/XcodeHelperKit.git"
    }
  ],
  "manifest_display_name" : "XcodeHelperCliKit",
  "name" : "XcodeHelperCliKit",
  "path" : "/Users/admin/builder/spi-builder-workspace",
  "platforms" : [
  ],
  "products" : [
    {
      "name" : "XcodeHelperCliKit",
      "targets" : [
        "XcodeHelperCliKit"
      ],
      "type" : {
        "library" : [
          "static"
        ]
      }
    }
  ],
  "targets" : [
    {
      "c99name" : "XcodeHelperCliKitTests",
      "module_type" : "SwiftTarget",
      "name" : "XcodeHelperCliKitTests",
      "path" : "Tests/XcodeHelperCliKitTests",
      "product_dependencies" : [
        "XcodeHelperKit"
      ],
      "sources" : [
        "XcodeHelpableFixture.swift",
        "XcodeHelperCliKitTests.swift"
      ],
      "target_dependencies" : [
        "XcodeHelperCliKit"
      ],
      "type" : "test"
    },
    {
      "c99name" : "XcodeHelperCliKit",
      "module_type" : "SwiftTarget",
      "name" : "XcodeHelperCliKit",
      "path" : "Sources/XcodeHelperCliKit",
      "product_dependencies" : [
        "XcodeHelperKit"
      ],
      "product_memberships" : [
        "XcodeHelperCliKit"
      ],
      "sources" : [
        "Dictionary+Extensions.swift",
        "String+Extensions.swift",
        "XcodeHelperCliKit.swift"
      ],
      "type" : "library"
    }
  ],
  "tools_version" : "4.1"
}
{
  "workspace" : {
    "name" : "XcodeHelperCliKit",
    "schemes" : [
      "XcodeHelperCliKit"
    ]
  }
}
2026-09-16 14:43:48.143 xcodebuild[1090:5978] [MT] IDERunDestination: Supported platforms for the buildables in the current scheme is empty.
Running build ...
env DEVELOPER_DIR=/Applications/Xcode-27.0.0-Release.Candidate.app xcrun xcodebuild -IDEClonedSourcePackagesDirPathOverride=$PWD/.dependencies -skipMacroValidation -skipPackagePluginValidation -derivedDataPath $PWD/.derivedData build -scheme XcodeHelperCliKit -destination generic/platform=tvOS
Command line invocation:
    /Applications/Xcode-27.0.0-Release.Candidate.app/Contents/Developer/usr/bin/xcodebuild -IDEClonedSourcePackagesDirPathOverride=/Users/admin/builder/spi-builder-workspace/.dependencies -skipMacroValidation -skipPackagePluginValidation -derivedDataPath /Users/admin/builder/spi-builder-workspace/.derivedData build -scheme XcodeHelperCliKit -destination generic/platform=tvOS
Resolve Package Graph
Resolve Package Graph
Resolved source packages:
  XcodeHelperKit: https://github.com/saltzmanjoelh/XcodeHelperKit.git @ 1.0.81
  DockerProcess: https://github.com/saltzmanjoelh/DockerProcess.git @ 1.0.28
  SwiftShell: https://github.com/kareman/SwiftShell @ 4.1.2
  PathKit: https://github.com/kylef/PathKit @ 0.9.2
  CliRunnable: https://github.com/saltzmanjoelh/CliRunnable.git @ 1.0.48
  S3Kit: https://github.com/saltzmanjoelh/S3Kit.git @ 1.0.21
  ProcessRunner: https://github.com/saltzmanjoelh/ProcessRunner.git @ 1.0.11
  Yaml: https://github.com/saltzmanjoelh/Yaml.git @ 3.4.10
  xcodeproj: https://github.com/tuist/xcodeproj.git @ 6.7.0
  Spectre: https://github.com/kylef/Spectre.git @ 0.9.2
  AEXML: https://github.com/tadija/AEXML @ 4.3.3
  XcodeHelperCliKit: /Users/admin/builder/spi-builder-workspace
ComputePackagePrebuildTargetDependencyGraph
Prepare packages
CreateBuildRequest
SendProjectDescription
CreateBuildOperation
ComputeTargetDependencyGraph
note: Building targets in dependency order
note: Target dependency graph (20 targets)
    Target 'XcodeHelperCliKit-product' in project 'XcodeHelperCliKit'
        ➜ Explicit dependency on target 'XcodeHelperCliKit' in project 'XcodeHelperCliKit'
        ➜ Explicit dependency on target 'XcodeHelperKit-product' in project 'XcodeHelperKit'
    Target 'XcodeHelperCliKit' in project 'XcodeHelperCliKit'
        ➜ Explicit dependency on target 'XcodeHelperKit-product' in project 'XcodeHelperKit'
    Target 'XcodeHelperKit-product' in project 'XcodeHelperKit'
        ➜ Explicit dependency on target 'XcodeHelperKit' in project 'XcodeHelperKit'
        ➜ Explicit dependency on target 'ProcessRunner-product' in project 'ProcessRunner'
        ➜ Explicit dependency on target 'DockerProcess-product' in project 'DockerProcess'
        ➜ Explicit dependency on target 'CliRunnable-product' in project 'CliRunnable'
        ➜ Explicit dependency on target 'S3Kit-product' in project 'S3Kit'
        ➜ Explicit dependency on target 'xcodeproj-product' in project 'xcodeproj'
    Target 'XcodeHelperKit' in project 'XcodeHelperKit'
        ➜ Explicit dependency on target 'ProcessRunner-product' in project 'ProcessRunner'
        ➜ Explicit dependency on target 'DockerProcess-product' in project 'DockerProcess'
        ➜ Explicit dependency on target 'CliRunnable-product' in project 'CliRunnable'
        ➜ Explicit dependency on target 'S3Kit-product' in project 'S3Kit'
        ➜ Explicit dependency on target 'xcodeproj-product' in project 'xcodeproj'
    Target 'xcodeproj-product' in project 'xcodeproj'
        ➜ Explicit dependency on target 'xcodeproj' in project 'xcodeproj'
        ➜ Explicit dependency on target 'PathKit-product' in project 'PathKit'
        ➜ Explicit dependency on target 'AEXML-product' in project 'AEXML'
    Target 'xcodeproj' in project 'xcodeproj'
        ➜ Explicit dependency on target 'PathKit-product' in project 'PathKit'
        ➜ Explicit dependency on target 'AEXML-product' in project 'AEXML'
    Target 'AEXML-product' in project 'AEXML'
        ➜ Explicit dependency on target 'AEXML' in project 'AEXML'
    Target 'AEXML' in project 'AEXML' (no dependencies)
    Target 'PathKit-product' in project 'PathKit'
        ➜ Explicit dependency on target 'PathKit' in project 'PathKit'
    Target 'PathKit' in project 'PathKit' (no dependencies)
    Target 'S3Kit-product' in project 'S3Kit'
        ➜ Explicit dependency on target 'S3Kit' in project 'S3Kit'
    Target 'S3Kit' in project 'S3Kit' (no dependencies)
    Target 'CliRunnable-product' in project 'CliRunnable'
        ➜ Explicit dependency on target 'CliRunnable' in project 'CliRunnable'
        ➜ Explicit dependency on target 'Yaml-product' in project 'Yaml'
        ➜ Explicit dependency on target 'ProcessRunner-product' in project 'ProcessRunner'
    Target 'CliRunnable' in project 'CliRunnable'
        ➜ Explicit dependency on target 'Yaml-product' in project 'Yaml'
        ➜ Explicit dependency on target 'ProcessRunner-product' in project 'ProcessRunner'
    Target 'Yaml-product' in project 'Yaml'
        ➜ Explicit dependency on target 'Yaml' in project 'Yaml'
    Target 'Yaml' in project 'Yaml' (no dependencies)
    Target 'DockerProcess-product' in project 'DockerProcess'
        ➜ Explicit dependency on target 'DockerProcess' in project 'DockerProcess'
        ➜ Explicit dependency on target 'ProcessRunner-product' in project 'ProcessRunner'
    Target 'DockerProcess' in project 'DockerProcess'
        ➜ Explicit dependency on target 'ProcessRunner-product' in project 'ProcessRunner'
    Target 'ProcessRunner-product' in project 'ProcessRunner'
        ➜ Explicit dependency on target 'ProcessRunner' in project 'ProcessRunner'
    Target 'ProcessRunner' in project 'ProcessRunner' (no dependencies)
GatherProvisioningInputs
CreateBuildDescription
ExecuteExternalTool /Applications/Xcode-27.0.0-Release.Candidate.app/Contents/Developer/Toolchains/XcodeDefault.xctoolchain/usr/bin/swiftc --version
ExecuteExternalTool /Applications/Xcode-27.0.0-Release.Candidate.app/Contents/Developer/Toolchains/XcodeDefault.xctoolchain/usr/bin/clang -v -E -dM -isysroot /Applications/Xcode-27.0.0-Release.Candidate.app/Contents/Developer/Platforms/AppleTVOS.platform/Developer/SDKs/AppleTVOS27.0.sdk -x c -c /dev/null
ExecuteExternalTool /Applications/Xcode-27.0.0-Release.Candidate.app/Contents/Developer/Toolchains/XcodeDefault.xctoolchain/usr/bin/ld -version_details
Build description signature: 82fbb56ae8b265497f8ddd6bc5ede741
Build description path: /Users/admin/builder/spi-builder-workspace/.derivedData/Build/Intermediates.noindex/XCBuildData/82fbb56ae8b265497f8ddd6bc5ede741.xcbuilddata
CreateBuildDirectory /Users/admin/builder/spi-builder-workspace/.derivedData/ModuleCache.noindex
    cd /Users/admin/builder/spi-builder-workspace/.swiftpm/xcode
    builtin-create-build-directory /Users/admin/builder/spi-builder-workspace/.derivedData/ModuleCache.noindex
CreateBuildDirectory /Users/admin/builder/spi-builder-workspace/.derivedData/CompilationCache.noindex
    cd /Users/admin/builder/spi-builder-workspace/.swiftpm/xcode
    builtin-create-build-directory /Users/admin/builder/spi-builder-workspace/.derivedData/CompilationCache.noindex
CreateBuildDirectory /Users/admin/builder/spi-builder-workspace/.derivedData/SDKExplicitPrecompiledModules
    cd /Users/admin/builder/spi-builder-workspace/.swiftpm/xcode
    builtin-create-build-directory /Users/admin/builder/spi-builder-workspace/.derivedData/SDKExplicitPrecompiledModules
ClangStatCache /Applications/Xcode-27.0.0-Release.Candidate.app/Contents/Developer/Toolchains/XcodeDefault.xctoolchain/usr/bin/clang-stat-cache /Applications/Xcode-27.0.0-Release.Candidate.app/Contents/Developer/Platforms/AppleTVOS.platform/Developer/SDKs/AppleTVOS27.0.sdk /Users/admin/builder/spi-builder-workspace/.derivedData/SDKStatCaches.noindex/appletvos27.0-24J360-e829b21a6f8c9b70876ba0858053c044b32bfd8d43560033f8d89884cdb90028.sdkstatcache
    cd /Users/admin/builder/spi-builder-workspace/.swiftpm/xcode
    /Applications/Xcode-27.0.0-Release.Candidate.app/Contents/Developer/Toolchains/XcodeDefault.xctoolchain/usr/bin/clang-stat-cache /Applications/Xcode-27.0.0-Release.Candidate.app/Contents/Developer/Platforms/AppleTVOS.platform/Developer/SDKs/AppleTVOS27.0.sdk -o /Users/admin/builder/spi-builder-workspace/.derivedData/SDKStatCaches.noindex/appletvos27.0-24J360-e829b21a6f8c9b70876ba0858053c044b32bfd8d43560033f8d89884cdb90028.sdkstatcache
CreateBuildDirectory /Users/admin/builder/spi-builder-workspace/.derivedData/Build/Intermediates.noindex
    cd /Users/admin/builder/spi-builder-workspace/.swiftpm/xcode
    builtin-create-build-directory /Users/admin/builder/spi-builder-workspace/.derivedData/Build/Intermediates.noindex
CreateBuildDirectory /Users/admin/builder/spi-builder-workspace/.derivedData/Build/Products
    cd /Users/admin/builder/spi-builder-workspace/.swiftpm/xcode
    builtin-create-build-directory /Users/admin/builder/spi-builder-workspace/.derivedData/Build/Products
CreateBuildDirectory /Users/admin/builder/spi-builder-workspace/.derivedData/Build/Products/Debug-appletvos
    cd /Users/admin/builder/spi-builder-workspace/.swiftpm/xcode
    builtin-create-build-directory /Users/admin/builder/spi-builder-workspace/.derivedData/Build/Products/Debug-appletvos
CreateBuildDirectory /Users/admin/builder/spi-builder-workspace/.derivedData/Build/Intermediates.noindex/SwiftExplicitPrecompiledModules
    cd /Users/admin/builder/spi-builder-workspace/.swiftpm/xcode
    builtin-create-build-directory /Users/admin/builder/spi-builder-workspace/.derivedData/Build/Intermediates.noindex/SwiftExplicitPrecompiledModules
CreateBuildDirectory /Users/admin/builder/spi-builder-workspace/.derivedData/Build/Intermediates.noindex/PrecompiledHeaders
    cd /Users/admin/builder/spi-builder-workspace/.swiftpm/xcode
    builtin-create-build-directory /Users/admin/builder/spi-builder-workspace/.derivedData/Build/Intermediates.noindex/PrecompiledHeaders
CreateBuildDirectory /Users/admin/builder/spi-builder-workspace/.derivedData/Build/Intermediates.noindex/ExplicitPrecompiledModules
    cd /Users/admin/builder/spi-builder-workspace/.swiftpm/xcode
    builtin-create-build-directory /Users/admin/builder/spi-builder-workspace/.derivedData/Build/Intermediates.noindex/ExplicitPrecompiledModules
CreateBuildDirectory /Users/admin/builder/spi-builder-workspace/.derivedData/Build/Intermediates.noindex/EagerLinkingTBDs/Debug-appletvos
    cd /Users/admin/builder/spi-builder-workspace/.swiftpm/xcode
    builtin-create-build-directory /Users/admin/builder/spi-builder-workspace/.derivedData/Build/Intermediates.noindex/EagerLinkingTBDs/Debug-appletvos
CreateBuildDirectory /Users/admin/builder/spi-builder-workspace/.derivedData/Build/Products/Debug-appletvos/PackageFrameworks
    cd /Users/admin/builder/spi-builder-workspace/.swiftpm/xcode
    builtin-create-build-directory /Users/admin/builder/spi-builder-workspace/.derivedData/Build/Products/Debug-appletvos/PackageFrameworks
WriteAuxiliaryFile /Users/admin/builder/spi-builder-workspace/.derivedData/Build/Intermediates.noindex/xcodeproj.build/Debug-appletvos/xcodeproj-t.build/xcodeproj.modulemap (in target 'xcodeproj' from project 'xcodeproj')
    cd /Users/admin/builder/spi-builder-workspace/.dependencies/checkouts/xcodeproj
    write-file /Users/admin/builder/spi-builder-workspace/.derivedData/Build/Intermediates.noindex/xcodeproj.build/Debug-appletvos/xcodeproj-t.build/xcodeproj.modulemap
WriteAuxiliaryFile /Users/admin/builder/spi-builder-workspace/.derivedData/Build/Intermediates.noindex/xcodeproj.build/Debug-appletvos/xcodeproj-t.build/xcodeproj.DependencyMetadataFileList (in target 'xcodeproj' from project 'xcodeproj')
    cd /Users/admin/builder/spi-builder-workspace/.dependencies/checkouts/xcodeproj
    write-file /Users/admin/builder/spi-builder-workspace/.derivedData/Build/Intermediates.noindex/xcodeproj.build/Debug-appletvos/xcodeproj-t.build/xcodeproj.DependencyMetadataFileList
WriteAuxiliaryFile /Users/admin/builder/spi-builder-workspace/.derivedData/Build/Intermediates.noindex/xcodeproj.build/Debug-appletvos/xcodeproj-t.build/xcodeproj.DependencyStaticMetadataFileList (in target 'xcodeproj' from project 'xcodeproj')
    cd /Users/admin/builder/spi-builder-workspace/.dependencies/checkouts/xcodeproj
    write-file /Users/admin/builder/spi-builder-workspace/.derivedData/Build/Intermediates.noindex/xcodeproj.build/Debug-appletvos/xcodeproj-t.build/xcodeproj.DependencyStaticMetadataFileList
WriteAuxiliaryFile /Users/admin/builder/spi-builder-workspace/.derivedData/Build/Intermediates.noindex/xcodeproj.build/Debug-appletvos/xcodeproj-t.build/Objects-normal/arm64/xcodeproj_const_extract_protocols.json (in target 'xcodeproj' from project 'xcodeproj')
    cd /Users/admin/builder/spi-builder-workspace/.dependencies/checkouts/xcodeproj
    write-file /Users/admin/builder/spi-builder-workspace/.derivedData/Build/Intermediates.noindex/xcodeproj.build/Debug-appletvos/xcodeproj-t.build/Objects-normal/arm64/xcodeproj_const_extract_protocols.json
WriteAuxiliaryFile /Users/admin/builder/spi-builder-workspace/.derivedData/Build/Intermediates.noindex/xcodeproj.build/Debug-appletvos/xcodeproj-t.build/Objects-normal/arm64/xcodeproj.LinkFileList (in target 'xcodeproj' from project 'xcodeproj')
    cd /Users/admin/builder/spi-builder-workspace/.dependencies/checkouts/xcodeproj
    write-file /Users/admin/builder/spi-builder-workspace/.derivedData/Build/Intermediates.noindex/xcodeproj.build/Debug-appletvos/xcodeproj-t.build/Objects-normal/arm64/xcodeproj.LinkFileList
WriteAuxiliaryFile /Users/admin/builder/spi-builder-workspace/.derivedData/Build/Intermediates.noindex/xcodeproj.build/Debug-appletvos/xcodeproj-t.build/Objects-normal/arm64/xcodeproj-OutputFileMap.json (in target 'xcodeproj' from project 'xcodeproj')
    cd /Users/admin/builder/spi-builder-workspace/.dependencies/checkouts/xcodeproj
    write-file /Users/admin/builder/spi-builder-workspace/.derivedData/Build/Intermediates.noindex/xcodeproj.build/Debug-appletvos/xcodeproj-t.build/Objects-normal/arm64/xcodeproj-OutputFileMap.json
WriteAuxiliaryFile /Users/admin/builder/spi-builder-workspace/.derivedData/Build/Intermediates.noindex/xcodeproj.build/Debug-appletvos/xcodeproj-t.build/Objects-normal/arm64/xcodeproj.SwiftConstValuesFileList (in target 'xcodeproj' from project 'xcodeproj')
    cd /Users/admin/builder/spi-builder-workspace/.dependencies/checkouts/xcodeproj
    write-file /Users/admin/builder/spi-builder-workspace/.derivedData/Build/Intermediates.noindex/xcodeproj.build/Debug-appletvos/xcodeproj-t.build/Objects-normal/arm64/xcodeproj.SwiftConstValuesFileList
WriteAuxiliaryFile /Users/admin/builder/spi-builder-workspace/.derivedData/Build/Intermediates.noindex/xcodeproj.build/Debug-appletvos/xcodeproj-t.build/Objects-normal/arm64/xcodeproj.SwiftFileList (in target 'xcodeproj' from project 'xcodeproj')
    cd /Users/admin/builder/spi-builder-workspace/.dependencies/checkouts/xcodeproj
    write-file /Users/admin/builder/spi-builder-workspace/.derivedData/Build/Intermediates.noindex/xcodeproj.build/Debug-appletvos/xcodeproj-t.build/Objects-normal/arm64/xcodeproj.SwiftFileList
WriteAuxiliaryFile /Users/admin/builder/spi-builder-workspace/.derivedData/Build/Intermediates.noindex/Yaml.build/Debug-appletvos/Yaml-t.build/Yaml.modulemap (in target 'Yaml' from project 'Yaml')
    cd /Users/admin/builder/spi-builder-workspace/.dependencies/checkouts/Yaml
    write-file /Users/admin/builder/spi-builder-workspace/.derivedData/Build/Intermediates.noindex/Yaml.build/Debug-appletvos/Yaml-t.build/Yaml.modulemap
WriteAuxiliaryFile /Users/admin/builder/spi-builder-workspace/.derivedData/Build/Intermediates.noindex/Yaml.build/Debug-appletvos/Yaml-t.build/Yaml.DependencyMetadataFileList (in target 'Yaml' from project 'Yaml')
    cd /Users/admin/builder/spi-builder-workspace/.dependencies/checkouts/Yaml
    write-file /Users/admin/builder/spi-builder-workspace/.derivedData/Build/Intermediates.noindex/Yaml.build/Debug-appletvos/Yaml-t.build/Yaml.DependencyMetadataFileList
WriteAuxiliaryFile /Users/admin/builder/spi-builder-workspace/.derivedData/Build/Intermediates.noindex/Yaml.build/Debug-appletvos/Yaml-t.build/Yaml.DependencyStaticMetadataFileList (in target 'Yaml' from project 'Yaml')
    cd /Users/admin/builder/spi-builder-workspace/.dependencies/checkouts/Yaml
    write-file /Users/admin/builder/spi-builder-workspace/.derivedData/Build/Intermediates.noindex/Yaml.build/Debug-appletvos/Yaml-t.build/Yaml.DependencyStaticMetadataFileList
WriteAuxiliaryFile /Users/admin/builder/spi-builder-workspace/.derivedData/Build/Intermediates.noindex/Yaml.build/Debug-appletvos/Yaml-t.build/Objects-normal/arm64/Yaml_const_extract_protocols.json (in target 'Yaml' from project 'Yaml')
    cd /Users/admin/builder/spi-builder-workspace/.dependencies/checkouts/Yaml
    write-file /Users/admin/builder/spi-builder-workspace/.derivedData/Build/Intermediates.noindex/Yaml.build/Debug-appletvos/Yaml-t.build/Objects-normal/arm64/Yaml_const_extract_protocols.json
WriteAuxiliaryFile /Users/admin/builder/spi-builder-workspace/.derivedData/Build/Intermediates.noindex/Yaml.build/Debug-appletvos/Yaml-t.build/Objects-normal/arm64/Yaml.SwiftConstValuesFileList (in target 'Yaml' from project 'Yaml')
    cd /Users/admin/builder/spi-builder-workspace/.dependencies/checkouts/Yaml
    write-file /Users/admin/builder/spi-builder-workspace/.derivedData/Build/Intermediates.noindex/Yaml.build/Debug-appletvos/Yaml-t.build/Objects-normal/arm64/Yaml.SwiftConstValuesFileList
WriteAuxiliaryFile /Users/admin/builder/spi-builder-workspace/.derivedData/Build/Intermediates.noindex/Yaml.build/Debug-appletvos/Yaml-t.build/Objects-normal/arm64/Yaml.SwiftFileList (in target 'Yaml' from project 'Yaml')
    cd /Users/admin/builder/spi-builder-workspace/.dependencies/checkouts/Yaml
    write-file /Users/admin/builder/spi-builder-workspace/.derivedData/Build/Intermediates.noindex/Yaml.build/Debug-appletvos/Yaml-t.build/Objects-normal/arm64/Yaml.SwiftFileList
WriteAuxiliaryFile /Users/admin/builder/spi-builder-workspace/.derivedData/Build/Intermediates.noindex/Yaml.build/Debug-appletvos/Yaml-t.build/Objects-normal/arm64/Yaml.LinkFileList (in target 'Yaml' from project 'Yaml')
    cd /Users/admin/builder/spi-builder-workspace/.dependencies/checkouts/Yaml
    write-file /Users/admin/builder/spi-builder-workspace/.derivedData/Build/Intermediates.noindex/Yaml.build/Debug-appletvos/Yaml-t.build/Objects-normal/arm64/Yaml.LinkFileList
WriteAuxiliaryFile /Users/admin/builder/spi-builder-workspace/.derivedData/Build/Intermediates.noindex/Yaml.build/Debug-appletvos/Yaml-t.build/Objects-normal/arm64/Yaml-OutputFileMap.json (in target 'Yaml' from project 'Yaml')
    cd /Users/admin/builder/spi-builder-workspace/.dependencies/checkouts/Yaml
    write-file /Users/admin/builder/spi-builder-workspace/.derivedData/Build/Intermediates.noindex/Yaml.build/Debug-appletvos/Yaml-t.build/Objects-normal/arm64/Yaml-OutputFileMap.json
Copy /Users/admin/builder/spi-builder-workspace/.derivedData/Build/Intermediates.noindex/GeneratedModuleMaps-appletvos/xcodeproj.modulemap /Users/admin/builder/spi-builder-workspace/.derivedData/Build/Intermediates.noindex/xcodeproj.build/Debug-appletvos/xcodeproj-t.build/xcodeproj.modulemap (in target 'xcodeproj' from project 'xcodeproj')
    cd /Users/admin/builder/spi-builder-workspace/.dependencies/checkouts/xcodeproj
    builtin-copy -exclude .DS_Store -exclude CVS -exclude .svn -exclude .git -exclude .hg -resolve-src-symlinks /Users/admin/builder/spi-builder-workspace/.derivedData/Build/Intermediates.noindex/xcodeproj.build/Debug-appletvos/xcodeproj-t.build/xcodeproj.modulemap /Users/admin/builder/spi-builder-workspace/.derivedData/Build/Intermediates.noindex/GeneratedModuleMaps-appletvos
WriteAuxiliaryFile /Users/admin/builder/spi-builder-workspace/.derivedData/Build/Intermediates.noindex/XcodeHelperKit.build/Debug-appletvos/XcodeHelperKit-t.build/XcodeHelperKit.modulemap (in target 'XcodeHelperKit' from project 'XcodeHelperKit')
    cd /Users/admin/builder/spi-builder-workspace/.dependencies/checkouts/XcodeHelperKit
    write-file /Users/admin/builder/spi-builder-workspace/.derivedData/Build/Intermediates.noindex/XcodeHelperKit.build/Debug-appletvos/XcodeHelperKit-t.build/XcodeHelperKit.modulemap
Copy /Users/admin/builder/spi-builder-workspace/.derivedData/Build/Intermediates.noindex/GeneratedModuleMaps-appletvos/Yaml.modulemap /Users/admin/builder/spi-builder-workspace/.derivedData/Build/Intermediates.noindex/Yaml.build/Debug-appletvos/Yaml-t.build/Yaml.modulemap (in target 'Yaml' from project 'Yaml')
    cd /Users/admin/builder/spi-builder-workspace/.dependencies/checkouts/Yaml
    builtin-copy -exclude .DS_Store -exclude CVS -exclude .svn -exclude .git -exclude .hg -resolve-src-symlinks /Users/admin/builder/spi-builder-workspace/.derivedData/Build/Intermediates.noindex/Yaml.build/Debug-appletvos/Yaml-t.build/Yaml.modulemap /Users/admin/builder/spi-builder-workspace/.derivedData/Build/Intermediates.noindex/GeneratedModuleMaps-appletvos
WriteAuxiliaryFile /Users/admin/builder/spi-builder-workspace/.derivedData/Build/Intermediates.noindex/XcodeHelperKit.build/Debug-appletvos/XcodeHelperKit-t.build/XcodeHelperKit.DependencyStaticMetadataFileList (in target 'XcodeHelperKit' from project 'XcodeHelperKit')
    cd /Users/admin/builder/spi-builder-workspace/.dependencies/checkouts/XcodeHelperKit
    write-file /Users/admin/builder/spi-builder-workspace/.derivedData/Build/Intermediates.noindex/XcodeHelperKit.build/Debug-appletvos/XcodeHelperKit-t.build/XcodeHelperKit.DependencyStaticMetadataFileList
WriteAuxiliaryFile /Users/admin/builder/spi-builder-workspace/.derivedData/Build/Intermediates.noindex/XcodeHelperKit.build/Debug-appletvos/XcodeHelperKit-t.build/XcodeHelperKit.DependencyMetadataFileList (in target 'XcodeHelperKit' from project 'XcodeHelperKit')
    cd /Users/admin/builder/spi-builder-workspace/.dependencies/checkouts/XcodeHelperKit
    write-file /Users/admin/builder/spi-builder-workspace/.derivedData/Build/Intermediates.noindex/XcodeHelperKit.build/Debug-appletvos/XcodeHelperKit-t.build/XcodeHelperKit.DependencyMetadataFileList
WriteAuxiliaryFile /Users/admin/builder/spi-builder-workspace/.derivedData/Build/Intermediates.noindex/XcodeHelperKit.build/Debug-appletvos/XcodeHelperKit-t.build/Objects-normal/arm64/XcodeHelperKit.SwiftConstValuesFileList (in target 'XcodeHelperKit' from project 'XcodeHelperKit')
    cd /Users/admin/builder/spi-builder-workspace/.dependencies/checkouts/XcodeHelperKit
    write-file /Users/admin/builder/spi-builder-workspace/.derivedData/Build/Intermediates.noindex/XcodeHelperKit.build/Debug-appletvos/XcodeHelperKit-t.build/Objects-normal/arm64/XcodeHelperKit.SwiftConstValuesFileList
WriteAuxiliaryFile /Users/admin/builder/spi-builder-workspace/.derivedData/Build/Intermediates.noindex/XcodeHelperKit.build/Debug-appletvos/XcodeHelperKit-t.build/Objects-normal/arm64/XcodeHelperKit_const_extract_protocols.json (in target 'XcodeHelperKit' from project 'XcodeHelperKit')
    cd /Users/admin/builder/spi-builder-workspace/.dependencies/checkouts/XcodeHelperKit
    write-file /Users/admin/builder/spi-builder-workspace/.derivedData/Build/Intermediates.noindex/XcodeHelperKit.build/Debug-appletvos/XcodeHelperKit-t.build/Objects-normal/arm64/XcodeHelperKit_const_extract_protocols.json
WriteAuxiliaryFile /Users/admin/builder/spi-builder-workspace/.derivedData/Build/Intermediates.noindex/XcodeHelperKit.build/Debug-appletvos/XcodeHelperKit-t.build/Objects-normal/arm64/XcodeHelperKit.SwiftFileList (in target 'XcodeHelperKit' from project 'XcodeHelperKit')
    cd /Users/admin/builder/spi-builder-workspace/.dependencies/checkouts/XcodeHelperKit
    write-file /Users/admin/builder/spi-builder-workspace/.derivedData/Build/Intermediates.noindex/XcodeHelperKit.build/Debug-appletvos/XcodeHelperKit-t.build/Objects-normal/arm64/XcodeHelperKit.SwiftFileList
WriteAuxiliaryFile /Users/admin/builder/spi-builder-workspace/.derivedData/Build/Intermediates.noindex/XcodeHelperKit.build/Debug-appletvos/XcodeHelperKit-t.build/Objects-normal/arm64/XcodeHelperKit-OutputFileMap.json (in target 'XcodeHelperKit' from project 'XcodeHelperKit')
    cd /Users/admin/builder/spi-builder-workspace/.dependencies/checkouts/XcodeHelperKit
    write-file /Users/admin/builder/spi-builder-workspace/.derivedData/Build/Intermediates.noindex/XcodeHelperKit.build/Debug-appletvos/XcodeHelperKit-t.build/Objects-normal/arm64/XcodeHelperKit-OutputFileMap.json
WriteAuxiliaryFile /Users/admin/builder/spi-builder-workspace/.derivedData/Build/Intermediates.noindex/XcodeHelperKit.build/Debug-appletvos/XcodeHelperKit-t.build/Objects-normal/arm64/XcodeHelperKit.LinkFileList (in target 'XcodeHelperKit' from project 'XcodeHelperKit')
    cd /Users/admin/builder/spi-builder-workspace/.dependencies/checkouts/XcodeHelperKit
    write-file /Users/admin/builder/spi-builder-workspace/.derivedData/Build/Intermediates.noindex/XcodeHelperKit.build/Debug-appletvos/XcodeHelperKit-t.build/Objects-normal/arm64/XcodeHelperKit.LinkFileList
Copy /Users/admin/builder/spi-builder-workspace/.derivedData/Build/Intermediates.noindex/GeneratedModuleMaps-appletvos/XcodeHelperKit.modulemap /Users/admin/builder/spi-builder-workspace/.derivedData/Build/Intermediates.noindex/XcodeHelperKit.build/Debug-appletvos/XcodeHelperKit-t.build/XcodeHelperKit.modulemap (in target 'XcodeHelperKit' from project 'XcodeHelperKit')
    cd /Users/admin/builder/spi-builder-workspace/.dependencies/checkouts/XcodeHelperKit
    builtin-copy -exclude .DS_Store -exclude CVS -exclude .svn -exclude .git -exclude .hg -resolve-src-symlinks /Users/admin/builder/spi-builder-workspace/.derivedData/Build/Intermediates.noindex/XcodeHelperKit.build/Debug-appletvos/XcodeHelperKit-t.build/XcodeHelperKit.modulemap /Users/admin/builder/spi-builder-workspace/.derivedData/Build/Intermediates.noindex/GeneratedModuleMaps-appletvos
WriteAuxiliaryFile /Users/admin/builder/spi-builder-workspace/.derivedData/Build/Intermediates.noindex/XcodeHelperCliKit.build/Debug-appletvos/XcodeHelperCliKit-t.build/XcodeHelperCliKit.modulemap (in target 'XcodeHelperCliKit' from project 'XcodeHelperCliKit')
    cd /Users/admin/builder/spi-builder-workspace
    write-file /Users/admin/builder/spi-builder-workspace/.derivedData/Build/Intermediates.noindex/XcodeHelperCliKit.build/Debug-appletvos/XcodeHelperCliKit-t.build/XcodeHelperCliKit.modulemap
WriteAuxiliaryFile /Users/admin/builder/spi-builder-workspace/.derivedData/Build/Intermediates.noindex/XcodeHelperCliKit.build/Debug-appletvos/XcodeHelperCliKit-t.build/XcodeHelperCliKit.DependencyStaticMetadataFileList (in target 'XcodeHelperCliKit' from project 'XcodeHelperCliKit')
    cd /Users/admin/builder/spi-builder-workspace
    write-file /Users/admin/builder/spi-builder-workspace/.derivedData/Build/Intermediates.noindex/XcodeHelperCliKit.build/Debug-appletvos/XcodeHelperCliKit-t.build/XcodeHelperCliKit.DependencyStaticMetadataFileList
WriteAuxiliaryFile /Users/admin/builder/spi-builder-workspace/.derivedData/Build/Intermediates.noindex/XcodeHelperCliKit.build/Debug-appletvos/XcodeHelperCliKit-t.build/XcodeHelperCliKit.DependencyMetadataFileList (in target 'XcodeHelperCliKit' from project 'XcodeHelperCliKit')
    cd /Users/admin/builder/spi-builder-workspace
    write-file /Users/admin/builder/spi-builder-workspace/.derivedData/Build/Intermediates.noindex/XcodeHelperCliKit.build/Debug-appletvos/XcodeHelperCliKit-t.build/XcodeHelperCliKit.DependencyMetadataFileList
WriteAuxiliaryFile /Users/admin/builder/spi-builder-workspace/.derivedData/Build/Intermediates.noindex/XcodeHelperCliKit.build/Debug-appletvos/XcodeHelperCliKit-t.build/Objects-normal/arm64/XcodeHelperCliKit_const_extract_protocols.json (in target 'XcodeHelperCliKit' from project 'XcodeHelperCliKit')
    cd /Users/admin/builder/spi-builder-workspace
    write-file /Users/admin/builder/spi-builder-workspace/.derivedData/Build/Intermediates.noindex/XcodeHelperCliKit.build/Debug-appletvos/XcodeHelperCliKit-t.build/Objects-normal/arm64/XcodeHelperCliKit_const_extract_protocols.json
WriteAuxiliaryFile /Users/admin/builder/spi-builder-workspace/.derivedData/Build/Intermediates.noindex/XcodeHelperCliKit.build/Debug-appletvos/XcodeHelperCliKit-t.build/Objects-normal/arm64/XcodeHelperCliKit.SwiftConstValuesFileList (in target 'XcodeHelperCliKit' from project 'XcodeHelperCliKit')
    cd /Users/admin/builder/spi-builder-workspace
    write-file /Users/admin/builder/spi-builder-workspace/.derivedData/Build/Intermediates.noindex/XcodeHelperCliKit.build/Debug-appletvos/XcodeHelperCliKit-t.build/Objects-normal/arm64/XcodeHelperCliKit.SwiftConstValuesFileList
WriteAuxiliaryFile /Users/admin/builder/spi-builder-workspace/.derivedData/Build/Intermediates.noindex/XcodeHelperCliKit.build/Debug-appletvos/XcodeHelperCliKit-t.build/Objects-normal/arm64/XcodeHelperCliKit.SwiftFileList (in target 'XcodeHelperCliKit' from project 'XcodeHelperCliKit')
    cd /Users/admin/builder/spi-builder-workspace
    write-file /Users/admin/builder/spi-builder-workspace/.derivedData/Build/Intermediates.noindex/XcodeHelperCliKit.build/Debug-appletvos/XcodeHelperCliKit-t.build/Objects-normal/arm64/XcodeHelperCliKit.SwiftFileList
WriteAuxiliaryFile /Users/admin/builder/spi-builder-workspace/.derivedData/Build/Intermediates.noindex/XcodeHelperCliKit.build/Debug-appletvos/XcodeHelperCliKit-t.build/Objects-normal/arm64/XcodeHelperCliKit.LinkFileList (in target 'XcodeHelperCliKit' from project 'XcodeHelperCliKit')
    cd /Users/admin/builder/spi-builder-workspace
    write-file /Users/admin/builder/spi-builder-workspace/.derivedData/Build/Intermediates.noindex/XcodeHelperCliKit.build/Debug-appletvos/XcodeHelperCliKit-t.build/Objects-normal/arm64/XcodeHelperCliKit.LinkFileList
WriteAuxiliaryFile /Users/admin/builder/spi-builder-workspace/.derivedData/Build/Intermediates.noindex/XcodeHelperCliKit.build/Debug-appletvos/XcodeHelperCliKit-t.build/Objects-normal/arm64/XcodeHelperCliKit-OutputFileMap.json (in target 'XcodeHelperCliKit' from project 'XcodeHelperCliKit')
    cd /Users/admin/builder/spi-builder-workspace
    write-file /Users/admin/builder/spi-builder-workspace/.derivedData/Build/Intermediates.noindex/XcodeHelperCliKit.build/Debug-appletvos/XcodeHelperCliKit-t.build/Objects-normal/arm64/XcodeHelperCliKit-OutputFileMap.json
Copy /Users/admin/builder/spi-builder-workspace/.derivedData/Build/Intermediates.noindex/GeneratedModuleMaps-appletvos/XcodeHelperCliKit.modulemap /Users/admin/builder/spi-builder-workspace/.derivedData/Build/Intermediates.noindex/XcodeHelperCliKit.build/Debug-appletvos/XcodeHelperCliKit-t.build/XcodeHelperCliKit.modulemap (in target 'XcodeHelperCliKit' from project 'XcodeHelperCliKit')
    cd /Users/admin/builder/spi-builder-workspace
    builtin-copy -exclude .DS_Store -exclude CVS -exclude .svn -exclude .git -exclude .hg -resolve-src-symlinks /Users/admin/builder/spi-builder-workspace/.derivedData/Build/Intermediates.noindex/XcodeHelperCliKit.build/Debug-appletvos/XcodeHelperCliKit-t.build/XcodeHelperCliKit.modulemap /Users/admin/builder/spi-builder-workspace/.derivedData/Build/Intermediates.noindex/GeneratedModuleMaps-appletvos
WriteAuxiliaryFile /Users/admin/builder/spi-builder-workspace/.derivedData/Build/Intermediates.noindex/S3Kit.build/Debug-appletvos/S3Kit-t.build/S3Kit.modulemap (in target 'S3Kit' from project 'S3Kit')
    cd /Users/admin/builder/spi-builder-workspace/.dependencies/checkouts/S3Kit
    write-file /Users/admin/builder/spi-builder-workspace/.derivedData/Build/Intermediates.noindex/S3Kit.build/Debug-appletvos/S3Kit-t.build/S3Kit.modulemap
WriteAuxiliaryFile /Users/admin/builder/spi-builder-workspace/.derivedData/Build/Intermediates.noindex/S3Kit.build/Debug-appletvos/S3Kit-t.build/S3Kit.DependencyStaticMetadataFileList (in target 'S3Kit' from project 'S3Kit')
    cd /Users/admin/builder/spi-builder-workspace/.dependencies/checkouts/S3Kit
    write-file /Users/admin/builder/spi-builder-workspace/.derivedData/Build/Intermediates.noindex/S3Kit.build/Debug-appletvos/S3Kit-t.build/S3Kit.DependencyStaticMetadataFileList
WriteAuxiliaryFile /Users/admin/builder/spi-builder-workspace/.derivedData/Build/Intermediates.noindex/S3Kit.build/Debug-appletvos/S3Kit-t.build/S3Kit.DependencyMetadataFileList (in target 'S3Kit' from project 'S3Kit')
    cd /Users/admin/builder/spi-builder-workspace/.dependencies/checkouts/S3Kit
    write-file /Users/admin/builder/spi-builder-workspace/.derivedData/Build/Intermediates.noindex/S3Kit.build/Debug-appletvos/S3Kit-t.build/S3Kit.DependencyMetadataFileList
WriteAuxiliaryFile /Users/admin/builder/spi-builder-workspace/.derivedData/Build/Intermediates.noindex/S3Kit.build/Debug-appletvos/S3Kit-t.build/Objects-normal/arm64/S3Kit_const_extract_protocols.json (in target 'S3Kit' from project 'S3Kit')
    cd /Users/admin/builder/spi-builder-workspace/.dependencies/checkouts/S3Kit
    write-file /Users/admin/builder/spi-builder-workspace/.derivedData/Build/Intermediates.noindex/S3Kit.build/Debug-appletvos/S3Kit-t.build/Objects-normal/arm64/S3Kit_const_extract_protocols.json
WriteAuxiliaryFile /Users/admin/builder/spi-builder-workspace/.derivedData/Build/Intermediates.noindex/S3Kit.build/Debug-appletvos/S3Kit-t.build/Objects-normal/arm64/S3Kit.SwiftFileList (in target 'S3Kit' from project 'S3Kit')
    cd /Users/admin/builder/spi-builder-workspace/.dependencies/checkouts/S3Kit
    write-file /Users/admin/builder/spi-builder-workspace/.derivedData/Build/Intermediates.noindex/S3Kit.build/Debug-appletvos/S3Kit-t.build/Objects-normal/arm64/S3Kit.SwiftFileList
WriteAuxiliaryFile /Users/admin/builder/spi-builder-workspace/.derivedData/Build/Intermediates.noindex/S3Kit.build/Debug-appletvos/S3Kit-t.build/Objects-normal/arm64/S3Kit.SwiftConstValuesFileList (in target 'S3Kit' from project 'S3Kit')
    cd /Users/admin/builder/spi-builder-workspace/.dependencies/checkouts/S3Kit
    write-file /Users/admin/builder/spi-builder-workspace/.derivedData/Build/Intermediates.noindex/S3Kit.build/Debug-appletvos/S3Kit-t.build/Objects-normal/arm64/S3Kit.SwiftConstValuesFileList
WriteAuxiliaryFile /Users/admin/builder/spi-builder-workspace/.derivedData/Build/Intermediates.noindex/S3Kit.build/Debug-appletvos/S3Kit-t.build/Objects-normal/arm64/S3Kit.LinkFileList (in target 'S3Kit' from project 'S3Kit')
    cd /Users/admin/builder/spi-builder-workspace/.dependencies/checkouts/S3Kit
    write-file /Users/admin/builder/spi-builder-workspace/.derivedData/Build/Intermediates.noindex/S3Kit.build/Debug-appletvos/S3Kit-t.build/Objects-normal/arm64/S3Kit.LinkFileList
WriteAuxiliaryFile /Users/admin/builder/spi-builder-workspace/.derivedData/Build/Intermediates.noindex/S3Kit.build/Debug-appletvos/S3Kit-t.build/Objects-normal/arm64/S3Kit-OutputFileMap.json (in target 'S3Kit' from project 'S3Kit')
    cd /Users/admin/builder/spi-builder-workspace/.dependencies/checkouts/S3Kit
    write-file /Users/admin/builder/spi-builder-workspace/.derivedData/Build/Intermediates.noindex/S3Kit.build/Debug-appletvos/S3Kit-t.build/Objects-normal/arm64/S3Kit-OutputFileMap.json
Copy /Users/admin/builder/spi-builder-workspace/.derivedData/Build/Intermediates.noindex/GeneratedModuleMaps-appletvos/S3Kit.modulemap /Users/admin/builder/spi-builder-workspace/.derivedData/Build/Intermediates.noindex/S3Kit.build/Debug-appletvos/S3Kit-t.build/S3Kit.modulemap (in target 'S3Kit' from project 'S3Kit')
    cd /Users/admin/builder/spi-builder-workspace/.dependencies/checkouts/S3Kit
    builtin-copy -exclude .DS_Store -exclude CVS -exclude .svn -exclude .git -exclude .hg -resolve-src-symlinks /Users/admin/builder/spi-builder-workspace/.derivedData/Build/Intermediates.noindex/S3Kit.build/Debug-appletvos/S3Kit-t.build/S3Kit.modulemap /Users/admin/builder/spi-builder-workspace/.derivedData/Build/Intermediates.noindex/GeneratedModuleMaps-appletvos
WriteAuxiliaryFile /Users/admin/builder/spi-builder-workspace/.derivedData/Build/Intermediates.noindex/ProcessRunner.build/Debug-appletvos/ProcessRunner-t.build/ProcessRunner.modulemap (in target 'ProcessRunner' from project 'ProcessRunner')
    cd /Users/admin/builder/spi-builder-workspace/.dependencies/checkouts/ProcessRunner
    write-file /Users/admin/builder/spi-builder-workspace/.derivedData/Build/Intermediates.noindex/ProcessRunner.build/Debug-appletvos/ProcessRunner-t.build/ProcessRunner.modulemap
WriteAuxiliaryFile /Users/admin/builder/spi-builder-workspace/.derivedData/Build/Intermediates.noindex/ProcessRunner.build/Debug-appletvos/ProcessRunner-t.build/ProcessRunner.DependencyStaticMetadataFileList (in target 'ProcessRunner' from project 'ProcessRunner')
    cd /Users/admin/builder/spi-builder-workspace/.dependencies/checkouts/ProcessRunner
    write-file /Users/admin/builder/spi-builder-workspace/.derivedData/Build/Intermediates.noindex/ProcessRunner.build/Debug-appletvos/ProcessRunner-t.build/ProcessRunner.DependencyStaticMetadataFileList
WriteAuxiliaryFile /Users/admin/builder/spi-builder-workspace/.derivedData/Build/Intermediates.noindex/ProcessRunner.build/Debug-appletvos/ProcessRunner-t.build/ProcessRunner.DependencyMetadataFileList (in target 'ProcessRunner' from project 'ProcessRunner')
    cd /Users/admin/builder/spi-builder-workspace/.dependencies/checkouts/ProcessRunner
    write-file /Users/admin/builder/spi-builder-workspace/.derivedData/Build/Intermediates.noindex/ProcessRunner.build/Debug-appletvos/ProcessRunner-t.build/ProcessRunner.DependencyMetadataFileList
WriteAuxiliaryFile /Users/admin/builder/spi-builder-workspace/.derivedData/Build/Intermediates.noindex/ProcessRunner.build/Debug-appletvos/ProcessRunner-t.build/Objects-normal/arm64/ProcessRunner_const_extract_protocols.json (in target 'ProcessRunner' from project 'ProcessRunner')
    cd /Users/admin/builder/spi-builder-workspace/.dependencies/checkouts/ProcessRunner
    write-file /Users/admin/builder/spi-builder-workspace/.derivedData/Build/Intermediates.noindex/ProcessRunner.build/Debug-appletvos/ProcessRunner-t.build/Objects-normal/arm64/ProcessRunner_const_extract_protocols.json
WriteAuxiliaryFile /Users/admin/builder/spi-builder-workspace/.derivedData/Build/Intermediates.noindex/ProcessRunner.build/Debug-appletvos/ProcessRunner-t.build/Objects-normal/arm64/ProcessRunner.SwiftFileList (in target 'ProcessRunner' from project 'ProcessRunner')
    cd /Users/admin/builder/spi-builder-workspace/.dependencies/checkouts/ProcessRunner
    write-file /Users/admin/builder/spi-builder-workspace/.derivedData/Build/Intermediates.noindex/ProcessRunner.build/Debug-appletvos/ProcessRunner-t.build/Objects-normal/arm64/ProcessRunner.SwiftFileList
WriteAuxiliaryFile /Users/admin/builder/spi-builder-workspace/.derivedData/Build/Intermediates.noindex/ProcessRunner.build/Debug-appletvos/ProcessRunner-t.build/Objects-normal/arm64/ProcessRunner.SwiftConstValuesFileList (in target 'ProcessRunner' from project 'ProcessRunner')
    cd /Users/admin/builder/spi-builder-workspace/.dependencies/checkouts/ProcessRunner
    write-file /Users/admin/builder/spi-builder-workspace/.derivedData/Build/Intermediates.noindex/ProcessRunner.build/Debug-appletvos/ProcessRunner-t.build/Objects-normal/arm64/ProcessRunner.SwiftConstValuesFileList
WriteAuxiliaryFile /Users/admin/builder/spi-builder-workspace/.derivedData/Build/Intermediates.noindex/ProcessRunner.build/Debug-appletvos/ProcessRunner-t.build/Objects-normal/arm64/ProcessRunner-OutputFileMap.json (in target 'ProcessRunner' from project 'ProcessRunner')
    cd /Users/admin/builder/spi-builder-workspace/.dependencies/checkouts/ProcessRunner
    write-file /Users/admin/builder/spi-builder-workspace/.derivedData/Build/Intermediates.noindex/ProcessRunner.build/Debug-appletvos/ProcessRunner-t.build/Objects-normal/arm64/ProcessRunner-OutputFileMap.json
WriteAuxiliaryFile /Users/admin/builder/spi-builder-workspace/.derivedData/Build/Intermediates.noindex/ProcessRunner.build/Debug-appletvos/ProcessRunner-t.build/Objects-normal/arm64/ProcessRunner.LinkFileList (in target 'ProcessRunner' from project 'ProcessRunner')
    cd /Users/admin/builder/spi-builder-workspace/.dependencies/checkouts/ProcessRunner
    write-file /Users/admin/builder/spi-builder-workspace/.derivedData/Build/Intermediates.noindex/ProcessRunner.build/Debug-appletvos/ProcessRunner-t.build/Objects-normal/arm64/ProcessRunner.LinkFileList
Copy /Users/admin/builder/spi-builder-workspace/.derivedData/Build/Intermediates.noindex/GeneratedModuleMaps-appletvos/ProcessRunner.modulemap /Users/admin/builder/spi-builder-workspace/.derivedData/Build/Intermediates.noindex/ProcessRunner.build/Debug-appletvos/ProcessRunner-t.build/ProcessRunner.modulemap (in target 'ProcessRunner' from project 'ProcessRunner')
    cd /Users/admin/builder/spi-builder-workspace/.dependencies/checkouts/ProcessRunner
    builtin-copy -exclude .DS_Store -exclude CVS -exclude .svn -exclude .git -exclude .hg -resolve-src-symlinks /Users/admin/builder/spi-builder-workspace/.derivedData/Build/Intermediates.noindex/ProcessRunner.build/Debug-appletvos/ProcessRunner-t.build/ProcessRunner.modulemap /Users/admin/builder/spi-builder-workspace/.derivedData/Build/Intermediates.noindex/GeneratedModuleMaps-appletvos
WriteAuxiliaryFile /Users/admin/builder/spi-builder-workspace/.derivedData/Build/Intermediates.noindex/PathKit.build/Debug-appletvos/PathKit-t.build/PathKit.DependencyMetadataFileList (in target 'PathKit' from project 'PathKit')
    cd /Users/admin/builder/spi-builder-workspace/.dependencies/checkouts/PathKit
    write-file /Users/admin/builder/spi-builder-workspace/.derivedData/Build/Intermediates.noindex/PathKit.build/Debug-appletvos/PathKit-t.build/PathKit.DependencyMetadataFileList
WriteAuxiliaryFile /Users/admin/builder/spi-builder-workspace/.derivedData/Build/Intermediates.noindex/PathKit.build/Debug-appletvos/PathKit-t.build/PathKit.DependencyStaticMetadataFileList (in target 'PathKit' from project 'PathKit')
    cd /Users/admin/builder/spi-builder-workspace/.dependencies/checkouts/PathKit
    write-file /Users/admin/builder/spi-builder-workspace/.derivedData/Build/Intermediates.noindex/PathKit.build/Debug-appletvos/PathKit-t.build/PathKit.DependencyStaticMetadataFileList
WriteAuxiliaryFile /Users/admin/builder/spi-builder-workspace/.derivedData/Build/Intermediates.noindex/PathKit.build/Debug-appletvos/PathKit-t.build/PathKit.modulemap (in target 'PathKit' from project 'PathKit')
    cd /Users/admin/builder/spi-builder-workspace/.dependencies/checkouts/PathKit
    write-file /Users/admin/builder/spi-builder-workspace/.derivedData/Build/Intermediates.noindex/PathKit.build/Debug-appletvos/PathKit-t.build/PathKit.modulemap
WriteAuxiliaryFile /Users/admin/builder/spi-builder-workspace/.derivedData/Build/Intermediates.noindex/PathKit.build/Debug-appletvos/PathKit-t.build/Objects-normal/arm64/PathKit.SwiftConstValuesFileList (in target 'PathKit' from project 'PathKit')
    cd /Users/admin/builder/spi-builder-workspace/.dependencies/checkouts/PathKit
    write-file /Users/admin/builder/spi-builder-workspace/.derivedData/Build/Intermediates.noindex/PathKit.build/Debug-appletvos/PathKit-t.build/Objects-normal/arm64/PathKit.SwiftConstValuesFileList
WriteAuxiliaryFile /Users/admin/builder/spi-builder-workspace/.derivedData/Build/Intermediates.noindex/PathKit.build/Debug-appletvos/PathKit-t.build/Objects-normal/arm64/PathKit_const_extract_protocols.json (in target 'PathKit' from project 'PathKit')
    cd /Users/admin/builder/spi-builder-workspace/.dependencies/checkouts/PathKit
    write-file /Users/admin/builder/spi-builder-workspace/.derivedData/Build/Intermediates.noindex/PathKit.build/Debug-appletvos/PathKit-t.build/Objects-normal/arm64/PathKit_const_extract_protocols.json
WriteAuxiliaryFile /Users/admin/builder/spi-builder-workspace/.derivedData/Build/Intermediates.noindex/PathKit.build/Debug-appletvos/PathKit-t.build/Objects-normal/arm64/PathKit.SwiftFileList (in target 'PathKit' from project 'PathKit')
    cd /Users/admin/builder/spi-builder-workspace/.dependencies/checkouts/PathKit
    write-file /Users/admin/builder/spi-builder-workspace/.derivedData/Build/Intermediates.noindex/PathKit.build/Debug-appletvos/PathKit-t.build/Objects-normal/arm64/PathKit.SwiftFileList
WriteAuxiliaryFile /Users/admin/builder/spi-builder-workspace/.derivedData/Build/Intermediates.noindex/PathKit.build/Debug-appletvos/PathKit-t.build/Objects-normal/arm64/PathKit.LinkFileList (in target 'PathKit' from project 'PathKit')
    cd /Users/admin/builder/spi-builder-workspace/.dependencies/checkouts/PathKit
    write-file /Users/admin/builder/spi-builder-workspace/.derivedData/Build/Intermediates.noindex/PathKit.build/Debug-appletvos/PathKit-t.build/Objects-normal/arm64/PathKit.LinkFileList
WriteAuxiliaryFile /Users/admin/builder/spi-builder-workspace/.derivedData/Build/Intermediates.noindex/PathKit.build/Debug-appletvos/PathKit-t.build/Objects-normal/arm64/PathKit-OutputFileMap.json (in target 'PathKit' from project 'PathKit')
    cd /Users/admin/builder/spi-builder-workspace/.dependencies/checkouts/PathKit
    write-file /Users/admin/builder/spi-builder-workspace/.derivedData/Build/Intermediates.noindex/PathKit.build/Debug-appletvos/PathKit-t.build/Objects-normal/arm64/PathKit-OutputFileMap.json
WriteAuxiliaryFile /Users/admin/builder/spi-builder-workspace/.derivedData/Build/Intermediates.noindex/DockerProcess.build/Debug-appletvos/DockerProcess-t.build/DockerProcess.modulemap (in target 'DockerProcess' from project 'DockerProcess')
    cd /Users/admin/builder/spi-builder-workspace/.dependencies/checkouts/DockerProcess
    write-file /Users/admin/builder/spi-builder-workspace/.derivedData/Build/Intermediates.noindex/DockerProcess.build/Debug-appletvos/DockerProcess-t.build/DockerProcess.modulemap
WriteAuxiliaryFile /Users/admin/builder/spi-builder-workspace/.derivedData/Build/Intermediates.noindex/DockerProcess.build/Debug-appletvos/DockerProcess-t.build/Objects-normal/arm64/DockerProcess_const_extract_protocols.json (in target 'DockerProcess' from project 'DockerProcess')
    cd /Users/admin/builder/spi-builder-workspace/.dependencies/checkouts/DockerProcess
    write-file /Users/admin/builder/spi-builder-workspace/.derivedData/Build/Intermediates.noindex/DockerProcess.build/Debug-appletvos/DockerProcess-t.build/Objects-normal/arm64/DockerProcess_const_extract_protocols.json
WriteAuxiliaryFile /Users/admin/builder/spi-builder-workspace/.derivedData/Build/Intermediates.noindex/DockerProcess.build/Debug-appletvos/DockerProcess-t.build/Objects-normal/arm64/DockerProcess.SwiftFileList (in target 'DockerProcess' from project 'DockerProcess')
    cd /Users/admin/builder/spi-builder-workspace/.dependencies/checkouts/DockerProcess
    write-file /Users/admin/builder/spi-builder-workspace/.derivedData/Build/Intermediates.noindex/DockerProcess.build/Debug-appletvos/DockerProcess-t.build/Objects-normal/arm64/DockerProcess.SwiftFileList
WriteAuxiliaryFile /Users/admin/builder/spi-builder-workspace/.derivedData/Build/Intermediates.noindex/DockerProcess.build/Debug-appletvos/DockerProcess-t.build/Objects-normal/arm64/DockerProcess.LinkFileList (in target 'DockerProcess' from project 'DockerProcess')
    cd /Users/admin/builder/spi-builder-workspace/.dependencies/checkouts/DockerProcess
    write-file /Users/admin/builder/spi-builder-workspace/.derivedData/Build/Intermediates.noindex/DockerProcess.build/Debug-appletvos/DockerProcess-t.build/Objects-normal/arm64/DockerProcess.LinkFileList
WriteAuxiliaryFile /Users/admin/builder/spi-builder-workspace/.derivedData/Build/Intermediates.noindex/DockerProcess.build/Debug-appletvos/DockerProcess-t.build/Objects-normal/arm64/DockerProcess.SwiftConstValuesFileList (in target 'DockerProcess' from project 'DockerProcess')
    cd /Users/admin/builder/spi-builder-workspace/.dependencies/checkouts/DockerProcess
    write-file /Users/admin/builder/spi-builder-workspace/.derivedData/Build/Intermediates.noindex/DockerProcess.build/Debug-appletvos/DockerProcess-t.build/Objects-normal/arm64/DockerProcess.SwiftConstValuesFileList
WriteAuxiliaryFile /Users/admin/builder/spi-builder-workspace/.derivedData/Build/Intermediates.noindex/DockerProcess.build/Debug-appletvos/DockerProcess-t.build/Objects-normal/arm64/DockerProcess-OutputFileMap.json (in target 'DockerProcess' from project 'DockerProcess')
    cd /Users/admin/builder/spi-builder-workspace/.dependencies/checkouts/DockerProcess
    write-file /Users/admin/builder/spi-builder-workspace/.derivedData/Build/Intermediates.noindex/DockerProcess.build/Debug-appletvos/DockerProcess-t.build/Objects-normal/arm64/DockerProcess-OutputFileMap.json
Copy /Users/admin/builder/spi-builder-workspace/.derivedData/Build/Intermediates.noindex/GeneratedModuleMaps-appletvos/PathKit.modulemap /Users/admin/builder/spi-builder-workspace/.derivedData/Build/Intermediates.noindex/PathKit.build/Debug-appletvos/PathKit-t.build/PathKit.modulemap (in target 'PathKit' from project 'PathKit')
    cd /Users/admin/builder/spi-builder-workspace/.dependencies/checkouts/PathKit
    builtin-copy -exclude .DS_Store -exclude CVS -exclude .svn -exclude .git -exclude .hg -resolve-src-symlinks /Users/admin/builder/spi-builder-workspace/.derivedData/Build/Intermediates.noindex/PathKit.build/Debug-appletvos/PathKit-t.build/PathKit.modulemap /Users/admin/builder/spi-builder-workspace/.derivedData/Build/Intermediates.noindex/GeneratedModuleMaps-appletvos
WriteAuxiliaryFile /Users/admin/builder/spi-builder-workspace/.derivedData/Build/Intermediates.noindex/DockerProcess.build/Debug-appletvos/DockerProcess-t.build/DockerProcess.DependencyStaticMetadataFileList (in target 'DockerProcess' from project 'DockerProcess')
    cd /Users/admin/builder/spi-builder-workspace/.dependencies/checkouts/DockerProcess
    write-file /Users/admin/builder/spi-builder-workspace/.derivedData/Build/Intermediates.noindex/DockerProcess.build/Debug-appletvos/DockerProcess-t.build/DockerProcess.DependencyStaticMetadataFileList
WriteAuxiliaryFile /Users/admin/builder/spi-builder-workspace/.derivedData/Build/Intermediates.noindex/DockerProcess.build/Debug-appletvos/DockerProcess-t.build/DockerProcess.DependencyMetadataFileList (in target 'DockerProcess' from project 'DockerProcess')
    cd /Users/admin/builder/spi-builder-workspace/.dependencies/checkouts/DockerProcess
    write-file /Users/admin/builder/spi-builder-workspace/.derivedData/Build/Intermediates.noindex/DockerProcess.build/Debug-appletvos/DockerProcess-t.build/DockerProcess.DependencyMetadataFileList
Copy /Users/admin/builder/spi-builder-workspace/.derivedData/Build/Intermediates.noindex/GeneratedModuleMaps-appletvos/DockerProcess.modulemap /Users/admin/builder/spi-builder-workspace/.derivedData/Build/Intermediates.noindex/DockerProcess.build/Debug-appletvos/DockerProcess-t.build/DockerProcess.modulemap (in target 'DockerProcess' from project 'DockerProcess')
    cd /Users/admin/builder/spi-builder-workspace/.dependencies/checkouts/DockerProcess
    builtin-copy -exclude .DS_Store -exclude CVS -exclude .svn -exclude .git -exclude .hg -resolve-src-symlinks /Users/admin/builder/spi-builder-workspace/.derivedData/Build/Intermediates.noindex/DockerProcess.build/Debug-appletvos/DockerProcess-t.build/DockerProcess.modulemap /Users/admin/builder/spi-builder-workspace/.derivedData/Build/Intermediates.noindex/GeneratedModuleMaps-appletvos
WriteAuxiliaryFile /Users/admin/builder/spi-builder-workspace/.derivedData/Build/Intermediates.noindex/CliRunnable.build/Debug-appletvos/CliRunnable-t.build/CliRunnable.modulemap (in target 'CliRunnable' from project 'CliRunnable')
    cd /Users/admin/builder/spi-builder-workspace/.dependencies/checkouts/CliRunnable
    write-file /Users/admin/builder/spi-builder-workspace/.derivedData/Build/Intermediates.noindex/CliRunnable.build/Debug-appletvos/CliRunnable-t.build/CliRunnable.modulemap
WriteAuxiliaryFile /Users/admin/builder/spi-builder-workspace/.derivedData/Build/Intermediates.noindex/CliRunnable.build/Debug-appletvos/CliRunnable-t.build/CliRunnable.DependencyStaticMetadataFileList (in target 'CliRunnable' from project 'CliRunnable')
    cd /Users/admin/builder/spi-builder-workspace/.dependencies/checkouts/CliRunnable
    write-file /Users/admin/builder/spi-builder-workspace/.derivedData/Build/Intermediates.noindex/CliRunnable.build/Debug-appletvos/CliRunnable-t.build/CliRunnable.DependencyStaticMetadataFileList
WriteAuxiliaryFile /Users/admin/builder/spi-builder-workspace/.derivedData/Build/Intermediates.noindex/CliRunnable.build/Debug-appletvos/CliRunnable-t.build/Objects-normal/arm64/CliRunnable.SwiftConstValuesFileList (in target 'CliRunnable' from project 'CliRunnable')
    cd /Users/admin/builder/spi-builder-workspace/.dependencies/checkouts/CliRunnable
    write-file /Users/admin/builder/spi-builder-workspace/.derivedData/Build/Intermediates.noindex/CliRunnable.build/Debug-appletvos/CliRunnable-t.build/Objects-normal/arm64/CliRunnable.SwiftConstValuesFileList
WriteAuxiliaryFile /Users/admin/builder/spi-builder-workspace/.derivedData/Build/Intermediates.noindex/CliRunnable.build/Debug-appletvos/CliRunnable-t.build/Objects-normal/arm64/CliRunnable-OutputFileMap.json (in target 'CliRunnable' from project 'CliRunnable')
    cd /Users/admin/builder/spi-builder-workspace/.dependencies/checkouts/CliRunnable
    write-file /Users/admin/builder/spi-builder-workspace/.derivedData/Build/Intermediates.noindex/CliRunnable.build/Debug-appletvos/CliRunnable-t.build/Objects-normal/arm64/CliRunnable-OutputFileMap.json
WriteAuxiliaryFile /Users/admin/builder/spi-builder-workspace/.derivedData/Build/Intermediates.noindex/CliRunnable.build/Debug-appletvos/CliRunnable-t.build/Objects-normal/arm64/CliRunnable.LinkFileList (in target 'CliRunnable' from project 'CliRunnable')
    cd /Users/admin/builder/spi-builder-workspace/.dependencies/checkouts/CliRunnable
    write-file /Users/admin/builder/spi-builder-workspace/.derivedData/Build/Intermediates.noindex/CliRunnable.build/Debug-appletvos/CliRunnable-t.build/Objects-normal/arm64/CliRunnable.LinkFileList
WriteAuxiliaryFile /Users/admin/builder/spi-builder-workspace/.derivedData/Build/Intermediates.noindex/CliRunnable.build/Debug-appletvos/CliRunnable-t.build/Objects-normal/arm64/CliRunnable_const_extract_protocols.json (in target 'CliRunnable' from project 'CliRunnable')
    cd /Users/admin/builder/spi-builder-workspace/.dependencies/checkouts/CliRunnable
    write-file /Users/admin/builder/spi-builder-workspace/.derivedData/Build/Intermediates.noindex/CliRunnable.build/Debug-appletvos/CliRunnable-t.build/Objects-normal/arm64/CliRunnable_const_extract_protocols.json
WriteAuxiliaryFile /Users/admin/builder/spi-builder-workspace/.derivedData/Build/Intermediates.noindex/CliRunnable.build/Debug-appletvos/CliRunnable-t.build/Objects-normal/arm64/CliRunnable.SwiftFileList (in target 'CliRunnable' from project 'CliRunnable')
    cd /Users/admin/builder/spi-builder-workspace/.dependencies/checkouts/CliRunnable
    write-file /Users/admin/builder/spi-builder-workspace/.derivedData/Build/Intermediates.noindex/CliRunnable.build/Debug-appletvos/CliRunnable-t.build/Objects-normal/arm64/CliRunnable.SwiftFileList
WriteAuxiliaryFile /Users/admin/builder/spi-builder-workspace/.derivedData/Build/Intermediates.noindex/CliRunnable.build/Debug-appletvos/CliRunnable-t.build/CliRunnable.DependencyMetadataFileList (in target 'CliRunnable' from project 'CliRunnable')
    cd /Users/admin/builder/spi-builder-workspace/.dependencies/checkouts/CliRunnable
    write-file /Users/admin/builder/spi-builder-workspace/.derivedData/Build/Intermediates.noindex/CliRunnable.build/Debug-appletvos/CliRunnable-t.build/CliRunnable.DependencyMetadataFileList
Copy /Users/admin/builder/spi-builder-workspace/.derivedData/Build/Intermediates.noindex/GeneratedModuleMaps-appletvos/CliRunnable.modulemap /Users/admin/builder/spi-builder-workspace/.derivedData/Build/Intermediates.noindex/CliRunnable.build/Debug-appletvos/CliRunnable-t.build/CliRunnable.modulemap (in target 'CliRunnable' from project 'CliRunnable')
    cd /Users/admin/builder/spi-builder-workspace/.dependencies/checkouts/CliRunnable
    builtin-copy -exclude .DS_Store -exclude CVS -exclude .svn -exclude .git -exclude .hg -resolve-src-symlinks /Users/admin/builder/spi-builder-workspace/.derivedData/Build/Intermediates.noindex/CliRunnable.build/Debug-appletvos/CliRunnable-t.build/CliRunnable.modulemap /Users/admin/builder/spi-builder-workspace/.derivedData/Build/Intermediates.noindex/GeneratedModuleMaps-appletvos
WriteAuxiliaryFile /Users/admin/builder/spi-builder-workspace/.derivedData/Build/Intermediates.noindex/AEXML.build/Debug-appletvos/AEXML-t.build/Objects-normal/arm64/AEXML.SwiftConstValuesFileList (in target 'AEXML' from project 'AEXML')
    cd /Users/admin/builder/spi-builder-workspace/.dependencies/checkouts/AEXML
    write-file /Users/admin/builder/spi-builder-workspace/.derivedData/Build/Intermediates.noindex/AEXML.build/Debug-appletvos/AEXML-t.build/Objects-normal/arm64/AEXML.SwiftConstValuesFileList
WriteAuxiliaryFile /Users/admin/builder/spi-builder-workspace/.derivedData/Build/Intermediates.noindex/AEXML.build/Debug-appletvos/AEXML-t.build/Objects-normal/arm64/AEXML.SwiftFileList (in target 'AEXML' from project 'AEXML')
    cd /Users/admin/builder/spi-builder-workspace/.dependencies/checkouts/AEXML
    write-file /Users/admin/builder/spi-builder-workspace/.derivedData/Build/Intermediates.noindex/AEXML.build/Debug-appletvos/AEXML-t.build/Objects-normal/arm64/AEXML.SwiftFileList
WriteAuxiliaryFile /Users/admin/builder/spi-builder-workspace/.derivedData/Build/Intermediates.noindex/AEXML.build/Debug-appletvos/AEXML-t.build/Objects-normal/arm64/AEXML_const_extract_protocols.json (in target 'AEXML' from project 'AEXML')
    cd /Users/admin/builder/spi-builder-workspace/.dependencies/checkouts/AEXML
    write-file /Users/admin/builder/spi-builder-workspace/.derivedData/Build/Intermediates.noindex/AEXML.build/Debug-appletvos/AEXML-t.build/Objects-normal/arm64/AEXML_const_extract_protocols.json
WriteAuxiliaryFile /Users/admin/builder/spi-builder-workspace/.derivedData/Build/Intermediates.noindex/AEXML.build/Debug-appletvos/AEXML-t.build/Objects-normal/arm64/AEXML.LinkFileList (in target 'AEXML' from project 'AEXML')
    cd /Users/admin/builder/spi-builder-workspace/.dependencies/checkouts/AEXML
    write-file /Users/admin/builder/spi-builder-workspace/.derivedData/Build/Intermediates.noindex/AEXML.build/Debug-appletvos/AEXML-t.build/Objects-normal/arm64/AEXML.LinkFileList
WriteAuxiliaryFile /Users/admin/builder/spi-builder-workspace/.derivedData/Build/Intermediates.noindex/AEXML.build/Debug-appletvos/AEXML-t.build/Objects-normal/arm64/AEXML-OutputFileMap.json (in target 'AEXML' from project 'AEXML')
    cd /Users/admin/builder/spi-builder-workspace/.dependencies/checkouts/AEXML
    write-file /Users/admin/builder/spi-builder-workspace/.derivedData/Build/Intermediates.noindex/AEXML.build/Debug-appletvos/AEXML-t.build/Objects-normal/arm64/AEXML-OutputFileMap.json
WriteAuxiliaryFile /Users/admin/builder/spi-builder-workspace/.derivedData/Build/Intermediates.noindex/AEXML.build/Debug-appletvos/AEXML-t.build/AEXML.modulemap (in target 'AEXML' from project 'AEXML')
    cd /Users/admin/builder/spi-builder-workspace/.dependencies/checkouts/AEXML
    write-file /Users/admin/builder/spi-builder-workspace/.derivedData/Build/Intermediates.noindex/AEXML.build/Debug-appletvos/AEXML-t.build/AEXML.modulemap
WriteAuxiliaryFile /Users/admin/builder/spi-builder-workspace/.derivedData/Build/Intermediates.noindex/AEXML.build/Debug-appletvos/AEXML-t.build/AEXML.DependencyStaticMetadataFileList (in target 'AEXML' from project 'AEXML')
    cd /Users/admin/builder/spi-builder-workspace/.dependencies/checkouts/AEXML
    write-file /Users/admin/builder/spi-builder-workspace/.derivedData/Build/Intermediates.noindex/AEXML.build/Debug-appletvos/AEXML-t.build/AEXML.DependencyStaticMetadataFileList
WriteAuxiliaryFile /Users/admin/builder/spi-builder-workspace/.derivedData/Build/Intermediates.noindex/AEXML.build/Debug-appletvos/AEXML-t.build/AEXML.DependencyMetadataFileList (in target 'AEXML' from project 'AEXML')
    cd /Users/admin/builder/spi-builder-workspace/.dependencies/checkouts/AEXML
    write-file /Users/admin/builder/spi-builder-workspace/.derivedData/Build/Intermediates.noindex/AEXML.build/Debug-appletvos/AEXML-t.build/AEXML.DependencyMetadataFileList
Copy /Users/admin/builder/spi-builder-workspace/.derivedData/Build/Intermediates.noindex/GeneratedModuleMaps-appletvos/AEXML.modulemap /Users/admin/builder/spi-builder-workspace/.derivedData/Build/Intermediates.noindex/AEXML.build/Debug-appletvos/AEXML-t.build/AEXML.modulemap (in target 'AEXML' from project 'AEXML')
    cd /Users/admin/builder/spi-builder-workspace/.dependencies/checkouts/AEXML
    builtin-copy -exclude .DS_Store -exclude CVS -exclude .svn -exclude .git -exclude .hg -resolve-src-symlinks /Users/admin/builder/spi-builder-workspace/.derivedData/Build/Intermediates.noindex/AEXML.build/Debug-appletvos/AEXML-t.build/AEXML.modulemap /Users/admin/builder/spi-builder-workspace/.derivedData/Build/Intermediates.noindex/GeneratedModuleMaps-appletvos
SwiftDriver Yaml normal arm64 com.apple.xcode.tools.swift.compiler (in target 'Yaml' from project 'Yaml')
    cd /Users/admin/builder/spi-builder-workspace/.swiftpm/xcode
    builtin-SwiftDriver -- /Applications/Xcode-27.0.0-Release.Candidate.app/Contents/Developer/Toolchains/XcodeDefault.xctoolchain/usr/bin/swiftc -parse-as-library -module-name Yaml -Onone @/Users/admin/builder/spi-builder-workspace/.derivedData/Build/Intermediates.noindex/Yaml.build/Debug-appletvos/Yaml-t.build/Objects-normal/arm64/Yaml.SwiftFileList -DSWIFT_PACKAGE -DDEBUG -DSWIFT_MODULE_RESOURCE_BUNDLE_UNAVAILABLE -DXcode -plugin-path /Applications/Xcode-27.0.0-Release.Candidate.app/Contents/Developer/Toolchains/XcodeDefault.xctoolchain/usr/lib/swift/host/plugins/testing -enable-experimental-feature DebugDescriptionMacro -sdk /Applications/Xcode-27.0.0-Release.Candidate.app/Contents/Developer/Platforms/AppleTVOS.platform/Developer/SDKs/AppleTVOS27.0.sdk -target arm64-apple-tvos15.0 -g -module-cache-path /Users/admin/builder/spi-builder-workspace/.derivedData/ModuleCache.noindex -Xfrontend -serialize-debugging-options -profile-coverage-mapping -profile-generate -enable-testing -suppress-warnings -index-store-path /Users/admin/builder/spi-builder-workspace/.derivedData/Index.noindex/DataStore -Xcc -D_LIBCPP_HARDENING_MODE\=_LIBCPP_HARDENING_MODE_DEBUG -swift-version 4 -I /Users/admin/builder/spi-builder-workspace/.derivedData/Build/Products/Debug-appletvos -Isystem /Applications/Xcode-27.0.0-Release.Candidate.app/Contents/Developer/Platforms/AppleTVOS.platform/Developer/usr/lib -F /Users/admin/builder/spi-builder-workspace/.derivedData/Build/Products/Debug-appletvos -F /Applications/Xcode-27.0.0-Release.Candidate.app/Contents/Developer/Platforms/AppleTVOS.platform/Developer/Library/Frameworks -F /Applications/Xcode-27.0.0-Release.Candidate.app/Contents/Developer/Platforms/AppleTVOS.platform/Developer/SDKs/AppleTVOS27.0.sdk/Developer/Library/Frameworks -c -j10 -enable-batch-mode -incremental -Xcc -ivfsstatcache -Xcc /Users/admin/builder/spi-builder-workspace/.derivedData/SDKStatCaches.noindex/appletvos27.0-24J360-e829b21a6f8c9b70876ba0858053c044b32bfd8d43560033f8d89884cdb90028.sdkstatcache -output-file-map /Users/admin/builder/spi-builder-workspace/.derivedData/Build/Intermediates.noindex/Yaml.build/Debug-appletvos/Yaml-t.build/Objects-normal/arm64/Yaml-OutputFileMap.json -save-temps -no-color-diagnostics -emit-dependencies -emit-module -emit-module-path /Users/admin/builder/spi-builder-workspace/.derivedData/Build/Intermediates.noindex/Yaml.build/Debug-appletvos/Yaml-t.build/Objects-normal/arm64/Yaml.swiftmodule -serialize-diagnostics -validate-clang-modules-once -clang-build-session-file /Users/admin/builder/spi-builder-workspace/.derivedData/ModuleCache.noindex/Session.modulevalidation -Xcc -fmodules-prune-interval\=86400 -Xcc -fmodules-prune-after\=345600 -emit-const-values -const-gather-protocols-list /Users/admin/builder/spi-builder-workspace/.derivedData/Build/Intermediates.noindex/Yaml.build/Debug-appletvos/Yaml-t.build/Objects-normal/arm64/Yaml_const_extract_protocols.json -Xcc -I/Users/admin/builder/spi-builder-workspace/.derivedData/Build/Products/Debug-appletvos/include -Xcc -I/Users/admin/builder/spi-builder-workspace/.derivedData/Build/Intermediates.noindex/Yaml.build/Debug-appletvos/Yaml-t.build/DerivedSources-normal/arm64 -Xcc -I/Users/admin/builder/spi-builder-workspace/.derivedData/Build/Intermediates.noindex/Yaml.build/Debug-appletvos/Yaml-t.build/DerivedSources/arm64 -Xcc -I/Users/admin/builder/spi-builder-workspace/.derivedData/Build/Intermediates.noindex/Yaml.build/Debug-appletvos/Yaml-t.build/DerivedSources -Xcc -DSWIFT_PACKAGE -Xcc -DDEBUG\=1 -emit-objc-header -emit-objc-header-path /Users/admin/builder/spi-builder-workspace/.derivedData/Build/Intermediates.noindex/Yaml.build/Debug-appletvos/Yaml-t.build/Objects-normal/arm64/Yaml-Swift.h -working-directory /Users/admin/builder/spi-builder-workspace/.swiftpm/xcode -experimental-emit-module-separately -disable-cmo
SwiftDriver S3Kit normal arm64 com.apple.xcode.tools.swift.compiler (in target 'S3Kit' from project 'S3Kit')
    cd /Users/admin/builder/spi-builder-workspace/.swiftpm/xcode
    builtin-SwiftDriver -- /Applications/Xcode-27.0.0-Release.Candidate.app/Contents/Developer/Toolchains/XcodeDefault.xctoolchain/usr/bin/swiftc -parse-as-library -module-name S3Kit -Onone @/Users/admin/builder/spi-builder-workspace/.derivedData/Build/Intermediates.noindex/S3Kit.build/Debug-appletvos/S3Kit-t.build/Objects-normal/arm64/S3Kit.SwiftFileList -DSWIFT_PACKAGE -DDEBUG -DSWIFT_MODULE_RESOURCE_BUNDLE_UNAVAILABLE -DXcode -plugin-path /Applications/Xcode-27.0.0-Release.Candidate.app/Contents/Developer/Toolchains/XcodeDefault.xctoolchain/usr/lib/swift/host/plugins/testing -enable-experimental-feature DebugDescriptionMacro -sdk /Applications/Xcode-27.0.0-Release.Candidate.app/Contents/Developer/Platforms/AppleTVOS.platform/Developer/SDKs/AppleTVOS27.0.sdk -target arm64-apple-tvos15.0 -g -module-cache-path /Users/admin/builder/spi-builder-workspace/.derivedData/ModuleCache.noindex -Xfrontend -serialize-debugging-options -profile-coverage-mapping -profile-generate -enable-testing -suppress-warnings -index-store-path /Users/admin/builder/spi-builder-workspace/.derivedData/Index.noindex/DataStore -Xcc -D_LIBCPP_HARDENING_MODE\=_LIBCPP_HARDENING_MODE_DEBUG -swift-version 4.2 -I /Users/admin/builder/spi-builder-workspace/.derivedData/Build/Products/Debug-appletvos -Isystem /Applications/Xcode-27.0.0-Release.Candidate.app/Contents/Developer/Platforms/AppleTVOS.platform/Developer/usr/lib -F /Users/admin/builder/spi-builder-workspace/.derivedData/Build/Products/Debug-appletvos -F /Applications/Xcode-27.0.0-Release.Candidate.app/Contents/Developer/Platforms/AppleTVOS.platform/Developer/Library/Frameworks -F /Applications/Xcode-27.0.0-Release.Candidate.app/Contents/Developer/Platforms/AppleTVOS.platform/Developer/SDKs/AppleTVOS27.0.sdk/Developer/Library/Frameworks -c -j10 -enable-batch-mode -incremental -Xcc -ivfsstatcache -Xcc /Users/admin/builder/spi-builder-workspace/.derivedData/SDKStatCaches.noindex/appletvos27.0-24J360-e829b21a6f8c9b70876ba0858053c044b32bfd8d43560033f8d89884cdb90028.sdkstatcache -output-file-map /Users/admin/builder/spi-builder-workspace/.derivedData/Build/Intermediates.noindex/S3Kit.build/Debug-appletvos/S3Kit-t.build/Objects-normal/arm64/S3Kit-OutputFileMap.json -save-temps -no-color-diagnostics -emit-dependencies -emit-module -emit-module-path /Users/admin/builder/spi-builder-workspace/.derivedData/Build/Intermediates.noindex/S3Kit.build/Debug-appletvos/S3Kit-t.build/Objects-normal/arm64/S3Kit.swiftmodule -serialize-diagnostics -validate-clang-modules-once -clang-build-session-file /Users/admin/builder/spi-builder-workspace/.derivedData/ModuleCache.noindex/Session.modulevalidation -Xcc -fmodules-prune-interval\=86400 -Xcc -fmodules-prune-after\=345600 -emit-const-values -const-gather-protocols-list /Users/admin/builder/spi-builder-workspace/.derivedData/Build/Intermediates.noindex/S3Kit.build/Debug-appletvos/S3Kit-t.build/Objects-normal/arm64/S3Kit_const_extract_protocols.json -Xcc -I/Users/admin/builder/spi-builder-workspace/.derivedData/Build/Products/Debug-appletvos/include -Xcc -I/Users/admin/builder/spi-builder-workspace/.derivedData/Build/Intermediates.noindex/S3Kit.build/Debug-appletvos/S3Kit-t.build/DerivedSources-normal/arm64 -Xcc -I/Users/admin/builder/spi-builder-workspace/.derivedData/Build/Intermediates.noindex/S3Kit.build/Debug-appletvos/S3Kit-t.build/DerivedSources/arm64 -Xcc -I/Users/admin/builder/spi-builder-workspace/.derivedData/Build/Intermediates.noindex/S3Kit.build/Debug-appletvos/S3Kit-t.build/DerivedSources -Xcc -DSWIFT_PACKAGE -Xcc -DDEBUG\=1 -emit-objc-header -emit-objc-header-path /Users/admin/builder/spi-builder-workspace/.derivedData/Build/Intermediates.noindex/S3Kit.build/Debug-appletvos/S3Kit-t.build/Objects-normal/arm64/S3Kit-Swift.h -working-directory /Users/admin/builder/spi-builder-workspace/.swiftpm/xcode -experimental-emit-module-separately -disable-cmo
SwiftDriver PathKit normal arm64 com.apple.xcode.tools.swift.compiler (in target 'PathKit' from project 'PathKit')
    cd /Users/admin/builder/spi-builder-workspace/.swiftpm/xcode
    builtin-SwiftDriver -- /Applications/Xcode-27.0.0-Release.Candidate.app/Contents/Developer/Toolchains/XcodeDefault.xctoolchain/usr/bin/swiftc -parse-as-library -module-name PathKit -Onone @/Users/admin/builder/spi-builder-workspace/.derivedData/Build/Intermediates.noindex/PathKit.build/Debug-appletvos/PathKit-t.build/Objects-normal/arm64/PathKit.SwiftFileList -DSWIFT_PACKAGE -DDEBUG -DSWIFT_MODULE_RESOURCE_BUNDLE_UNAVAILABLE -DXcode -plugin-path /Applications/Xcode-27.0.0-Release.Candidate.app/Contents/Developer/Toolchains/XcodeDefault.xctoolchain/usr/lib/swift/host/plugins/testing -enable-experimental-feature DebugDescriptionMacro -sdk /Applications/Xcode-27.0.0-Release.Candidate.app/Contents/Developer/Platforms/AppleTVOS.platform/Developer/SDKs/AppleTVOS27.0.sdk -target arm64-apple-tvos15.0 -g -module-cache-path /Users/admin/builder/spi-builder-workspace/.derivedData/ModuleCache.noindex -Xfrontend -serialize-debugging-options -profile-coverage-mapping -profile-generate -enable-testing -suppress-warnings -index-store-path /Users/admin/builder/spi-builder-workspace/.derivedData/Index.noindex/DataStore -Xcc -D_LIBCPP_HARDENING_MODE\=_LIBCPP_HARDENING_MODE_DEBUG -swift-version 4.2 -I /Users/admin/builder/spi-builder-workspace/.derivedData/Build/Products/Debug-appletvos -Isystem /Applications/Xcode-27.0.0-Release.Candidate.app/Contents/Developer/Platforms/AppleTVOS.platform/Developer/usr/lib -F /Users/admin/builder/spi-builder-workspace/.derivedData/Build/Products/Debug-appletvos -F /Applications/Xcode-27.0.0-Release.Candidate.app/Contents/Developer/Platforms/AppleTVOS.platform/Developer/Library/Frameworks -F /Applications/Xcode-27.0.0-Release.Candidate.app/Contents/Developer/Platforms/AppleTVOS.platform/Developer/SDKs/AppleTVOS27.0.sdk/Developer/Library/Frameworks -c -j10 -enable-batch-mode -incremental -Xcc -ivfsstatcache -Xcc /Users/admin/builder/spi-builder-workspace/.derivedData/SDKStatCaches.noindex/appletvos27.0-24J360-e829b21a6f8c9b70876ba0858053c044b32bfd8d43560033f8d89884cdb90028.sdkstatcache -output-file-map /Users/admin/builder/spi-builder-workspace/.derivedData/Build/Intermediates.noindex/PathKit.build/Debug-appletvos/PathKit-t.build/Objects-normal/arm64/PathKit-OutputFileMap.json -save-temps -no-color-diagnostics -emit-dependencies -emit-module -emit-module-path /Users/admin/builder/spi-builder-workspace/.derivedData/Build/Intermediates.noindex/PathKit.build/Debug-appletvos/PathKit-t.build/Objects-normal/arm64/PathKit.swiftmodule -serialize-diagnostics -validate-clang-modules-once -clang-build-session-file /Users/admin/builder/spi-builder-workspace/.derivedData/ModuleCache.noindex/Session.modulevalidation -Xcc -fmodules-prune-interval\=86400 -Xcc -fmodules-prune-after\=345600 -emit-const-values -const-gather-protocols-list /Users/admin/builder/spi-builder-workspace/.derivedData/Build/Intermediates.noindex/PathKit.build/Debug-appletvos/PathKit-t.build/Objects-normal/arm64/PathKit_const_extract_protocols.json -Xcc -I/Users/admin/builder/spi-builder-workspace/.derivedData/Build/Products/Debug-appletvos/include -Xcc -I/Users/admin/builder/spi-builder-workspace/.derivedData/Build/Intermediates.noindex/PathKit.build/Debug-appletvos/PathKit-t.build/DerivedSources-normal/arm64 -Xcc -I/Users/admin/builder/spi-builder-workspace/.derivedData/Build/Intermediates.noindex/PathKit.build/Debug-appletvos/PathKit-t.build/DerivedSources/arm64 -Xcc -I/Users/admin/builder/spi-builder-workspace/.derivedData/Build/Intermediates.noindex/PathKit.build/Debug-appletvos/PathKit-t.build/DerivedSources -Xcc -DSWIFT_PACKAGE -Xcc -DDEBUG\=1 -emit-objc-header -emit-objc-header-path /Users/admin/builder/spi-builder-workspace/.derivedData/Build/Intermediates.noindex/PathKit.build/Debug-appletvos/PathKit-t.build/Objects-normal/arm64/PathKit-Swift.h -working-directory /Users/admin/builder/spi-builder-workspace/.swiftpm/xcode -experimental-emit-module-separately -disable-cmo
SwiftDriver ProcessRunner normal arm64 com.apple.xcode.tools.swift.compiler (in target 'ProcessRunner' from project 'ProcessRunner')
    cd /Users/admin/builder/spi-builder-workspace/.swiftpm/xcode
    builtin-SwiftDriver -- /Applications/Xcode-27.0.0-Release.Candidate.app/Contents/Developer/Toolchains/XcodeDefault.xctoolchain/usr/bin/swiftc -parse-as-library -module-name ProcessRunner -Onone @/Users/admin/builder/spi-builder-workspace/.derivedData/Build/Intermediates.noindex/ProcessRunner.build/Debug-appletvos/ProcessRunner-t.build/Objects-normal/arm64/ProcessRunner.SwiftFileList -DSWIFT_PACKAGE -DDEBUG -DSWIFT_MODULE_RESOURCE_BUNDLE_UNAVAILABLE -DXcode -plugin-path /Applications/Xcode-27.0.0-Release.Candidate.app/Contents/Developer/Toolchains/XcodeDefault.xctoolchain/usr/lib/swift/host/plugins/testing -enable-experimental-feature DebugDescriptionMacro -sdk /Applications/Xcode-27.0.0-Release.Candidate.app/Contents/Developer/Platforms/AppleTVOS.platform/Developer/SDKs/AppleTVOS27.0.sdk -target arm64-apple-tvos15.0 -g -module-cache-path /Users/admin/builder/spi-builder-workspace/.derivedData/ModuleCache.noindex -Xfrontend -serialize-debugging-options -profile-coverage-mapping -profile-generate -enable-testing -suppress-warnings -index-store-path /Users/admin/builder/spi-builder-workspace/.derivedData/Index.noindex/DataStore -Xcc -D_LIBCPP_HARDENING_MODE\=_LIBCPP_HARDENING_MODE_DEBUG -swift-version 4 -I /Users/admin/builder/spi-builder-workspace/.derivedData/Build/Products/Debug-appletvos -Isystem /Applications/Xcode-27.0.0-Release.Candidate.app/Contents/Developer/Platforms/AppleTVOS.platform/Developer/usr/lib -F /Users/admin/builder/spi-builder-workspace/.derivedData/Build/Products/Debug-appletvos -F /Applications/Xcode-27.0.0-Release.Candidate.app/Contents/Developer/Platforms/AppleTVOS.platform/Developer/Library/Frameworks -F /Applications/Xcode-27.0.0-Release.Candidate.app/Contents/Developer/Platforms/AppleTVOS.platform/Developer/SDKs/AppleTVOS27.0.sdk/Developer/Library/Frameworks -c -j10 -enable-batch-mode -incremental -Xcc -ivfsstatcache -Xcc /Users/admin/builder/spi-builder-workspace/.derivedData/SDKStatCaches.noindex/appletvos27.0-24J360-e829b21a6f8c9b70876ba0858053c044b32bfd8d43560033f8d89884cdb90028.sdkstatcache -output-file-map /Users/admin/builder/spi-builder-workspace/.derivedData/Build/Intermediates.noindex/ProcessRunner.build/Debug-appletvos/ProcessRunner-t.build/Objects-normal/arm64/ProcessRunner-OutputFileMap.json -save-temps -no-color-diagnostics -emit-dependencies -emit-module -emit-module-path /Users/admin/builder/spi-builder-workspace/.derivedData/Build/Intermediates.noindex/ProcessRunner.build/Debug-appletvos/ProcessRunner-t.build/Objects-normal/arm64/ProcessRunner.swiftmodule -serialize-diagnostics -validate-clang-modules-once -clang-build-session-file /Users/admin/builder/spi-builder-workspace/.derivedData/ModuleCache.noindex/Session.modulevalidation -Xcc -fmodules-prune-interval\=86400 -Xcc -fmodules-prune-after\=345600 -emit-const-values -const-gather-protocols-list /Users/admin/builder/spi-builder-workspace/.derivedData/Build/Intermediates.noindex/ProcessRunner.build/Debug-appletvos/ProcessRunner-t.build/Objects-normal/arm64/ProcessRunner_const_extract_protocols.json -Xcc -I/Users/admin/builder/spi-builder-workspace/.derivedData/Build/Products/Debug-appletvos/include -Xcc -I/Users/admin/builder/spi-builder-workspace/.derivedData/Build/Intermediates.noindex/ProcessRunner.build/Debug-appletvos/ProcessRunner-t.build/DerivedSources-normal/arm64 -Xcc -I/Users/admin/builder/spi-builder-workspace/.derivedData/Build/Intermediates.noindex/ProcessRunner.build/Debug-appletvos/ProcessRunner-t.build/DerivedSources/arm64 -Xcc -I/Users/admin/builder/spi-builder-workspace/.derivedData/Build/Intermediates.noindex/ProcessRunner.build/Debug-appletvos/ProcessRunner-t.build/DerivedSources -Xcc -DSWIFT_PACKAGE -Xcc -DDEBUG\=1 -emit-objc-header -emit-objc-header-path /Users/admin/builder/spi-builder-workspace/.derivedData/Build/Intermediates.noindex/ProcessRunner.build/Debug-appletvos/ProcessRunner-t.build/Objects-normal/arm64/ProcessRunner-Swift.h -working-directory /Users/admin/builder/spi-builder-workspace/.swiftpm/xcode -experimental-emit-module-separately -disable-cmo
SwiftDriver AEXML normal arm64 com.apple.xcode.tools.swift.compiler (in target 'AEXML' from project 'AEXML')
    cd /Users/admin/builder/spi-builder-workspace/.swiftpm/xcode
    builtin-SwiftDriver -- /Applications/Xcode-27.0.0-Release.Candidate.app/Contents/Developer/Toolchains/XcodeDefault.xctoolchain/usr/bin/swiftc -parse-as-library -module-name AEXML -Onone @/Users/admin/builder/spi-builder-workspace/.derivedData/Build/Intermediates.noindex/AEXML.build/Debug-appletvos/AEXML-t.build/Objects-normal/arm64/AEXML.SwiftFileList -DSWIFT_PACKAGE -DDEBUG -DSWIFT_MODULE_RESOURCE_BUNDLE_UNAVAILABLE -DXcode -plugin-path /Applications/Xcode-27.0.0-Release.Candidate.app/Contents/Developer/Toolchains/XcodeDefault.xctoolchain/usr/lib/swift/host/plugins/testing -enable-experimental-feature DebugDescriptionMacro -sdk /Applications/Xcode-27.0.0-Release.Candidate.app/Contents/Developer/Platforms/AppleTVOS.platform/Developer/SDKs/AppleTVOS27.0.sdk -target arm64-apple-tvos15.0 -g -module-cache-path /Users/admin/builder/spi-builder-workspace/.derivedData/ModuleCache.noindex -Xfrontend -serialize-debugging-options -profile-coverage-mapping -profile-generate -enable-testing -suppress-warnings -index-store-path /Users/admin/builder/spi-builder-workspace/.derivedData/Index.noindex/DataStore -Xcc -D_LIBCPP_HARDENING_MODE\=_LIBCPP_HARDENING_MODE_DEBUG -swift-version 4.2 -I /Users/admin/builder/spi-builder-workspace/.derivedData/Build/Products/Debug-appletvos -Isystem /Applications/Xcode-27.0.0-Release.Candidate.app/Contents/Developer/Platforms/AppleTVOS.platform/Developer/usr/lib -F /Users/admin/builder/spi-builder-workspace/.derivedData/Build/Products/Debug-appletvos -F /Applications/Xcode-27.0.0-Release.Candidate.app/Contents/Developer/Platforms/AppleTVOS.platform/Developer/Library/Frameworks -F /Applications/Xcode-27.0.0-Release.Candidate.app/Contents/Developer/Platforms/AppleTVOS.platform/Developer/SDKs/AppleTVOS27.0.sdk/Developer/Library/Frameworks -c -j10 -enable-batch-mode -incremental -Xcc -ivfsstatcache -Xcc /Users/admin/builder/spi-builder-workspace/.derivedData/SDKStatCaches.noindex/appletvos27.0-24J360-e829b21a6f8c9b70876ba0858053c044b32bfd8d43560033f8d89884cdb90028.sdkstatcache -output-file-map /Users/admin/builder/spi-builder-workspace/.derivedData/Build/Intermediates.noindex/AEXML.build/Debug-appletvos/AEXML-t.build/Objects-normal/arm64/AEXML-OutputFileMap.json -save-temps -no-color-diagnostics -emit-dependencies -emit-module -emit-module-path /Users/admin/builder/spi-builder-workspace/.derivedData/Build/Intermediates.noindex/AEXML.build/Debug-appletvos/AEXML-t.build/Objects-normal/arm64/AEXML.swiftmodule -serialize-diagnostics -validate-clang-modules-once -clang-build-session-file /Users/admin/builder/spi-builder-workspace/.derivedData/ModuleCache.noindex/Session.modulevalidation -Xcc -fmodules-prune-interval\=86400 -Xcc -fmodules-prune-after\=345600 -emit-const-values -const-gather-protocols-list /Users/admin/builder/spi-builder-workspace/.derivedData/Build/Intermediates.noindex/AEXML.build/Debug-appletvos/AEXML-t.build/Objects-normal/arm64/AEXML_const_extract_protocols.json -Xcc -I/Users/admin/builder/spi-builder-workspace/.derivedData/Build/Products/Debug-appletvos/include -Xcc -I/Users/admin/builder/spi-builder-workspace/.derivedData/Build/Intermediates.noindex/AEXML.build/Debug-appletvos/AEXML-t.build/DerivedSources-normal/arm64 -Xcc -I/Users/admin/builder/spi-builder-workspace/.derivedData/Build/Intermediates.noindex/AEXML.build/Debug-appletvos/AEXML-t.build/DerivedSources/arm64 -Xcc -I/Users/admin/builder/spi-builder-workspace/.derivedData/Build/Intermediates.noindex/AEXML.build/Debug-appletvos/AEXML-t.build/DerivedSources -Xcc -DSWIFT_PACKAGE -Xcc -DDEBUG\=1 -emit-objc-header -emit-objc-header-path /Users/admin/builder/spi-builder-workspace/.derivedData/Build/Intermediates.noindex/AEXML.build/Debug-appletvos/AEXML-t.build/Objects-normal/arm64/AEXML-Swift.h -working-directory /Users/admin/builder/spi-builder-workspace/.swiftpm/xcode -experimental-emit-module-separately -disable-cmo
SwiftEmitModule normal arm64 Emitting\ module\ for\ PathKit (in target 'PathKit' from project 'PathKit')
SwiftCompile normal arm64 (in target 'PathKit' from project 'PathKit')
    cd /Users/admin/builder/spi-builder-workspace/.swiftpm/xcode

SwiftCompile normal arm64 Compiling\ PathKit.swift /Users/admin/builder/spi-builder-workspace/.dependencies/checkouts/PathKit/Sources/PathKit.swift (in target 'PathKit' from project 'PathKit')
SwiftCompile normal arm64 /Users/admin/builder/spi-builder-workspace/.dependencies/checkouts/PathKit/Sources/PathKit.swift (in target 'PathKit' from project 'PathKit')
    cd /Users/admin/builder/spi-builder-workspace/.swiftpm/xcode
    builtin-SwiftPerFileCompile PathKit.swift
SwiftEmitModule normal arm64 Emitting\ module\ for\ ProcessRunner (in target 'ProcessRunner' from project 'ProcessRunner')
/Users/admin/builder/spi-builder-workspace/.dependencies/checkouts/ProcessRunner/Sources/ProcessRunner/ProcessRunner.swift:47:34: error: cannot find type 'Process' in scope
 45 |
 46 |
 47 |     public let executingProcess: Process
    |                                  `- error: cannot find type 'Process' in scope
 48 |     public let stdOutPipe: Pipe
 49 |     public let stdErrPipe: Pipe
Failed frontend command:
/Applications/Xcode-27.0.0-Release.Candidate.app/Contents/Developer/Toolchains/XcodeDefault.xctoolchain/usr/bin/swift-frontend -frontend -emit-module -experimental-skip-non-inlinable-function-bodies-without-types /Users/admin/builder/spi-builder-workspace/.dependencies/checkouts/ProcessRunner/Sources/ProcessRunner/ProcessRunner.swift -target arm64-apple-tvos15.0 -Xllvm -aarch64-use-tbi -enable-objc-interop -stack-check -sdk /Applications/Xcode-27.0.0-Release.Candidate.app/Contents/Developer/Platforms/AppleTVOS.platform/Developer/SDKs/AppleTVOS27.0.sdk -I /Users/admin/builder/spi-builder-workspace/.derivedData/Build/Products/Debug-appletvos -Isystem /Applications/Xcode-27.0.0-Release.Candidate.app/Contents/Developer/Platforms/AppleTVOS.platform/Developer/usr/lib -F /Users/admin/builder/spi-builder-workspace/.derivedData/Build/Products/Debug-appletvos -F /Applications/Xcode-27.0.0-Release.Candidate.app/Contents/Developer/Platforms/AppleTVOS.platform/Developer/Library/Frameworks -F /Applications/Xcode-27.0.0-Release.Candidate.app/Contents/Developer/Platforms/AppleTVOS.platform/Developer/SDKs/AppleTVOS27.0.sdk/Developer/Library/Frameworks -module-cache-path /Users/admin/builder/spi-builder-workspace/.derivedData/ModuleCache.noindex -no-color-diagnostics -Xcc -fno-color-diagnostics -enable-testing -g -debug-info-format\=dwarf -dwarf-version\=4 -suppress-warnings -profile-generate -profile-coverage-mapping -swift-version 4 -Onone -D SWIFT_PACKAGE -D DEBUG -D SWIFT_MODULE_RESOURCE_BUNDLE_UNAVAILABLE -D Xcode -serialize-debugging-options -enable-experimental-feature DebugDescriptionMacro -empty-abi-descriptor -plugin-path /Applications/Xcode-27.0.0-Release.Candidate.app/Contents/Developer/Toolchains/XcodeDefault.xctoolchain/usr/lib/swift/host/plugins/testing -validate-clang-modules-once -clang-build-session-file /Users/admin/builder/spi-builder-workspace/.derivedData/ModuleCache.noindex/Session.modulevalidation -Xcc -working-directory -Xcc /Users/admin/builder/spi-builder-workspace/.swiftpm/xcode -enable-anonymous-context-mangled-names -file-compilation-dir /Users/admin/builder/spi-builder-workspace/.swiftpm/xcode -Xcc -D_LIBCPP_HARDENING_MODE\=_LIBCPP_HARDENING_MODE_DEBUG -Xcc -ivfsstatcache -Xcc /Users/admin/builder/spi-builder-workspace/.derivedData/SDKStatCaches.noindex/appletvos27.0-24J360-e829b21a6f8c9b70876ba0858053c044b32bfd8d43560033f8d89884cdb90028.sdkstatcache -Xcc -fmodules-prune-interval\=86400 -Xcc -fmodules-prune-after\=345600 -Xcc -I/Users/admin/builder/spi-builder-workspace/.derivedData/Build/Products/Debug-appletvos/include -Xcc -I/Users/admin/builder/spi-builder-workspace/.derivedData/Build/Intermediates.noindex/ProcessRunner.build/Debug-appletvos/ProcessRunner-t.build/DerivedSources-normal/arm64 -Xcc -I/Users/admin/builder/spi-builder-workspace/.derivedData/Build/Intermediates.noindex/ProcessRunner.build/Debug-appletvos/ProcessRunner-t.build/DerivedSources/arm64 -Xcc -I/Users/admin/builder/spi-builder-workspace/.derivedData/Build/Intermediates.noindex/ProcessRunner.build/Debug-appletvos/ProcessRunner-t.build/DerivedSources -Xcc -DSWIFT_PACKAGE -Xcc -DDEBUG\=1 -no-auto-bridging-header-chaining -module-name ProcessRunner -const-gather-protocols-file /Users/admin/builder/spi-builder-workspace/.derivedData/Build/Intermediates.noindex/ProcessRunner.build/Debug-appletvos/ProcessRunner-t.build/Objects-normal/arm64/ProcessRunner_const_extract_protocols.json -disable-clang-spi -target-sdk-version 27.0 -target-sdk-name appletvos27.0 -external-plugin-path /Applications/Xcode-27.0.0-Release.Candidate.app/Contents/Developer/Platforms/AppleTVOS.platform/Developer/usr/lib/swift/host/plugins\#/Applications/Xcode-27.0.0-Release.Candidate.app/Contents/Developer/Platforms/AppleTVOS.platform/Developer/usr/bin/swift-plugin-server -external-plugin-path /Applications/Xcode-27.0.0-Release.Candidate.app/Contents/Developer/Platforms/AppleTVOS.platform/Developer/usr/local/lib/swift/host/plugins\#/Applications/Xcode-27.0.0-Release.Candidate.app/Contents/Developer/Platforms/AppleTVOS.platform/Developer/usr/bin/swift-plugin-server -in-process-plugin-server-path /Applications/Xcode-27.0.0-Release.Candidate.app/Contents/Developer/Toolchains/XcodeDefault.xctoolchain/usr/lib/swift/host/libSwiftInProcPluginServer.dylib -plugin-path /Applications/Xcode-27.0.0-Release.Candidate.app/Contents/Developer/Toolchains/XcodeDefault.xctoolchain/usr/lib/swift/host/plugins -plugin-path /Applications/Xcode-27.0.0-Release.Candidate.app/Contents/Developer/Toolchains/XcodeDefault.xctoolchain/usr/local/lib/swift/host/plugins -emit-module-doc-path /Users/admin/builder/spi-builder-workspace/.derivedData/Build/Intermediates.noindex/ProcessRunner.build/Debug-appletvos/ProcessRunner-t.build/Objects-normal/arm64/ProcessRunner.swiftdoc -emit-module-source-info-path /Users/admin/builder/spi-builder-workspace/.derivedData/Build/Intermediates.noindex/ProcessRunner.build/Debug-appletvos/ProcessRunner-t.build/Objects-normal/arm64/ProcessRunner.swiftsourceinfo -emit-objc-header-path /Users/admin/builder/spi-builder-workspace/.derivedData/Build/Intermediates.noindex/ProcessRunner.build/Debug-appletvos/ProcessRunner-t.build/Objects-normal/arm64/ProcessRunner-Swift.h -serialize-diagnostics-path /Users/admin/builder/spi-builder-workspace/.derivedData/Build/Intermediates.noindex/ProcessRunner.build/Debug-appletvos/ProcessRunner-t.build/Objects-normal/arm64/ProcessRunner-primary-emit-module.dia -emit-dependencies-path /Users/admin/builder/spi-builder-workspace/.derivedData/Build/Intermediates.noindex/ProcessRunner.build/Debug-appletvos/ProcessRunner-t.build/Objects-normal/arm64/ProcessRunner-primary-emit-module.d -parse-as-library -o /Users/admin/builder/spi-builder-workspace/.derivedData/Build/Intermediates.noindex/ProcessRunner.build/Debug-appletvos/ProcessRunner-t.build/Objects-normal/arm64/ProcessRunner.swiftmodule -emit-abi-descriptor-path /Users/admin/builder/spi-builder-workspace/.derivedData/Build/Intermediates.noindex/ProcessRunner.build/Debug-appletvos/ProcessRunner-t.build/Objects-normal/arm64/ProcessRunner.abi.json
SwiftCompile normal arm64 (in target 'ProcessRunner' from project 'ProcessRunner')
    cd /Users/admin/builder/spi-builder-workspace/.swiftpm/xcode

SwiftCompile normal arm64 Compiling\ ProcessRunner.swift /Users/admin/builder/spi-builder-workspace/.dependencies/checkouts/ProcessRunner/Sources/ProcessRunner/ProcessRunner.swift (in target 'ProcessRunner' from project 'ProcessRunner')
SwiftCompile normal arm64 /Users/admin/builder/spi-builder-workspace/.dependencies/checkouts/ProcessRunner/Sources/ProcessRunner/ProcessRunner.swift (in target 'ProcessRunner' from project 'ProcessRunner')
    cd /Users/admin/builder/spi-builder-workspace/.swiftpm/xcode
    builtin-SwiftPerFileCompile ProcessRunner.swift
SwiftEmitModule normal arm64 Emitting\ module\ for\ S3Kit (in target 'S3Kit' from project 'S3Kit')
SwiftCompile normal arm64 (in target 'S3Kit' from project 'S3Kit')
    cd /Users/admin/builder/spi-builder-workspace/.swiftpm/xcode

SwiftCompile normal arm64 Compiling\ Data+SHA256.swift /Users/admin/builder/spi-builder-workspace/.dependencies/checkouts/S3Kit/Sources/S3Kit/Data+SHA256.swift (in target 'S3Kit' from project 'S3Kit')
SwiftCompile normal arm64 /Users/admin/builder/spi-builder-workspace/.dependencies/checkouts/S3Kit/Sources/S3Kit/Data+SHA256.swift (in target 'S3Kit' from project 'S3Kit')
    cd /Users/admin/builder/spi-builder-workspace/.swiftpm/xcode
    builtin-SwiftPerFileCompile Data+SHA256.swift
SwiftCompile normal arm64 Compiling\ S3Kit.swift /Users/admin/builder/spi-builder-workspace/.dependencies/checkouts/S3Kit/Sources/S3Kit/S3Kit.swift (in target 'S3Kit' from project 'S3Kit')
SwiftCompile normal arm64 /Users/admin/builder/spi-builder-workspace/.dependencies/checkouts/S3Kit/Sources/S3Kit/S3Kit.swift (in target 'S3Kit' from project 'S3Kit')
    cd /Users/admin/builder/spi-builder-workspace/.swiftpm/xcode
    builtin-SwiftPerFileCompile S3Kit.swift
SwiftCompile normal arm64 Compiling\ S3V4Signer.swift /Users/admin/builder/spi-builder-workspace/.dependencies/checkouts/S3Kit/Sources/S3Kit/S3V4Signer.swift (in target 'S3Kit' from project 'S3Kit')
SwiftCompile normal arm64 /Users/admin/builder/spi-builder-workspace/.dependencies/checkouts/S3Kit/Sources/S3Kit/S3V4Signer.swift (in target 'S3Kit' from project 'S3Kit')
    cd /Users/admin/builder/spi-builder-workspace/.swiftpm/xcode
    builtin-SwiftPerFileCompile S3V4Signer.swift
SwiftEmitModule normal arm64 Emitting\ module\ for\ AEXML (in target 'AEXML' from project 'AEXML')
SwiftCompile normal arm64 (in target 'AEXML' from project 'AEXML')
    cd /Users/admin/builder/spi-builder-workspace/.swiftpm/xcode

SwiftCompile normal arm64 Compiling\ Error.swift /Users/admin/builder/spi-builder-workspace/.dependencies/checkouts/AEXML/Sources/AEXML/Error.swift (in target 'AEXML' from project 'AEXML')
SwiftCompile normal arm64 /Users/admin/builder/spi-builder-workspace/.dependencies/checkouts/AEXML/Sources/AEXML/Error.swift (in target 'AEXML' from project 'AEXML')
    cd /Users/admin/builder/spi-builder-workspace/.swiftpm/xcode
    builtin-SwiftPerFileCompile Error.swift
PruneExplicitPrecompiledModules /Users/admin/builder/spi-builder-workspace/.derivedData/Build/Intermediates.noindex/ExplicitPrecompiledModules
PruneExplicitPrecompiledModules /Users/admin/builder/spi-builder-workspace/.derivedData/Build/Intermediates.noindex/SwiftExplicitPrecompiledModules
PruneExplicitPrecompiledModules /Users/admin/builder/spi-builder-workspace/.derivedData/SDKExplicitPrecompiledModules
2026-09-16 14:43:54.513 xcodebuild[1091:6025] [MT] IDERunDestination: Supported platforms for the buildables in the current scheme is empty.
** BUILD FAILED **
The following build commands failed:
	SwiftEmitModule normal arm64 Emitting\ module\ for\ ProcessRunner (in target 'ProcessRunner' from project 'ProcessRunner')
	SwiftCompile normal arm64 (in target 'ProcessRunner' from project 'ProcessRunner')
	Building workspace XcodeHelperCliKit with scheme XcodeHelperCliKit
(3 failures)
Command line invocation:
    /Applications/Xcode-27.0.0-Release.Candidate.app/Contents/Developer/usr/bin/xcodebuild -IDEClonedSourcePackagesDirPathOverride=/Users/admin/builder/spi-builder-workspace/.dependencies -resolvePackageDependencies
Resolve Package Graph
Resolved source packages:
  CliRunnable: https://github.com/saltzmanjoelh/CliRunnable.git @ 1.0.48
  XcodeHelperKit: https://github.com/saltzmanjoelh/XcodeHelperKit.git @ 1.0.81
  SwiftShell: https://github.com/kareman/SwiftShell @ 4.1.2
  xcodeproj: https://github.com/tuist/xcodeproj.git @ 6.7.0
  Yaml: https://github.com/saltzmanjoelh/Yaml.git @ 3.4.10
  ProcessRunner: https://github.com/saltzmanjoelh/ProcessRunner.git @ 1.0.11
  XcodeHelperCliKit: /Users/admin/builder/spi-builder-workspace
  PathKit: https://github.com/kylef/PathKit @ 0.9.2
  AEXML: https://github.com/tadija/AEXML @ 4.3.3
  S3Kit: https://github.com/saltzmanjoelh/S3Kit.git @ 1.0.21
  Spectre: https://github.com/kylef/Spectre.git @ 0.9.2
  DockerProcess: https://github.com/saltzmanjoelh/DockerProcess.git @ 1.0.28
resolved source packages: CliRunnable, XcodeHelperKit, SwiftShell, xcodeproj, Yaml, ProcessRunner, XcodeHelperCliKit, PathKit, AEXML, S3Kit, Spectre, DockerProcess
2026-09-16 14:43:58.974 xcodebuild[1204:6677] [MT] IDERunDestination: Supported platforms for the buildables in the current scheme is empty.
{
  "dependencies" : [
    {
      "identity" : "xcodehelperkit",
      "requirement" : {
        "range" : [
          {
            "lower_bound" : "1.0.0",
            "upper_bound" : "2.0.0"
          }
        ]
      },
      "type" : "sourceControl",
      "url" : "https://github.com/saltzmanjoelh/XcodeHelperKit.git"
    }
  ],
  "manifest_display_name" : "XcodeHelperCliKit",
  "name" : "XcodeHelperCliKit",
  "path" : "/Users/admin/builder/spi-builder-workspace",
  "platforms" : [
  ],
  "products" : [
    {
      "name" : "XcodeHelperCliKit",
      "targets" : [
        "XcodeHelperCliKit"
      ],
      "type" : {
        "library" : [
          "static"
        ]
      }
    }
  ],
  "targets" : [
    {
      "c99name" : "XcodeHelperCliKitTests",
      "module_type" : "SwiftTarget",
      "name" : "XcodeHelperCliKitTests",
      "path" : "Tests/XcodeHelperCliKitTests",
      "product_dependencies" : [
        "XcodeHelperKit"
      ],
      "sources" : [
        "XcodeHelpableFixture.swift",
        "XcodeHelperCliKitTests.swift"
      ],
      "target_dependencies" : [
        "XcodeHelperCliKit"
      ],
      "type" : "test"
    },
    {
      "c99name" : "XcodeHelperCliKit",
      "module_type" : "SwiftTarget",
      "name" : "XcodeHelperCliKit",
      "path" : "Sources/XcodeHelperCliKit",
      "product_dependencies" : [
        "XcodeHelperKit"
      ],
      "product_memberships" : [
        "XcodeHelperCliKit"
      ],
      "sources" : [
        "Dictionary+Extensions.swift",
        "String+Extensions.swift",
        "XcodeHelperCliKit.swift"
      ],
      "type" : "library"
    }
  ],
  "tools_version" : "4.1"
}
{
  "workspace" : {
    "name" : "XcodeHelperCliKit",
    "schemes" : [
      "XcodeHelperCliKit"
    ]
  }
}
2026-09-16 14:44:00.374 xcodebuild[1212:6743] [MT] IDERunDestination: Supported platforms for the buildables in the current scheme is empty.
Running build ...
env DEVELOPER_DIR=/Applications/Xcode-27.0.0-Release.Candidate.app xcrun xcodebuild -IDEClonedSourcePackagesDirPathOverride=$PWD/.dependencies -skipMacroValidation -skipPackagePluginValidation -derivedDataPath $PWD/.derivedData build -scheme XcodeHelperCliKit -destination generic/platform=tvOS
Command line invocation:
    /Applications/Xcode-27.0.0-Release.Candidate.app/Contents/Developer/usr/bin/xcodebuild -IDEClonedSourcePackagesDirPathOverride=/Users/admin/builder/spi-builder-workspace/.dependencies -skipMacroValidation -skipPackagePluginValidation -derivedDataPath /Users/admin/builder/spi-builder-workspace/.derivedData build -scheme XcodeHelperCliKit -destination generic/platform=tvOS
Resolve Package Graph
Resolved source packages:
  XcodeHelperCliKit: /Users/admin/builder/spi-builder-workspace
  CliRunnable: https://github.com/saltzmanjoelh/CliRunnable.git @ 1.0.48
  xcodeproj: https://github.com/tuist/xcodeproj.git @ 6.7.0
  AEXML: https://github.com/tadija/AEXML @ 4.3.3
  Spectre: https://github.com/kylef/Spectre.git @ 0.9.2
  S3Kit: https://github.com/saltzmanjoelh/S3Kit.git @ 1.0.21
  DockerProcess: https://github.com/saltzmanjoelh/DockerProcess.git @ 1.0.28
  PathKit: https://github.com/kylef/PathKit @ 0.9.2
  XcodeHelperKit: https://github.com/saltzmanjoelh/XcodeHelperKit.git @ 1.0.81
  ProcessRunner: https://github.com/saltzmanjoelh/ProcessRunner.git @ 1.0.11
  SwiftShell: https://github.com/kareman/SwiftShell @ 4.1.2
  Yaml: https://github.com/saltzmanjoelh/Yaml.git @ 3.4.10
ComputePackagePrebuildTargetDependencyGraph
Prepare packages
CreateBuildRequest
SendProjectDescription
CreateBuildOperation
ComputeTargetDependencyGraph
note: Building targets in dependency order
note: Target dependency graph (20 targets)
    Target 'XcodeHelperCliKit-product' in project 'XcodeHelperCliKit'
        ➜ Explicit dependency on target 'XcodeHelperCliKit' in project 'XcodeHelperCliKit'
        ➜ Explicit dependency on target 'XcodeHelperKit-product' in project 'XcodeHelperKit'
    Target 'XcodeHelperCliKit' in project 'XcodeHelperCliKit'
        ➜ Explicit dependency on target 'XcodeHelperKit-product' in project 'XcodeHelperKit'
    Target 'XcodeHelperKit-product' in project 'XcodeHelperKit'
        ➜ Explicit dependency on target 'XcodeHelperKit' in project 'XcodeHelperKit'
        ➜ Explicit dependency on target 'ProcessRunner-product' in project 'ProcessRunner'
        ➜ Explicit dependency on target 'DockerProcess-product' in project 'DockerProcess'
        ➜ Explicit dependency on target 'CliRunnable-product' in project 'CliRunnable'
        ➜ Explicit dependency on target 'S3Kit-product' in project 'S3Kit'
        ➜ Explicit dependency on target 'xcodeproj-product' in project 'xcodeproj'
    Target 'XcodeHelperKit' in project 'XcodeHelperKit'
        ➜ Explicit dependency on target 'ProcessRunner-product' in project 'ProcessRunner'
        ➜ Explicit dependency on target 'DockerProcess-product' in project 'DockerProcess'
        ➜ Explicit dependency on target 'CliRunnable-product' in project 'CliRunnable'
        ➜ Explicit dependency on target 'S3Kit-product' in project 'S3Kit'
        ➜ Explicit dependency on target 'xcodeproj-product' in project 'xcodeproj'
    Target 'xcodeproj-product' in project 'xcodeproj'
        ➜ Explicit dependency on target 'xcodeproj' in project 'xcodeproj'
        ➜ Explicit dependency on target 'PathKit-product' in project 'PathKit'
        ➜ Explicit dependency on target 'AEXML-product' in project 'AEXML'
    Target 'xcodeproj' in project 'xcodeproj'
        ➜ Explicit dependency on target 'PathKit-product' in project 'PathKit'
        ➜ Explicit dependency on target 'AEXML-product' in project 'AEXML'
    Target 'AEXML-product' in project 'AEXML'
        ➜ Explicit dependency on target 'AEXML' in project 'AEXML'
    Target 'AEXML' in project 'AEXML' (no dependencies)
    Target 'PathKit-product' in project 'PathKit'
        ➜ Explicit dependency on target 'PathKit' in project 'PathKit'
    Target 'PathKit' in project 'PathKit' (no dependencies)
    Target 'S3Kit-product' in project 'S3Kit'
        ➜ Explicit dependency on target 'S3Kit' in project 'S3Kit'
    Target 'S3Kit' in project 'S3Kit' (no dependencies)
    Target 'CliRunnable-product' in project 'CliRunnable'
        ➜ Explicit dependency on target 'CliRunnable' in project 'CliRunnable'
        ➜ Explicit dependency on target 'Yaml-product' in project 'Yaml'
        ➜ Explicit dependency on target 'ProcessRunner-product' in project 'ProcessRunner'
    Target 'CliRunnable' in project 'CliRunnable'
        ➜ Explicit dependency on target 'Yaml-product' in project 'Yaml'
        ➜ Explicit dependency on target 'ProcessRunner-product' in project 'ProcessRunner'
    Target 'Yaml-product' in project 'Yaml'
        ➜ Explicit dependency on target 'Yaml' in project 'Yaml'
    Target 'Yaml' in project 'Yaml' (no dependencies)
    Target 'DockerProcess-product' in project 'DockerProcess'
        ➜ Explicit dependency on target 'DockerProcess' in project 'DockerProcess'
        ➜ Explicit dependency on target 'ProcessRunner-product' in project 'ProcessRunner'
    Target 'DockerProcess' in project 'DockerProcess'
        ➜ Explicit dependency on target 'ProcessRunner-product' in project 'ProcessRunner'
    Target 'ProcessRunner-product' in project 'ProcessRunner'
        ➜ Explicit dependency on target 'ProcessRunner' in project 'ProcessRunner'
    Target 'ProcessRunner' in project 'ProcessRunner' (no dependencies)
GatherProvisioningInputs
CreateBuildDescription
ClangStatCache /Applications/Xcode-27.0.0-Release.Candidate.app/Contents/Developer/Toolchains/XcodeDefault.xctoolchain/usr/bin/clang-stat-cache /Applications/Xcode-27.0.0-Release.Candidate.app/Contents/Developer/Platforms/AppleTVOS.platform/Developer/SDKs/AppleTVOS27.0.sdk /Users/admin/builder/spi-builder-workspace/.derivedData/SDKStatCaches.noindex/appletvos27.0-24J360-e829b21a6f8c9b70876ba0858053c044b32bfd8d43560033f8d89884cdb90028.sdkstatcache
    cd /Users/admin/builder/spi-builder-workspace/.swiftpm/xcode
    /Applications/Xcode-27.0.0-Release.Candidate.app/Contents/Developer/Toolchains/XcodeDefault.xctoolchain/usr/bin/clang-stat-cache /Applications/Xcode-27.0.0-Release.Candidate.app/Contents/Developer/Platforms/AppleTVOS.platform/Developer/SDKs/AppleTVOS27.0.sdk -o /Users/admin/builder/spi-builder-workspace/.derivedData/SDKStatCaches.noindex/appletvos27.0-24J360-e829b21a6f8c9b70876ba0858053c044b32bfd8d43560033f8d89884cdb90028.sdkstatcache
SwiftDriver Yaml normal arm64 com.apple.xcode.tools.swift.compiler (in target 'Yaml' from project 'Yaml')
    cd /Users/admin/builder/spi-builder-workspace/.swiftpm/xcode
    builtin-SwiftDriver -- /Applications/Xcode-27.0.0-Release.Candidate.app/Contents/Developer/Toolchains/XcodeDefault.xctoolchain/usr/bin/swiftc -parse-as-library -module-name Yaml -Onone @/Users/admin/builder/spi-builder-workspace/.derivedData/Build/Intermediates.noindex/Yaml.build/Debug-appletvos/Yaml-t.build/Objects-normal/arm64/Yaml.SwiftFileList -DSWIFT_PACKAGE -DDEBUG -DSWIFT_MODULE_RESOURCE_BUNDLE_UNAVAILABLE -DXcode -plugin-path /Applications/Xcode-27.0.0-Release.Candidate.app/Contents/Developer/Toolchains/XcodeDefault.xctoolchain/usr/lib/swift/host/plugins/testing -enable-experimental-feature DebugDescriptionMacro -sdk /Applications/Xcode-27.0.0-Release.Candidate.app/Contents/Developer/Platforms/AppleTVOS.platform/Developer/SDKs/AppleTVOS27.0.sdk -target arm64-apple-tvos15.0 -g -module-cache-path /Users/admin/builder/spi-builder-workspace/.derivedData/ModuleCache.noindex -Xfrontend -serialize-debugging-options -profile-coverage-mapping -profile-generate -enable-testing -suppress-warnings -index-store-path /Users/admin/builder/spi-builder-workspace/.derivedData/Index.noindex/DataStore -Xcc -D_LIBCPP_HARDENING_MODE\=_LIBCPP_HARDENING_MODE_DEBUG -swift-version 4 -I /Users/admin/builder/spi-builder-workspace/.derivedData/Build/Products/Debug-appletvos -Isystem /Applications/Xcode-27.0.0-Release.Candidate.app/Contents/Developer/Platforms/AppleTVOS.platform/Developer/usr/lib -F /Users/admin/builder/spi-builder-workspace/.derivedData/Build/Products/Debug-appletvos -F /Applications/Xcode-27.0.0-Release.Candidate.app/Contents/Developer/Platforms/AppleTVOS.platform/Developer/Library/Frameworks -F /Applications/Xcode-27.0.0-Release.Candidate.app/Contents/Developer/Platforms/AppleTVOS.platform/Developer/SDKs/AppleTVOS27.0.sdk/Developer/Library/Frameworks -c -j10 -enable-batch-mode -incremental -Xcc -ivfsstatcache -Xcc /Users/admin/builder/spi-builder-workspace/.derivedData/SDKStatCaches.noindex/appletvos27.0-24J360-e829b21a6f8c9b70876ba0858053c044b32bfd8d43560033f8d89884cdb90028.sdkstatcache -output-file-map /Users/admin/builder/spi-builder-workspace/.derivedData/Build/Intermediates.noindex/Yaml.build/Debug-appletvos/Yaml-t.build/Objects-normal/arm64/Yaml-OutputFileMap.json -save-temps -no-color-diagnostics -emit-dependencies -emit-module -emit-module-path /Users/admin/builder/spi-builder-workspace/.derivedData/Build/Intermediates.noindex/Yaml.build/Debug-appletvos/Yaml-t.build/Objects-normal/arm64/Yaml.swiftmodule -serialize-diagnostics -validate-clang-modules-once -clang-build-session-file /Users/admin/builder/spi-builder-workspace/.derivedData/ModuleCache.noindex/Session.modulevalidation -Xcc -fmodules-prune-interval\=86400 -Xcc -fmodules-prune-after\=345600 -emit-const-values -const-gather-protocols-list /Users/admin/builder/spi-builder-workspace/.derivedData/Build/Intermediates.noindex/Yaml.build/Debug-appletvos/Yaml-t.build/Objects-normal/arm64/Yaml_const_extract_protocols.json -Xcc -I/Users/admin/builder/spi-builder-workspace/.derivedData/Build/Products/Debug-appletvos/include -Xcc -I/Users/admin/builder/spi-builder-workspace/.derivedData/Build/Intermediates.noindex/Yaml.build/Debug-appletvos/Yaml-t.build/DerivedSources-normal/arm64 -Xcc -I/Users/admin/builder/spi-builder-workspace/.derivedData/Build/Intermediates.noindex/Yaml.build/Debug-appletvos/Yaml-t.build/DerivedSources/arm64 -Xcc -I/Users/admin/builder/spi-builder-workspace/.derivedData/Build/Intermediates.noindex/Yaml.build/Debug-appletvos/Yaml-t.build/DerivedSources -Xcc -DSWIFT_PACKAGE -Xcc -DDEBUG\=1 -emit-objc-header -emit-objc-header-path /Users/admin/builder/spi-builder-workspace/.derivedData/Build/Intermediates.noindex/Yaml.build/Debug-appletvos/Yaml-t.build/Objects-normal/arm64/Yaml-Swift.h -working-directory /Users/admin/builder/spi-builder-workspace/.swiftpm/xcode -experimental-emit-module-separately -disable-cmo
SwiftDriver S3Kit normal arm64 com.apple.xcode.tools.swift.compiler (in target 'S3Kit' from project 'S3Kit')
    cd /Users/admin/builder/spi-builder-workspace/.swiftpm/xcode
    builtin-SwiftDriver -- /Applications/Xcode-27.0.0-Release.Candidate.app/Contents/Developer/Toolchains/XcodeDefault.xctoolchain/usr/bin/swiftc -parse-as-library -module-name S3Kit -Onone @/Users/admin/builder/spi-builder-workspace/.derivedData/Build/Intermediates.noindex/S3Kit.build/Debug-appletvos/S3Kit-t.build/Objects-normal/arm64/S3Kit.SwiftFileList -DSWIFT_PACKAGE -DDEBUG -DSWIFT_MODULE_RESOURCE_BUNDLE_UNAVAILABLE -DXcode -plugin-path /Applications/Xcode-27.0.0-Release.Candidate.app/Contents/Developer/Toolchains/XcodeDefault.xctoolchain/usr/lib/swift/host/plugins/testing -enable-experimental-feature DebugDescriptionMacro -sdk /Applications/Xcode-27.0.0-Release.Candidate.app/Contents/Developer/Platforms/AppleTVOS.platform/Developer/SDKs/AppleTVOS27.0.sdk -target arm64-apple-tvos15.0 -g -module-cache-path /Users/admin/builder/spi-builder-workspace/.derivedData/ModuleCache.noindex -Xfrontend -serialize-debugging-options -profile-coverage-mapping -profile-generate -enable-testing -suppress-warnings -index-store-path /Users/admin/builder/spi-builder-workspace/.derivedData/Index.noindex/DataStore -Xcc -D_LIBCPP_HARDENING_MODE\=_LIBCPP_HARDENING_MODE_DEBUG -swift-version 4.2 -I /Users/admin/builder/spi-builder-workspace/.derivedData/Build/Products/Debug-appletvos -Isystem /Applications/Xcode-27.0.0-Release.Candidate.app/Contents/Developer/Platforms/AppleTVOS.platform/Developer/usr/lib -F /Users/admin/builder/spi-builder-workspace/.derivedData/Build/Products/Debug-appletvos -F /Applications/Xcode-27.0.0-Release.Candidate.app/Contents/Developer/Platforms/AppleTVOS.platform/Developer/Library/Frameworks -F /Applications/Xcode-27.0.0-Release.Candidate.app/Contents/Developer/Platforms/AppleTVOS.platform/Developer/SDKs/AppleTVOS27.0.sdk/Developer/Library/Frameworks -c -j10 -enable-batch-mode -incremental -Xcc -ivfsstatcache -Xcc /Users/admin/builder/spi-builder-workspace/.derivedData/SDKStatCaches.noindex/appletvos27.0-24J360-e829b21a6f8c9b70876ba0858053c044b32bfd8d43560033f8d89884cdb90028.sdkstatcache -output-file-map /Users/admin/builder/spi-builder-workspace/.derivedData/Build/Intermediates.noindex/S3Kit.build/Debug-appletvos/S3Kit-t.build/Objects-normal/arm64/S3Kit-OutputFileMap.json -save-temps -no-color-diagnostics -emit-dependencies -emit-module -emit-module-path /Users/admin/builder/spi-builder-workspace/.derivedData/Build/Intermediates.noindex/S3Kit.build/Debug-appletvos/S3Kit-t.build/Objects-normal/arm64/S3Kit.swiftmodule -serialize-diagnostics -validate-clang-modules-once -clang-build-session-file /Users/admin/builder/spi-builder-workspace/.derivedData/ModuleCache.noindex/Session.modulevalidation -Xcc -fmodules-prune-interval\=86400 -Xcc -fmodules-prune-after\=345600 -emit-const-values -const-gather-protocols-list /Users/admin/builder/spi-builder-workspace/.derivedData/Build/Intermediates.noindex/S3Kit.build/Debug-appletvos/S3Kit-t.build/Objects-normal/arm64/S3Kit_const_extract_protocols.json -Xcc -I/Users/admin/builder/spi-builder-workspace/.derivedData/Build/Products/Debug-appletvos/include -Xcc -I/Users/admin/builder/spi-builder-workspace/.derivedData/Build/Intermediates.noindex/S3Kit.build/Debug-appletvos/S3Kit-t.build/DerivedSources-normal/arm64 -Xcc -I/Users/admin/builder/spi-builder-workspace/.derivedData/Build/Intermediates.noindex/S3Kit.build/Debug-appletvos/S3Kit-t.build/DerivedSources/arm64 -Xcc -I/Users/admin/builder/spi-builder-workspace/.derivedData/Build/Intermediates.noindex/S3Kit.build/Debug-appletvos/S3Kit-t.build/DerivedSources -Xcc -DSWIFT_PACKAGE -Xcc -DDEBUG\=1 -emit-objc-header -emit-objc-header-path /Users/admin/builder/spi-builder-workspace/.derivedData/Build/Intermediates.noindex/S3Kit.build/Debug-appletvos/S3Kit-t.build/Objects-normal/arm64/S3Kit-Swift.h -working-directory /Users/admin/builder/spi-builder-workspace/.swiftpm/xcode -experimental-emit-module-separately -disable-cmo
SwiftDriver ProcessRunner normal arm64 com.apple.xcode.tools.swift.compiler (in target 'ProcessRunner' from project 'ProcessRunner')
    cd /Users/admin/builder/spi-builder-workspace/.swiftpm/xcode
    builtin-SwiftDriver -- /Applications/Xcode-27.0.0-Release.Candidate.app/Contents/Developer/Toolchains/XcodeDefault.xctoolchain/usr/bin/swiftc -parse-as-library -module-name ProcessRunner -Onone @/Users/admin/builder/spi-builder-workspace/.derivedData/Build/Intermediates.noindex/ProcessRunner.build/Debug-appletvos/ProcessRunner-t.build/Objects-normal/arm64/ProcessRunner.SwiftFileList -DSWIFT_PACKAGE -DDEBUG -DSWIFT_MODULE_RESOURCE_BUNDLE_UNAVAILABLE -DXcode -plugin-path /Applications/Xcode-27.0.0-Release.Candidate.app/Contents/Developer/Toolchains/XcodeDefault.xctoolchain/usr/lib/swift/host/plugins/testing -enable-experimental-feature DebugDescriptionMacro -sdk /Applications/Xcode-27.0.0-Release.Candidate.app/Contents/Developer/Platforms/AppleTVOS.platform/Developer/SDKs/AppleTVOS27.0.sdk -target arm64-apple-tvos15.0 -g -module-cache-path /Users/admin/builder/spi-builder-workspace/.derivedData/ModuleCache.noindex -Xfrontend -serialize-debugging-options -profile-coverage-mapping -profile-generate -enable-testing -suppress-warnings -index-store-path /Users/admin/builder/spi-builder-workspace/.derivedData/Index.noindex/DataStore -Xcc -D_LIBCPP_HARDENING_MODE\=_LIBCPP_HARDENING_MODE_DEBUG -swift-version 4 -I /Users/admin/builder/spi-builder-workspace/.derivedData/Build/Products/Debug-appletvos -Isystem /Applications/Xcode-27.0.0-Release.Candidate.app/Contents/Developer/Platforms/AppleTVOS.platform/Developer/usr/lib -F /Users/admin/builder/spi-builder-workspace/.derivedData/Build/Products/Debug-appletvos -F /Applications/Xcode-27.0.0-Release.Candidate.app/Contents/Developer/Platforms/AppleTVOS.platform/Developer/Library/Frameworks -F /Applications/Xcode-27.0.0-Release.Candidate.app/Contents/Developer/Platforms/AppleTVOS.platform/Developer/SDKs/AppleTVOS27.0.sdk/Developer/Library/Frameworks -c -j10 -enable-batch-mode -incremental -Xcc -ivfsstatcache -Xcc /Users/admin/builder/spi-builder-workspace/.derivedData/SDKStatCaches.noindex/appletvos27.0-24J360-e829b21a6f8c9b70876ba0858053c044b32bfd8d43560033f8d89884cdb90028.sdkstatcache -output-file-map /Users/admin/builder/spi-builder-workspace/.derivedData/Build/Intermediates.noindex/ProcessRunner.build/Debug-appletvos/ProcessRunner-t.build/Objects-normal/arm64/ProcessRunner-OutputFileMap.json -save-temps -no-color-diagnostics -emit-dependencies -emit-module -emit-module-path /Users/admin/builder/spi-builder-workspace/.derivedData/Build/Intermediates.noindex/ProcessRunner.build/Debug-appletvos/ProcessRunner-t.build/Objects-normal/arm64/ProcessRunner.swiftmodule -serialize-diagnostics -validate-clang-modules-once -clang-build-session-file /Users/admin/builder/spi-builder-workspace/.derivedData/ModuleCache.noindex/Session.modulevalidation -Xcc -fmodules-prune-interval\=86400 -Xcc -fmodules-prune-after\=345600 -emit-const-values -const-gather-protocols-list /Users/admin/builder/spi-builder-workspace/.derivedData/Build/Intermediates.noindex/ProcessRunner.build/Debug-appletvos/ProcessRunner-t.build/Objects-normal/arm64/ProcessRunner_const_extract_protocols.json -Xcc -I/Users/admin/builder/spi-builder-workspace/.derivedData/Build/Products/Debug-appletvos/include -Xcc -I/Users/admin/builder/spi-builder-workspace/.derivedData/Build/Intermediates.noindex/ProcessRunner.build/Debug-appletvos/ProcessRunner-t.build/DerivedSources-normal/arm64 -Xcc -I/Users/admin/builder/spi-builder-workspace/.derivedData/Build/Intermediates.noindex/ProcessRunner.build/Debug-appletvos/ProcessRunner-t.build/DerivedSources/arm64 -Xcc -I/Users/admin/builder/spi-builder-workspace/.derivedData/Build/Intermediates.noindex/ProcessRunner.build/Debug-appletvos/ProcessRunner-t.build/DerivedSources -Xcc -DSWIFT_PACKAGE -Xcc -DDEBUG\=1 -emit-objc-header -emit-objc-header-path /Users/admin/builder/spi-builder-workspace/.derivedData/Build/Intermediates.noindex/ProcessRunner.build/Debug-appletvos/ProcessRunner-t.build/Objects-normal/arm64/ProcessRunner-Swift.h -working-directory /Users/admin/builder/spi-builder-workspace/.swiftpm/xcode -experimental-emit-module-separately -disable-cmo
SwiftDriver PathKit normal arm64 com.apple.xcode.tools.swift.compiler (in target 'PathKit' from project 'PathKit')
    cd /Users/admin/builder/spi-builder-workspace/.swiftpm/xcode
    builtin-SwiftDriver -- /Applications/Xcode-27.0.0-Release.Candidate.app/Contents/Developer/Toolchains/XcodeDefault.xctoolchain/usr/bin/swiftc -parse-as-library -module-name PathKit -Onone @/Users/admin/builder/spi-builder-workspace/.derivedData/Build/Intermediates.noindex/PathKit.build/Debug-appletvos/PathKit-t.build/Objects-normal/arm64/PathKit.SwiftFileList -DSWIFT_PACKAGE -DDEBUG -DSWIFT_MODULE_RESOURCE_BUNDLE_UNAVAILABLE -DXcode -plugin-path /Applications/Xcode-27.0.0-Release.Candidate.app/Contents/Developer/Toolchains/XcodeDefault.xctoolchain/usr/lib/swift/host/plugins/testing -enable-experimental-feature DebugDescriptionMacro -sdk /Applications/Xcode-27.0.0-Release.Candidate.app/Contents/Developer/Platforms/AppleTVOS.platform/Developer/SDKs/AppleTVOS27.0.sdk -target arm64-apple-tvos15.0 -g -module-cache-path /Users/admin/builder/spi-builder-workspace/.derivedData/ModuleCache.noindex -Xfrontend -serialize-debugging-options -profile-coverage-mapping -profile-generate -enable-testing -suppress-warnings -index-store-path /Users/admin/builder/spi-builder-workspace/.derivedData/Index.noindex/DataStore -Xcc -D_LIBCPP_HARDENING_MODE\=_LIBCPP_HARDENING_MODE_DEBUG -swift-version 4.2 -I /Users/admin/builder/spi-builder-workspace/.derivedData/Build/Products/Debug-appletvos -Isystem /Applications/Xcode-27.0.0-Release.Candidate.app/Contents/Developer/Platforms/AppleTVOS.platform/Developer/usr/lib -F /Users/admin/builder/spi-builder-workspace/.derivedData/Build/Products/Debug-appletvos -F /Applications/Xcode-27.0.0-Release.Candidate.app/Contents/Developer/Platforms/AppleTVOS.platform/Developer/Library/Frameworks -F /Applications/Xcode-27.0.0-Release.Candidate.app/Contents/Developer/Platforms/AppleTVOS.platform/Developer/SDKs/AppleTVOS27.0.sdk/Developer/Library/Frameworks -c -j10 -enable-batch-mode -incremental -Xcc -ivfsstatcache -Xcc /Users/admin/builder/spi-builder-workspace/.derivedData/SDKStatCaches.noindex/appletvos27.0-24J360-e829b21a6f8c9b70876ba0858053c044b32bfd8d43560033f8d89884cdb90028.sdkstatcache -output-file-map /Users/admin/builder/spi-builder-workspace/.derivedData/Build/Intermediates.noindex/PathKit.build/Debug-appletvos/PathKit-t.build/Objects-normal/arm64/PathKit-OutputFileMap.json -save-temps -no-color-diagnostics -emit-dependencies -emit-module -emit-module-path /Users/admin/builder/spi-builder-workspace/.derivedData/Build/Intermediates.noindex/PathKit.build/Debug-appletvos/PathKit-t.build/Objects-normal/arm64/PathKit.swiftmodule -serialize-diagnostics -validate-clang-modules-once -clang-build-session-file /Users/admin/builder/spi-builder-workspace/.derivedData/ModuleCache.noindex/Session.modulevalidation -Xcc -fmodules-prune-interval\=86400 -Xcc -fmodules-prune-after\=345600 -emit-const-values -const-gather-protocols-list /Users/admin/builder/spi-builder-workspace/.derivedData/Build/Intermediates.noindex/PathKit.build/Debug-appletvos/PathKit-t.build/Objects-normal/arm64/PathKit_const_extract_protocols.json -Xcc -I/Users/admin/builder/spi-builder-workspace/.derivedData/Build/Products/Debug-appletvos/include -Xcc -I/Users/admin/builder/spi-builder-workspace/.derivedData/Build/Intermediates.noindex/PathKit.build/Debug-appletvos/PathKit-t.build/DerivedSources-normal/arm64 -Xcc -I/Users/admin/builder/spi-builder-workspace/.derivedData/Build/Intermediates.noindex/PathKit.build/Debug-appletvos/PathKit-t.build/DerivedSources/arm64 -Xcc -I/Users/admin/builder/spi-builder-workspace/.derivedData/Build/Intermediates.noindex/PathKit.build/Debug-appletvos/PathKit-t.build/DerivedSources -Xcc -DSWIFT_PACKAGE -Xcc -DDEBUG\=1 -emit-objc-header -emit-objc-header-path /Users/admin/builder/spi-builder-workspace/.derivedData/Build/Intermediates.noindex/PathKit.build/Debug-appletvos/PathKit-t.build/Objects-normal/arm64/PathKit-Swift.h -working-directory /Users/admin/builder/spi-builder-workspace/.swiftpm/xcode -experimental-emit-module-separately -disable-cmo
SwiftDriver AEXML normal arm64 com.apple.xcode.tools.swift.compiler (in target 'AEXML' from project 'AEXML')
    cd /Users/admin/builder/spi-builder-workspace/.swiftpm/xcode
    builtin-SwiftDriver -- /Applications/Xcode-27.0.0-Release.Candidate.app/Contents/Developer/Toolchains/XcodeDefault.xctoolchain/usr/bin/swiftc -parse-as-library -module-name AEXML -Onone @/Users/admin/builder/spi-builder-workspace/.derivedData/Build/Intermediates.noindex/AEXML.build/Debug-appletvos/AEXML-t.build/Objects-normal/arm64/AEXML.SwiftFileList -DSWIFT_PACKAGE -DDEBUG -DSWIFT_MODULE_RESOURCE_BUNDLE_UNAVAILABLE -DXcode -plugin-path /Applications/Xcode-27.0.0-Release.Candidate.app/Contents/Developer/Toolchains/XcodeDefault.xctoolchain/usr/lib/swift/host/plugins/testing -enable-experimental-feature DebugDescriptionMacro -sdk /Applications/Xcode-27.0.0-Release.Candidate.app/Contents/Developer/Platforms/AppleTVOS.platform/Developer/SDKs/AppleTVOS27.0.sdk -target arm64-apple-tvos15.0 -g -module-cache-path /Users/admin/builder/spi-builder-workspace/.derivedData/ModuleCache.noindex -Xfrontend -serialize-debugging-options -profile-coverage-mapping -profile-generate -enable-testing -suppress-warnings -index-store-path /Users/admin/builder/spi-builder-workspace/.derivedData/Index.noindex/DataStore -Xcc -D_LIBCPP_HARDENING_MODE\=_LIBCPP_HARDENING_MODE_DEBUG -swift-version 4.2 -I /Users/admin/builder/spi-builder-workspace/.derivedData/Build/Products/Debug-appletvos -Isystem /Applications/Xcode-27.0.0-Release.Candidate.app/Contents/Developer/Platforms/AppleTVOS.platform/Developer/usr/lib -F /Users/admin/builder/spi-builder-workspace/.derivedData/Build/Products/Debug-appletvos -F /Applications/Xcode-27.0.0-Release.Candidate.app/Contents/Developer/Platforms/AppleTVOS.platform/Developer/Library/Frameworks -F /Applications/Xcode-27.0.0-Release.Candidate.app/Contents/Developer/Platforms/AppleTVOS.platform/Developer/SDKs/AppleTVOS27.0.sdk/Developer/Library/Frameworks -c -j10 -enable-batch-mode -incremental -Xcc -ivfsstatcache -Xcc /Users/admin/builder/spi-builder-workspace/.derivedData/SDKStatCaches.noindex/appletvos27.0-24J360-e829b21a6f8c9b70876ba0858053c044b32bfd8d43560033f8d89884cdb90028.sdkstatcache -output-file-map /Users/admin/builder/spi-builder-workspace/.derivedData/Build/Intermediates.noindex/AEXML.build/Debug-appletvos/AEXML-t.build/Objects-normal/arm64/AEXML-OutputFileMap.json -save-temps -no-color-diagnostics -emit-dependencies -emit-module -emit-module-path /Users/admin/builder/spi-builder-workspace/.derivedData/Build/Intermediates.noindex/AEXML.build/Debug-appletvos/AEXML-t.build/Objects-normal/arm64/AEXML.swiftmodule -serialize-diagnostics -validate-clang-modules-once -clang-build-session-file /Users/admin/builder/spi-builder-workspace/.derivedData/ModuleCache.noindex/Session.modulevalidation -Xcc -fmodules-prune-interval\=86400 -Xcc -fmodules-prune-after\=345600 -emit-const-values -const-gather-protocols-list /Users/admin/builder/spi-builder-workspace/.derivedData/Build/Intermediates.noindex/AEXML.build/Debug-appletvos/AEXML-t.build/Objects-normal/arm64/AEXML_const_extract_protocols.json -Xcc -I/Users/admin/builder/spi-builder-workspace/.derivedData/Build/Products/Debug-appletvos/include -Xcc -I/Users/admin/builder/spi-builder-workspace/.derivedData/Build/Intermediates.noindex/AEXML.build/Debug-appletvos/AEXML-t.build/DerivedSources-normal/arm64 -Xcc -I/Users/admin/builder/spi-builder-workspace/.derivedData/Build/Intermediates.noindex/AEXML.build/Debug-appletvos/AEXML-t.build/DerivedSources/arm64 -Xcc -I/Users/admin/builder/spi-builder-workspace/.derivedData/Build/Intermediates.noindex/AEXML.build/Debug-appletvos/AEXML-t.build/DerivedSources -Xcc -DSWIFT_PACKAGE -Xcc -DDEBUG\=1 -emit-objc-header -emit-objc-header-path /Users/admin/builder/spi-builder-workspace/.derivedData/Build/Intermediates.noindex/AEXML.build/Debug-appletvos/AEXML-t.build/Objects-normal/arm64/AEXML-Swift.h -working-directory /Users/admin/builder/spi-builder-workspace/.swiftpm/xcode -experimental-emit-module-separately -disable-cmo
SwiftEmitModule normal arm64 Emitting\ module\ for\ PathKit (in target 'PathKit' from project 'PathKit')
SwiftCompile normal arm64 (in target 'PathKit' from project 'PathKit')
    cd /Users/admin/builder/spi-builder-workspace/.swiftpm/xcode

SwiftCompile normal arm64 Compiling\ PathKit.swift /Users/admin/builder/spi-builder-workspace/.dependencies/checkouts/PathKit/Sources/PathKit.swift (in target 'PathKit' from project 'PathKit')
SwiftCompile normal arm64 /Users/admin/builder/spi-builder-workspace/.dependencies/checkouts/PathKit/Sources/PathKit.swift (in target 'PathKit' from project 'PathKit')
    cd /Users/admin/builder/spi-builder-workspace/.swiftpm/xcode
    builtin-SwiftPerFileCompile PathKit.swift
SwiftEmitModule normal arm64 Emitting\ module\ for\ ProcessRunner (in target 'ProcessRunner' from project 'ProcessRunner')
/Users/admin/builder/spi-builder-workspace/.dependencies/checkouts/ProcessRunner/Sources/ProcessRunner/ProcessRunner.swift:47:34: error: cannot find type 'Process' in scope
 45 |
 46 |
 47 |     public let executingProcess: Process
    |                                  `- error: cannot find type 'Process' in scope
 48 |     public let stdOutPipe: Pipe
 49 |     public let stdErrPipe: Pipe
Failed frontend command:
/Applications/Xcode-27.0.0-Release.Candidate.app/Contents/Developer/Toolchains/XcodeDefault.xctoolchain/usr/bin/swift-frontend -frontend -emit-module -experimental-skip-non-inlinable-function-bodies-without-types /Users/admin/builder/spi-builder-workspace/.dependencies/checkouts/ProcessRunner/Sources/ProcessRunner/ProcessRunner.swift -target arm64-apple-tvos15.0 -Xllvm -aarch64-use-tbi -enable-objc-interop -stack-check -sdk /Applications/Xcode-27.0.0-Release.Candidate.app/Contents/Developer/Platforms/AppleTVOS.platform/Developer/SDKs/AppleTVOS27.0.sdk -I /Users/admin/builder/spi-builder-workspace/.derivedData/Build/Products/Debug-appletvos -Isystem /Applications/Xcode-27.0.0-Release.Candidate.app/Contents/Developer/Platforms/AppleTVOS.platform/Developer/usr/lib -F /Users/admin/builder/spi-builder-workspace/.derivedData/Build/Products/Debug-appletvos -F /Applications/Xcode-27.0.0-Release.Candidate.app/Contents/Developer/Platforms/AppleTVOS.platform/Developer/Library/Frameworks -F /Applications/Xcode-27.0.0-Release.Candidate.app/Contents/Developer/Platforms/AppleTVOS.platform/Developer/SDKs/AppleTVOS27.0.sdk/Developer/Library/Frameworks -module-cache-path /Users/admin/builder/spi-builder-workspace/.derivedData/ModuleCache.noindex -no-color-diagnostics -Xcc -fno-color-diagnostics -enable-testing -g -debug-info-format\=dwarf -dwarf-version\=4 -suppress-warnings -profile-generate -profile-coverage-mapping -swift-version 4 -Onone -D SWIFT_PACKAGE -D DEBUG -D SWIFT_MODULE_RESOURCE_BUNDLE_UNAVAILABLE -D Xcode -serialize-debugging-options -enable-experimental-feature DebugDescriptionMacro -empty-abi-descriptor -plugin-path /Applications/Xcode-27.0.0-Release.Candidate.app/Contents/Developer/Toolchains/XcodeDefault.xctoolchain/usr/lib/swift/host/plugins/testing -validate-clang-modules-once -clang-build-session-file /Users/admin/builder/spi-builder-workspace/.derivedData/ModuleCache.noindex/Session.modulevalidation -Xcc -working-directory -Xcc /Users/admin/builder/spi-builder-workspace/.swiftpm/xcode -enable-anonymous-context-mangled-names -file-compilation-dir /Users/admin/builder/spi-builder-workspace/.swiftpm/xcode -Xcc -D_LIBCPP_HARDENING_MODE\=_LIBCPP_HARDENING_MODE_DEBUG -Xcc -ivfsstatcache -Xcc /Users/admin/builder/spi-builder-workspace/.derivedData/SDKStatCaches.noindex/appletvos27.0-24J360-e829b21a6f8c9b70876ba0858053c044b32bfd8d43560033f8d89884cdb90028.sdkstatcache -Xcc -fmodules-prune-interval\=86400 -Xcc -fmodules-prune-after\=345600 -Xcc -I/Users/admin/builder/spi-builder-workspace/.derivedData/Build/Products/Debug-appletvos/include -Xcc -I/Users/admin/builder/spi-builder-workspace/.derivedData/Build/Intermediates.noindex/ProcessRunner.build/Debug-appletvos/ProcessRunner-t.build/DerivedSources-normal/arm64 -Xcc -I/Users/admin/builder/spi-builder-workspace/.derivedData/Build/Intermediates.noindex/ProcessRunner.build/Debug-appletvos/ProcessRunner-t.build/DerivedSources/arm64 -Xcc -I/Users/admin/builder/spi-builder-workspace/.derivedData/Build/Intermediates.noindex/ProcessRunner.build/Debug-appletvos/ProcessRunner-t.build/DerivedSources -Xcc -DSWIFT_PACKAGE -Xcc -DDEBUG\=1 -no-auto-bridging-header-chaining -module-name ProcessRunner -const-gather-protocols-file /Users/admin/builder/spi-builder-workspace/.derivedData/Build/Intermediates.noindex/ProcessRunner.build/Debug-appletvos/ProcessRunner-t.build/Objects-normal/arm64/ProcessRunner_const_extract_protocols.json -disable-clang-spi -target-sdk-version 27.0 -target-sdk-name appletvos27.0 -external-plugin-path /Applications/Xcode-27.0.0-Release.Candidate.app/Contents/Developer/Platforms/AppleTVOS.platform/Developer/usr/lib/swift/host/plugins\#/Applications/Xcode-27.0.0-Release.Candidate.app/Contents/Developer/Platforms/AppleTVOS.platform/Developer/usr/bin/swift-plugin-server -external-plugin-path /Applications/Xcode-27.0.0-Release.Candidate.app/Contents/Developer/Platforms/AppleTVOS.platform/Developer/usr/local/lib/swift/host/plugins\#/Applications/Xcode-27.0.0-Release.Candidate.app/Contents/Developer/Platforms/AppleTVOS.platform/Developer/usr/bin/swift-plugin-server -in-process-plugin-server-path /Applications/Xcode-27.0.0-Release.Candidate.app/Contents/Developer/Toolchains/XcodeDefault.xctoolchain/usr/lib/swift/host/libSwiftInProcPluginServer.dylib -plugin-path /Applications/Xcode-27.0.0-Release.Candidate.app/Contents/Developer/Toolchains/XcodeDefault.xctoolchain/usr/lib/swift/host/plugins -plugin-path /Applications/Xcode-27.0.0-Release.Candidate.app/Contents/Developer/Toolchains/XcodeDefault.xctoolchain/usr/local/lib/swift/host/plugins -emit-module-doc-path /Users/admin/builder/spi-builder-workspace/.derivedData/Build/Intermediates.noindex/ProcessRunner.build/Debug-appletvos/ProcessRunner-t.build/Objects-normal/arm64/ProcessRunner.swiftdoc -emit-module-source-info-path /Users/admin/builder/spi-builder-workspace/.derivedData/Build/Intermediates.noindex/ProcessRunner.build/Debug-appletvos/ProcessRunner-t.build/Objects-normal/arm64/ProcessRunner.swiftsourceinfo -emit-objc-header-path /Users/admin/builder/spi-builder-workspace/.derivedData/Build/Intermediates.noindex/ProcessRunner.build/Debug-appletvos/ProcessRunner-t.build/Objects-normal/arm64/ProcessRunner-Swift.h -serialize-diagnostics-path /Users/admin/builder/spi-builder-workspace/.derivedData/Build/Intermediates.noindex/ProcessRunner.build/Debug-appletvos/ProcessRunner-t.build/Objects-normal/arm64/ProcessRunner-primary-emit-module.dia -emit-dependencies-path /Users/admin/builder/spi-builder-workspace/.derivedData/Build/Intermediates.noindex/ProcessRunner.build/Debug-appletvos/ProcessRunner-t.build/Objects-normal/arm64/ProcessRunner-primary-emit-module.d -parse-as-library -o /Users/admin/builder/spi-builder-workspace/.derivedData/Build/Intermediates.noindex/ProcessRunner.build/Debug-appletvos/ProcessRunner-t.build/Objects-normal/arm64/ProcessRunner.swiftmodule -emit-abi-descriptor-path /Users/admin/builder/spi-builder-workspace/.derivedData/Build/Intermediates.noindex/ProcessRunner.build/Debug-appletvos/ProcessRunner-t.build/Objects-normal/arm64/ProcessRunner.abi.json
SwiftCompile normal arm64 (in target 'ProcessRunner' from project 'ProcessRunner')
    cd /Users/admin/builder/spi-builder-workspace/.swiftpm/xcode

SwiftCompile normal arm64 Compiling\ ProcessRunner.swift /Users/admin/builder/spi-builder-workspace/.dependencies/checkouts/ProcessRunner/Sources/ProcessRunner/ProcessRunner.swift (in target 'ProcessRunner' from project 'ProcessRunner')
/Users/admin/builder/spi-builder-workspace/.dependencies/checkouts/ProcessRunner/Sources/ProcessRunner/ProcessRunner.swift:47:34: error: cannot find type 'Process' in scope
 45 |
 46 |
 47 |     public let executingProcess: Process
    |                                  `- error: cannot find type 'Process' in scope
 48 |     public let stdOutPipe: Pipe
 49 |     public let stdErrPipe: Pipe
SwiftCompile normal arm64 /Users/admin/builder/spi-builder-workspace/.dependencies/checkouts/ProcessRunner/Sources/ProcessRunner/ProcessRunner.swift (in target 'ProcessRunner' from project 'ProcessRunner')
    cd /Users/admin/builder/spi-builder-workspace/.swiftpm/xcode
    builtin-SwiftPerFileCompile ProcessRunner.swift
SwiftCompile normal arm64 Compiling\ Data+SHA256.swift /Users/admin/builder/spi-builder-workspace/.dependencies/checkouts/S3Kit/Sources/S3Kit/Data+SHA256.swift (in target 'S3Kit' from project 'S3Kit')
SwiftCompile normal arm64 /Users/admin/builder/spi-builder-workspace/.dependencies/checkouts/S3Kit/Sources/S3Kit/Data+SHA256.swift (in target 'S3Kit' from project 'S3Kit')
    cd /Users/admin/builder/spi-builder-workspace/.swiftpm/xcode
    builtin-SwiftPerFileCompile Data+SHA256.swift
SwiftCompile normal arm64 Compiling\ S3Kit.swift /Users/admin/builder/spi-builder-workspace/.dependencies/checkouts/S3Kit/Sources/S3Kit/S3Kit.swift (in target 'S3Kit' from project 'S3Kit')
SwiftCompile normal arm64 /Users/admin/builder/spi-builder-workspace/.dependencies/checkouts/S3Kit/Sources/S3Kit/S3Kit.swift (in target 'S3Kit' from project 'S3Kit')
    cd /Users/admin/builder/spi-builder-workspace/.swiftpm/xcode
    builtin-SwiftPerFileCompile S3Kit.swift
SwiftEmitModule normal arm64 Emitting\ module\ for\ S3Kit (in target 'S3Kit' from project 'S3Kit')
SwiftCompile normal arm64 (in target 'S3Kit' from project 'S3Kit')
    cd /Users/admin/builder/spi-builder-workspace/.swiftpm/xcode

SwiftCompile normal arm64 Compiling\ S3V4Signer.swift /Users/admin/builder/spi-builder-workspace/.dependencies/checkouts/S3Kit/Sources/S3Kit/S3V4Signer.swift (in target 'S3Kit' from project 'S3Kit')
SwiftCompile normal arm64 /Users/admin/builder/spi-builder-workspace/.dependencies/checkouts/S3Kit/Sources/S3Kit/S3V4Signer.swift (in target 'S3Kit' from project 'S3Kit')
    cd /Users/admin/builder/spi-builder-workspace/.swiftpm/xcode
    builtin-SwiftPerFileCompile S3V4Signer.swift
SwiftEmitModule normal arm64 Emitting\ module\ for\ AEXML (in target 'AEXML' from project 'AEXML')
SwiftCompile normal arm64 (in target 'AEXML' from project 'AEXML')
    cd /Users/admin/builder/spi-builder-workspace/.swiftpm/xcode

SwiftCompile normal arm64 Compiling\ Parser.swift /Users/admin/builder/spi-builder-workspace/.dependencies/checkouts/AEXML/Sources/AEXML/Parser.swift (in target 'AEXML' from project 'AEXML')
SwiftCompile normal arm64 /Users/admin/builder/spi-builder-workspace/.dependencies/checkouts/AEXML/Sources/AEXML/Parser.swift (in target 'AEXML' from project 'AEXML')
    cd /Users/admin/builder/spi-builder-workspace/.swiftpm/xcode
    builtin-SwiftPerFileCompile Parser.swift
SwiftEmitModule normal arm64 Emitting\ module\ for\ Yaml (in target 'Yaml' from project 'Yaml')
SwiftCompile normal arm64 (in target 'Yaml' from project 'Yaml')
    cd /Users/admin/builder/spi-builder-workspace/.swiftpm/xcode

PruneExplicitPrecompiledModules /Users/admin/builder/spi-builder-workspace/.derivedData/Build/Intermediates.noindex/SwiftExplicitPrecompiledModules
PruneExplicitPrecompiledModules /Users/admin/builder/spi-builder-workspace/.derivedData/SDKExplicitPrecompiledModules
PruneExplicitPrecompiledModules /Users/admin/builder/spi-builder-workspace/.derivedData/Build/Intermediates.noindex/ExplicitPrecompiledModules
2026-09-16 14:44:01.514 xcodebuild[1213:6780] [MT] IDERunDestination: Supported platforms for the buildables in the current scheme is empty.
** BUILD FAILED **
The following build commands failed:
	SwiftEmitModule normal arm64 Emitting\ module\ for\ ProcessRunner (in target 'ProcessRunner' from project 'ProcessRunner')
	SwiftCompile normal arm64 (in target 'ProcessRunner' from project 'ProcessRunner')
	Building workspace XcodeHelperCliKit with scheme XcodeHelperCliKit
(3 failures)
BUILD FAILURE 6.4 tvOS