Build Information
Failed to build XCTAssertCrash, reference 0.2.0 (880c52), with Swift 6.4 for watchOS using Xcode 27.0 on 16 Sep 2026 13:39:38 UTC.
Build Command
env DEVELOPER_DIR=/Applications/Xcode-27.0.0-Release.Candidate.app xcrun xcodebuild -IDEClonedSourcePackagesDirPathOverride=$PWD/.dependencies -skipMacroValidation -skipPackagePluginValidation -derivedDataPath $PWD/.derivedData build -scheme XCTAssertCrash-Package -destination generic/platform=watchOSBuild Log
========================================
RunAll
========================================
Builder version: 5.1.0
Interrupt handler set up.
========================================
Checkout
========================================
Clone URL: https://github.com/norio-nomura/xctassertcrash.git
Reference: 0.2.0
Initialized empty Git repository in /Users/admin/builder/spi-builder-workspace/.git/
From https://github.com/norio-nomura/xctassertcrash
* tag 0.2.0 -> FETCH_HEAD
HEAD is now at 880c524 Bump version to 0.2.0
Cloned https://github.com/norio-nomura/xctassertcrash.git
Revision (git rev-parse @):
880c5241254da53f32caf77248ee3d25cb2a9630
SUCCESS checkout https://github.com/norio-nomura/xctassertcrash.git at 0.2.0
========================================
Build
========================================
Selected platform: watchOS
Swift version: 6.4
Building package at path: $PWD
https://github.com/norio-nomura/xctassertcrash.git
Command line invocation:
/Applications/Xcode-27.0.0-Release.Candidate.app/Contents/Developer/usr/bin/xcodebuild -IDEClonedSourcePackagesDirPathOverride=/Users/admin/builder/spi-builder-workspace/.dependencies -resolvePackageDependencies
resolved source packages:
{
"c_language_standard" : "gnu99",
"dependencies" : [
],
"manifest_display_name" : "XCTAssertCrash",
"name" : "XCTAssertCrash",
"path" : "/Users/admin/builder/spi-builder-workspace",
"platforms" : [
{
"name" : "macos",
"version" : "10.10"
},
{
"name" : "ios",
"version" : "8.0"
},
{
"name" : "tvos",
"version" : "9.0"
}
],
"products" : [
{
"name" : "XCTAssertCrash",
"targets" : [
"XCTAssertCrash"
],
"type" : {
"library" : [
"automatic"
]
}
}
],
"targets" : [
{
"c99name" : "XCTAssertCrashTests",
"module_type" : "SwiftTarget",
"name" : "XCTAssertCrashTests",
"path" : "Tests/XCTAssertCrashTests",
"sources" : [
"AbortTests.swift",
"XCTAssertCrashTests.swift",
"XCTestManifests.swift"
],
"target_dependencies" : [
"XCTAssertCrash"
],
"type" : "test"
},
{
"c99name" : "XCTAssertCrash",
"module_type" : "SwiftTarget",
"name" : "XCTAssertCrash",
"path" : "Sources/XCTAssertCrash",
"product_memberships" : [
"XCTAssertCrash"
],
"sources" : [
"MachException.swift",
"PosixSignal.swift",
"SwiftReportFatalErrorsToDebugger.swift",
"ThreadState.swift",
"XCTAssertCrash.swift"
],
"target_dependencies" : [
"CMachExceptionHandler"
],
"type" : "library"
},
{
"c99name" : "CMachExceptionHandler",
"module_type" : "ClangTarget",
"name" : "CMachExceptionHandler",
"path" : "Sources/CMachExceptionHandler",
"product_memberships" : [
"XCTAssertCrash"
],
"sources" : [
"CMachExceptionHandler.c",
"mach_excServer.c"
],
"type" : "library"
}
],
"tools_version" : "5.0"
}
{
"project" : {
"configurations" : [
"Debug",
"Release"
],
"name" : "XCTAssertCrash",
"schemes" : [
"Test_iOS_App",
"XCTAssertCrash-Package"
],
"targets" : [
"XCTAssertCrash",
"XCTAssertCrashPackageDescription",
"XCTAssertCrashPackageTests",
"XCTAssertCrashTests"
]
}
}
Running build ...
env DEVELOPER_DIR=/Applications/Xcode-27.0.0-Release.Candidate.app xcrun xcodebuild -IDEClonedSourcePackagesDirPathOverride=$PWD/.dependencies -skipMacroValidation -skipPackagePluginValidation -derivedDataPath $PWD/.derivedData build -scheme XCTAssertCrash-Package -destination generic/platform=watchOS
Command line invocation:
/Applications/Xcode-27.0.0-Release.Candidate.app/Contents/Developer/usr/bin/xcodebuild -IDEClonedSourcePackagesDirPathOverride=/Users/admin/builder/spi-builder-workspace/.dependencies -skipMacroValidation -skipPackagePluginValidation -derivedDataPath /Users/admin/builder/spi-builder-workspace/.derivedData build -scheme XCTAssertCrash-Package -destination generic/platform=watchOS
ComputePackagePrebuildTargetDependencyGraph
Prepare packages
CreateBuildRequest
SendProjectDescription
CreateBuildOperation
ComputeTargetDependencyGraph
note: Building targets in dependency order
note: Target dependency graph (1 target)
Target 'XCTAssertCrash' in project 'XCTAssertCrash' (no dependencies)
GatherProvisioningInputs
CreateBuildDescription
ExecuteExternalTool /Applications/Xcode-27.0.0-Release.Candidate.app/Contents/Developer/Toolchains/XcodeDefault.xctoolchain/usr/bin/clang -v -E -dM -isysroot /Applications/Xcode-27.0.0-Release.Candidate.app/Contents/Developer/Platforms/WatchOS.platform/Developer/SDKs/WatchOS27.0.sdk -x c -c /dev/null
ExecuteExternalTool /Applications/Xcode-27.0.0-Release.Candidate.app/Contents/Developer/Toolchains/XcodeDefault.xctoolchain/usr/bin/clang -v -E -dM -arch arm64 -isysroot /Applications/Xcode-27.0.0-Release.Candidate.app/Contents/Developer/Platforms/WatchOS.platform/Developer/SDKs/WatchOS27.0.sdk -x c -c /dev/null
ExecuteExternalTool /Applications/Xcode-27.0.0-Release.Candidate.app/Contents/Developer/Toolchains/XcodeDefault.xctoolchain/usr/bin/swiftc --version
ExecuteExternalTool /Applications/Xcode-27.0.0-Release.Candidate.app/Contents/Developer/Toolchains/XcodeDefault.xctoolchain/usr/bin/ld -version_details
ExecuteExternalTool /Applications/Xcode-27.0.0-Release.Candidate.app/Contents/Developer/Toolchains/XcodeDefault.xctoolchain/usr/bin/clang -v -E -dM -arch arm64_32 -isysroot /Applications/Xcode-27.0.0-Release.Candidate.app/Contents/Developer/Platforms/WatchOS.platform/Developer/SDKs/WatchOS27.0.sdk -x c -c /dev/null
Build description signature: 15bfb3dc6d81b698934a2ba51cdbb658
Build description path: /Users/admin/builder/spi-builder-workspace/.derivedData/Build/Intermediates.noindex/XCBuildData/15bfb3dc6d81b698934a2ba51cdbb658.xcbuilddata
/Users/admin/builder/spi-builder-workspace/XCTAssertCrash.xcodeproj: error: The watchOS deployment target 'WATCHOS_DEPLOYMENT_TARGET' is set to 2.0, but the range of supported deployment target versions is 9.0 to 27.0.x. (in target 'XCTAssertCrash' from project 'XCTAssertCrash')
error: The armv7k architecture is deprecated. You should update your ARCHS build setting to remove the armv7k architecture. (in target 'XCTAssertCrash' from project 'XCTAssertCrash')
warning: Run script build phase 'Run Script' will be run during every build because it does not specify any outputs. To address this issue, either add output dependencies to the script phase, or configure it to run in every build by unchecking "Based on dependency analysis" in the script phase. (in target 'XCTAssertCrash' from project 'XCTAssertCrash')
** BUILD FAILED **
The following build commands failed:
Building project XCTAssertCrash with scheme XCTAssertCrash-Package
(1 failure)
Command line invocation:
/Applications/Xcode-27.0.0-Release.Candidate.app/Contents/Developer/usr/bin/xcodebuild -IDEClonedSourcePackagesDirPathOverride=/Users/admin/builder/spi-builder-workspace/.dependencies -resolvePackageDependencies
resolved source packages:
{
"c_language_standard" : "gnu99",
"dependencies" : [
],
"manifest_display_name" : "XCTAssertCrash",
"name" : "XCTAssertCrash",
"path" : "/Users/admin/builder/spi-builder-workspace",
"platforms" : [
{
"name" : "macos",
"version" : "10.10"
},
{
"name" : "ios",
"version" : "8.0"
},
{
"name" : "tvos",
"version" : "9.0"
}
],
"products" : [
{
"name" : "XCTAssertCrash",
"targets" : [
"XCTAssertCrash"
],
"type" : {
"library" : [
"automatic"
]
}
}
],
"targets" : [
{
"c99name" : "XCTAssertCrashTests",
"module_type" : "SwiftTarget",
"name" : "XCTAssertCrashTests",
"path" : "Tests/XCTAssertCrashTests",
"sources" : [
"AbortTests.swift",
"XCTAssertCrashTests.swift",
"XCTestManifests.swift"
],
"target_dependencies" : [
"XCTAssertCrash"
],
"type" : "test"
},
{
"c99name" : "XCTAssertCrash",
"module_type" : "SwiftTarget",
"name" : "XCTAssertCrash",
"path" : "Sources/XCTAssertCrash",
"product_memberships" : [
"XCTAssertCrash"
],
"sources" : [
"MachException.swift",
"PosixSignal.swift",
"SwiftReportFatalErrorsToDebugger.swift",
"ThreadState.swift",
"XCTAssertCrash.swift"
],
"target_dependencies" : [
"CMachExceptionHandler"
],
"type" : "library"
},
{
"c99name" : "CMachExceptionHandler",
"module_type" : "ClangTarget",
"name" : "CMachExceptionHandler",
"path" : "Sources/CMachExceptionHandler",
"product_memberships" : [
"XCTAssertCrash"
],
"sources" : [
"CMachExceptionHandler.c",
"mach_excServer.c"
],
"type" : "library"
}
],
"tools_version" : "5.0"
}
{
"project" : {
"configurations" : [
"Debug",
"Release"
],
"name" : "XCTAssertCrash",
"schemes" : [
"Test_iOS_App",
"XCTAssertCrash-Package"
],
"targets" : [
"XCTAssertCrash",
"XCTAssertCrashPackageDescription",
"XCTAssertCrashPackageTests",
"XCTAssertCrashTests"
]
}
}
Running build ...
env DEVELOPER_DIR=/Applications/Xcode-27.0.0-Release.Candidate.app xcrun xcodebuild -IDEClonedSourcePackagesDirPathOverride=$PWD/.dependencies -skipMacroValidation -skipPackagePluginValidation -derivedDataPath $PWD/.derivedData build -scheme XCTAssertCrash-Package -destination generic/platform=watchOS
Command line invocation:
/Applications/Xcode-27.0.0-Release.Candidate.app/Contents/Developer/usr/bin/xcodebuild -IDEClonedSourcePackagesDirPathOverride=/Users/admin/builder/spi-builder-workspace/.dependencies -skipMacroValidation -skipPackagePluginValidation -derivedDataPath /Users/admin/builder/spi-builder-workspace/.derivedData build -scheme XCTAssertCrash-Package -destination generic/platform=watchOS
ComputePackagePrebuildTargetDependencyGraph
Prepare packages
CreateBuildRequest
SendProjectDescription
CreateBuildOperation
ComputeTargetDependencyGraph
note: Building targets in dependency order
note: Target dependency graph (1 target)
Target 'XCTAssertCrash' in project 'XCTAssertCrash' (no dependencies)
GatherProvisioningInputs
CreateBuildDescription
error: The armv7k architecture is deprecated. You should update your ARCHS build setting to remove the armv7k architecture. (in target 'XCTAssertCrash' from project 'XCTAssertCrash')
/Users/admin/builder/spi-builder-workspace/XCTAssertCrash.xcodeproj: error: The watchOS deployment target 'WATCHOS_DEPLOYMENT_TARGET' is set to 2.0, but the range of supported deployment target versions is 9.0 to 27.0.x. (in target 'XCTAssertCrash' from project 'XCTAssertCrash')
warning: Run script build phase 'Run Script' will be run during every build because it does not specify any outputs. To address this issue, either add output dependencies to the script phase, or configure it to run in every build by unchecking "Based on dependency analysis" in the script phase. (in target 'XCTAssertCrash' from project 'XCTAssertCrash')
** BUILD FAILED **
The following build commands failed:
Building project XCTAssertCrash with scheme XCTAssertCrash-Package
(1 failure)
BUILD FAILURE 6.4 watchOS