Build Information
Failed to build MarkdownDocumentKit, reference v0.5.0 (15d317), with Swift 6.1 for watchOS using Xcode 16.3 on 29 Sep 2026 21:12:01 UTC.
Build Command
env DEVELOPER_DIR=/Applications/Xcode-16.3.0.app xcrun xcodebuild -IDEClonedSourcePackagesDirPathOverride=$PWD/.dependencies -skipMacroValidation -skipPackagePluginValidation -derivedDataPath $PWD/.derivedData build -scheme MarkdownDocumentKit -destination generic/platform=watchOSBuild Log
========================================
RunAll
========================================
Builder version: 5.1.0
Interrupt handler set up.
========================================
Checkout
========================================
Clone URL: https://github.com/giordano137/MarkdownDocumentKit.git
Reference: v0.5.0
Initialized empty Git repository in /Users/admin/builder/spi-builder-workspace/.git/
From https://github.com/giordano137/MarkdownDocumentKit
* tag v0.5.0 -> FETCH_HEAD
HEAD is now at 15d3174 Fix release notes coming from the commit message, not the tag
Cloned https://github.com/giordano137/MarkdownDocumentKit.git
Revision (git rev-parse @):
15d317408fbe4c9057a333bd42e72ef8a1deee83
SPI manifest file found: $PWD/.spi.yml
SUCCESS checkout https://github.com/giordano137/MarkdownDocumentKit.git at v0.5.0
========================================
Build
========================================
Selected platform: watchOS
Swift version: 6.1
Building package at path: $PWD
https://github.com/giordano137/MarkdownDocumentKit.git
https://github.com/giordano137/MarkdownDocumentKit.git
{
"dependencies" : [
],
"manifest_display_name" : "MarkdownDocumentKit",
"name" : "MarkdownDocumentKit",
"path" : "/Users/admin/builder/spi-builder-workspace",
"platforms" : [
{
"name" : "ios",
"version" : "16.0"
},
{
"name" : "macos",
"version" : "13.0"
}
],
"products" : [
{
"name" : "MarkdownDocumentKit",
"targets" : [
"MarkdownDocumentKit"
],
"type" : {
"library" : [
"automatic"
]
}
}
],
"targets" : [
{
"c99name" : "MarkdownDocumentKitTests",
"module_type" : "SwiftTarget",
"name" : "MarkdownDocumentKitTests",
"path" : "Tests/MarkdownDocumentKitTests",
"sources" : [
"DocumentParserTests.swift",
"DocumentRendererTests.swift",
"DocumentThemeTests.swift",
"MarkdownDocumentKitTests.swift",
"MinimalZipArchiveTests.swift",
"PDFRendererTests.swift"
],
"target_dependencies" : [
"MarkdownDocumentKit"
],
"type" : "test"
},
{
"c99name" : "MarkdownDocumentKit",
"module_type" : "SwiftTarget",
"name" : "MarkdownDocumentKit",
"path" : "Sources/MarkdownDocumentKit",
"product_memberships" : [
"MarkdownDocumentKit"
],
"sources" : [
"CRC32.swift",
"DiagramRenderer.swift",
"DocumentBlock.swift",
"DocumentRenderer.swift",
"DocumentTheme.swift",
"FormulaRenderer.swift",
"ImageRenderer.swift",
"MarkdownDocumentKit.swift",
"MinimalZipArchive.swift",
"OOXMLTableWriter.swift",
"PDFRenderer.swift",
"PlatformTypes.swift",
"TableAttachment.swift",
"TableRenderer.swift",
"WordDocumentExporter.swift"
],
"type" : "library"
}
],
"tools_version" : "5.10"
}
Command line invocation:
/Applications/Xcode-16.3.0.app/Contents/Developer/usr/bin/xcodebuild -IDEClonedSourcePackagesDirPathOverride=/Users/admin/builder/spi-builder-workspace/.dependencies -resolvePackageDependencies
Resolve Package Graph
Resolve Package Graph
Resolved source packages:
MarkdownDocumentKit: /Users/admin/builder/spi-builder-workspace
resolved source packages: MarkdownDocumentKit
{
"dependencies" : [
],
"manifest_display_name" : "MarkdownDocumentKit",
"name" : "MarkdownDocumentKit",
"path" : "/Users/admin/builder/spi-builder-workspace",
"platforms" : [
{
"name" : "ios",
"version" : "16.0"
},
{
"name" : "macos",
"version" : "13.0"
}
],
"products" : [
{
"name" : "MarkdownDocumentKit",
"targets" : [
"MarkdownDocumentKit"
],
"type" : {
"library" : [
"automatic"
]
}
}
],
"targets" : [
{
"c99name" : "MarkdownDocumentKitTests",
"module_type" : "SwiftTarget",
"name" : "MarkdownDocumentKitTests",
"path" : "Tests/MarkdownDocumentKitTests",
"sources" : [
"DocumentParserTests.swift",
"DocumentRendererTests.swift",
"DocumentThemeTests.swift",
"MarkdownDocumentKitTests.swift",
"MinimalZipArchiveTests.swift",
"PDFRendererTests.swift"
],
"target_dependencies" : [
"MarkdownDocumentKit"
],
"type" : "test"
},
{
"c99name" : "MarkdownDocumentKit",
"module_type" : "SwiftTarget",
"name" : "MarkdownDocumentKit",
"path" : "Sources/MarkdownDocumentKit",
"product_memberships" : [
"MarkdownDocumentKit"
],
"sources" : [
"CRC32.swift",
"DiagramRenderer.swift",
"DocumentBlock.swift",
"DocumentRenderer.swift",
"DocumentTheme.swift",
"FormulaRenderer.swift",
"ImageRenderer.swift",
"MarkdownDocumentKit.swift",
"MinimalZipArchive.swift",
"OOXMLTableWriter.swift",
"PDFRenderer.swift",
"PlatformTypes.swift",
"TableAttachment.swift",
"TableRenderer.swift",
"WordDocumentExporter.swift"
],
"type" : "library"
}
],
"tools_version" : "5.10"
}
{
"workspace" : {
"name" : "spi-builder-workspace",
"schemes" : [
"MarkdownDocumentKit"
]
}
}
Running build ...
env DEVELOPER_DIR=/Applications/Xcode-16.3.0.app xcrun xcodebuild -IDEClonedSourcePackagesDirPathOverride=$PWD/.dependencies -skipMacroValidation -skipPackagePluginValidation -derivedDataPath $PWD/.derivedData build -scheme MarkdownDocumentKit -destination generic/platform=watchOS OTHER_SWIFT_FLAGS=-stats-output-dir .stats -strict-concurrency=complete -enable-upcoming-feature StrictConcurrency -enable-upcoming-feature DisableOutwardActorInference -enable-upcoming-feature GlobalActorIsolatedTypesUsability -enable-upcoming-feature InferSendableFromCaptures
Command line invocation:
/Applications/Xcode-16.3.0.app/Contents/Developer/usr/bin/xcodebuild -IDEClonedSourcePackagesDirPathOverride=/Users/admin/builder/spi-builder-workspace/.dependencies -skipMacroValidation -skipPackagePluginValidation -derivedDataPath /Users/admin/builder/spi-builder-workspace/.derivedData build -scheme MarkdownDocumentKit -destination generic/platform=watchOS "OTHER_SWIFT_FLAGS=-stats-output-dir .stats -strict-concurrency=complete -enable-upcoming-feature StrictConcurrency -enable-upcoming-feature DisableOutwardActorInference -enable-upcoming-feature GlobalActorIsolatedTypesUsability -enable-upcoming-feature InferSendableFromCaptures"
Build settings from command line:
OTHER_SWIFT_FLAGS = -stats-output-dir .stats -strict-concurrency=complete -enable-upcoming-feature StrictConcurrency -enable-upcoming-feature DisableOutwardActorInference -enable-upcoming-feature GlobalActorIsolatedTypesUsability -enable-upcoming-feature InferSendableFromCaptures
Resolve Package Graph
Resolved source packages:
MarkdownDocumentKit: /Users/admin/builder/spi-builder-workspace
ComputePackagePrebuildTargetDependencyGraph
Prepare packages
CreateBuildRequest
SendProjectDescription
CreateBuildOperation
ComputeTargetDependencyGraph
note: Building targets in dependency order
note: Target dependency graph (2 targets)
Target 'MarkdownDocumentKit' in project 'MarkdownDocumentKit'
➜ Explicit dependency on target 'MarkdownDocumentKit' in project 'MarkdownDocumentKit'
Target 'MarkdownDocumentKit' in project 'MarkdownDocumentKit' (no dependencies)
GatherProvisioningInputs
CreateBuildDescription
ExecuteExternalTool /Applications/Xcode-16.3.0.app/Contents/Developer/Toolchains/XcodeDefault.xctoolchain/usr/bin/clang -v -E -dM -isysroot /Applications/Xcode-16.3.0.app/Contents/Developer/Platforms/WatchOS.platform/Developer/SDKs/WatchOS11.4.sdk -x c -c /dev/null
ExecuteExternalTool /Applications/Xcode-16.3.0.app/Contents/Developer/Toolchains/XcodeDefault.xctoolchain/usr/bin/swiftc --version
ExecuteExternalTool /Applications/Xcode-16.3.0.app/Contents/Developer/Toolchains/XcodeDefault.xctoolchain/usr/bin/ld -version_details
Build description signature: 210952d44172eadbfd086e2ed674cf1e
Build description path: /Users/admin/builder/spi-builder-workspace/.derivedData/Build/Intermediates.noindex/XCBuildData/210952d44172eadbfd086e2ed674cf1e.xcbuilddata
ClangStatCache /Applications/Xcode-16.3.0.app/Contents/Developer/Toolchains/XcodeDefault.xctoolchain/usr/bin/clang-stat-cache /Applications/Xcode-16.3.0.app/Contents/Developer/Platforms/WatchOS.platform/Developer/SDKs/WatchOS11.4.sdk /Users/admin/builder/spi-builder-workspace/.derivedData/SDKStatCaches.noindex/watchos11.4-22T246-43efb940ff07ba2497b70ec94253f576.sdkstatcache
cd /Users/admin/builder/spi-builder-workspace/.swiftpm/xcode
/Applications/Xcode-16.3.0.app/Contents/Developer/Toolchains/XcodeDefault.xctoolchain/usr/bin/clang-stat-cache /Applications/Xcode-16.3.0.app/Contents/Developer/Platforms/WatchOS.platform/Developer/SDKs/WatchOS11.4.sdk -o /Users/admin/builder/spi-builder-workspace/.derivedData/SDKStatCaches.noindex/watchos11.4-22T246-43efb940ff07ba2497b70ec94253f576.sdkstatcache
CreateBuildDirectory /Users/admin/builder/spi-builder-workspace/.derivedData/Build/Intermediates.noindex
cd /Users/admin/builder/spi-builder-workspace/.swiftpm/xcode
builtin-create-build-directory /Users/admin/builder/spi-builder-workspace/.derivedData/Build/Intermediates.noindex
CreateBuildDirectory /Users/admin/builder/spi-builder-workspace/.derivedData/Build/Products
cd /Users/admin/builder/spi-builder-workspace/.swiftpm/xcode
builtin-create-build-directory /Users/admin/builder/spi-builder-workspace/.derivedData/Build/Products
CreateBuildDirectory /Users/admin/builder/spi-builder-workspace/.derivedData/Build/Intermediates.noindex/EagerLinkingTBDs/Debug-watchos
cd /Users/admin/builder/spi-builder-workspace/.swiftpm/xcode
builtin-create-build-directory /Users/admin/builder/spi-builder-workspace/.derivedData/Build/Intermediates.noindex/EagerLinkingTBDs/Debug-watchos
CreateBuildDirectory /Users/admin/builder/spi-builder-workspace/.derivedData/Build/Products/Debug-watchos
cd /Users/admin/builder/spi-builder-workspace/.swiftpm/xcode
builtin-create-build-directory /Users/admin/builder/spi-builder-workspace/.derivedData/Build/Products/Debug-watchos
CreateBuildDirectory /Users/admin/builder/spi-builder-workspace/.derivedData/Build/Products/Debug-watchos/PackageFrameworks
cd /Users/admin/builder/spi-builder-workspace/.swiftpm/xcode
builtin-create-build-directory /Users/admin/builder/spi-builder-workspace/.derivedData/Build/Products/Debug-watchos/PackageFrameworks
WriteAuxiliaryFile /Users/admin/builder/spi-builder-workspace/.derivedData/Build/Intermediates.noindex/MarkdownDocumentKit.build/Debug-watchos/MarkdownDocumentKit.build/MarkdownDocumentKit.modulemap (in target 'MarkdownDocumentKit' from project 'MarkdownDocumentKit')
cd /Users/admin/builder/spi-builder-workspace
write-file /Users/admin/builder/spi-builder-workspace/.derivedData/Build/Intermediates.noindex/MarkdownDocumentKit.build/Debug-watchos/MarkdownDocumentKit.build/MarkdownDocumentKit.modulemap
WriteAuxiliaryFile /Users/admin/builder/spi-builder-workspace/.derivedData/Build/Intermediates.noindex/MarkdownDocumentKit.build/Debug-watchos/MarkdownDocumentKit.build/Objects-normal/arm64_32/MarkdownDocumentKit_const_extract_protocols.json (in target 'MarkdownDocumentKit' from project 'MarkdownDocumentKit')
cd /Users/admin/builder/spi-builder-workspace
write-file /Users/admin/builder/spi-builder-workspace/.derivedData/Build/Intermediates.noindex/MarkdownDocumentKit.build/Debug-watchos/MarkdownDocumentKit.build/Objects-normal/arm64_32/MarkdownDocumentKit_const_extract_protocols.json
WriteAuxiliaryFile /Users/admin/builder/spi-builder-workspace/.derivedData/Build/Intermediates.noindex/MarkdownDocumentKit.build/Debug-watchos/MarkdownDocumentKit.build/Objects-normal/arm64/MarkdownDocumentKit.SwiftFileList (in target 'MarkdownDocumentKit' from project 'MarkdownDocumentKit')
cd /Users/admin/builder/spi-builder-workspace
write-file /Users/admin/builder/spi-builder-workspace/.derivedData/Build/Intermediates.noindex/MarkdownDocumentKit.build/Debug-watchos/MarkdownDocumentKit.build/Objects-normal/arm64/MarkdownDocumentKit.SwiftFileList
WriteAuxiliaryFile /Users/admin/builder/spi-builder-workspace/.derivedData/Build/Intermediates.noindex/MarkdownDocumentKit.build/Debug-watchos/MarkdownDocumentKit.build/Objects-normal/arm64_32/MarkdownDocumentKit.SwiftConstValuesFileList (in target 'MarkdownDocumentKit' from project 'MarkdownDocumentKit')
cd /Users/admin/builder/spi-builder-workspace
write-file /Users/admin/builder/spi-builder-workspace/.derivedData/Build/Intermediates.noindex/MarkdownDocumentKit.build/Debug-watchos/MarkdownDocumentKit.build/Objects-normal/arm64_32/MarkdownDocumentKit.SwiftConstValuesFileList
WriteAuxiliaryFile /Users/admin/builder/spi-builder-workspace/.derivedData/Build/Intermediates.noindex/MarkdownDocumentKit.build/Debug-watchos/MarkdownDocumentKit.build/Objects-normal/arm64_32/MarkdownDocumentKit-OutputFileMap.json (in target 'MarkdownDocumentKit' from project 'MarkdownDocumentKit')
cd /Users/admin/builder/spi-builder-workspace
write-file /Users/admin/builder/spi-builder-workspace/.derivedData/Build/Intermediates.noindex/MarkdownDocumentKit.build/Debug-watchos/MarkdownDocumentKit.build/Objects-normal/arm64_32/MarkdownDocumentKit-OutputFileMap.json
WriteAuxiliaryFile /Users/admin/builder/spi-builder-workspace/.derivedData/Build/Intermediates.noindex/MarkdownDocumentKit.build/Debug-watchos/MarkdownDocumentKit.build/Objects-normal/arm64_32/MarkdownDocumentKit.SwiftFileList (in target 'MarkdownDocumentKit' from project 'MarkdownDocumentKit')
cd /Users/admin/builder/spi-builder-workspace
write-file /Users/admin/builder/spi-builder-workspace/.derivedData/Build/Intermediates.noindex/MarkdownDocumentKit.build/Debug-watchos/MarkdownDocumentKit.build/Objects-normal/arm64_32/MarkdownDocumentKit.SwiftFileList
WriteAuxiliaryFile /Users/admin/builder/spi-builder-workspace/.derivedData/Build/Intermediates.noindex/MarkdownDocumentKit.build/Debug-watchos/MarkdownDocumentKit.build/Objects-normal/arm64/MarkdownDocumentKit_const_extract_protocols.json (in target 'MarkdownDocumentKit' from project 'MarkdownDocumentKit')
cd /Users/admin/builder/spi-builder-workspace
write-file /Users/admin/builder/spi-builder-workspace/.derivedData/Build/Intermediates.noindex/MarkdownDocumentKit.build/Debug-watchos/MarkdownDocumentKit.build/Objects-normal/arm64/MarkdownDocumentKit_const_extract_protocols.json
WriteAuxiliaryFile /Users/admin/builder/spi-builder-workspace/.derivedData/Build/Intermediates.noindex/MarkdownDocumentKit.build/Debug-watchos/MarkdownDocumentKit.build/Objects-normal/arm64/MarkdownDocumentKit-OutputFileMap.json (in target 'MarkdownDocumentKit' from project 'MarkdownDocumentKit')
cd /Users/admin/builder/spi-builder-workspace
write-file /Users/admin/builder/spi-builder-workspace/.derivedData/Build/Intermediates.noindex/MarkdownDocumentKit.build/Debug-watchos/MarkdownDocumentKit.build/Objects-normal/arm64/MarkdownDocumentKit-OutputFileMap.json
WriteAuxiliaryFile /Users/admin/builder/spi-builder-workspace/.derivedData/Build/Intermediates.noindex/MarkdownDocumentKit.build/Debug-watchos/MarkdownDocumentKit.build/Objects-normal/arm64_32/MarkdownDocumentKit.LinkFileList (in target 'MarkdownDocumentKit' from project 'MarkdownDocumentKit')
cd /Users/admin/builder/spi-builder-workspace
write-file /Users/admin/builder/spi-builder-workspace/.derivedData/Build/Intermediates.noindex/MarkdownDocumentKit.build/Debug-watchos/MarkdownDocumentKit.build/Objects-normal/arm64_32/MarkdownDocumentKit.LinkFileList
WriteAuxiliaryFile /Users/admin/builder/spi-builder-workspace/.derivedData/Build/Intermediates.noindex/MarkdownDocumentKit.build/Debug-watchos/MarkdownDocumentKit.build/Objects-normal/arm64/MarkdownDocumentKit.SwiftConstValuesFileList (in target 'MarkdownDocumentKit' from project 'MarkdownDocumentKit')
cd /Users/admin/builder/spi-builder-workspace
write-file /Users/admin/builder/spi-builder-workspace/.derivedData/Build/Intermediates.noindex/MarkdownDocumentKit.build/Debug-watchos/MarkdownDocumentKit.build/Objects-normal/arm64/MarkdownDocumentKit.SwiftConstValuesFileList
WriteAuxiliaryFile /Users/admin/builder/spi-builder-workspace/.derivedData/Build/Intermediates.noindex/MarkdownDocumentKit.build/Debug-watchos/MarkdownDocumentKit.build/Objects-normal/arm64/MarkdownDocumentKit.LinkFileList (in target 'MarkdownDocumentKit' from project 'MarkdownDocumentKit')
cd /Users/admin/builder/spi-builder-workspace
write-file /Users/admin/builder/spi-builder-workspace/.derivedData/Build/Intermediates.noindex/MarkdownDocumentKit.build/Debug-watchos/MarkdownDocumentKit.build/Objects-normal/arm64/MarkdownDocumentKit.LinkFileList
WriteAuxiliaryFile /Users/admin/builder/spi-builder-workspace/.derivedData/Build/Intermediates.noindex/MarkdownDocumentKit.build/Debug-watchos/MarkdownDocumentKit.build/MarkdownDocumentKit.DependencyStaticMetadataFileList (in target 'MarkdownDocumentKit' from project 'MarkdownDocumentKit')
cd /Users/admin/builder/spi-builder-workspace
write-file /Users/admin/builder/spi-builder-workspace/.derivedData/Build/Intermediates.noindex/MarkdownDocumentKit.build/Debug-watchos/MarkdownDocumentKit.build/MarkdownDocumentKit.DependencyStaticMetadataFileList
WriteAuxiliaryFile /Users/admin/builder/spi-builder-workspace/.derivedData/Build/Intermediates.noindex/MarkdownDocumentKit.build/Debug-watchos/MarkdownDocumentKit.build/MarkdownDocumentKit.DependencyMetadataFileList (in target 'MarkdownDocumentKit' from project 'MarkdownDocumentKit')
cd /Users/admin/builder/spi-builder-workspace
write-file /Users/admin/builder/spi-builder-workspace/.derivedData/Build/Intermediates.noindex/MarkdownDocumentKit.build/Debug-watchos/MarkdownDocumentKit.build/MarkdownDocumentKit.DependencyMetadataFileList
Copy /Users/admin/builder/spi-builder-workspace/.derivedData/Build/Intermediates.noindex/GeneratedModuleMaps-watchos/MarkdownDocumentKit.modulemap /Users/admin/builder/spi-builder-workspace/.derivedData/Build/Intermediates.noindex/MarkdownDocumentKit.build/Debug-watchos/MarkdownDocumentKit.build/MarkdownDocumentKit.modulemap (in target 'MarkdownDocumentKit' from project 'MarkdownDocumentKit')
cd /Users/admin/builder/spi-builder-workspace
builtin-copy -exclude .DS_Store -exclude CVS -exclude .svn -exclude .git -exclude .hg -resolve-src-symlinks /Users/admin/builder/spi-builder-workspace/.derivedData/Build/Intermediates.noindex/MarkdownDocumentKit.build/Debug-watchos/MarkdownDocumentKit.build/MarkdownDocumentKit.modulemap /Users/admin/builder/spi-builder-workspace/.derivedData/Build/Intermediates.noindex/GeneratedModuleMaps-watchos
SwiftDriver MarkdownDocumentKit normal arm64_32 com.apple.xcode.tools.swift.compiler (in target 'MarkdownDocumentKit' from project 'MarkdownDocumentKit')
cd /Users/admin/builder/spi-builder-workspace/.swiftpm/xcode
builtin-SwiftDriver -- /Applications/Xcode-16.3.0.app/Contents/Developer/Toolchains/XcodeDefault.xctoolchain/usr/bin/swiftc -module-name MarkdownDocumentKit -Onone -enforce-exclusivity\=checked @/Users/admin/builder/spi-builder-workspace/.derivedData/Build/Intermediates.noindex/MarkdownDocumentKit.build/Debug-watchos/MarkdownDocumentKit.build/Objects-normal/arm64_32/MarkdownDocumentKit.SwiftFileList -DSWIFT_PACKAGE -DDEBUG -stats-output-dir .stats -strict-concurrency\=complete -enable-upcoming-feature StrictConcurrency -enable-upcoming-feature DisableOutwardActorInference -enable-upcoming-feature GlobalActorIsolatedTypesUsability -enable-upcoming-feature InferSendableFromCaptures -plugin-path /Applications/Xcode-16.3.0.app/Contents/Developer/Toolchains/XcodeDefault.xctoolchain/usr/lib/swift/host/plugins/testing -enable-experimental-feature DebugDescriptionMacro -sdk /Applications/Xcode-16.3.0.app/Contents/Developer/Platforms/WatchOS.platform/Developer/SDKs/WatchOS11.4.sdk -target arm64_32-apple-watchos9.0 -g -module-cache-path /Users/admin/builder/spi-builder-workspace/.derivedData/ModuleCache.noindex -Xfrontend -serialize-debugging-options -profile-coverage-mapping -profile-generate -enable-testing -index-store-path /Users/admin/builder/spi-builder-workspace/.derivedData/Index.noindex/DataStore -swift-version 5 -I /Users/admin/builder/spi-builder-workspace/.derivedData/Build/Products/Debug-watchos -I /Applications/Xcode-16.3.0.app/Contents/Developer/Platforms/WatchOS.platform/Developer/usr/lib -F /Users/admin/builder/spi-builder-workspace/.derivedData/Build/Products/Debug-watchos -F /Applications/Xcode-16.3.0.app/Contents/Developer/Platforms/WatchOS.platform/Developer/Library/Frameworks -F /Applications/Xcode-16.3.0.app/Contents/Developer/Platforms/WatchOS.platform/Developer/SDKs/WatchOS11.4.sdk/Developer/Library/Frameworks -c -j10 -enable-batch-mode -incremental -Xcc -ivfsstatcache -Xcc /Users/admin/builder/spi-builder-workspace/.derivedData/SDKStatCaches.noindex/watchos11.4-22T246-43efb940ff07ba2497b70ec94253f576.sdkstatcache -output-file-map /Users/admin/builder/spi-builder-workspace/.derivedData/Build/Intermediates.noindex/MarkdownDocumentKit.build/Debug-watchos/MarkdownDocumentKit.build/Objects-normal/arm64_32/MarkdownDocumentKit-OutputFileMap.json -use-frontend-parseable-output -save-temps -no-color-diagnostics -serialize-diagnostics -emit-dependencies -emit-module -emit-module-path /Users/admin/builder/spi-builder-workspace/.derivedData/Build/Intermediates.noindex/MarkdownDocumentKit.build/Debug-watchos/MarkdownDocumentKit.build/Objects-normal/arm64_32/MarkdownDocumentKit.swiftmodule -validate-clang-modules-once -clang-build-session-file /Users/admin/builder/spi-builder-workspace/.derivedData/ModuleCache.noindex/Session.modulevalidation -package-name spi_builder_workspace -Xcc -I/Users/admin/builder/spi-builder-workspace/.derivedData/Build/Intermediates.noindex/MarkdownDocumentKit.build/Debug-watchos/MarkdownDocumentKit.build/swift-overrides.hmap -emit-const-values -Xfrontend -const-gather-protocols-file -Xfrontend /Users/admin/builder/spi-builder-workspace/.derivedData/Build/Intermediates.noindex/MarkdownDocumentKit.build/Debug-watchos/MarkdownDocumentKit.build/Objects-normal/arm64_32/MarkdownDocumentKit_const_extract_protocols.json -Xcc -I/Users/admin/builder/spi-builder-workspace/.derivedData/Build/Products/Debug-watchos/include -Xcc -I/Users/admin/builder/spi-builder-workspace/.derivedData/Build/Intermediates.noindex/MarkdownDocumentKit.build/Debug-watchos/MarkdownDocumentKit.build/DerivedSources-normal/arm64_32 -Xcc -I/Users/admin/builder/spi-builder-workspace/.derivedData/Build/Intermediates.noindex/MarkdownDocumentKit.build/Debug-watchos/MarkdownDocumentKit.build/DerivedSources/arm64_32 -Xcc -I/Users/admin/builder/spi-builder-workspace/.derivedData/Build/Intermediates.noindex/MarkdownDocumentKit.build/Debug-watchos/MarkdownDocumentKit.build/DerivedSources -Xcc -DSWIFT_PACKAGE -Xcc -DDEBUG\=1 -emit-objc-header -emit-objc-header-path /Users/admin/builder/spi-builder-workspace/.derivedData/Build/Intermediates.noindex/MarkdownDocumentKit.build/Debug-watchos/MarkdownDocumentKit.build/Objects-normal/arm64_32/MarkdownDocumentKit-Swift.h -working-directory /Users/admin/builder/spi-builder-workspace/.swiftpm/xcode -experimental-emit-module-separately -disable-cmo
SwiftDriver MarkdownDocumentKit normal arm64 com.apple.xcode.tools.swift.compiler (in target 'MarkdownDocumentKit' from project 'MarkdownDocumentKit')
cd /Users/admin/builder/spi-builder-workspace/.swiftpm/xcode
builtin-SwiftDriver -- /Applications/Xcode-16.3.0.app/Contents/Developer/Toolchains/XcodeDefault.xctoolchain/usr/bin/swiftc -module-name MarkdownDocumentKit -Onone -enforce-exclusivity\=checked @/Users/admin/builder/spi-builder-workspace/.derivedData/Build/Intermediates.noindex/MarkdownDocumentKit.build/Debug-watchos/MarkdownDocumentKit.build/Objects-normal/arm64/MarkdownDocumentKit.SwiftFileList -DSWIFT_PACKAGE -DDEBUG -stats-output-dir .stats -strict-concurrency\=complete -enable-upcoming-feature StrictConcurrency -enable-upcoming-feature DisableOutwardActorInference -enable-upcoming-feature GlobalActorIsolatedTypesUsability -enable-upcoming-feature InferSendableFromCaptures -plugin-path /Applications/Xcode-16.3.0.app/Contents/Developer/Toolchains/XcodeDefault.xctoolchain/usr/lib/swift/host/plugins/testing -enable-experimental-feature DebugDescriptionMacro -sdk /Applications/Xcode-16.3.0.app/Contents/Developer/Platforms/WatchOS.platform/Developer/SDKs/WatchOS11.4.sdk -target arm64-apple-watchos9.0 -g -module-cache-path /Users/admin/builder/spi-builder-workspace/.derivedData/ModuleCache.noindex -Xfrontend -serialize-debugging-options -profile-coverage-mapping -profile-generate -enable-testing -index-store-path /Users/admin/builder/spi-builder-workspace/.derivedData/Index.noindex/DataStore -swift-version 5 -I /Users/admin/builder/spi-builder-workspace/.derivedData/Build/Products/Debug-watchos -I /Applications/Xcode-16.3.0.app/Contents/Developer/Platforms/WatchOS.platform/Developer/usr/lib -F /Users/admin/builder/spi-builder-workspace/.derivedData/Build/Products/Debug-watchos -F /Applications/Xcode-16.3.0.app/Contents/Developer/Platforms/WatchOS.platform/Developer/Library/Frameworks -F /Applications/Xcode-16.3.0.app/Contents/Developer/Platforms/WatchOS.platform/Developer/SDKs/WatchOS11.4.sdk/Developer/Library/Frameworks -c -j10 -enable-batch-mode -incremental -Xcc -ivfsstatcache -Xcc /Users/admin/builder/spi-builder-workspace/.derivedData/SDKStatCaches.noindex/watchos11.4-22T246-43efb940ff07ba2497b70ec94253f576.sdkstatcache -output-file-map /Users/admin/builder/spi-builder-workspace/.derivedData/Build/Intermediates.noindex/MarkdownDocumentKit.build/Debug-watchos/MarkdownDocumentKit.build/Objects-normal/arm64/MarkdownDocumentKit-OutputFileMap.json -use-frontend-parseable-output -save-temps -no-color-diagnostics -serialize-diagnostics -emit-dependencies -emit-module -emit-module-path /Users/admin/builder/spi-builder-workspace/.derivedData/Build/Intermediates.noindex/MarkdownDocumentKit.build/Debug-watchos/MarkdownDocumentKit.build/Objects-normal/arm64/MarkdownDocumentKit.swiftmodule -validate-clang-modules-once -clang-build-session-file /Users/admin/builder/spi-builder-workspace/.derivedData/ModuleCache.noindex/Session.modulevalidation -package-name spi_builder_workspace -Xcc -I/Users/admin/builder/spi-builder-workspace/.derivedData/Build/Intermediates.noindex/MarkdownDocumentKit.build/Debug-watchos/MarkdownDocumentKit.build/swift-overrides.hmap -emit-const-values -Xfrontend -const-gather-protocols-file -Xfrontend /Users/admin/builder/spi-builder-workspace/.derivedData/Build/Intermediates.noindex/MarkdownDocumentKit.build/Debug-watchos/MarkdownDocumentKit.build/Objects-normal/arm64/MarkdownDocumentKit_const_extract_protocols.json -Xcc -I/Users/admin/builder/spi-builder-workspace/.derivedData/Build/Products/Debug-watchos/include -Xcc -I/Users/admin/builder/spi-builder-workspace/.derivedData/Build/Intermediates.noindex/MarkdownDocumentKit.build/Debug-watchos/MarkdownDocumentKit.build/DerivedSources-normal/arm64 -Xcc -I/Users/admin/builder/spi-builder-workspace/.derivedData/Build/Intermediates.noindex/MarkdownDocumentKit.build/Debug-watchos/MarkdownDocumentKit.build/DerivedSources/arm64 -Xcc -I/Users/admin/builder/spi-builder-workspace/.derivedData/Build/Intermediates.noindex/MarkdownDocumentKit.build/Debug-watchos/MarkdownDocumentKit.build/DerivedSources -Xcc -DSWIFT_PACKAGE -Xcc -DDEBUG\=1 -emit-objc-header -emit-objc-header-path /Users/admin/builder/spi-builder-workspace/.derivedData/Build/Intermediates.noindex/MarkdownDocumentKit.build/Debug-watchos/MarkdownDocumentKit.build/Objects-normal/arm64/MarkdownDocumentKit-Swift.h -working-directory /Users/admin/builder/spi-builder-workspace/.swiftpm/xcode -experimental-emit-module-separately -disable-cmo
SwiftEmitModule normal arm64_32 Emitting\ module\ for\ MarkdownDocumentKit (in target 'MarkdownDocumentKit' from project 'MarkdownDocumentKit')
EmitSwiftModule normal arm64_32 (in target 'MarkdownDocumentKit' from project 'MarkdownDocumentKit')
cd /Users/admin/builder/spi-builder-workspace/.swiftpm/xcode
/Users/admin/builder/spi-builder-workspace/Sources/MarkdownDocumentKit/DocumentTheme.swift:145:23: warning: static property 'default' is not concurrency-safe because non-'Sendable' type 'DocumentTheme' may have shared mutable state; this is an error in the Swift 6 language mode
public static let `default` = DocumentTheme(
^
/Users/admin/builder/spi-builder-workspace/Sources/MarkdownDocumentKit/DocumentTheme.swift:19:15: note: consider making struct 'DocumentTheme' conform to the 'Sendable' protocol
public struct DocumentTheme {
^
: Sendable
/Users/admin/builder/spi-builder-workspace/Sources/MarkdownDocumentKit/DocumentTheme.swift:145:23: note: add '@MainActor' to make static property 'default' part of global actor 'MainActor'
public static let `default` = DocumentTheme(
^
@MainActor
/Users/admin/builder/spi-builder-workspace/Sources/MarkdownDocumentKit/DocumentTheme.swift:145:23: note: disable concurrency-safety checks if accesses are protected by an external synchronization mechanism
public static let `default` = DocumentTheme(
^
nonisolated(unsafe)
/Users/admin/builder/spi-builder-workspace/Sources/MarkdownDocumentKit/DocumentTheme.swift:212:24: warning: static property 'neutralFallbackTint' is not concurrency-safe because non-'Sendable' type 'DocumentTheme.CalloutTint' may have shared mutable state; this is an error in the Swift 6 language mode
private static let neutralFallbackTint = CalloutTint(
^
/Users/admin/builder/spi-builder-workspace/Sources/MarkdownDocumentKit/DocumentTheme.swift:23:19: note: consider making struct 'CalloutTint' conform to the 'Sendable' protocol
public struct CalloutTint {
^
: Sendable
/Users/admin/builder/spi-builder-workspace/Sources/MarkdownDocumentKit/DocumentTheme.swift:212:24: note: add '@MainActor' to make static property 'neutralFallbackTint' part of global actor 'MainActor'
private static let neutralFallbackTint = CalloutTint(
^
@MainActor
/Users/admin/builder/spi-builder-workspace/Sources/MarkdownDocumentKit/DocumentTheme.swift:212:24: note: disable concurrency-safety checks if accesses are protected by an external synchronization mechanism
private static let neutralFallbackTint = CalloutTint(
^
nonisolated(unsafe)
SwiftCompile normal arm64_32 Compiling\ CRC32.swift,\ DiagramRenderer.swift /Users/admin/builder/spi-builder-workspace/Sources/MarkdownDocumentKit/CRC32.swift /Users/admin/builder/spi-builder-workspace/Sources/MarkdownDocumentKit/DiagramRenderer.swift (in target 'MarkdownDocumentKit' from project 'MarkdownDocumentKit')
SwiftCompile normal arm64_32 /Users/admin/builder/spi-builder-workspace/Sources/MarkdownDocumentKit/CRC32.swift (in target 'MarkdownDocumentKit' from project 'MarkdownDocumentKit')
cd /Users/admin/builder/spi-builder-workspace/.swiftpm/xcode
SwiftCompile normal arm64_32 /Users/admin/builder/spi-builder-workspace/Sources/MarkdownDocumentKit/DiagramRenderer.swift (in target 'MarkdownDocumentKit' from project 'MarkdownDocumentKit')
cd /Users/admin/builder/spi-builder-workspace/.swiftpm/xcode
SwiftCompile normal arm64_32 Compiling\ DocumentBlock.swift,\ DocumentRenderer.swift /Users/admin/builder/spi-builder-workspace/Sources/MarkdownDocumentKit/DocumentBlock.swift /Users/admin/builder/spi-builder-workspace/Sources/MarkdownDocumentKit/DocumentRenderer.swift (in target 'MarkdownDocumentKit' from project 'MarkdownDocumentKit')
SwiftCompile normal arm64_32 /Users/admin/builder/spi-builder-workspace/Sources/MarkdownDocumentKit/DocumentBlock.swift (in target 'MarkdownDocumentKit' from project 'MarkdownDocumentKit')
cd /Users/admin/builder/spi-builder-workspace/.swiftpm/xcode
SwiftCompile normal arm64_32 /Users/admin/builder/spi-builder-workspace/Sources/MarkdownDocumentKit/DocumentRenderer.swift (in target 'MarkdownDocumentKit' from project 'MarkdownDocumentKit')
cd /Users/admin/builder/spi-builder-workspace/.swiftpm/xcode
SwiftCompile normal arm64_32 Compiling\ ImageRenderer.swift,\ MarkdownDocumentKit.swift /Users/admin/builder/spi-builder-workspace/Sources/MarkdownDocumentKit/ImageRenderer.swift /Users/admin/builder/spi-builder-workspace/Sources/MarkdownDocumentKit/MarkdownDocumentKit.swift (in target 'MarkdownDocumentKit' from project 'MarkdownDocumentKit')
SwiftCompile normal arm64_32 /Users/admin/builder/spi-builder-workspace/Sources/MarkdownDocumentKit/ImageRenderer.swift (in target 'MarkdownDocumentKit' from project 'MarkdownDocumentKit')
cd /Users/admin/builder/spi-builder-workspace/.swiftpm/xcode
SwiftCompile normal arm64_32 /Users/admin/builder/spi-builder-workspace/Sources/MarkdownDocumentKit/MarkdownDocumentKit.swift (in target 'MarkdownDocumentKit' from project 'MarkdownDocumentKit')
cd /Users/admin/builder/spi-builder-workspace/.swiftpm/xcode
SwiftCompile normal arm64_32 Compiling\ PDFRenderer.swift /Users/admin/builder/spi-builder-workspace/Sources/MarkdownDocumentKit/PDFRenderer.swift (in target 'MarkdownDocumentKit' from project 'MarkdownDocumentKit')
SwiftCompile normal arm64_32 /Users/admin/builder/spi-builder-workspace/Sources/MarkdownDocumentKit/PDFRenderer.swift (in target 'MarkdownDocumentKit' from project 'MarkdownDocumentKit')
cd /Users/admin/builder/spi-builder-workspace/.swiftpm/xcode
SwiftCompile normal arm64_32 Compiling\ TableRenderer.swift /Users/admin/builder/spi-builder-workspace/Sources/MarkdownDocumentKit/TableRenderer.swift (in target 'MarkdownDocumentKit' from project 'MarkdownDocumentKit')
SwiftCompile normal arm64_32 /Users/admin/builder/spi-builder-workspace/Sources/MarkdownDocumentKit/TableRenderer.swift (in target 'MarkdownDocumentKit' from project 'MarkdownDocumentKit')
cd /Users/admin/builder/spi-builder-workspace/.swiftpm/xcode
SwiftCompile normal arm64_32 Compiling\ MinimalZipArchive.swift,\ OOXMLTableWriter.swift /Users/admin/builder/spi-builder-workspace/Sources/MarkdownDocumentKit/MinimalZipArchive.swift /Users/admin/builder/spi-builder-workspace/Sources/MarkdownDocumentKit/OOXMLTableWriter.swift (in target 'MarkdownDocumentKit' from project 'MarkdownDocumentKit')
SwiftCompile normal arm64_32 /Users/admin/builder/spi-builder-workspace/Sources/MarkdownDocumentKit/MinimalZipArchive.swift (in target 'MarkdownDocumentKit' from project 'MarkdownDocumentKit')
cd /Users/admin/builder/spi-builder-workspace/.swiftpm/xcode
SwiftCompile normal arm64_32 /Users/admin/builder/spi-builder-workspace/Sources/MarkdownDocumentKit/OOXMLTableWriter.swift (in target 'MarkdownDocumentKit' from project 'MarkdownDocumentKit')
cd /Users/admin/builder/spi-builder-workspace/.swiftpm/xcode
SwiftEmitModule normal arm64 Emitting\ module\ for\ MarkdownDocumentKit (in target 'MarkdownDocumentKit' from project 'MarkdownDocumentKit')
EmitSwiftModule normal arm64 (in target 'MarkdownDocumentKit' from project 'MarkdownDocumentKit')
cd /Users/admin/builder/spi-builder-workspace/.swiftpm/xcode
/Users/admin/builder/spi-builder-workspace/Sources/MarkdownDocumentKit/DocumentTheme.swift:145:23: warning: static property 'default' is not concurrency-safe because non-'Sendable' type 'DocumentTheme' may have shared mutable state; this is an error in the Swift 6 language mode
public static let `default` = DocumentTheme(
^
/Users/admin/builder/spi-builder-workspace/Sources/MarkdownDocumentKit/DocumentTheme.swift:19:15: note: consider making struct 'DocumentTheme' conform to the 'Sendable' protocol
public struct DocumentTheme {
^
: Sendable
/Users/admin/builder/spi-builder-workspace/Sources/MarkdownDocumentKit/DocumentTheme.swift:145:23: note: add '@MainActor' to make static property 'default' part of global actor 'MainActor'
public static let `default` = DocumentTheme(
^
@MainActor
/Users/admin/builder/spi-builder-workspace/Sources/MarkdownDocumentKit/DocumentTheme.swift:145:23: note: disable concurrency-safety checks if accesses are protected by an external synchronization mechanism
public static let `default` = DocumentTheme(
^
nonisolated(unsafe)
/Users/admin/builder/spi-builder-workspace/Sources/MarkdownDocumentKit/DocumentTheme.swift:212:24: warning: static property 'neutralFallbackTint' is not concurrency-safe because non-'Sendable' type 'DocumentTheme.CalloutTint' may have shared mutable state; this is an error in the Swift 6 language mode
private static let neutralFallbackTint = CalloutTint(
^
/Users/admin/builder/spi-builder-workspace/Sources/MarkdownDocumentKit/DocumentTheme.swift:23:19: note: consider making struct 'CalloutTint' conform to the 'Sendable' protocol
public struct CalloutTint {
^
: Sendable
/Users/admin/builder/spi-builder-workspace/Sources/MarkdownDocumentKit/DocumentTheme.swift:212:24: note: add '@MainActor' to make static property 'neutralFallbackTint' part of global actor 'MainActor'
private static let neutralFallbackTint = CalloutTint(
^
@MainActor
/Users/admin/builder/spi-builder-workspace/Sources/MarkdownDocumentKit/DocumentTheme.swift:212:24: note: disable concurrency-safety checks if accesses are protected by an external synchronization mechanism
private static let neutralFallbackTint = CalloutTint(
^
nonisolated(unsafe)
SwiftCompile normal arm64 Compiling\ WordDocumentExporter.swift /Users/admin/builder/spi-builder-workspace/Sources/MarkdownDocumentKit/WordDocumentExporter.swift (in target 'MarkdownDocumentKit' from project 'MarkdownDocumentKit')
SwiftCompile normal arm64 /Users/admin/builder/spi-builder-workspace/Sources/MarkdownDocumentKit/WordDocumentExporter.swift (in target 'MarkdownDocumentKit' from project 'MarkdownDocumentKit')
cd /Users/admin/builder/spi-builder-workspace/.swiftpm/xcode
SwiftCompile normal arm64 Compiling\ CRC32.swift,\ DiagramRenderer.swift /Users/admin/builder/spi-builder-workspace/Sources/MarkdownDocumentKit/CRC32.swift /Users/admin/builder/spi-builder-workspace/Sources/MarkdownDocumentKit/DiagramRenderer.swift (in target 'MarkdownDocumentKit' from project 'MarkdownDocumentKit')
SwiftCompile normal arm64 /Users/admin/builder/spi-builder-workspace/Sources/MarkdownDocumentKit/CRC32.swift (in target 'MarkdownDocumentKit' from project 'MarkdownDocumentKit')
cd /Users/admin/builder/spi-builder-workspace/.swiftpm/xcode
SwiftCompile normal arm64 /Users/admin/builder/spi-builder-workspace/Sources/MarkdownDocumentKit/DiagramRenderer.swift (in target 'MarkdownDocumentKit' from project 'MarkdownDocumentKit')
cd /Users/admin/builder/spi-builder-workspace/.swiftpm/xcode
SwiftCompile normal arm64 Compiling\ TableAttachment.swift /Users/admin/builder/spi-builder-workspace/Sources/MarkdownDocumentKit/TableAttachment.swift (in target 'MarkdownDocumentKit' from project 'MarkdownDocumentKit')
SwiftCompile normal arm64 /Users/admin/builder/spi-builder-workspace/Sources/MarkdownDocumentKit/TableAttachment.swift (in target 'MarkdownDocumentKit' from project 'MarkdownDocumentKit')
cd /Users/admin/builder/spi-builder-workspace/.swiftpm/xcode
SwiftDriverJobDiscovery normal arm64 Emitting module for MarkdownDocumentKit (in target 'MarkdownDocumentKit' from project 'MarkdownDocumentKit')
SwiftCompile normal arm64 Compiling\ ImageRenderer.swift,\ MarkdownDocumentKit.swift /Users/admin/builder/spi-builder-workspace/Sources/MarkdownDocumentKit/ImageRenderer.swift /Users/admin/builder/spi-builder-workspace/Sources/MarkdownDocumentKit/MarkdownDocumentKit.swift (in target 'MarkdownDocumentKit' from project 'MarkdownDocumentKit')
SwiftCompile normal arm64 /Users/admin/builder/spi-builder-workspace/Sources/MarkdownDocumentKit/ImageRenderer.swift (in target 'MarkdownDocumentKit' from project 'MarkdownDocumentKit')
cd /Users/admin/builder/spi-builder-workspace/.swiftpm/xcode
SwiftCompile normal arm64 /Users/admin/builder/spi-builder-workspace/Sources/MarkdownDocumentKit/MarkdownDocumentKit.swift (in target 'MarkdownDocumentKit' from project 'MarkdownDocumentKit')
cd /Users/admin/builder/spi-builder-workspace/.swiftpm/xcode
SwiftDriverJobDiscovery normal arm64_32 Emitting module for MarkdownDocumentKit (in target 'MarkdownDocumentKit' from project 'MarkdownDocumentKit')
SwiftDriver\ Compilation\ Requirements MarkdownDocumentKit normal arm64_32 com.apple.xcode.tools.swift.compiler (in target 'MarkdownDocumentKit' from project 'MarkdownDocumentKit')
cd /Users/admin/builder/spi-builder-workspace/.swiftpm/xcode
builtin-Swift-Compilation-Requirements -- /Applications/Xcode-16.3.0.app/Contents/Developer/Toolchains/XcodeDefault.xctoolchain/usr/bin/swiftc -module-name MarkdownDocumentKit -Onone -enforce-exclusivity\=checked @/Users/admin/builder/spi-builder-workspace/.derivedData/Build/Intermediates.noindex/MarkdownDocumentKit.build/Debug-watchos/MarkdownDocumentKit.build/Objects-normal/arm64_32/MarkdownDocumentKit.SwiftFileList -DSWIFT_PACKAGE -DDEBUG -stats-output-dir .stats -strict-concurrency\=complete -enable-upcoming-feature StrictConcurrency -enable-upcoming-feature DisableOutwardActorInference -enable-upcoming-feature GlobalActorIsolatedTypesUsability -enable-upcoming-feature InferSendableFromCaptures -plugin-path /Applications/Xcode-16.3.0.app/Contents/Developer/Toolchains/XcodeDefault.xctoolchain/usr/lib/swift/host/plugins/testing -enable-experimental-feature DebugDescriptionMacro -sdk /Applications/Xcode-16.3.0.app/Contents/Developer/Platforms/WatchOS.platform/Developer/SDKs/WatchOS11.4.sdk -target arm64_32-apple-watchos9.0 -g -module-cache-path /Users/admin/builder/spi-builder-workspace/.derivedData/ModuleCache.noindex -Xfrontend -serialize-debugging-options -profile-coverage-mapping -profile-generate -enable-testing -index-store-path /Users/admin/builder/spi-builder-workspace/.derivedData/Index.noindex/DataStore -swift-version 5 -I /Users/admin/builder/spi-builder-workspace/.derivedData/Build/Products/Debug-watchos -I /Applications/Xcode-16.3.0.app/Contents/Developer/Platforms/WatchOS.platform/Developer/usr/lib -F /Users/admin/builder/spi-builder-workspace/.derivedData/Build/Products/Debug-watchos -F /Applications/Xcode-16.3.0.app/Contents/Developer/Platforms/WatchOS.platform/Developer/Library/Frameworks -F /Applications/Xcode-16.3.0.app/Contents/Developer/Platforms/WatchOS.platform/Developer/SDKs/WatchOS11.4.sdk/Developer/Library/Frameworks -c -j10 -enable-batch-mode -incremental -Xcc -ivfsstatcache -Xcc /Users/admin/builder/spi-builder-workspace/.derivedData/SDKStatCaches.noindex/watchos11.4-22T246-43efb940ff07ba2497b70ec94253f576.sdkstatcache -output-file-map /Users/admin/builder/spi-builder-workspace/.derivedData/Build/Intermediates.noindex/MarkdownDocumentKit.build/Debug-watchos/MarkdownDocumentKit.build/Objects-normal/arm64_32/MarkdownDocumentKit-OutputFileMap.json -use-frontend-parseable-output -save-temps -no-color-diagnostics -serialize-diagnostics -emit-dependencies -emit-module -emit-module-path /Users/admin/builder/spi-builder-workspace/.derivedData/Build/Intermediates.noindex/MarkdownDocumentKit.build/Debug-watchos/MarkdownDocumentKit.build/Objects-normal/arm64_32/MarkdownDocumentKit.swiftmodule -validate-clang-modules-once -clang-build-session-file /Users/admin/builder/spi-builder-workspace/.derivedData/ModuleCache.noindex/Session.modulevalidation -package-name spi_builder_workspace -Xcc -I/Users/admin/builder/spi-builder-workspace/.derivedData/Build/Intermediates.noindex/MarkdownDocumentKit.build/Debug-watchos/MarkdownDocumentKit.build/swift-overrides.hmap -emit-const-values -Xfrontend -const-gather-protocols-file -Xfrontend /Users/admin/builder/spi-builder-workspace/.derivedData/Build/Intermediates.noindex/MarkdownDocumentKit.build/Debug-watchos/MarkdownDocumentKit.build/Objects-normal/arm64_32/MarkdownDocumentKit_const_extract_protocols.json -Xcc -I/Users/admin/builder/spi-builder-workspace/.derivedData/Build/Products/Debug-watchos/include -Xcc -I/Users/admin/builder/spi-builder-workspace/.derivedData/Build/Intermediates.noindex/MarkdownDocumentKit.build/Debug-watchos/MarkdownDocumentKit.build/DerivedSources-normal/arm64_32 -Xcc -I/Users/admin/builder/spi-builder-workspace/.derivedData/Build/Intermediates.noindex/MarkdownDocumentKit.build/Debug-watchos/MarkdownDocumentKit.build/DerivedSources/arm64_32 -Xcc -I/Users/admin/builder/spi-builder-workspace/.derivedData/Build/Intermediates.noindex/MarkdownDocumentKit.build/Debug-watchos/MarkdownDocumentKit.build/DerivedSources -Xcc -DSWIFT_PACKAGE -Xcc -DDEBUG\=1 -emit-objc-header -emit-objc-header-path /Users/admin/builder/spi-builder-workspace/.derivedData/Build/Intermediates.noindex/MarkdownDocumentKit.build/Debug-watchos/MarkdownDocumentKit.build/Objects-normal/arm64_32/MarkdownDocumentKit-Swift.h -working-directory /Users/admin/builder/spi-builder-workspace/.swiftpm/xcode -experimental-emit-module-separately -disable-cmo
SwiftDriverJobDiscovery normal arm64 Compiling WordDocumentExporter.swift (in target 'MarkdownDocumentKit' from project 'MarkdownDocumentKit')
SwiftDriver\ Compilation\ Requirements MarkdownDocumentKit normal arm64 com.apple.xcode.tools.swift.compiler (in target 'MarkdownDocumentKit' from project 'MarkdownDocumentKit')
cd /Users/admin/builder/spi-builder-workspace/.swiftpm/xcode
builtin-Swift-Compilation-Requirements -- /Applications/Xcode-16.3.0.app/Contents/Developer/Toolchains/XcodeDefault.xctoolchain/usr/bin/swiftc -module-name MarkdownDocumentKit -Onone -enforce-exclusivity\=checked @/Users/admin/builder/spi-builder-workspace/.derivedData/Build/Intermediates.noindex/MarkdownDocumentKit.build/Debug-watchos/MarkdownDocumentKit.build/Objects-normal/arm64/MarkdownDocumentKit.SwiftFileList -DSWIFT_PACKAGE -DDEBUG -stats-output-dir .stats -strict-concurrency\=complete -enable-upcoming-feature StrictConcurrency -enable-upcoming-feature DisableOutwardActorInference -enable-upcoming-feature GlobalActorIsolatedTypesUsability -enable-upcoming-feature InferSendableFromCaptures -plugin-path /Applications/Xcode-16.3.0.app/Contents/Developer/Toolchains/XcodeDefault.xctoolchain/usr/lib/swift/host/plugins/testing -enable-experimental-feature DebugDescriptionMacro -sdk /Applications/Xcode-16.3.0.app/Contents/Developer/Platforms/WatchOS.platform/Developer/SDKs/WatchOS11.4.sdk -target arm64-apple-watchos9.0 -g -module-cache-path /Users/admin/builder/spi-builder-workspace/.derivedData/ModuleCache.noindex -Xfrontend -serialize-debugging-options -profile-coverage-mapping -profile-generate -enable-testing -index-store-path /Users/admin/builder/spi-builder-workspace/.derivedData/Index.noindex/DataStore -swift-version 5 -I /Users/admin/builder/spi-builder-workspace/.derivedData/Build/Products/Debug-watchos -I /Applications/Xcode-16.3.0.app/Contents/Developer/Platforms/WatchOS.platform/Developer/usr/lib -F /Users/admin/builder/spi-builder-workspace/.derivedData/Build/Products/Debug-watchos -F /Applications/Xcode-16.3.0.app/Contents/Developer/Platforms/WatchOS.platform/Developer/Library/Frameworks -F /Applications/Xcode-16.3.0.app/Contents/Developer/Platforms/WatchOS.platform/Developer/SDKs/WatchOS11.4.sdk/Developer/Library/Frameworks -c -j10 -enable-batch-mode -incremental -Xcc -ivfsstatcache -Xcc /Users/admin/builder/spi-builder-workspace/.derivedData/SDKStatCaches.noindex/watchos11.4-22T246-43efb940ff07ba2497b70ec94253f576.sdkstatcache -output-file-map /Users/admin/builder/spi-builder-workspace/.derivedData/Build/Intermediates.noindex/MarkdownDocumentKit.build/Debug-watchos/MarkdownDocumentKit.build/Objects-normal/arm64/MarkdownDocumentKit-OutputFileMap.json -use-frontend-parseable-output -save-temps -no-color-diagnostics -serialize-diagnostics -emit-dependencies -emit-module -emit-module-path /Users/admin/builder/spi-builder-workspace/.derivedData/Build/Intermediates.noindex/MarkdownDocumentKit.build/Debug-watchos/MarkdownDocumentKit.build/Objects-normal/arm64/MarkdownDocumentKit.swiftmodule -validate-clang-modules-once -clang-build-session-file /Users/admin/builder/spi-builder-workspace/.derivedData/ModuleCache.noindex/Session.modulevalidation -package-name spi_builder_workspace -Xcc -I/Users/admin/builder/spi-builder-workspace/.derivedData/Build/Intermediates.noindex/MarkdownDocumentKit.build/Debug-watchos/MarkdownDocumentKit.build/swift-overrides.hmap -emit-const-values -Xfrontend -const-gather-protocols-file -Xfrontend /Users/admin/builder/spi-builder-workspace/.derivedData/Build/Intermediates.noindex/MarkdownDocumentKit.build/Debug-watchos/MarkdownDocumentKit.build/Objects-normal/arm64/MarkdownDocumentKit_const_extract_protocols.json -Xcc -I/Users/admin/builder/spi-builder-workspace/.derivedData/Build/Products/Debug-watchos/include -Xcc -I/Users/admin/builder/spi-builder-workspace/.derivedData/Build/Intermediates.noindex/MarkdownDocumentKit.build/Debug-watchos/MarkdownDocumentKit.build/DerivedSources-normal/arm64 -Xcc -I/Users/admin/builder/spi-builder-workspace/.derivedData/Build/Intermediates.noindex/MarkdownDocumentKit.build/Debug-watchos/MarkdownDocumentKit.build/DerivedSources/arm64 -Xcc -I/Users/admin/builder/spi-builder-workspace/.derivedData/Build/Intermediates.noindex/MarkdownDocumentKit.build/Debug-watchos/MarkdownDocumentKit.build/DerivedSources -Xcc -DSWIFT_PACKAGE -Xcc -DDEBUG\=1 -emit-objc-header -emit-objc-header-path /Users/admin/builder/spi-builder-workspace/.derivedData/Build/Intermediates.noindex/MarkdownDocumentKit.build/Debug-watchos/MarkdownDocumentKit.build/Objects-normal/arm64/MarkdownDocumentKit-Swift.h -working-directory /Users/admin/builder/spi-builder-workspace/.swiftpm/xcode -experimental-emit-module-separately -disable-cmo
SwiftCompile normal arm64 Compiling\ DocumentTheme.swift,\ FormulaRenderer.swift /Users/admin/builder/spi-builder-workspace/Sources/MarkdownDocumentKit/DocumentTheme.swift /Users/admin/builder/spi-builder-workspace/Sources/MarkdownDocumentKit/FormulaRenderer.swift (in target 'MarkdownDocumentKit' from project 'MarkdownDocumentKit')
SwiftCompile normal arm64 /Users/admin/builder/spi-builder-workspace/Sources/MarkdownDocumentKit/DocumentTheme.swift (in target 'MarkdownDocumentKit' from project 'MarkdownDocumentKit')
cd /Users/admin/builder/spi-builder-workspace/.swiftpm/xcode
/Users/admin/builder/spi-builder-workspace/Sources/MarkdownDocumentKit/DocumentTheme.swift:145:23: warning: static property 'default' is not concurrency-safe because non-'Sendable' type 'DocumentTheme' may have shared mutable state; this is an error in the Swift 6 language mode
public static let `default` = DocumentTheme(
^
/Users/admin/builder/spi-builder-workspace/Sources/MarkdownDocumentKit/DocumentTheme.swift:19:15: note: consider making struct 'DocumentTheme' conform to the 'Sendable' protocol
public struct DocumentTheme {
^
: Sendable
/Users/admin/builder/spi-builder-workspace/Sources/MarkdownDocumentKit/DocumentTheme.swift:145:23: note: add '@MainActor' to make static property 'default' part of global actor 'MainActor'
public static let `default` = DocumentTheme(
^
@MainActor
/Users/admin/builder/spi-builder-workspace/Sources/MarkdownDocumentKit/DocumentTheme.swift:145:23: note: disable concurrency-safety checks if accesses are protected by an external synchronization mechanism
public static let `default` = DocumentTheme(
^
nonisolated(unsafe)
/Users/admin/builder/spi-builder-workspace/Sources/MarkdownDocumentKit/DocumentTheme.swift:212:24: warning: static property 'neutralFallbackTint' is not concurrency-safe because non-'Sendable' type 'DocumentTheme.CalloutTint' may have shared mutable state; this is an error in the Swift 6 language mode
private static let neutralFallbackTint = CalloutTint(
^
/Users/admin/builder/spi-builder-workspace/Sources/MarkdownDocumentKit/DocumentTheme.swift:23:19: note: consider making struct 'CalloutTint' conform to the 'Sendable' protocol
public struct CalloutTint {
^
: Sendable
/Users/admin/builder/spi-builder-workspace/Sources/MarkdownDocumentKit/DocumentTheme.swift:212:24: note: add '@MainActor' to make static property 'neutralFallbackTint' part of global actor 'MainActor'
private static let neutralFallbackTint = CalloutTint(
^
@MainActor
/Users/admin/builder/spi-builder-workspace/Sources/MarkdownDocumentKit/DocumentTheme.swift:212:24: note: disable concurrency-safety checks if accesses are protected by an external synchronization mechanism
private static let neutralFallbackTint = CalloutTint(
^
nonisolated(unsafe)
SwiftCompile normal arm64 /Users/admin/builder/spi-builder-workspace/Sources/MarkdownDocumentKit/FormulaRenderer.swift (in target 'MarkdownDocumentKit' from project 'MarkdownDocumentKit')
cd /Users/admin/builder/spi-builder-workspace/.swiftpm/xcode
SwiftMergeGeneratedHeaders /Users/admin/builder/spi-builder-workspace/.derivedData/Build/Intermediates.noindex/GeneratedModuleMaps-watchos/MarkdownDocumentKit-Swift.h /Users/admin/builder/spi-builder-workspace/.derivedData/Build/Intermediates.noindex/MarkdownDocumentKit.build/Debug-watchos/MarkdownDocumentKit.build/Objects-normal/arm64/MarkdownDocumentKit-Swift.h /Users/admin/builder/spi-builder-workspace/.derivedData/Build/Intermediates.noindex/MarkdownDocumentKit.build/Debug-watchos/MarkdownDocumentKit.build/Objects-normal/arm64_32/MarkdownDocumentKit-Swift.h (in target 'MarkdownDocumentKit' from project 'MarkdownDocumentKit')
cd /Users/admin/builder/spi-builder-workspace
builtin-swiftHeaderTool -arch arm64 /Users/admin/builder/spi-builder-workspace/.derivedData/Build/Intermediates.noindex/MarkdownDocumentKit.build/Debug-watchos/MarkdownDocumentKit.build/Objects-normal/arm64/MarkdownDocumentKit-Swift.h -arch arm64_32 /Users/admin/builder/spi-builder-workspace/.derivedData/Build/Intermediates.noindex/MarkdownDocumentKit.build/Debug-watchos/MarkdownDocumentKit.build/Objects-normal/arm64_32/MarkdownDocumentKit-Swift.h -o /Users/admin/builder/spi-builder-workspace/.derivedData/Build/Intermediates.noindex/GeneratedModuleMaps-watchos/MarkdownDocumentKit-Swift.h
SwiftDriverJobDiscovery normal arm64_32 Compiling MinimalZipArchive.swift, OOXMLTableWriter.swift (in target 'MarkdownDocumentKit' from project 'MarkdownDocumentKit')
Copy /Users/admin/builder/spi-builder-workspace/.derivedData/Build/Products/Debug-watchos/MarkdownDocumentKit.swiftmodule/arm64_32-apple-watchos.swiftmodule /Users/admin/builder/spi-builder-workspace/.derivedData/Build/Intermediates.noindex/MarkdownDocumentKit.build/Debug-watchos/MarkdownDocumentKit.build/Objects-normal/arm64_32/MarkdownDocumentKit.swiftmodule (in target 'MarkdownDocumentKit' from project 'MarkdownDocumentKit')
cd /Users/admin/builder/spi-builder-workspace
builtin-copy -exclude .DS_Store -exclude CVS -exclude .svn -exclude .git -exclude .hg -resolve-src-symlinks -rename /Users/admin/builder/spi-builder-workspace/.derivedData/Build/Intermediates.noindex/MarkdownDocumentKit.build/Debug-watchos/MarkdownDocumentKit.build/Objects-normal/arm64_32/MarkdownDocumentKit.swiftmodule /Users/admin/builder/spi-builder-workspace/.derivedData/Build/Products/Debug-watchos/MarkdownDocumentKit.swiftmodule/arm64_32-apple-watchos.swiftmodule
Copy /Users/admin/builder/spi-builder-workspace/.derivedData/Build/Products/Debug-watchos/MarkdownDocumentKit.swiftmodule/arm64_32-apple-watchos.swiftdoc /Users/admin/builder/spi-builder-workspace/.derivedData/Build/Intermediates.noindex/MarkdownDocumentKit.build/Debug-watchos/MarkdownDocumentKit.build/Objects-normal/arm64_32/MarkdownDocumentKit.swiftdoc (in target 'MarkdownDocumentKit' from project 'MarkdownDocumentKit')
cd /Users/admin/builder/spi-builder-workspace
builtin-copy -exclude .DS_Store -exclude CVS -exclude .svn -exclude .git -exclude .hg -resolve-src-symlinks -rename /Users/admin/builder/spi-builder-workspace/.derivedData/Build/Intermediates.noindex/MarkdownDocumentKit.build/Debug-watchos/MarkdownDocumentKit.build/Objects-normal/arm64_32/MarkdownDocumentKit.swiftdoc /Users/admin/builder/spi-builder-workspace/.derivedData/Build/Products/Debug-watchos/MarkdownDocumentKit.swiftmodule/arm64_32-apple-watchos.swiftdoc
Copy /Users/admin/builder/spi-builder-workspace/.derivedData/Build/Products/Debug-watchos/MarkdownDocumentKit.swiftmodule/arm64_32-apple-watchos.abi.json /Users/admin/builder/spi-builder-workspace/.derivedData/Build/Intermediates.noindex/MarkdownDocumentKit.build/Debug-watchos/MarkdownDocumentKit.build/Objects-normal/arm64_32/MarkdownDocumentKit.abi.json (in target 'MarkdownDocumentKit' from project 'MarkdownDocumentKit')
cd /Users/admin/builder/spi-builder-workspace
builtin-copy -exclude .DS_Store -exclude CVS -exclude .svn -exclude .git -exclude .hg -resolve-src-symlinks -rename /Users/admin/builder/spi-builder-workspace/.derivedData/Build/Intermediates.noindex/MarkdownDocumentKit.build/Debug-watchos/MarkdownDocumentKit.build/Objects-normal/arm64_32/MarkdownDocumentKit.abi.json /Users/admin/builder/spi-builder-workspace/.derivedData/Build/Products/Debug-watchos/MarkdownDocumentKit.swiftmodule/arm64_32-apple-watchos.abi.json
Copy /Users/admin/builder/spi-builder-workspace/.derivedData/Build/Products/Debug-watchos/MarkdownDocumentKit.swiftmodule/arm64-apple-watchos.swiftmodule /Users/admin/builder/spi-builder-workspace/.derivedData/Build/Intermediates.noindex/MarkdownDocumentKit.build/Debug-watchos/MarkdownDocumentKit.build/Objects-normal/arm64/MarkdownDocumentKit.swiftmodule (in target 'MarkdownDocumentKit' from project 'MarkdownDocumentKit')
cd /Users/admin/builder/spi-builder-workspace
builtin-copy -exclude .DS_Store -exclude CVS -exclude .svn -exclude .git -exclude .hg -resolve-src-symlinks -rename /Users/admin/builder/spi-builder-workspace/.derivedData/Build/Intermediates.noindex/MarkdownDocumentKit.build/Debug-watchos/MarkdownDocumentKit.build/Objects-normal/arm64/MarkdownDocumentKit.swiftmodule /Users/admin/builder/spi-builder-workspace/.derivedData/Build/Products/Debug-watchos/MarkdownDocumentKit.swiftmodule/arm64-apple-watchos.swiftmodule
Copy /Users/admin/builder/spi-builder-workspace/.derivedData/Build/Products/Debug-watchos/MarkdownDocumentKit.swiftmodule/arm64-apple-watchos.swiftdoc /Users/admin/builder/spi-builder-workspace/.derivedData/Build/Intermediates.noindex/MarkdownDocumentKit.build/Debug-watchos/MarkdownDocumentKit.build/Objects-normal/arm64/MarkdownDocumentKit.swiftdoc (in target 'MarkdownDocumentKit' from project 'MarkdownDocumentKit')
cd /Users/admin/builder/spi-builder-workspace
builtin-copy -exclude .DS_Store -exclude CVS -exclude .svn -exclude .git -exclude .hg -resolve-src-symlinks -rename /Users/admin/builder/spi-builder-workspace/.derivedData/Build/Intermediates.noindex/MarkdownDocumentKit.build/Debug-watchos/MarkdownDocumentKit.build/Objects-normal/arm64/MarkdownDocumentKit.swiftdoc /Users/admin/builder/spi-builder-workspace/.derivedData/Build/Products/Debug-watchos/MarkdownDocumentKit.swiftmodule/arm64-apple-watchos.swiftdoc
Copy /Users/admin/builder/spi-builder-workspace/.derivedData/Build/Products/Debug-watchos/MarkdownDocumentKit.swiftmodule/arm64-apple-watchos.abi.json /Users/admin/builder/spi-builder-workspace/.derivedData/Build/Intermediates.noindex/MarkdownDocumentKit.build/Debug-watchos/MarkdownDocumentKit.build/Objects-normal/arm64/MarkdownDocumentKit.abi.json (in target 'MarkdownDocumentKit' from project 'MarkdownDocumentKit')
cd /Users/admin/builder/spi-builder-workspace
builtin-copy -exclude .DS_Store -exclude CVS -exclude .svn -exclude .git -exclude .hg -resolve-src-symlinks -rename /Users/admin/builder/spi-builder-workspace/.derivedData/Build/Intermediates.noindex/MarkdownDocumentKit.build/Debug-watchos/MarkdownDocumentKit.build/Objects-normal/arm64/MarkdownDocumentKit.abi.json /Users/admin/builder/spi-builder-workspace/.derivedData/Build/Products/Debug-watchos/MarkdownDocumentKit.swiftmodule/arm64-apple-watchos.abi.json
Copy /Users/admin/builder/spi-builder-workspace/.derivedData/Build/Products/Debug-watchos/MarkdownDocumentKit.swiftmodule/Project/arm64_32-apple-watchos.swiftsourceinfo /Users/admin/builder/spi-builder-workspace/.derivedData/Build/Intermediates.noindex/MarkdownDocumentKit.build/Debug-watchos/MarkdownDocumentKit.build/Objects-normal/arm64_32/MarkdownDocumentKit.swiftsourceinfo (in target 'MarkdownDocumentKit' from project 'MarkdownDocumentKit')
cd /Users/admin/builder/spi-builder-workspace
builtin-copy -exclude .DS_Store -exclude CVS -exclude .svn -exclude .git -exclude .hg -resolve-src-symlinks -rename /Users/admin/builder/spi-builder-workspace/.derivedData/Build/Intermediates.noindex/MarkdownDocumentKit.build/Debug-watchos/MarkdownDocumentKit.build/Objects-normal/arm64_32/MarkdownDocumentKit.swiftsourceinfo /Users/admin/builder/spi-builder-workspace/.derivedData/Build/Products/Debug-watchos/MarkdownDocumentKit.swiftmodule/Project/arm64_32-apple-watchos.swiftsourceinfo
Copy /Users/admin/builder/spi-builder-workspace/.derivedData/Build/Products/Debug-watchos/MarkdownDocumentKit.swiftmodule/Project/arm64-apple-watchos.swiftsourceinfo /Users/admin/builder/spi-builder-workspace/.derivedData/Build/Intermediates.noindex/MarkdownDocumentKit.build/Debug-watchos/MarkdownDocumentKit.build/Objects-normal/arm64/MarkdownDocumentKit.swiftsourceinfo (in target 'MarkdownDocumentKit' from project 'MarkdownDocumentKit')
cd /Users/admin/builder/spi-builder-workspace
builtin-copy -exclude .DS_Store -exclude CVS -exclude .svn -exclude .git -exclude .hg -resolve-src-symlinks -rename /Users/admin/builder/spi-builder-workspace/.derivedData/Build/Intermediates.noindex/MarkdownDocumentKit.build/Debug-watchos/MarkdownDocumentKit.build/Objects-normal/arm64/MarkdownDocumentKit.swiftsourceinfo /Users/admin/builder/spi-builder-workspace/.derivedData/Build/Products/Debug-watchos/MarkdownDocumentKit.swiftmodule/Project/arm64-apple-watchos.swiftsourceinfo
SwiftCompile normal arm64 Compiling\ TableRenderer.swift /Users/admin/builder/spi-builder-workspace/Sources/MarkdownDocumentKit/TableRenderer.swift (in target 'MarkdownDocumentKit' from project 'MarkdownDocumentKit')
SwiftCompile normal arm64 /Users/admin/builder/spi-builder-workspace/Sources/MarkdownDocumentKit/TableRenderer.swift (in target 'MarkdownDocumentKit' from project 'MarkdownDocumentKit')
cd /Users/admin/builder/spi-builder-workspace/.swiftpm/xcode
SwiftCompile normal arm64_32 Compiling\ TableAttachment.swift /Users/admin/builder/spi-builder-workspace/Sources/MarkdownDocumentKit/TableAttachment.swift (in target 'MarkdownDocumentKit' from project 'MarkdownDocumentKit')
SwiftCompile normal arm64_32 /Users/admin/builder/spi-builder-workspace/Sources/MarkdownDocumentKit/TableAttachment.swift (in target 'MarkdownDocumentKit' from project 'MarkdownDocumentKit')
cd /Users/admin/builder/spi-builder-workspace/.swiftpm/xcode
SwiftDriverJobDiscovery normal arm64 Compiling ImageRenderer.swift, MarkdownDocumentKit.swift (in target 'MarkdownDocumentKit' from project 'MarkdownDocumentKit')
SwiftCompile normal arm64_32 Compiling\ WordDocumentExporter.swift /Users/admin/builder/spi-builder-workspace/Sources/MarkdownDocumentKit/WordDocumentExporter.swift (in target 'MarkdownDocumentKit' from project 'MarkdownDocumentKit')
SwiftCompile normal arm64_32 /Users/admin/builder/spi-builder-workspace/Sources/MarkdownDocumentKit/WordDocumentExporter.swift (in target 'MarkdownDocumentKit' from project 'MarkdownDocumentKit')
cd /Users/admin/builder/spi-builder-workspace/.swiftpm/xcode
SwiftDriverJobDiscovery normal arm64_32 Compiling ImageRenderer.swift, MarkdownDocumentKit.swift (in target 'MarkdownDocumentKit' from project 'MarkdownDocumentKit')
SwiftCompile normal arm64 Compiling\ PDFRenderer.swift /Users/admin/builder/spi-builder-workspace/Sources/MarkdownDocumentKit/PDFRenderer.swift (in target 'MarkdownDocumentKit' from project 'MarkdownDocumentKit')
SwiftCompile normal arm64 /Users/admin/builder/spi-builder-workspace/Sources/MarkdownDocumentKit/PDFRenderer.swift (in target 'MarkdownDocumentKit' from project 'MarkdownDocumentKit')
cd /Users/admin/builder/spi-builder-workspace/.swiftpm/xcode
SwiftDriverJobDiscovery normal arm64 Compiling DocumentTheme.swift, FormulaRenderer.swift (in target 'MarkdownDocumentKit' from project 'MarkdownDocumentKit')
SwiftCompile normal arm64 Compiling\ PlatformTypes.swift /Users/admin/builder/spi-builder-workspace/Sources/MarkdownDocumentKit/PlatformTypes.swift (in target 'MarkdownDocumentKit' from project 'MarkdownDocumentKit')
SwiftCompile normal arm64 /Users/admin/builder/spi-builder-workspace/Sources/MarkdownDocumentKit/PlatformTypes.swift (in target 'MarkdownDocumentKit' from project 'MarkdownDocumentKit')
cd /Users/admin/builder/spi-builder-workspace/.swiftpm/xcode
SwiftDriverJobDiscovery normal arm64 Compiling CRC32.swift, DiagramRenderer.swift (in target 'MarkdownDocumentKit' from project 'MarkdownDocumentKit')
SwiftCompile normal arm64_32 Compiling\ DocumentTheme.swift,\ FormulaRenderer.swift /Users/admin/builder/spi-builder-workspace/Sources/MarkdownDocumentKit/DocumentTheme.swift /Users/admin/builder/spi-builder-workspace/Sources/MarkdownDocumentKit/FormulaRenderer.swift (in target 'MarkdownDocumentKit' from project 'MarkdownDocumentKit')
SwiftCompile normal arm64_32 /Users/admin/builder/spi-builder-workspace/Sources/MarkdownDocumentKit/DocumentTheme.swift (in target 'MarkdownDocumentKit' from project 'MarkdownDocumentKit')
cd /Users/admin/builder/spi-builder-workspace/.swiftpm/xcode
/Users/admin/builder/spi-builder-workspace/Sources/MarkdownDocumentKit/DocumentTheme.swift:145:23: warning: static property 'default' is not concurrency-safe because non-'Sendable' type 'DocumentTheme' may have shared mutable state; this is an error in the Swift 6 language mode
public static let `default` = DocumentTheme(
^
/Users/admin/builder/spi-builder-workspace/Sources/MarkdownDocumentKit/DocumentTheme.swift:19:15: note: consider making struct 'DocumentTheme' conform to the 'Sendable' protocol
public struct DocumentTheme {
^
: Sendable
/Users/admin/builder/spi-builder-workspace/Sources/MarkdownDocumentKit/DocumentTheme.swift:145:23: note: add '@MainActor' to make static property 'default' part of global actor 'MainActor'
public static let `default` = DocumentTheme(
^
@MainActor
/Users/admin/builder/spi-builder-workspace/Sources/MarkdownDocumentKit/DocumentTheme.swift:145:23: note: disable concurrency-safety checks if accesses are protected by an external synchronization mechanism
public static let `default` = DocumentTheme(
^
nonisolated(unsafe)
/Users/admin/builder/spi-builder-workspace/Sources/MarkdownDocumentKit/DocumentTheme.swift:212:24: warning: static property 'neutralFallbackTint' is not concurrency-safe because non-'Sendable' type 'DocumentTheme.CalloutTint' may have shared mutable state; this is an error in the Swift 6 language mode
private static let neutralFallbackTint = CalloutTint(
^
/Users/admin/builder/spi-builder-workspace/Sources/MarkdownDocumentKit/DocumentTheme.swift:23:19: note: consider making struct 'CalloutTint' conform to the 'Sendable' protocol
public struct CalloutTint {
^
: Sendable
/Users/admin/builder/spi-builder-workspace/Sources/MarkdownDocumentKit/DocumentTheme.swift:212:24: note: add '@MainActor' to make static property 'neutralFallbackTint' part of global actor 'MainActor'
private static let neutralFallbackTint = CalloutTint(
^
@MainActor
/Users/admin/builder/spi-builder-workspace/Sources/MarkdownDocumentKit/DocumentTheme.swift:212:24: note: disable concurrency-safety checks if accesses are protected by an external synchronization mechanism
private static let neutralFallbackTint = CalloutTint(
^
nonisolated(unsafe)
SwiftCompile normal arm64_32 /Users/admin/builder/spi-builder-workspace/Sources/MarkdownDocumentKit/FormulaRenderer.swift (in target 'MarkdownDocumentKit' from project 'MarkdownDocumentKit')
cd /Users/admin/builder/spi-builder-workspace/.swiftpm/xcode
SwiftDriverJobDiscovery normal arm64_32 Compiling CRC32.swift, DiagramRenderer.swift (in target 'MarkdownDocumentKit' from project 'MarkdownDocumentKit')
SwiftCompile normal arm64_32 Compiling\ PlatformTypes.swift /Users/admin/builder/spi-builder-workspace/Sources/MarkdownDocumentKit/PlatformTypes.swift (in target 'MarkdownDocumentKit' from project 'MarkdownDocumentKit')
Failed frontend command:
/Applications/Xcode-16.3.0.app/Contents/Developer/Toolchains/XcodeDefault.xctoolchain/usr/bin/swift-frontend -frontend -c /Users/admin/builder/spi-builder-workspace/Sources/MarkdownDocumentKit/CRC32.swift /Users/admin/builder/spi-builder-workspace/Sources/MarkdownDocumentKit/DiagramRenderer.swift /Users/admin/builder/spi-builder-workspace/Sources/MarkdownDocumentKit/DocumentBlock.swift /Users/admin/builder/spi-builder-workspace/Sources/MarkdownDocumentKit/DocumentRenderer.swift /Users/admin/builder/spi-builder-workspace/Sources/MarkdownDocumentKit/DocumentTheme.swift /Users/admin/builder/spi-builder-workspace/Sources/MarkdownDocumentKit/FormulaRenderer.swift /Users/admin/builder/spi-builder-workspace/Sources/MarkdownDocumentKit/ImageRenderer.swift /Users/admin/builder/spi-builder-workspace/Sources/MarkdownDocumentKit/MarkdownDocumentKit.swift /Users/admin/builder/spi-builder-workspace/Sources/MarkdownDocumentKit/MinimalZipArchive.swift /Users/admin/builder/spi-builder-workspace/Sources/MarkdownDocumentKit/OOXMLTableWriter.swift /Users/admin/builder/spi-builder-workspace/Sources/MarkdownDocumentKit/PDFRenderer.swift -primary-file /Users/admin/builder/spi-builder-workspace/Sources/MarkdownDocumentKit/PlatformTypes.swift /Users/admin/builder/spi-builder-workspace/Sources/MarkdownDocumentKit/TableAttachment.swift /Users/admin/builder/spi-builder-workspace/Sources/MarkdownDocumentKit/TableRenderer.swift /Users/admin/builder/spi-builder-workspace/Sources/MarkdownDocumentKit/WordDocumentExporter.swift -emit-dependencies-path /Users/admin/builder/spi-builder-workspace/.derivedData/Build/Intermediates.noindex/MarkdownDocumentKit.build/Debug-watchos/MarkdownDocumentKit.build/Objects-normal/arm64_32/PlatformTypes.d -emit-const-values-path /Users/admin/builder/spi-builder-workspace/.derivedData/Build/Intermediates.noindex/MarkdownDocumentKit.build/Debug-watchos/MarkdownDocumentKit.build/Objects-normal/arm64_32/PlatformTypes.swiftconstvalues -emit-reference-dependencies-path /Users/admin/builder/spi-builder-workspace/.derivedData/Build/Intermediates.noindex/MarkdownDocumentKit.build/Debug-watchos/MarkdownDocumentKit.build/Objects-normal/arm64_32/PlatformTypes.swiftdeps -serialize-diagnostics-path /Users/admin/builder/spi-builder-workspace/.derivedData/Build/Intermediates.noindex/MarkdownDocumentKit.build/Debug-watchos/MarkdownDocumentKit.build/Objects-normal/arm64_32/PlatformTypes.dia -target arm64_32-apple-watchos9.0 -enable-objc-interop -sdk /Applications/Xcode-16.3.0.app/Contents/Developer/Platforms/WatchOS.platform/Developer/SDKs/WatchOS11.4.sdk -I /Users/admin/builder/spi-builder-workspace/.derivedData/Build/Products/Debug-watchos -I /Applications/Xcode-16.3.0.app/Contents/Developer/Platforms/WatchOS.platform/Developer/usr/lib -F /Users/admin/builder/spi-builder-workspace/.derivedData/Build/Products/Debug-watchos -F /Applications/Xcode-16.3.0.app/Contents/Developer/Platforms/WatchOS.platform/Developer/Library/Frameworks -F /Applications/Xcode-16.3.0.app/Contents/Developer/Platforms/WatchOS.platform/Developer/SDKs/WatchOS11.4.sdk/Developer/Library/Frameworks -no-color-diagnostics -enable-testing -g -debug-info-format\=dwarf -dwarf-version\=4 -module-cache-path /Users/admin/builder/spi-builder-workspace/.derivedData/ModuleCache.noindex -profile-generate -profile-coverage-mapping -swift-version 5 -enforce-exclusivity\=checked -stats-output-dir /Users/admin/builder/spi-builder-workspace/.swiftpm/xcode/.stats -Onone -D SWIFT_PACKAGE -D DEBUG -serialize-debugging-options -const-gather-protocols-file /Users/admin/builder/spi-builder-workspace/.derivedData/Build/Intermediates.noindex/MarkdownDocumentKit.build/Debug-watchos/MarkdownDocumentKit.build/Objects-normal/arm64_32/MarkdownDocumentKit_const_extract_protocols.json -enable-upcoming-feature StrictConcurrency -enable-upcoming-feature DisableOutwardActorInference -enable-upcoming-feature GlobalActorIsolatedTypesUsability -enable-upcoming-feature InferSendableFromCaptures -enable-experimental-feature DebugDescriptionMacro -strict-concurrency\=complete -empty-abi-descriptor -plugin-path /Applications/Xcode-16.3.0.app/Contents/Developer/Toolchains/XcodeDefault.xctoolchain/usr/lib/swift/host/plugins/testing -validate-clang-modules-once -clang-build-session-file /Users/admin/builder/spi-builder-workspace/.derivedData/ModuleCache.noindex/Session.modulevalidation -Xcc -working-directory -Xcc /Users/admin/builder/spi-builder-workspace/.swiftpm/xcode -resource-dir /Applications/Xcode-16.3.0.app/Contents/Developer/Toolchains/XcodeDefault.xctoolchain/usr/lib/swift -enable-anonymous-context-mangled-names -file-compilation-dir /Users/admin/builder/spi-builder-workspace/.swiftpm/xcode -Xcc -ivfsstatcache -Xcc /Users/admin/builder/spi-builder-workspace/.derivedData/SDKStatCaches.noindex/watchos11.4-22T246-43efb940ff07ba2497b70ec94253f576.sdkstatcache -Xcc -I/Users/admin/builder/spi-builder-workspace/.derivedData/Build/Intermediates.noindex/MarkdownDocumentKit.build/Debug-watchos/MarkdownDocumentKit.build/swift-overrides.hmap -Xcc -I/Users/admin/builder/spi-builder-workspace/.derivedData/Build/Products/Debug-watchos/include -Xcc -I/Users/admin/builder/spi-builder-workspace/.derivedData/Build/Intermediates.noindex/MarkdownDocumentKit.build/Debug-watchos/MarkdownDocumentKit.build/DerivedSources-normal/arm64_32 -Xcc -I/Users/admin/builder/spi-builder-workspace/.derivedData/Build/Intermediates.noindex/MarkdownDocumentKit.build/Debug-watchos/MarkdownDocumentKit.build/DerivedSources/arm64_32 -Xcc -I/Users/admin/builder/spi-builder-workspace/.derivedData/Build/Intermediates.noindex/MarkdownDocumentKit.build/Debug-watchos/MarkdownDocumentKit.build/DerivedSources -Xcc -DSWIFT_PACKAGE -Xcc -DDEBUG\=1 -module-name MarkdownDocumentKit -package-name spi_builder_workspace -frontend-parseable-output -disable-clang-spi -target-sdk-version 11.4 -target-sdk-name watchos11.4 -external-plugin-path /Applications/Xcode-16.3.0.app/Contents/Developer/Platforms/WatchOS.platform/Developer/usr/lib/swift/host/plugins\#/Applications/Xcode-16.3.0.app/Contents/Developer/Platforms/WatchOS.platform/Developer/usr/bin/swift-plugin-server -external-plugin-path /Applications/Xcode-16.3.0.app/Contents/Developer/Platforms/WatchOS.platform/Developer/usr/local/lib/swift/host/plugins\#/Applications/Xcode-16.3.0.app/Contents/Developer/Platforms/WatchOS.platform/Developer/usr/bin/swift-plugin-server -in-process-plugin-server-path /Applications/Xcode-16.3.0.app/Contents/Developer/Toolchains/XcodeDefault.xctoolchain/usr/lib/swift/host/libSwiftInProcPluginServer.dylib -plugin-path /Applications/Xcode-16.3.0.app/Contents/Developer/Toolchains/XcodeDefault.xctoolchain/usr/lib/swift/host/plugins -plugin-path /Applications/Xcode-16.3.0.app/Contents/Developer/Toolchains/XcodeDefault.xctoolchain/usr/local/lib/swift/host/plugins -o /Users/admin/builder/spi-builder-workspace/.derivedData/Build/Intermediates.noindex/MarkdownDocumentKit.build/Debug-watchos/MarkdownDocumentKit.build/Objects-normal/arm64_32/PlatformTypes.o -index-unit-output-path /MarkdownDocumentKit.build/Debug-watchos/MarkdownDocumentKit.build/Objects-normal/arm64_32/PlatformTypes.o -index-store-path /Users/admin/builder/spi-builder-workspace/.derivedData/Index.noindex/DataStore -index-system-modules
SwiftCompile normal arm64_32 /Users/admin/builder/spi-builder-workspace/Sources/MarkdownDocumentKit/PlatformTypes.swift (in target 'MarkdownDocumentKit' from project 'MarkdownDocumentKit')
cd /Users/admin/builder/spi-builder-workspace/.swiftpm/xcode
/Users/admin/builder/spi-builder-workspace/Sources/MarkdownDocumentKit/PlatformTypes.swift:48:17: error: type 'PlatformColor' (aka 'UIColor') has no member 'secondaryLabel'
return .secondaryLabel
~^~~~~~~~~~~~~~
/Users/admin/builder/spi-builder-workspace/Sources/MarkdownDocumentKit/PlatformTypes.swift:162:18: error: cannot find 'UIGraphicsImageRendererFormat' in scope
let format = UIGraphicsImageRendererFormat()
^~~~~~~~~~~~~~~~~~~~~~~~~~~~~
/Users/admin/builder/spi-builder-workspace/Sources/MarkdownDocumentKit/PlatformTypes.swift:164:20: error: cannot find 'UIGraphicsImageRenderer' in scope
let renderer = UIGraphicsImageRenderer(size: size, format: format)
^~~~~~~~~~~~~~~~~~~~~~~
SwiftDriverJobDiscovery normal arm64_32 Compiling DocumentBlock.swift, DocumentRenderer.swift (in target 'MarkdownDocumentKit' from project 'MarkdownDocumentKit')
SwiftCompile normal arm64 Compiling\ DocumentBlock.swift,\ DocumentRenderer.swift /Users/admin/builder/spi-builder-workspace/Sources/MarkdownDocumentKit/DocumentBlock.swift /Users/admin/builder/spi-builder-workspace/Sources/MarkdownDocumentKit/DocumentRenderer.swift (in target 'MarkdownDocumentKit' from project 'MarkdownDocumentKit')
SwiftCompile normal arm64 /Users/admin/builder/spi-builder-workspace/Sources/MarkdownDocumentKit/DocumentBlock.swift (in target 'MarkdownDocumentKit' from project 'MarkdownDocumentKit')
cd /Users/admin/builder/spi-builder-workspace/.swiftpm/xcode
SwiftCompile normal arm64 /Users/admin/builder/spi-builder-workspace/Sources/MarkdownDocumentKit/DocumentRenderer.swift (in target 'MarkdownDocumentKit' from project 'MarkdownDocumentKit')
cd /Users/admin/builder/spi-builder-workspace/.swiftpm/xcode
SwiftDriverJobDiscovery normal arm64_32 Compiling WordDocumentExporter.swift (in target 'MarkdownDocumentKit' from project 'MarkdownDocumentKit')
SwiftCompile normal arm64 Compiling\ MinimalZipArchive.swift,\ OOXMLTableWriter.swift /Users/admin/builder/spi-builder-workspace/Sources/MarkdownDocumentKit/MinimalZipArchive.swift /Users/admin/builder/spi-builder-workspace/Sources/MarkdownDocumentKit/OOXMLTableWriter.swift (in target 'MarkdownDocumentKit' from project 'MarkdownDocumentKit')
SwiftDriverJobDiscovery normal arm64_32 Compiling TableAttachment.swift (in target 'MarkdownDocumentKit' from project 'MarkdownDocumentKit')
SwiftDriverJobDiscovery normal arm64_32 Compiling DocumentTheme.swift, FormulaRenderer.swift (in target 'MarkdownDocumentKit' from project 'MarkdownDocumentKit')
SwiftDriverJobDiscovery normal arm64_32 Compiling PDFRenderer.swift (in target 'MarkdownDocumentKit' from project 'MarkdownDocumentKit')
** BUILD FAILED **
The following build commands failed:
SwiftCompile normal arm64_32 Compiling\ PlatformTypes.swift /Users/admin/builder/spi-builder-workspace/Sources/MarkdownDocumentKit/PlatformTypes.swift (in target 'MarkdownDocumentKit' from project 'MarkdownDocumentKit')
SwiftCompile normal arm64_32 /Users/admin/builder/spi-builder-workspace/Sources/MarkdownDocumentKit/PlatformTypes.swift (in target 'MarkdownDocumentKit' from project 'MarkdownDocumentKit')
Building workspace spi-builder-workspace with scheme MarkdownDocumentKit
(3 failures)
Command line invocation:
/Applications/Xcode-16.3.0.app/Contents/Developer/usr/bin/xcodebuild -IDEClonedSourcePackagesDirPathOverride=/Users/admin/builder/spi-builder-workspace/.dependencies -resolvePackageDependencies
Resolve Package Graph
Resolved source packages:
MarkdownDocumentKit: /Users/admin/builder/spi-builder-workspace
resolved source packages: MarkdownDocumentKit
{
"dependencies" : [
],
"manifest_display_name" : "MarkdownDocumentKit",
"name" : "MarkdownDocumentKit",
"path" : "/Users/admin/builder/spi-builder-workspace",
"platforms" : [
{
"name" : "ios",
"version" : "16.0"
},
{
"name" : "macos",
"version" : "13.0"
}
],
"products" : [
{
"name" : "MarkdownDocumentKit",
"targets" : [
"MarkdownDocumentKit"
],
"type" : {
"library" : [
"automatic"
]
}
}
],
"targets" : [
{
"c99name" : "MarkdownDocumentKitTests",
"module_type" : "SwiftTarget",
"name" : "MarkdownDocumentKitTests",
"path" : "Tests/MarkdownDocumentKitTests",
"sources" : [
"DocumentParserTests.swift",
"DocumentRendererTests.swift",
"DocumentThemeTests.swift",
"MarkdownDocumentKitTests.swift",
"MinimalZipArchiveTests.swift",
"PDFRendererTests.swift"
],
"target_dependencies" : [
"MarkdownDocumentKit"
],
"type" : "test"
},
{
"c99name" : "MarkdownDocumentKit",
"module_type" : "SwiftTarget",
"name" : "MarkdownDocumentKit",
"path" : "Sources/MarkdownDocumentKit",
"product_memberships" : [
"MarkdownDocumentKit"
],
"sources" : [
"CRC32.swift",
"DiagramRenderer.swift",
"DocumentBlock.swift",
"DocumentRenderer.swift",
"DocumentTheme.swift",
"FormulaRenderer.swift",
"ImageRenderer.swift",
"MarkdownDocumentKit.swift",
"MinimalZipArchive.swift",
"OOXMLTableWriter.swift",
"PDFRenderer.swift",
"PlatformTypes.swift",
"TableAttachment.swift",
"TableRenderer.swift",
"WordDocumentExporter.swift"
],
"type" : "library"
}
],
"tools_version" : "5.10"
}
{
"workspace" : {
"name" : "spi-builder-workspace",
"schemes" : [
"MarkdownDocumentKit"
]
}
}
Running build ...
env DEVELOPER_DIR=/Applications/Xcode-16.3.0.app xcrun xcodebuild -IDEClonedSourcePackagesDirPathOverride=$PWD/.dependencies -skipMacroValidation -skipPackagePluginValidation -derivedDataPath $PWD/.derivedData build -scheme MarkdownDocumentKit -destination generic/platform=watchOS
Command line invocation:
/Applications/Xcode-16.3.0.app/Contents/Developer/usr/bin/xcodebuild -IDEClonedSourcePackagesDirPathOverride=/Users/admin/builder/spi-builder-workspace/.dependencies -skipMacroValidation -skipPackagePluginValidation -derivedDataPath /Users/admin/builder/spi-builder-workspace/.derivedData build -scheme MarkdownDocumentKit -destination generic/platform=watchOS
Resolve Package Graph
Resolved source packages:
MarkdownDocumentKit: /Users/admin/builder/spi-builder-workspace
ComputePackagePrebuildTargetDependencyGraph
Prepare packages
CreateBuildRequest
SendProjectDescription
CreateBuildOperation
ComputeTargetDependencyGraph
note: Building targets in dependency order
note: Target dependency graph (2 targets)
Target 'MarkdownDocumentKit' in project 'MarkdownDocumentKit'
➜ Explicit dependency on target 'MarkdownDocumentKit' in project 'MarkdownDocumentKit'
Target 'MarkdownDocumentKit' in project 'MarkdownDocumentKit' (no dependencies)
GatherProvisioningInputs
CreateBuildDescription
ExecuteExternalTool /Applications/Xcode-16.3.0.app/Contents/Developer/Toolchains/XcodeDefault.xctoolchain/usr/bin/clang -v -E -dM -isysroot /Applications/Xcode-16.3.0.app/Contents/Developer/Platforms/WatchOS.platform/Developer/SDKs/WatchOS11.4.sdk -x c -c /dev/null
ExecuteExternalTool /Applications/Xcode-16.3.0.app/Contents/Developer/Toolchains/XcodeDefault.xctoolchain/usr/bin/swiftc --version
ExecuteExternalTool /Applications/Xcode-16.3.0.app/Contents/Developer/Toolchains/XcodeDefault.xctoolchain/usr/bin/ld -version_details
Build description signature: 3f9e556718545823a8b2167e8c556b3d
Build description path: /Users/admin/builder/spi-builder-workspace/.derivedData/Build/Intermediates.noindex/XCBuildData/3f9e556718545823a8b2167e8c556b3d.xcbuilddata
ClangStatCache /Applications/Xcode-16.3.0.app/Contents/Developer/Toolchains/XcodeDefault.xctoolchain/usr/bin/clang-stat-cache /Applications/Xcode-16.3.0.app/Contents/Developer/Platforms/WatchOS.platform/Developer/SDKs/WatchOS11.4.sdk /Users/admin/builder/spi-builder-workspace/.derivedData/SDKStatCaches.noindex/watchos11.4-22T246-43efb940ff07ba2497b70ec94253f576.sdkstatcache
cd /Users/admin/builder/spi-builder-workspace/.swiftpm/xcode
/Applications/Xcode-16.3.0.app/Contents/Developer/Toolchains/XcodeDefault.xctoolchain/usr/bin/clang-stat-cache /Applications/Xcode-16.3.0.app/Contents/Developer/Platforms/WatchOS.platform/Developer/SDKs/WatchOS11.4.sdk -o /Users/admin/builder/spi-builder-workspace/.derivedData/SDKStatCaches.noindex/watchos11.4-22T246-43efb940ff07ba2497b70ec94253f576.sdkstatcache
SwiftDriver MarkdownDocumentKit normal arm64 com.apple.xcode.tools.swift.compiler (in target 'MarkdownDocumentKit' from project 'MarkdownDocumentKit')
cd /Users/admin/builder/spi-builder-workspace/.swiftpm/xcode
builtin-SwiftDriver -- /Applications/Xcode-16.3.0.app/Contents/Developer/Toolchains/XcodeDefault.xctoolchain/usr/bin/swiftc -module-name MarkdownDocumentKit -Onone -enforce-exclusivity\=checked @/Users/admin/builder/spi-builder-workspace/.derivedData/Build/Intermediates.noindex/MarkdownDocumentKit.build/Debug-watchos/MarkdownDocumentKit.build/Objects-normal/arm64/MarkdownDocumentKit.SwiftFileList -DSWIFT_PACKAGE -DDEBUG -DXcode -plugin-path /Applications/Xcode-16.3.0.app/Contents/Developer/Toolchains/XcodeDefault.xctoolchain/usr/lib/swift/host/plugins/testing -enable-experimental-feature DebugDescriptionMacro -sdk /Applications/Xcode-16.3.0.app/Contents/Developer/Platforms/WatchOS.platform/Developer/SDKs/WatchOS11.4.sdk -target arm64-apple-watchos9.0 -g -module-cache-path /Users/admin/builder/spi-builder-workspace/.derivedData/ModuleCache.noindex -Xfrontend -serialize-debugging-options -profile-coverage-mapping -profile-generate -enable-testing -index-store-path /Users/admin/builder/spi-builder-workspace/.derivedData/Index.noindex/DataStore -swift-version 5 -I /Users/admin/builder/spi-builder-workspace/.derivedData/Build/Products/Debug-watchos -I /Applications/Xcode-16.3.0.app/Contents/Developer/Platforms/WatchOS.platform/Developer/usr/lib -F /Users/admin/builder/spi-builder-workspace/.derivedData/Build/Products/Debug-watchos -F /Applications/Xcode-16.3.0.app/Contents/Developer/Platforms/WatchOS.platform/Developer/Library/Frameworks -F /Applications/Xcode-16.3.0.app/Contents/Developer/Platforms/WatchOS.platform/Developer/SDKs/WatchOS11.4.sdk/Developer/Library/Frameworks -c -j10 -enable-batch-mode -incremental -Xcc -ivfsstatcache -Xcc /Users/admin/builder/spi-builder-workspace/.derivedData/SDKStatCaches.noindex/watchos11.4-22T246-43efb940ff07ba2497b70ec94253f576.sdkstatcache -output-file-map /Users/admin/builder/spi-builder-workspace/.derivedData/Build/Intermediates.noindex/MarkdownDocumentKit.build/Debug-watchos/MarkdownDocumentKit.build/Objects-normal/arm64/MarkdownDocumentKit-OutputFileMap.json -use-frontend-parseable-output -save-temps -no-color-diagnostics -serialize-diagnostics -emit-dependencies -emit-module -emit-module-path /Users/admin/builder/spi-builder-workspace/.derivedData/Build/Intermediates.noindex/MarkdownDocumentKit.build/Debug-watchos/MarkdownDocumentKit.build/Objects-normal/arm64/MarkdownDocumentKit.swiftmodule -validate-clang-modules-once -clang-build-session-file /Users/admin/builder/spi-builder-workspace/.derivedData/ModuleCache.noindex/Session.modulevalidation -package-name spi_builder_workspace -Xcc -I/Users/admin/builder/spi-builder-workspace/.derivedData/Build/Intermediates.noindex/MarkdownDocumentKit.build/Debug-watchos/MarkdownDocumentKit.build/swift-overrides.hmap -emit-const-values -Xfrontend -const-gather-protocols-file -Xfrontend /Users/admin/builder/spi-builder-workspace/.derivedData/Build/Intermediates.noindex/MarkdownDocumentKit.build/Debug-watchos/MarkdownDocumentKit.build/Objects-normal/arm64/MarkdownDocumentKit_const_extract_protocols.json -Xcc -I/Users/admin/builder/spi-builder-workspace/.derivedData/Build/Products/Debug-watchos/include -Xcc -I/Users/admin/builder/spi-builder-workspace/.derivedData/Build/Intermediates.noindex/MarkdownDocumentKit.build/Debug-watchos/MarkdownDocumentKit.build/DerivedSources-normal/arm64 -Xcc -I/Users/admin/builder/spi-builder-workspace/.derivedData/Build/Intermediates.noindex/MarkdownDocumentKit.build/Debug-watchos/MarkdownDocumentKit.build/DerivedSources/arm64 -Xcc -I/Users/admin/builder/spi-builder-workspace/.derivedData/Build/Intermediates.noindex/MarkdownDocumentKit.build/Debug-watchos/MarkdownDocumentKit.build/DerivedSources -Xcc -DSWIFT_PACKAGE -Xcc -DDEBUG\=1 -emit-objc-header -emit-objc-header-path /Users/admin/builder/spi-builder-workspace/.derivedData/Build/Intermediates.noindex/MarkdownDocumentKit.build/Debug-watchos/MarkdownDocumentKit.build/Objects-normal/arm64/MarkdownDocumentKit-Swift.h -working-directory /Users/admin/builder/spi-builder-workspace/.swiftpm/xcode -experimental-emit-module-separately -disable-cmo
SwiftDriver MarkdownDocumentKit normal arm64_32 com.apple.xcode.tools.swift.compiler (in target 'MarkdownDocumentKit' from project 'MarkdownDocumentKit')
cd /Users/admin/builder/spi-builder-workspace/.swiftpm/xcode
builtin-SwiftDriver -- /Applications/Xcode-16.3.0.app/Contents/Developer/Toolchains/XcodeDefault.xctoolchain/usr/bin/swiftc -module-name MarkdownDocumentKit -Onone -enforce-exclusivity\=checked @/Users/admin/builder/spi-builder-workspace/.derivedData/Build/Intermediates.noindex/MarkdownDocumentKit.build/Debug-watchos/MarkdownDocumentKit.build/Objects-normal/arm64_32/MarkdownDocumentKit.SwiftFileList -DSWIFT_PACKAGE -DDEBUG -DXcode -plugin-path /Applications/Xcode-16.3.0.app/Contents/Developer/Toolchains/XcodeDefault.xctoolchain/usr/lib/swift/host/plugins/testing -enable-experimental-feature DebugDescriptionMacro -sdk /Applications/Xcode-16.3.0.app/Contents/Developer/Platforms/WatchOS.platform/Developer/SDKs/WatchOS11.4.sdk -target arm64_32-apple-watchos9.0 -g -module-cache-path /Users/admin/builder/spi-builder-workspace/.derivedData/ModuleCache.noindex -Xfrontend -serialize-debugging-options -profile-coverage-mapping -profile-generate -enable-testing -index-store-path /Users/admin/builder/spi-builder-workspace/.derivedData/Index.noindex/DataStore -swift-version 5 -I /Users/admin/builder/spi-builder-workspace/.derivedData/Build/Products/Debug-watchos -I /Applications/Xcode-16.3.0.app/Contents/Developer/Platforms/WatchOS.platform/Developer/usr/lib -F /Users/admin/builder/spi-builder-workspace/.derivedData/Build/Products/Debug-watchos -F /Applications/Xcode-16.3.0.app/Contents/Developer/Platforms/WatchOS.platform/Developer/Library/Frameworks -F /Applications/Xcode-16.3.0.app/Contents/Developer/Platforms/WatchOS.platform/Developer/SDKs/WatchOS11.4.sdk/Developer/Library/Frameworks -c -j10 -enable-batch-mode -incremental -Xcc -ivfsstatcache -Xcc /Users/admin/builder/spi-builder-workspace/.derivedData/SDKStatCaches.noindex/watchos11.4-22T246-43efb940ff07ba2497b70ec94253f576.sdkstatcache -output-file-map /Users/admin/builder/spi-builder-workspace/.derivedData/Build/Intermediates.noindex/MarkdownDocumentKit.build/Debug-watchos/MarkdownDocumentKit.build/Objects-normal/arm64_32/MarkdownDocumentKit-OutputFileMap.json -use-frontend-parseable-output -save-temps -no-color-diagnostics -serialize-diagnostics -emit-dependencies -emit-module -emit-module-path /Users/admin/builder/spi-builder-workspace/.derivedData/Build/Intermediates.noindex/MarkdownDocumentKit.build/Debug-watchos/MarkdownDocumentKit.build/Objects-normal/arm64_32/MarkdownDocumentKit.swiftmodule -validate-clang-modules-once -clang-build-session-file /Users/admin/builder/spi-builder-workspace/.derivedData/ModuleCache.noindex/Session.modulevalidation -package-name spi_builder_workspace -Xcc -I/Users/admin/builder/spi-builder-workspace/.derivedData/Build/Intermediates.noindex/MarkdownDocumentKit.build/Debug-watchos/MarkdownDocumentKit.build/swift-overrides.hmap -emit-const-values -Xfrontend -const-gather-protocols-file -Xfrontend /Users/admin/builder/spi-builder-workspace/.derivedData/Build/Intermediates.noindex/MarkdownDocumentKit.build/Debug-watchos/MarkdownDocumentKit.build/Objects-normal/arm64_32/MarkdownDocumentKit_const_extract_protocols.json -Xcc -I/Users/admin/builder/spi-builder-workspace/.derivedData/Build/Products/Debug-watchos/include -Xcc -I/Users/admin/builder/spi-builder-workspace/.derivedData/Build/Intermediates.noindex/MarkdownDocumentKit.build/Debug-watchos/MarkdownDocumentKit.build/DerivedSources-normal/arm64_32 -Xcc -I/Users/admin/builder/spi-builder-workspace/.derivedData/Build/Intermediates.noindex/MarkdownDocumentKit.build/Debug-watchos/MarkdownDocumentKit.build/DerivedSources/arm64_32 -Xcc -I/Users/admin/builder/spi-builder-workspace/.derivedData/Build/Intermediates.noindex/MarkdownDocumentKit.build/Debug-watchos/MarkdownDocumentKit.build/DerivedSources -Xcc -DSWIFT_PACKAGE -Xcc -DDEBUG\=1 -emit-objc-header -emit-objc-header-path /Users/admin/builder/spi-builder-workspace/.derivedData/Build/Intermediates.noindex/MarkdownDocumentKit.build/Debug-watchos/MarkdownDocumentKit.build/Objects-normal/arm64_32/MarkdownDocumentKit-Swift.h -working-directory /Users/admin/builder/spi-builder-workspace/.swiftpm/xcode -experimental-emit-module-separately -disable-cmo
SwiftCompile normal arm64 Compiling\ MinimalZipArchive.swift,\ OOXMLTableWriter.swift /Users/admin/builder/spi-builder-workspace/Sources/MarkdownDocumentKit/MinimalZipArchive.swift /Users/admin/builder/spi-builder-workspace/Sources/MarkdownDocumentKit/OOXMLTableWriter.swift (in target 'MarkdownDocumentKit' from project 'MarkdownDocumentKit')
SwiftCompile normal arm64 /Users/admin/builder/spi-builder-workspace/Sources/MarkdownDocumentKit/MinimalZipArchive.swift (in target 'MarkdownDocumentKit' from project 'MarkdownDocumentKit')
cd /Users/admin/builder/spi-builder-workspace/.swiftpm/xcode
SwiftCompile normal arm64 /Users/admin/builder/spi-builder-workspace/Sources/MarkdownDocumentKit/OOXMLTableWriter.swift (in target 'MarkdownDocumentKit' from project 'MarkdownDocumentKit')
cd /Users/admin/builder/spi-builder-workspace/.swiftpm/xcode
SwiftCompile normal arm64 Compiling\ DocumentBlock.swift,\ DocumentRenderer.swift /Users/admin/builder/spi-builder-workspace/Sources/MarkdownDocumentKit/DocumentBlock.swift /Users/admin/builder/spi-builder-workspace/Sources/MarkdownDocumentKit/DocumentRenderer.swift (in target 'MarkdownDocumentKit' from project 'MarkdownDocumentKit')
SwiftCompile normal arm64 /Users/admin/builder/spi-builder-workspace/Sources/MarkdownDocumentKit/DocumentBlock.swift (in target 'MarkdownDocumentKit' from project 'MarkdownDocumentKit')
cd /Users/admin/builder/spi-builder-workspace/.swiftpm/xcode
SwiftCompile normal arm64 /Users/admin/builder/spi-builder-workspace/Sources/MarkdownDocumentKit/DocumentRenderer.swift (in target 'MarkdownDocumentKit' from project 'MarkdownDocumentKit')
cd /Users/admin/builder/spi-builder-workspace/.swiftpm/xcode
SwiftCompile normal arm64 Compiling\ DocumentTheme.swift,\ FormulaRenderer.swift /Users/admin/builder/spi-builder-workspace/Sources/MarkdownDocumentKit/DocumentTheme.swift /Users/admin/builder/spi-builder-workspace/Sources/MarkdownDocumentKit/FormulaRenderer.swift (in target 'MarkdownDocumentKit' from project 'MarkdownDocumentKit')
SwiftCompile normal arm64 /Users/admin/builder/spi-builder-workspace/Sources/MarkdownDocumentKit/DocumentTheme.swift (in target 'MarkdownDocumentKit' from project 'MarkdownDocumentKit')
cd /Users/admin/builder/spi-builder-workspace/.swiftpm/xcode
SwiftCompile normal arm64 /Users/admin/builder/spi-builder-workspace/Sources/MarkdownDocumentKit/FormulaRenderer.swift (in target 'MarkdownDocumentKit' from project 'MarkdownDocumentKit')
cd /Users/admin/builder/spi-builder-workspace/.swiftpm/xcode
SwiftCompile normal arm64 Compiling\ ImageRenderer.swift,\ MarkdownDocumentKit.swift /Users/admin/builder/spi-builder-workspace/Sources/MarkdownDocumentKit/ImageRenderer.swift /Users/admin/builder/spi-builder-workspace/Sources/MarkdownDocumentKit/MarkdownDocumentKit.swift (in target 'MarkdownDocumentKit' from project 'MarkdownDocumentKit')
SwiftCompile normal arm64 /Users/admin/builder/spi-builder-workspace/Sources/MarkdownDocumentKit/ImageRenderer.swift (in target 'MarkdownDocumentKit' from project 'MarkdownDocumentKit')
cd /Users/admin/builder/spi-builder-workspace/.swiftpm/xcode
SwiftCompile normal arm64 /Users/admin/builder/spi-builder-workspace/Sources/MarkdownDocumentKit/MarkdownDocumentKit.swift (in target 'MarkdownDocumentKit' from project 'MarkdownDocumentKit')
cd /Users/admin/builder/spi-builder-workspace/.swiftpm/xcode
SwiftCompile normal arm64 Compiling\ CRC32.swift,\ DiagramRenderer.swift /Users/admin/builder/spi-builder-workspace/Sources/MarkdownDocumentKit/CRC32.swift /Users/admin/builder/spi-builder-workspace/Sources/MarkdownDocumentKit/DiagramRenderer.swift (in target 'MarkdownDocumentKit' from project 'MarkdownDocumentKit')
SwiftCompile normal arm64 /Users/admin/builder/spi-builder-workspace/Sources/MarkdownDocumentKit/CRC32.swift (in target 'MarkdownDocumentKit' from project 'MarkdownDocumentKit')
cd /Users/admin/builder/spi-builder-workspace/.swiftpm/xcode
SwiftCompile normal arm64 /Users/admin/builder/spi-builder-workspace/Sources/MarkdownDocumentKit/DiagramRenderer.swift (in target 'MarkdownDocumentKit' from project 'MarkdownDocumentKit')
cd /Users/admin/builder/spi-builder-workspace/.swiftpm/xcode
SwiftEmitModule normal arm64 Emitting\ module\ for\ MarkdownDocumentKit (in target 'MarkdownDocumentKit' from project 'MarkdownDocumentKit')
EmitSwiftModule normal arm64 (in target 'MarkdownDocumentKit' from project 'MarkdownDocumentKit')
cd /Users/admin/builder/spi-builder-workspace/.swiftpm/xcode
SwiftCompile normal arm64 Compiling\ PlatformTypes.swift /Users/admin/builder/spi-builder-workspace/Sources/MarkdownDocumentKit/PlatformTypes.swift (in target 'MarkdownDocumentKit' from project 'MarkdownDocumentKit')
Failed frontend command:
/Applications/Xcode-16.3.0.app/Contents/Developer/Toolchains/XcodeDefault.xctoolchain/usr/bin/swift-frontend -frontend -c /Users/admin/builder/spi-builder-workspace/Sources/MarkdownDocumentKit/CRC32.swift /Users/admin/builder/spi-builder-workspace/Sources/MarkdownDocumentKit/DiagramRenderer.swift /Users/admin/builder/spi-builder-workspace/Sources/MarkdownDocumentKit/DocumentBlock.swift /Users/admin/builder/spi-builder-workspace/Sources/MarkdownDocumentKit/DocumentRenderer.swift /Users/admin/builder/spi-builder-workspace/Sources/MarkdownDocumentKit/DocumentTheme.swift /Users/admin/builder/spi-builder-workspace/Sources/MarkdownDocumentKit/FormulaRenderer.swift /Users/admin/builder/spi-builder-workspace/Sources/MarkdownDocumentKit/ImageRenderer.swift /Users/admin/builder/spi-builder-workspace/Sources/MarkdownDocumentKit/MarkdownDocumentKit.swift /Users/admin/builder/spi-builder-workspace/Sources/MarkdownDocumentKit/MinimalZipArchive.swift /Users/admin/builder/spi-builder-workspace/Sources/MarkdownDocumentKit/OOXMLTableWriter.swift /Users/admin/builder/spi-builder-workspace/Sources/MarkdownDocumentKit/PDFRenderer.swift -primary-file /Users/admin/builder/spi-builder-workspace/Sources/MarkdownDocumentKit/PlatformTypes.swift /Users/admin/builder/spi-builder-workspace/Sources/MarkdownDocumentKit/TableAttachment.swift /Users/admin/builder/spi-builder-workspace/Sources/MarkdownDocumentKit/TableRenderer.swift /Users/admin/builder/spi-builder-workspace/Sources/MarkdownDocumentKit/WordDocumentExporter.swift -emit-dependencies-path /Users/admin/builder/spi-builder-workspace/.derivedData/Build/Intermediates.noindex/MarkdownDocumentKit.build/Debug-watchos/MarkdownDocumentKit.build/Objects-normal/arm64/PlatformTypes.d -emit-const-values-path /Users/admin/builder/spi-builder-workspace/.derivedData/Build/Intermediates.noindex/MarkdownDocumentKit.build/Debug-watchos/MarkdownDocumentKit.build/Objects-normal/arm64/PlatformTypes.swiftconstvalues -emit-reference-dependencies-path /Users/admin/builder/spi-builder-workspace/.derivedData/Build/Intermediates.noindex/MarkdownDocumentKit.build/Debug-watchos/MarkdownDocumentKit.build/Objects-normal/arm64/PlatformTypes.swiftdeps -serialize-diagnostics-path /Users/admin/builder/spi-builder-workspace/.derivedData/Build/Intermediates.noindex/MarkdownDocumentKit.build/Debug-watchos/MarkdownDocumentKit.build/Objects-normal/arm64/PlatformTypes.dia -target arm64-apple-watchos9.0 -Xllvm -aarch64-use-tbi -enable-objc-interop -stack-check -sdk /Applications/Xcode-16.3.0.app/Contents/Developer/Platforms/WatchOS.platform/Developer/SDKs/WatchOS11.4.sdk -I /Users/admin/builder/spi-builder-workspace/.derivedData/Build/Products/Debug-watchos -I /Applications/Xcode-16.3.0.app/Contents/Developer/Platforms/WatchOS.platform/Developer/usr/lib -F /Users/admin/builder/spi-builder-workspace/.derivedData/Build/Products/Debug-watchos -F /Applications/Xcode-16.3.0.app/Contents/Developer/Platforms/WatchOS.platform/Developer/Library/Frameworks -F /Applications/Xcode-16.3.0.app/Contents/Developer/Platforms/WatchOS.platform/Developer/SDKs/WatchOS11.4.sdk/Developer/Library/Frameworks -no-color-diagnostics -enable-testing -g -debug-info-format\=dwarf -dwarf-version\=4 -module-cache-path /Users/admin/builder/spi-builder-workspace/.derivedData/ModuleCache.noindex -profile-generate -profile-coverage-mapping -swift-version 5 -enforce-exclusivity\=checked -Onone -D SWIFT_PACKAGE -D DEBUG -D Xcode -serialize-debugging-options -const-gather-protocols-file /Users/admin/builder/spi-builder-workspace/.derivedData/Build/Intermediates.noindex/MarkdownDocumentKit.build/Debug-watchos/MarkdownDocumentKit.build/Objects-normal/arm64/MarkdownDocumentKit_const_extract_protocols.json -enable-experimental-feature DebugDescriptionMacro -empty-abi-descriptor -plugin-path /Applications/Xcode-16.3.0.app/Contents/Developer/Toolchains/XcodeDefault.xctoolchain/usr/lib/swift/host/plugins/testing -validate-clang-modules-once -clang-build-session-file /Users/admin/builder/spi-builder-workspace/.derivedData/ModuleCache.noindex/Session.modulevalidation -Xcc -working-directory -Xcc /Users/admin/builder/spi-builder-workspace/.swiftpm/xcode -resource-dir /Applications/Xcode-16.3.0.app/Contents/Developer/Toolchains/XcodeDefault.xctoolchain/usr/lib/swift -enable-anonymous-context-mangled-names -file-compilation-dir /Users/admin/builder/spi-builder-workspace/.swiftpm/xcode -Xcc -ivfsstatcache -Xcc /Users/admin/builder/spi-builder-workspace/.derivedData/SDKStatCaches.noindex/watchos11.4-22T246-43efb940ff07ba2497b70ec94253f576.sdkstatcache -Xcc -I/Users/admin/builder/spi-builder-workspace/.derivedData/Build/Intermediates.noindex/MarkdownDocumentKit.build/Debug-watchos/MarkdownDocumentKit.build/swift-overrides.hmap -Xcc -I/Users/admin/builder/spi-builder-workspace/.derivedData/Build/Products/Debug-watchos/include -Xcc -I/Users/admin/builder/spi-builder-workspace/.derivedData/Build/Intermediates.noindex/MarkdownDocumentKit.build/Debug-watchos/MarkdownDocumentKit.build/DerivedSources-normal/arm64 -Xcc -I/Users/admin/builder/spi-builder-workspace/.derivedData/Build/Intermediates.noindex/MarkdownDocumentKit.build/Debug-watchos/MarkdownDocumentKit.build/DerivedSources/arm64 -Xcc -I/Users/admin/builder/spi-builder-workspace/.derivedData/Build/Intermediates.noindex/MarkdownDocumentKit.build/Debug-watchos/MarkdownDocumentKit.build/DerivedSources -Xcc -DSWIFT_PACKAGE -Xcc -DDEBUG\=1 -module-name MarkdownDocumentKit -package-name spi_builder_workspace -frontend-parseable-output -disable-clang-spi -target-sdk-version 11.4 -target-sdk-name watchos11.4 -external-plugin-path /Applications/Xcode-16.3.0.app/Contents/Developer/Platforms/WatchOS.platform/Developer/usr/lib/swift/host/plugins\#/Applications/Xcode-16.3.0.app/Contents/Developer/Platforms/WatchOS.platform/Developer/usr/bin/swift-plugin-server -external-plugin-path /Applications/Xcode-16.3.0.app/Contents/Developer/Platforms/WatchOS.platform/Developer/usr/local/lib/swift/host/plugins\#/Applications/Xcode-16.3.0.app/Contents/Developer/Platforms/WatchOS.platform/Developer/usr/bin/swift-plugin-server -in-process-plugin-server-path /Applications/Xcode-16.3.0.app/Contents/Developer/Toolchains/XcodeDefault.xctoolchain/usr/lib/swift/host/libSwiftInProcPluginServer.dylib -plugin-path /Applications/Xcode-16.3.0.app/Contents/Developer/Toolchains/XcodeDefault.xctoolchain/usr/lib/swift/host/plugins -plugin-path /Applications/Xcode-16.3.0.app/Contents/Developer/Toolchains/XcodeDefault.xctoolchain/usr/local/lib/swift/host/plugins -o /Users/admin/builder/spi-builder-workspace/.derivedData/Build/Intermediates.noindex/MarkdownDocumentKit.build/Debug-watchos/MarkdownDocumentKit.build/Objects-normal/arm64/PlatformTypes.o -index-unit-output-path /MarkdownDocumentKit.build/Debug-watchos/MarkdownDocumentKit.build/Objects-normal/arm64/PlatformTypes.o -index-store-path /Users/admin/builder/spi-builder-workspace/.derivedData/Index.noindex/DataStore -index-system-modules
SwiftCompile normal arm64 /Users/admin/builder/spi-builder-workspace/Sources/MarkdownDocumentKit/PlatformTypes.swift (in target 'MarkdownDocumentKit' from project 'MarkdownDocumentKit')
cd /Users/admin/builder/spi-builder-workspace/.swiftpm/xcode
/Users/admin/builder/spi-builder-workspace/Sources/MarkdownDocumentKit/PlatformTypes.swift:48:17: error: type 'PlatformColor' (aka 'UIColor') has no member 'secondaryLabel'
return .secondaryLabel
~^~~~~~~~~~~~~~
/Users/admin/builder/spi-builder-workspace/Sources/MarkdownDocumentKit/PlatformTypes.swift:162:18: error: cannot find 'UIGraphicsImageRendererFormat' in scope
let format = UIGraphicsImageRendererFormat()
^~~~~~~~~~~~~~~~~~~~~~~~~~~~~
/Users/admin/builder/spi-builder-workspace/Sources/MarkdownDocumentKit/PlatformTypes.swift:164:20: error: cannot find 'UIGraphicsImageRenderer' in scope
let renderer = UIGraphicsImageRenderer(size: size, format: format)
^~~~~~~~~~~~~~~~~~~~~~~
SwiftCompile normal arm64 Compiling\ TableAttachment.swift /Users/admin/builder/spi-builder-workspace/Sources/MarkdownDocumentKit/TableAttachment.swift (in target 'MarkdownDocumentKit' from project 'MarkdownDocumentKit')
SwiftCompile normal arm64 /Users/admin/builder/spi-builder-workspace/Sources/MarkdownDocumentKit/TableAttachment.swift (in target 'MarkdownDocumentKit' from project 'MarkdownDocumentKit')
cd /Users/admin/builder/spi-builder-workspace/.swiftpm/xcode
SwiftCompile normal arm64 Compiling\ PDFRenderer.swift /Users/admin/builder/spi-builder-workspace/Sources/MarkdownDocumentKit/PDFRenderer.swift (in target 'MarkdownDocumentKit' from project 'MarkdownDocumentKit')
SwiftCompile normal arm64 /Users/admin/builder/spi-builder-workspace/Sources/MarkdownDocumentKit/PDFRenderer.swift (in target 'MarkdownDocumentKit' from project 'MarkdownDocumentKit')
cd /Users/admin/builder/spi-builder-workspace/.swiftpm/xcode
SwiftCompile normal arm64 Compiling\ TableRenderer.swift /Users/admin/builder/spi-builder-workspace/Sources/MarkdownDocumentKit/TableRenderer.swift (in target 'MarkdownDocumentKit' from project 'MarkdownDocumentKit')
SwiftCompile normal arm64 /Users/admin/builder/spi-builder-workspace/Sources/MarkdownDocumentKit/TableRenderer.swift (in target 'MarkdownDocumentKit' from project 'MarkdownDocumentKit')
cd /Users/admin/builder/spi-builder-workspace/.swiftpm/xcode
SwiftEmitModule normal arm64_32 Emitting\ module\ for\ MarkdownDocumentKit (in target 'MarkdownDocumentKit' from project 'MarkdownDocumentKit')
EmitSwiftModule normal arm64_32 (in target 'MarkdownDocumentKit' from project 'MarkdownDocumentKit')
cd /Users/admin/builder/spi-builder-workspace/.swiftpm/xcode
SwiftDriverJobDiscovery normal arm64 Compiling MinimalZipArchive.swift, OOXMLTableWriter.swift (in target 'MarkdownDocumentKit' from project 'MarkdownDocumentKit')
SwiftCompile normal arm64_32 Compiling\ DocumentTheme.swift,\ FormulaRenderer.swift /Users/admin/builder/spi-builder-workspace/Sources/MarkdownDocumentKit/DocumentTheme.swift /Users/admin/builder/spi-builder-workspace/Sources/MarkdownDocumentKit/FormulaRenderer.swift (in target 'MarkdownDocumentKit' from project 'MarkdownDocumentKit')
SwiftCompile normal arm64_32 /Users/admin/builder/spi-builder-workspace/Sources/MarkdownDocumentKit/DocumentTheme.swift (in target 'MarkdownDocumentKit' from project 'MarkdownDocumentKit')
cd /Users/admin/builder/spi-builder-workspace/.swiftpm/xcode
SwiftCompile normal arm64_32 /Users/admin/builder/spi-builder-workspace/Sources/MarkdownDocumentKit/FormulaRenderer.swift (in target 'MarkdownDocumentKit' from project 'MarkdownDocumentKit')
cd /Users/admin/builder/spi-builder-workspace/.swiftpm/xcode
SwiftDriverJobDiscovery normal arm64 Compiling ImageRenderer.swift, MarkdownDocumentKit.swift (in target 'MarkdownDocumentKit' from project 'MarkdownDocumentKit')
SwiftCompile normal arm64_32 Compiling\ PlatformTypes.swift /Users/admin/builder/spi-builder-workspace/Sources/MarkdownDocumentKit/PlatformTypes.swift (in target 'MarkdownDocumentKit' from project 'MarkdownDocumentKit')
SwiftCompile normal arm64_32 /Users/admin/builder/spi-builder-workspace/Sources/MarkdownDocumentKit/PlatformTypes.swift (in target 'MarkdownDocumentKit' from project 'MarkdownDocumentKit')
cd /Users/admin/builder/spi-builder-workspace/.swiftpm/xcode
SwiftDriverJobDiscovery normal arm64 Compiling DocumentTheme.swift, FormulaRenderer.swift (in target 'MarkdownDocumentKit' from project 'MarkdownDocumentKit')
SwiftCompile normal arm64_32 Compiling\ DocumentBlock.swift,\ DocumentRenderer.swift /Users/admin/builder/spi-builder-workspace/Sources/MarkdownDocumentKit/DocumentBlock.swift /Users/admin/builder/spi-builder-workspace/Sources/MarkdownDocumentKit/DocumentRenderer.swift (in target 'MarkdownDocumentKit' from project 'MarkdownDocumentKit')
SwiftDriverJobDiscovery normal arm64 Compiling CRC32.swift, DiagramRenderer.swift (in target 'MarkdownDocumentKit' from project 'MarkdownDocumentKit')
SwiftCompile normal arm64_32 Compiling\ PDFRenderer.swift /Users/admin/builder/spi-builder-workspace/Sources/MarkdownDocumentKit/PDFRenderer.swift (in target 'MarkdownDocumentKit' from project 'MarkdownDocumentKit')
Command SwiftCompile failed with a nonzero exit code
** BUILD FAILED **
The following build commands failed:
SwiftCompile normal arm64 Compiling\ PlatformTypes.swift /Users/admin/builder/spi-builder-workspace/Sources/MarkdownDocumentKit/PlatformTypes.swift (in target 'MarkdownDocumentKit' from project 'MarkdownDocumentKit')
SwiftCompile normal arm64 /Users/admin/builder/spi-builder-workspace/Sources/MarkdownDocumentKit/PlatformTypes.swift (in target 'MarkdownDocumentKit' from project 'MarkdownDocumentKit')
SwiftCompile normal arm64_32 Compiling\ PDFRenderer.swift /Users/admin/builder/spi-builder-workspace/Sources/MarkdownDocumentKit/PDFRenderer.swift (in target 'MarkdownDocumentKit' from project 'MarkdownDocumentKit')
Building workspace spi-builder-workspace with scheme MarkdownDocumentKit
(4 failures)
BUILD FAILURE 6.1 watchOS