The Swift Package Index logo.Swift Package Index

Build Information

Failed to build GeoTrackKit, reference 1.1.0 (06d76d), with Swift 6.4 for tvOS using Xcode 27.0 on 18 Sep 2026 10:22:23 UTC.

Build Command

env DEVELOPER_DIR=/Applications/Xcode-27.0.0-Release.Candidate.app xcrun xcodebuild -IDEClonedSourcePackagesDirPathOverride=$PWD/.dependencies -skipMacroValidation -skipPackagePluginValidation -derivedDataPath $PWD/.derivedData build -scheme GeoTrackKit-Package -destination generic/platform=tvOS

Build Log

========================================
RunAll
========================================
Builder version: 5.1.0
Interrupt handler set up.
========================================
Checkout
========================================
Clone URL: https://github.com/intere/GeoTrackKit.git
Reference: 1.1.0
Initialized empty Git repository in /Users/admin/builder/spi-builder-workspace/.git/
From https://github.com/intere/GeoTrackKit
 * tag               1.1.0      -> FETCH_HEAD
HEAD is now at 06d76d1 :bug: fixes the issues with SPM.
Cloned https://github.com/intere/GeoTrackKit.git
Revision (git rev-parse @):
06d76d1b52bfd4a96dbdb3c6d73fee4c09abd865
SUCCESS checkout https://github.com/intere/GeoTrackKit.git at 1.1.0
========================================
Build
========================================
Selected platform:         tvOS
Swift version:             6.4
Building package at path:  $PWD
https://github.com/intere/GeoTrackKit.git
Command line invocation:
    /Applications/Xcode-27.0.0-Release.Candidate.app/Contents/Developer/usr/bin/xcodebuild -IDEClonedSourcePackagesDirPathOverride=/Users/admin/builder/spi-builder-workspace/.dependencies -resolvePackageDependencies
resolved source packages:
{
  "dependencies" : [
  ],
  "manifest_display_name" : "GeoTrackKit",
  "name" : "GeoTrackKit",
  "path" : "/Users/admin/builder/spi-builder-workspace",
  "platforms" : [
    {
      "name" : "ios",
      "version" : "9.0"
    }
  ],
  "products" : [
    {
      "name" : "GeoTrackKit",
      "targets" : [
        "GeoTrackKit"
      ],
      "type" : {
        "library" : [
          "automatic"
        ]
      }
    }
  ],
  "targets" : [
    {
      "c99name" : "GeoTrackKitTests",
      "module_type" : "SwiftTarget",
      "name" : "GeoTrackKitTests",
      "path" : "Tests/GeoTrackKitTests",
      "sources" : [
        "GeoTrackKitTests.swift"
      ],
      "target_dependencies" : [
        "GeoTrackKit"
      ],
      "type" : "test"
    },
    {
      "c99name" : "GeoTrackKit",
      "module_type" : "SwiftTarget",
      "name" : "GeoTrackKit",
      "path" : "Sources/GeoTrackKit",
      "product_memberships" : [
        "GeoTrackKit"
      ],
      "sources" : [
        "Core/Extension/CLLocationExtension.swift",
        "Core/Extension/DateExtension.swift",
        "Core/Extension/Notifiable.swift",
        "Core/Extension/NumberExtensions.swift",
        "Core/GeoTrackAnalyzer.swift",
        "Core/GeoTrackEvent.swift",
        "Core/GeoTrackEventLog.swift",
        "Core/GeoTrackKitErrors.swift",
        "Core/GeoTrackManager.swift",
        "Core/GeoTrackService.swift",
        "Core/GeoTrackState.swift",
        "Core/LoggingFunctions.swift",
        "Core/Map/DefaultMapZoom.swift",
        "Core/Map/GeoTrackMap.swift",
        "Core/Map/UIModels/UIGeoTrack.swift",
        "Core/Map/ZoomDefining.swift",
        "Core/Models/Analyze/Leg.swift",
        "Core/Models/GeoTrack+Utilities.swift",
        "Core/Models/GeoTrack.swift",
        "Core/Models/GeoTrackLocationEvent.swift",
        "Core/PointFilterOptions.swift",
        "GeoTrackKit.swift",
        "HealthKit/ActivityService.swift"
      ],
      "type" : "library"
    }
  ],
  "tools_version" : "5.5"
}
{
  "project" : {
    "configurations" : [
      "Debug",
      "Release"
    ],
    "name" : "GeoTrackKit",
    "schemes" : [
      "GeoTrackKit-Package"
    ],
    "targets" : [
      "GeoTrackKit",
      "GeoTrackKitPackageDescription",
      "GeoTrackKitPackageTests",
      "GeoTrackKitTests"
    ]
  }
}
Running build ...
env DEVELOPER_DIR=/Applications/Xcode-27.0.0-Release.Candidate.app xcrun xcodebuild -IDEClonedSourcePackagesDirPathOverride=$PWD/.dependencies -skipMacroValidation -skipPackagePluginValidation -derivedDataPath $PWD/.derivedData build -scheme GeoTrackKit-Package -destination generic/platform=tvOS
Command line invocation:
    /Applications/Xcode-27.0.0-Release.Candidate.app/Contents/Developer/usr/bin/xcodebuild -IDEClonedSourcePackagesDirPathOverride=/Users/admin/builder/spi-builder-workspace/.dependencies -skipMacroValidation -skipPackagePluginValidation -derivedDataPath /Users/admin/builder/spi-builder-workspace/.derivedData build -scheme GeoTrackKit-Package -destination generic/platform=tvOS
ComputePackagePrebuildTargetDependencyGraph
Prepare packages
CreateBuildRequest
SendProjectDescription
CreateBuildOperation
ComputeTargetDependencyGraph
note: Building targets in dependency order
note: Target dependency graph (1 target)
    Target 'GeoTrackKit' in project 'GeoTrackKit' (no dependencies)
GatherProvisioningInputs
CreateBuildDescription
ExecuteExternalTool /Applications/Xcode-27.0.0-Release.Candidate.app/Contents/Developer/Toolchains/XcodeDefault.xctoolchain/usr/bin/clang -v -E -dM -isysroot /Applications/Xcode-27.0.0-Release.Candidate.app/Contents/Developer/Platforms/AppleTVOS.platform/Developer/SDKs/AppleTVOS27.0.sdk -x c -c /dev/null
ExecuteExternalTool /Applications/Xcode-27.0.0-Release.Candidate.app/Contents/Developer/Toolchains/XcodeDefault.xctoolchain/usr/bin/swiftc --version
ExecuteExternalTool /Applications/Xcode-27.0.0-Release.Candidate.app/Contents/Developer/Toolchains/XcodeDefault.xctoolchain/usr/bin/ld -version_details
Build description signature: 243944e622590de06b649bd2e01d92dc
Build description path: /Users/admin/builder/spi-builder-workspace/.derivedData/Build/Intermediates.noindex/XCBuildData/243944e622590de06b649bd2e01d92dc.xcbuilddata
/Users/admin/builder/spi-builder-workspace/GeoTrackKit.xcodeproj: error: The tvOS deployment target 'TVOS_DEPLOYMENT_TARGET' is set to 9.0, but the range of supported deployment target versions is 15.0 to 27.0.x. (in target 'GeoTrackKit' from project 'GeoTrackKit')
** BUILD FAILED **
The following build commands failed:
	Building project GeoTrackKit with scheme GeoTrackKit-Package
(1 failure)
Command line invocation:
    /Applications/Xcode-27.0.0-Release.Candidate.app/Contents/Developer/usr/bin/xcodebuild -IDEClonedSourcePackagesDirPathOverride=/Users/admin/builder/spi-builder-workspace/.dependencies -resolvePackageDependencies
resolved source packages:
{
  "dependencies" : [
  ],
  "manifest_display_name" : "GeoTrackKit",
  "name" : "GeoTrackKit",
  "path" : "/Users/admin/builder/spi-builder-workspace",
  "platforms" : [
    {
      "name" : "ios",
      "version" : "9.0"
    }
  ],
  "products" : [
    {
      "name" : "GeoTrackKit",
      "targets" : [
        "GeoTrackKit"
      ],
      "type" : {
        "library" : [
          "automatic"
        ]
      }
    }
  ],
  "targets" : [
    {
      "c99name" : "GeoTrackKitTests",
      "module_type" : "SwiftTarget",
      "name" : "GeoTrackKitTests",
      "path" : "Tests/GeoTrackKitTests",
      "sources" : [
        "GeoTrackKitTests.swift"
      ],
      "target_dependencies" : [
        "GeoTrackKit"
      ],
      "type" : "test"
    },
    {
      "c99name" : "GeoTrackKit",
      "module_type" : "SwiftTarget",
      "name" : "GeoTrackKit",
      "path" : "Sources/GeoTrackKit",
      "product_memberships" : [
        "GeoTrackKit"
      ],
      "sources" : [
        "Core/Extension/CLLocationExtension.swift",
        "Core/Extension/DateExtension.swift",
        "Core/Extension/Notifiable.swift",
        "Core/Extension/NumberExtensions.swift",
        "Core/GeoTrackAnalyzer.swift",
        "Core/GeoTrackEvent.swift",
        "Core/GeoTrackEventLog.swift",
        "Core/GeoTrackKitErrors.swift",
        "Core/GeoTrackManager.swift",
        "Core/GeoTrackService.swift",
        "Core/GeoTrackState.swift",
        "Core/LoggingFunctions.swift",
        "Core/Map/DefaultMapZoom.swift",
        "Core/Map/GeoTrackMap.swift",
        "Core/Map/UIModels/UIGeoTrack.swift",
        "Core/Map/ZoomDefining.swift",
        "Core/Models/Analyze/Leg.swift",
        "Core/Models/GeoTrack+Utilities.swift",
        "Core/Models/GeoTrack.swift",
        "Core/Models/GeoTrackLocationEvent.swift",
        "Core/PointFilterOptions.swift",
        "GeoTrackKit.swift",
        "HealthKit/ActivityService.swift"
      ],
      "type" : "library"
    }
  ],
  "tools_version" : "5.5"
}
{
  "project" : {
    "configurations" : [
      "Debug",
      "Release"
    ],
    "name" : "GeoTrackKit",
    "schemes" : [
      "GeoTrackKit-Package"
    ],
    "targets" : [
      "GeoTrackKit",
      "GeoTrackKitPackageDescription",
      "GeoTrackKitPackageTests",
      "GeoTrackKitTests"
    ]
  }
}
Running build ...
env DEVELOPER_DIR=/Applications/Xcode-27.0.0-Release.Candidate.app xcrun xcodebuild -IDEClonedSourcePackagesDirPathOverride=$PWD/.dependencies -skipMacroValidation -skipPackagePluginValidation -derivedDataPath $PWD/.derivedData build -scheme GeoTrackKit-Package -destination generic/platform=tvOS
Command line invocation:
    /Applications/Xcode-27.0.0-Release.Candidate.app/Contents/Developer/usr/bin/xcodebuild -IDEClonedSourcePackagesDirPathOverride=/Users/admin/builder/spi-builder-workspace/.dependencies -skipMacroValidation -skipPackagePluginValidation -derivedDataPath /Users/admin/builder/spi-builder-workspace/.derivedData build -scheme GeoTrackKit-Package -destination generic/platform=tvOS
ComputePackagePrebuildTargetDependencyGraph
Prepare packages
CreateBuildRequest
SendProjectDescription
CreateBuildOperation
ComputeTargetDependencyGraph
note: Building targets in dependency order
note: Target dependency graph (1 target)
    Target 'GeoTrackKit' in project 'GeoTrackKit' (no dependencies)
GatherProvisioningInputs
CreateBuildDescription
/Users/admin/builder/spi-builder-workspace/GeoTrackKit.xcodeproj: error: The tvOS deployment target 'TVOS_DEPLOYMENT_TARGET' is set to 9.0, but the range of supported deployment target versions is 15.0 to 27.0.x. (in target 'GeoTrackKit' from project 'GeoTrackKit')
** BUILD FAILED **
The following build commands failed:
	Building project GeoTrackKit with scheme GeoTrackKit-Package
(1 failure)
BUILD FAILURE 6.4 tvOS