The Swift Package Index logo.Swift Package Index

Build Information

Failed to build console-kit, reference 4.5.0 (a7e67a), with Swift 6.4 for Wasm on 20 Sep 2026 04:38:42 UTC.

Build Command

bash -c docker run --pull=always --rm -v "checkouts-54344847-0":/host -w "$PWD" -e JAVA_HOME="/root/.sdkman/candidates/java/current" -e SPI_BUILD="1" -e SPI_PROCESSING="1" registry.gitlab.com/saguaro1/spi-images:wasm-6.4-latest swift build --swift-sdk swift-6.4.x-DEVELOPMENT-SNAPSHOT-2026-09-04-a_wasm 2>&1

Build Log

========================================
RunAll
========================================
Builder version: 5.1.0
Interrupt handler set up.
========================================
Checkout
========================================
Clone URL: https://github.com/swifweb/console-kit.git
Reference: 4.5.0
Initialized empty Git repository in /host/spi-builder-workspace/.git/
hint: Using 'master' as the name for the initial branch. This default branch name
hint: is subject to change. To configure the initial branch name to use in all
hint: of your new repositories, which will suppress this warning, call:
hint:
hint: 	git config --global init.defaultBranch <name>
hint:
hint: Names commonly chosen instead of 'master' are 'main', 'trunk' and
hint: 'development'. The just-created branch can be renamed via this command:
hint:
hint: 	git branch -m <name>
From https://github.com/swifweb/console-kit
 * tag               4.5.0      -> FETCH_HEAD
HEAD is now at a7e67a1 Update Supported Swift Versions (#169)
Cloned https://github.com/swifweb/console-kit.git
Revision (git rev-parse @):
a7e67a1719933318b5ab7eaaed355cde020465b1
SUCCESS checkout https://github.com/swifweb/console-kit.git at 4.5.0
========================================
Build
========================================
Selected platform:         wasm
Swift version:             6.4
Building package at path:  $PWD
https://github.com/swifweb/console-kit.git
Running build ...
bash -c docker run --pull=always --rm -v "checkouts-54344847-0":/host -w "$PWD" -e JAVA_HOME="/root/.sdkman/candidates/java/current" -e SPI_BUILD="1" -e SPI_PROCESSING="1" registry.gitlab.com/saguaro1/spi-images:wasm-6.4-latest swift build --swift-sdk swift-6.4.x-DEVELOPMENT-SNAPSHOT-2026-09-04-a_wasm 2>&1
wasm-6.4-latest: Pulling from saguaro1/spi-images
Digest: sha256:4328fdb43c680d205c1d6761b1e3267aa38277eefdda9ddfb17b6a0f1a77857a
Status: Image is up to date for registry.gitlab.com/saguaro1/spi-images:wasm-6.4-latest
Fetching https://github.com/apple/swift-log.git
[1/8096] Fetching swift-log
Fetched https://github.com/apple/swift-log.git (0.51s)
Computing version for https://github.com/apple/swift-log.git
Computed https://github.com/apple/swift-log.git at 1.15.1 (0.72s)
Creating working copy for https://github.com/apple/swift-log.git
Working copy of https://github.com/apple/swift-log.git resolved at 1.15.1
warning: 'spi-builder-workspace': 'ConsoleKitExample' was identified as an executable target given the presence of a 'main' file. Starting with tools version 5.4.0 executable targets should be declared as 'executableTarget()'
warning: 'spi-builder-workspace': 'ConsoleKitExample' was identified as an executable target given the presence of a 'main' file. Starting with tools version 5.4.0 executable targets should be declared as 'executableTarget()'
Building for debugging...
[Pre-planning 1 / 154]
[41 / 66] Logging
[42 / 66] Logging
[50 / 76] ConsoleKit
[53 / 76] ConsoleKit
[55 / 76] ConsoleKit
error: SwiftCompile normal wasm32 /host/spi-builder-workspace/Sources/ConsoleKit/Activity/ProgressBar.swift failed with a nonzero exit code. Command line:     cd /host
    builtin-SwiftPerFileCompile ProgressBar.swift
error: SwiftCompile normal wasm32 /host/spi-builder-workspace/Sources/ConsoleKit/Clear/Console+Clear.swift failed with a nonzero exit code. Command line:     cd /host
    builtin-SwiftPerFileCompile Console+Clear.swift
error: SwiftCompile normal wasm32 /host/spi-builder-workspace/Sources/ConsoleKit/Clear/Console+Ephemeral.swift failed with a nonzero exit code. Command line:     cd /host
    builtin-SwiftPerFileCompile Console+Ephemeral.swift
error: SwiftCompile normal wasm32 /host/spi-builder-workspace/Sources/ConsoleKit/Clear/ConsoleClear.swift failed with a nonzero exit code. Command line:     cd /host
    builtin-SwiftPerFileCompile ConsoleClear.swift
error: SwiftCompile normal wasm32 /host/spi-builder-workspace/Sources/ConsoleKit/Command/AnyCommand.swift failed with a nonzero exit code. Command line:     cd /host
    builtin-SwiftPerFileCompile AnyCommand.swift
error: SwiftCompile normal wasm32 /host/spi-builder-workspace/Sources/ConsoleKit/Command/Argument.swift failed with a nonzero exit code. Command line:     cd /host
    builtin-SwiftPerFileCompile Argument.swift
[56 / 77] Logging
/host/spi-builder-workspace/Sources/ConsoleKit/Activity/ActivityIndicator.swift:1:8: error: no such module 'Dispatch'
  1 | import Dispatch
    |        `- error: no such module 'Dispatch'
  2 | #if os(Linux) || os(Android)
  3 | import Glibc
Failed frontend command:
/usr/bin/swift-frontend -frontend -c /host/spi-builder-workspace/Sources/ConsoleKit/Activity/ActivityBar.swift /host/spi-builder-workspace/Sources/ConsoleKit/Activity/ActivityIndicator.swift /host/spi-builder-workspace/Sources/ConsoleKit/Activity/ActivityIndicatorRenderer.swift /host/spi-builder-workspace/Sources/ConsoleKit/Activity/ActivityIndicatorState.swift /host/spi-builder-workspace/Sources/ConsoleKit/Activity/CustomActivity.swift /host/spi-builder-workspace/Sources/ConsoleKit/Activity/LoadingBar.swift -primary-file /host/spi-builder-workspace/Sources/ConsoleKit/Activity/ProgressBar.swift -primary-file /host/spi-builder-workspace/Sources/ConsoleKit/Clear/Console+Clear.swift -primary-file /host/spi-builder-workspace/Sources/ConsoleKit/Clear/Console+Ephemeral.swift -primary-file /host/spi-builder-workspace/Sources/ConsoleKit/Clear/ConsoleClear.swift -primary-file /host/spi-builder-workspace/Sources/ConsoleKit/Command/AnyCommand.swift -primary-file /host/spi-builder-workspace/Sources/ConsoleKit/Command/Argument.swift /host/spi-builder-workspace/Sources/ConsoleKit/Command/Async/AnyAsyncCommand.swift /host/spi-builder-workspace/Sources/ConsoleKit/Command/Async/AsyncCommand.swift /host/spi-builder-workspace/Sources/ConsoleKit/Command/Async/AsyncCommandGroup.swift /host/spi-builder-workspace/Sources/ConsoleKit/Command/Async/AsyncCommands.swift /host/spi-builder-workspace/Sources/ConsoleKit/Command/Command.swift /host/spi-builder-workspace/Sources/ConsoleKit/Command/CommandContext.swift /host/spi-builder-workspace/Sources/ConsoleKit/Command/CommandError.swift /host/spi-builder-workspace/Sources/ConsoleKit/Command/CommandGroup.swift /host/spi-builder-workspace/Sources/ConsoleKit/Command/CommandInput.swift /host/spi-builder-workspace/Sources/ConsoleKit/Command/CommandSignature.swift /host/spi-builder-workspace/Sources/ConsoleKit/Command/Commands.swift /host/spi-builder-workspace/Sources/ConsoleKit/Command/Completion.swift /host/spi-builder-workspace/Sources/ConsoleKit/Command/Console+Run.swift /host/spi-builder-workspace/Sources/ConsoleKit/Command/Flag.swift /host/spi-builder-workspace/Sources/ConsoleKit/Command/Option.swift /host/spi-builder-workspace/Sources/ConsoleKit/Command/Utilities.swift /host/spi-builder-workspace/Sources/ConsoleKit/Console.swift /host/spi-builder-workspace/Sources/ConsoleKit/Input/Console+Ask.swift /host/spi-builder-workspace/Sources/ConsoleKit/Input/Console+Choose.swift /host/spi-builder-workspace/Sources/ConsoleKit/Input/Console+Confirm.swift /host/spi-builder-workspace/Sources/ConsoleKit/Input/Console+Input.swift /host/spi-builder-workspace/Sources/ConsoleKit/Output/Console+Center.swift /host/spi-builder-workspace/Sources/ConsoleKit/Output/Console+Output.swift /host/spi-builder-workspace/Sources/ConsoleKit/Output/Console+Wait.swift /host/spi-builder-workspace/Sources/ConsoleKit/Output/ConsoleColor.swift /host/spi-builder-workspace/Sources/ConsoleKit/Output/ConsoleStyle.swift /host/spi-builder-workspace/Sources/ConsoleKit/Output/ConsoleText.swift /host/spi-builder-workspace/Sources/ConsoleKit/Output/ConsoleTextFragment.swift /host/spi-builder-workspace/Sources/ConsoleKit/Terminal/ANSI.swift /host/spi-builder-workspace/Sources/ConsoleKit/Terminal/Terminal.swift /host/spi-builder-workspace/Sources/ConsoleKit/Terminal/readpassphrase_linux.swift /host/spi-builder-workspace/Sources/ConsoleKit/Utilities/ConsoleError.swift /host/spi-builder-workspace/Sources/ConsoleKit/Utilities/ConsoleLogger.swift /host/spi-builder-workspace/Sources/ConsoleKit/Utilities/GenerateAsyncAutocompleteCommand.swift /host/spi-builder-workspace/Sources/ConsoleKit/Utilities/GenerateAutocompleteCommand.swift /host/spi-builder-workspace/Sources/ConsoleKit/Utilities/String+LevenshteinDistance.swift -supplementary-output-file-map /host/spi-builder-workspace/.build/out/Intermediates.noindex/console-kit.build/Debug-webassembly-wasm32/ConsoleKit-t.build/Objects-normal/wasm32/supplementaryOutputs-2 -target wasm32-unknown-wasip1 -disable-objc-interop -sdk /root/.swiftpm/swift-sdks/swift-6.4.x-DEVELOPMENT-SNAPSHOT-2026-09-04-a_wasm.artifactbundle/swift-6.4.x-DEVELOPMENT-SNAPSHOT-2026-09-04-a_wasm/wasm32-unknown-wasip1/WASI.sdk -sysroot /root/.swiftpm/swift-sdks/swift-6.4.x-DEVELOPMENT-SNAPSHOT-2026-09-04-a_wasm.artifactbundle/swift-6.4.x-DEVELOPMENT-SNAPSHOT-2026-09-04-a_wasm/wasm32-unknown-wasip1/WASI.sdk -I /host/spi-builder-workspace/.build/out/Products/Debug-webassembly-wasm32 -module-cache-path /host/spi-builder-workspace/.build/out/ModuleCache.noindex -color-diagnostics -Xcc -fcolor-diagnostics -enable-testing -g -debug-info-format\=dwarf -dwarf-version\=4 -swift-version 5 -Onone -D SWIFT_PACKAGE -D DEBUG -D SWIFT_MODULE_RESOURCE_BUNDLE_UNAVAILABLE -D Xcode -serialize-debugging-options -enable-experimental-feature DebugDescriptionMacro -empty-abi-descriptor -external-plugin-path /usr/lib/swift/host/plugins/testing\#/usr/bin/swift-plugin-server -validate-clang-modules-once -clang-build-session-file /host/spi-builder-workspace/.build/out/ModuleCache.noindex/Session.modulevalidation -Xcc -working-directory -Xcc /host -resource-dir /root/.swiftpm/swift-sdks/swift-6.4.x-DEVELOPMENT-SNAPSHOT-2026-09-04-a_wasm.artifactbundle/swift-6.4.x-DEVELOPMENT-SNAPSHOT-2026-09-04-a_wasm/wasm32-unknown-wasip1/swift.xctoolchain/usr/lib/swift_static -use-static-resource-dir -enable-anonymous-context-mangled-names -file-compilation-dir /host -Xcc -resource-dir -Xcc /root/.swiftpm/swift-sdks/swift-6.4.x-DEVELOPMENT-SNAPSHOT-2026-09-04-a_wasm.artifactbundle/swift-6.4.x-DEVELOPMENT-SNAPSHOT-2026-09-04-a_wasm/wasm32-unknown-wasip1/swift.xctoolchain/usr/lib/swift_static/clang -Xcc -D_LIBCPP_HARDENING_MODE\=_LIBCPP_HARDENING_MODE_DEBUG -Xcc -fmodules-prune-interval\=86400 -Xcc -fmodules-prune-after\=345600 -Xcc -I/host/spi-builder-workspace/.build/out/Products/Debug-webassembly-wasm32/include -Xcc -I/host/spi-builder-workspace/.build/out/Intermediates.noindex/console-kit.build/Debug-webassembly-wasm32/ConsoleKit-t.build/DerivedSources-normal/wasm32 -Xcc -I/host/spi-builder-workspace/.build/out/Intermediates.noindex/console-kit.build/Debug-webassembly-wasm32/ConsoleKit-t.build/DerivedSources/wasm32 -Xcc -I/host/spi-builder-workspace/.build/out/Intermediates.noindex/console-kit.build/Debug-webassembly-wasm32/ConsoleKit-t.build/DerivedSources -Xcc -DSWIFT_PACKAGE -Xcc -DDEBUG\=1 -no-auto-bridging-header-chaining -module-name ConsoleKit -const-gather-protocols-file /host/spi-builder-workspace/.build/out/Intermediates.noindex/console-kit.build/Debug-webassembly-wasm32/ConsoleKit-t.build/Objects-normal/wasm32/ConsoleKit_const_extract_protocols.json -in-process-plugin-server-path /usr/lib/swift/host/libSwiftInProcPluginServer.so -plugin-path /usr/lib/swift/host/plugins -plugin-path /usr/local/lib/swift/host/plugins -parse-as-library -o /host/spi-builder-workspace/.build/out/Intermediates.noindex/console-kit.build/Debug-webassembly-wasm32/ConsoleKit-t.build/Objects-normal/wasm32/ProgressBar.o -o /host/spi-builder-workspace/.build/out/Intermediates.noindex/console-kit.build/Debug-webassembly-wasm32/ConsoleKit-t.build/Objects-normal/wasm32/Console+Clear.o -o /host/spi-builder-workspace/.build/out/Intermediates.noindex/console-kit.build/Debug-webassembly-wasm32/ConsoleKit-t.build/Objects-normal/wasm32/Console+Ephemeral.o -o /host/spi-builder-workspace/.build/out/Intermediates.noindex/console-kit.build/Debug-webassembly-wasm32/ConsoleKit-t.build/Objects-normal/wasm32/ConsoleClear.o -o /host/spi-builder-workspace/.build/out/Intermediates.noindex/console-kit.build/Debug-webassembly-wasm32/ConsoleKit-t.build/Objects-normal/wasm32/AnyCommand.o -o /host/spi-builder-workspace/.build/out/Intermediates.noindex/console-kit.build/Debug-webassembly-wasm32/ConsoleKit-t.build/Objects-normal/wasm32/Argument.o -index-unit-output-path /console-kit.build/Debug-webassembly-wasm32/ConsoleKit-t.build/Objects-normal/wasm32/ProgressBar.o -index-unit-output-path /console-kit.build/Debug-webassembly-wasm32/ConsoleKit-t.build/Objects-normal/wasm32/Console+Clear.o -index-unit-output-path /console-kit.build/Debug-webassembly-wasm32/ConsoleKit-t.build/Objects-normal/wasm32/Console+Ephemeral.o -index-unit-output-path /console-kit.build/Debug-webassembly-wasm32/ConsoleKit-t.build/Objects-normal/wasm32/ConsoleClear.o -index-unit-output-path /console-kit.build/Debug-webassembly-wasm32/ConsoleKit-t.build/Objects-normal/wasm32/AnyCommand.o -index-unit-output-path /console-kit.build/Debug-webassembly-wasm32/ConsoleKit-t.build/Objects-normal/wasm32/Argument.o -index-store-path /host/spi-builder-workspace/.build/out -index-system-modules
error: SwiftCompile normal wasm32 /host/spi-builder-workspace/Sources/ConsoleKit/Command/Async/AnyAsyncCommand.swift failed with a nonzero exit code. Command line:     cd /host
    builtin-SwiftPerFileCompile AnyAsyncCommand.swift
error: SwiftCompile normal wasm32 /host/spi-builder-workspace/Sources/ConsoleKit/Command/Async/AsyncCommand.swift failed with a nonzero exit code. Command line:     cd /host
    builtin-SwiftPerFileCompile AsyncCommand.swift
error: SwiftCompile normal wasm32 /host/spi-builder-workspace/Sources/ConsoleKit/Command/Async/AsyncCommandGroup.swift failed with a nonzero exit code. Command line:     cd /host
    builtin-SwiftPerFileCompile AsyncCommandGroup.swift
error: SwiftCompile normal wasm32 /host/spi-builder-workspace/Sources/ConsoleKit/Command/Async/AsyncCommands.swift failed with a nonzero exit code. Command line:     cd /host
    builtin-SwiftPerFileCompile AsyncCommands.swift
error: SwiftCompile normal wasm32 /host/spi-builder-workspace/Sources/ConsoleKit/Command/Command.swift failed with a nonzero exit code. Command line:     cd /host
    builtin-SwiftPerFileCompile Command.swift
error: SwiftCompile normal wasm32 /host/spi-builder-workspace/Sources/ConsoleKit/Command/CommandContext.swift failed with a nonzero exit code. Command line:     cd /host
    builtin-SwiftPerFileCompile CommandContext.swift
/host/spi-builder-workspace/Sources/ConsoleKit/Activity/ActivityIndicator.swift:1:8: error: no such module 'Dispatch'
  1 | import Dispatch
    |        `- error: no such module 'Dispatch'
  2 | #if os(Linux) || os(Android)
  3 | import Glibc
Failed frontend command:
/usr/bin/swift-frontend -frontend -c /host/spi-builder-workspace/Sources/ConsoleKit/Activity/ActivityBar.swift /host/spi-builder-workspace/Sources/ConsoleKit/Activity/ActivityIndicator.swift /host/spi-builder-workspace/Sources/ConsoleKit/Activity/ActivityIndicatorRenderer.swift /host/spi-builder-workspace/Sources/ConsoleKit/Activity/ActivityIndicatorState.swift /host/spi-builder-workspace/Sources/ConsoleKit/Activity/CustomActivity.swift /host/spi-builder-workspace/Sources/ConsoleKit/Activity/LoadingBar.swift /host/spi-builder-workspace/Sources/ConsoleKit/Activity/ProgressBar.swift /host/spi-builder-workspace/Sources/ConsoleKit/Clear/Console+Clear.swift /host/spi-builder-workspace/Sources/ConsoleKit/Clear/Console+Ephemeral.swift /host/spi-builder-workspace/Sources/ConsoleKit/Clear/ConsoleClear.swift /host/spi-builder-workspace/Sources/ConsoleKit/Command/AnyCommand.swift /host/spi-builder-workspace/Sources/ConsoleKit/Command/Argument.swift -primary-file /host/spi-builder-workspace/Sources/ConsoleKit/Command/Async/AnyAsyncCommand.swift -primary-file /host/spi-builder-workspace/Sources/ConsoleKit/Command/Async/AsyncCommand.swift -primary-file /host/spi-builder-workspace/Sources/ConsoleKit/Command/Async/AsyncCommandGroup.swift -primary-file /host/spi-builder-workspace/Sources/ConsoleKit/Command/Async/AsyncCommands.swift -primary-file /host/spi-builder-workspace/Sources/ConsoleKit/Command/Command.swift -primary-file /host/spi-builder-workspace/Sources/ConsoleKit/Command/CommandContext.swift /host/spi-builder-workspace/Sources/ConsoleKit/Command/CommandError.swift /host/spi-builder-workspace/Sources/ConsoleKit/Command/CommandGroup.swift /host/spi-builder-workspace/Sources/ConsoleKit/Command/CommandInput.swift /host/spi-builder-workspace/Sources/ConsoleKit/Command/CommandSignature.swift /host/spi-builder-workspace/Sources/ConsoleKit/Command/Commands.swift /host/spi-builder-workspace/Sources/ConsoleKit/Command/Completion.swift /host/spi-builder-workspace/Sources/ConsoleKit/Command/Console+Run.swift /host/spi-builder-workspace/Sources/ConsoleKit/Command/Flag.swift /host/spi-builder-workspace/Sources/ConsoleKit/Command/Option.swift /host/spi-builder-workspace/Sources/ConsoleKit/Command/Utilities.swift /host/spi-builder-workspace/Sources/ConsoleKit/Console.swift /host/spi-builder-workspace/Sources/ConsoleKit/Input/Console+Ask.swift /host/spi-builder-workspace/Sources/ConsoleKit/Input/Console+Choose.swift /host/spi-builder-workspace/Sources/ConsoleKit/Input/Console+Confirm.swift /host/spi-builder-workspace/Sources/ConsoleKit/Input/Console+Input.swift /host/spi-builder-workspace/Sources/ConsoleKit/Output/Console+Center.swift /host/spi-builder-workspace/Sources/ConsoleKit/Output/Console+Output.swift /host/spi-builder-workspace/Sources/ConsoleKit/Output/Console+Wait.swift /host/spi-builder-workspace/Sources/ConsoleKit/Output/ConsoleColor.swift /host/spi-builder-workspace/Sources/ConsoleKit/Output/ConsoleStyle.swift /host/spi-builder-workspace/Sources/ConsoleKit/Output/ConsoleText.swift /host/spi-builder-workspace/Sources/ConsoleKit/Output/ConsoleTextFragment.swift /host/spi-builder-workspace/Sources/ConsoleKit/Terminal/ANSI.swift /host/spi-builder-workspace/Sources/ConsoleKit/Terminal/Terminal.swift /host/spi-builder-workspace/Sources/ConsoleKit/Terminal/readpassphrase_linux.swift /host/spi-builder-workspace/Sources/ConsoleKit/Utilities/ConsoleError.swift /host/spi-builder-workspace/Sources/ConsoleKit/Utilities/ConsoleLogger.swift /host/spi-builder-workspace/Sources/ConsoleKit/Utilities/GenerateAsyncAutocompleteCommand.swift /host/spi-builder-workspace/Sources/ConsoleKit/Utilities/GenerateAutocompleteCommand.swift /host/spi-builder-workspace/Sources/ConsoleKit/Utilities/String+LevenshteinDistance.swift -supplementary-output-file-map /host/spi-builder-workspace/.build/out/Intermediates.noindex/console-kit.build/Debug-webassembly-wasm32/ConsoleKit-t.build/Objects-normal/wasm32/supplementaryOutputs-3 -target wasm32-unknown-wasip1 -disable-objc-interop -sdk /root/.swiftpm/swift-sdks/swift-6.4.x-DEVELOPMENT-SNAPSHOT-2026-09-04-a_wasm.artifactbundle/swift-6.4.x-DEVELOPMENT-SNAPSHOT-2026-09-04-a_wasm/wasm32-unknown-wasip1/WASI.sdk -sysroot /root/.swiftpm/swift-sdks/swift-6.4.x-DEVELOPMENT-SNAPSHOT-2026-09-04-a_wasm.artifactbundle/swift-6.4.x-DEVELOPMENT-SNAPSHOT-2026-09-04-a_wasm/wasm32-unknown-wasip1/WASI.sdk -I /host/spi-builder-workspace/.build/out/Products/Debug-webassembly-wasm32 -module-cache-path /host/spi-builder-workspace/.build/out/ModuleCache.noindex -color-diagnostics -Xcc -fcolor-diagnostics -enable-testing -g -debug-info-format\=dwarf -dwarf-version\=4 -swift-version 5 -Onone -D SWIFT_PACKAGE -D DEBUG -D SWIFT_MODULE_RESOURCE_BUNDLE_UNAVAILABLE -D Xcode -serialize-debugging-options -enable-experimental-feature DebugDescriptionMacro -empty-abi-descriptor -external-plugin-path /usr/lib/swift/host/plugins/testing\#/usr/bin/swift-plugin-server -validate-clang-modules-once -clang-build-session-file /host/spi-builder-workspace/.build/out/ModuleCache.noindex/Session.modulevalidation -Xcc -working-directory -Xcc /host -resource-dir /root/.swiftpm/swift-sdks/swift-6.4.x-DEVELOPMENT-SNAPSHOT-2026-09-04-a_wasm.artifactbundle/swift-6.4.x-DEVELOPMENT-SNAPSHOT-2026-09-04-a_wasm/wasm32-unknown-wasip1/swift.xctoolchain/usr/lib/swift_static -use-static-resource-dir -enable-anonymous-context-mangled-names -file-compilation-dir /host -Xcc -resource-dir -Xcc /root/.swiftpm/swift-sdks/swift-6.4.x-DEVELOPMENT-SNAPSHOT-2026-09-04-a_wasm.artifactbundle/swift-6.4.x-DEVELOPMENT-SNAPSHOT-2026-09-04-a_wasm/wasm32-unknown-wasip1/swift.xctoolchain/usr/lib/swift_static/clang -Xcc -D_LIBCPP_HARDENING_MODE\=_LIBCPP_HARDENING_MODE_DEBUG -Xcc -fmodules-prune-interval\=86400 -Xcc -fmodules-prune-after\=345600 -Xcc -I/host/spi-builder-workspace/.build/out/Products/Debug-webassembly-wasm32/include -Xcc -I/host/spi-builder-workspace/.build/out/Intermediates.noindex/console-kit.build/Debug-webassembly-wasm32/ConsoleKit-t.build/DerivedSources-normal/wasm32 -Xcc -I/host/spi-builder-workspace/.build/out/Intermediates.noindex/console-kit.build/Debug-webassembly-wasm32/ConsoleKit-t.build/DerivedSources/wasm32 -Xcc -I/host/spi-builder-workspace/.build/out/Intermediates.noindex/console-kit.build/Debug-webassembly-wasm32/ConsoleKit-t.build/DerivedSources -Xcc -DSWIFT_PACKAGE -Xcc -DDEBUG\=1 -no-auto-bridging-header-chaining -module-name ConsoleKit -const-gather-protocols-file /host/spi-builder-workspace/.build/out/Intermediates.noindex/console-kit.build/Debug-webassembly-wasm32/ConsoleKit-t.build/Objects-normal/wasm32/ConsoleKit_const_extract_protocols.json -in-process-plugin-server-path /usr/lib/swift/host/libSwiftInProcPluginServer.so -plugin-path /usr/lib/swift/host/plugins -plugin-path /usr/local/lib/swift/host/plugins -parse-as-library -o /host/spi-builder-workspace/.build/out/Intermediates.noindex/console-kit.build/Debug-webassembly-wasm32/ConsoleKit-t.build/Objects-normal/wasm32/AnyAsyncCommand.o -o /host/spi-builder-workspace/.build/out/Intermediates.noindex/console-kit.build/Debug-webassembly-wasm32/ConsoleKit-t.build/Objects-normal/wasm32/AsyncCommand.o -o /host/spi-builder-workspace/.build/out/Intermediates.noindex/console-kit.build/Debug-webassembly-wasm32/ConsoleKit-t.build/Objects-normal/wasm32/AsyncCommandGroup.o -o /host/spi-builder-workspace/.build/out/Intermediates.noindex/console-kit.build/Debug-webassembly-wasm32/ConsoleKit-t.build/Objects-normal/wasm32/AsyncCommands.o -o /host/spi-builder-workspace/.build/out/Intermediates.noindex/console-kit.build/Debug-webassembly-wasm32/ConsoleKit-t.build/Objects-normal/wasm32/Command.o -o /host/spi-builder-workspace/.build/out/Intermediates.noindex/console-kit.build/Debug-webassembly-wasm32/ConsoleKit-t.build/Objects-normal/wasm32/CommandContext.o -index-unit-output-path /console-kit.build/Debug-webassembly-wasm32/ConsoleKit-t.build/Objects-normal/wasm32/AnyAsyncCommand.o -index-unit-output-path /console-kit.build/Debug-webassembly-wasm32/ConsoleKit-t.build/Objects-normal/wasm32/AsyncCommand.o -index-unit-output-path /console-kit.build/Debug-webassembly-wasm32/ConsoleKit-t.build/Objects-normal/wasm32/AsyncCommandGroup.o -index-unit-output-path /console-kit.build/Debug-webassembly-wasm32/ConsoleKit-t.build/Objects-normal/wasm32/AsyncCommands.o -index-unit-output-path /console-kit.build/Debug-webassembly-wasm32/ConsoleKit-t.build/Objects-normal/wasm32/Command.o -index-unit-output-path /console-kit.build/Debug-webassembly-wasm32/ConsoleKit-t.build/Objects-normal/wasm32/CommandContext.o -index-store-path /host/spi-builder-workspace/.build/out -index-system-modules
error: Build failed
BUILD FAILURE 6.4 wasm