Build Information
Failed to build swift-webauthn, reference main (030acd), with Swift 6.4 for iOS using Xcode 27.0 on 9 Oct 2026 20:50:02 UTC.
Build Command
env DEVELOPER_DIR=/Applications/Xcode-27.0.0-Release.Candidate.app xcrun xcodebuild -IDEClonedSourcePackagesDirPathOverride=$PWD/.dependencies -skipMacroValidation -skipPackagePluginValidation -derivedDataPath $PWD/.derivedData build -scheme swift-webauthn -destination generic/platform=iOSBuild Log
ExtractAppIntentsMetadata (in target 'SwiftCBOR' from project 'SwiftCBOR')
cd /Users/admin/builder/spi-builder-workspace/.dependencies/checkouts/SwiftCBOR
/Applications/Xcode-27.0.0.app/Contents/Developer/Toolchains/XcodeDefault.xctoolchain/usr/bin/appintentsmetadataprocessor --toolchain-dir /var/run/com.apple.security.cryptexd/mnt/com.apple.MobileAsset.MetalToolchain-v27.1.266.1.CqjMre/Metal.xctoolchain --module-name SwiftCBOR --sdk-root /Applications/Xcode-27.0.0.app/Contents/Developer/Platforms/iPhoneOS.platform/Developer/SDKs/iPhoneOS27.0.sdk --xcode-version 27A266a --platform-family iOS --deployment-target 15.0 --bundle-identifier swiftcbor.SwiftCBOR --output /Users/admin/builder/spi-builder-workspace/.derivedData/Build/Products/Debug-iphoneos/SwiftCBOR.appintents --target-triple arm64-apple-ios15.0 --binary-file /Users/admin/builder/spi-builder-workspace/.derivedData/Build/Products/Debug-iphoneos/SwiftCBOR.o --dependency-file /Users/admin/builder/spi-builder-workspace/.derivedData/Build/Intermediates.noindex/SwiftCBOR.build/Debug-iphoneos/SwiftCBOR-t.build/Objects-normal/arm64/SwiftCBOR_dependency_info.dat --stringsdata-file /Users/admin/builder/spi-builder-workspace/.derivedData/Build/Intermediates.noindex/SwiftCBOR.build/Debug-iphoneos/SwiftCBOR-t.build/Objects-normal/arm64/ExtractedAppShortcutsMetadata.stringsdata --source-file-list /Users/admin/builder/spi-builder-workspace/.derivedData/Build/Intermediates.noindex/SwiftCBOR.build/Debug-iphoneos/SwiftCBOR-t.build/Objects-normal/arm64/SwiftCBOR.SwiftFileList --metadata-file-list /Users/admin/builder/spi-builder-workspace/.derivedData/Build/Intermediates.noindex/SwiftCBOR.build/Debug-iphoneos/SwiftCBOR-t.build/SwiftCBOR.DependencyMetadataFileList --static-metadata-file-list /Users/admin/builder/spi-builder-workspace/.derivedData/Build/Intermediates.noindex/SwiftCBOR.build/Debug-iphoneos/SwiftCBOR-t.build/SwiftCBOR.DependencyStaticMetadataFileList --swift-const-vals-list /Users/admin/builder/spi-builder-workspace/.derivedData/Build/Intermediates.noindex/SwiftCBOR.build/Debug-iphoneos/SwiftCBOR-t.build/Objects-normal/arm64/SwiftCBOR.SwiftConstValuesFileList --force --compile-time-extraction --deployment-aware-processing --no-app-shortcuts-localization
2026-10-09 16:49:36.814 appintentsmetadataprocessor[2208:8575] Starting appintentsmetadataprocessor export
2026-10-09 16:49:36.933 appintentsmetadataprocessor[2208:8575] Extracted no relevant App Intents symbols, skipping writing output
ExtractAppIntentsMetadata (in target 'Logging' from project 'swift-log')
cd /Users/admin/builder/spi-builder-workspace/.dependencies/checkouts/swift-log
/Applications/Xcode-27.0.0.app/Contents/Developer/Toolchains/XcodeDefault.xctoolchain/usr/bin/appintentsmetadataprocessor --toolchain-dir /var/run/com.apple.security.cryptexd/mnt/com.apple.MobileAsset.MetalToolchain-v27.1.266.1.CqjMre/Metal.xctoolchain --module-name Logging --sdk-root /Applications/Xcode-27.0.0.app/Contents/Developer/Platforms/iPhoneOS.platform/Developer/SDKs/iPhoneOS27.0.sdk --xcode-version 27A266a --platform-family iOS --deployment-target 15.0 --bundle-identifier swift-log.Logging --output /Users/admin/builder/spi-builder-workspace/.derivedData/Build/Products/Debug-iphoneos/Logging.appintents --target-triple arm64-apple-ios15.0 --binary-file /Users/admin/builder/spi-builder-workspace/.derivedData/Build/Products/Debug-iphoneos/Logging.o --dependency-file /Users/admin/builder/spi-builder-workspace/.derivedData/Build/Intermediates.noindex/swift-log.build/Debug-iphoneos/Logging-t.build/Objects-normal/arm64/Logging_dependency_info.dat --stringsdata-file /Users/admin/builder/spi-builder-workspace/.derivedData/Build/Intermediates.noindex/swift-log.build/Debug-iphoneos/Logging-t.build/Objects-normal/arm64/ExtractedAppShortcutsMetadata.stringsdata --source-file-list /Users/admin/builder/spi-builder-workspace/.derivedData/Build/Intermediates.noindex/swift-log.build/Debug-iphoneos/Logging-t.build/Objects-normal/arm64/Logging.SwiftFileList --metadata-file-list /Users/admin/builder/spi-builder-workspace/.derivedData/Build/Intermediates.noindex/swift-log.build/Debug-iphoneos/Logging-t.build/Logging.DependencyMetadataFileList --static-metadata-file-list /Users/admin/builder/spi-builder-workspace/.derivedData/Build/Intermediates.noindex/swift-log.build/Debug-iphoneos/Logging-t.build/Logging.DependencyStaticMetadataFileList --swift-const-vals-list /Users/admin/builder/spi-builder-workspace/.derivedData/Build/Intermediates.noindex/swift-log.build/Debug-iphoneos/Logging-t.build/Objects-normal/arm64/Logging.SwiftConstValuesFileList --force --compile-time-extraction --deployment-aware-processing --no-app-shortcuts-localization
2026-10-09 16:49:36.814 appintentsmetadataprocessor[2209:8577] Starting appintentsmetadataprocessor export
2026-10-09 16:49:36.933 appintentsmetadataprocessor[2209:8577] Extracted no relevant App Intents symbols, skipping writing output
ExtractAppIntentsMetadata (in target 'SwiftASN1' from project 'swift-asn1')
cd /Users/admin/builder/spi-builder-workspace/.dependencies/checkouts/swift-asn1
/Applications/Xcode-27.0.0.app/Contents/Developer/Toolchains/XcodeDefault.xctoolchain/usr/bin/appintentsmetadataprocessor --toolchain-dir /var/run/com.apple.security.cryptexd/mnt/com.apple.MobileAsset.MetalToolchain-v27.1.266.1.CqjMre/Metal.xctoolchain --module-name SwiftASN1 --sdk-root /Applications/Xcode-27.0.0.app/Contents/Developer/Platforms/iPhoneOS.platform/Developer/SDKs/iPhoneOS27.0.sdk --xcode-version 27A266a --platform-family iOS --deployment-target 15.0 --bundle-identifier swift-asn1.SwiftASN1 --output /Users/admin/builder/spi-builder-workspace/.derivedData/Build/Products/Debug-iphoneos/SwiftASN1.appintents --target-triple arm64-apple-ios15.0 --binary-file /Users/admin/builder/spi-builder-workspace/.derivedData/Build/Products/Debug-iphoneos/SwiftASN1.o --dependency-file /Users/admin/builder/spi-builder-workspace/.derivedData/Build/Intermediates.noindex/swift-asn1.build/Debug-iphoneos/SwiftASN1-t.build/Objects-normal/arm64/SwiftASN1_dependency_info.dat --stringsdata-file /Users/admin/builder/spi-builder-workspace/.derivedData/Build/Intermediates.noindex/swift-asn1.build/Debug-iphoneos/SwiftASN1-t.build/Objects-normal/arm64/ExtractedAppShortcutsMetadata.stringsdata --source-file-list /Users/admin/builder/spi-builder-workspace/.derivedData/Build/Intermediates.noindex/swift-asn1.build/Debug-iphoneos/SwiftASN1-t.build/Objects-normal/arm64/SwiftASN1.SwiftFileList --metadata-file-list /Users/admin/builder/spi-builder-workspace/.derivedData/Build/Intermediates.noindex/swift-asn1.build/Debug-iphoneos/SwiftASN1-t.build/SwiftASN1.DependencyMetadataFileList --static-metadata-file-list /Users/admin/builder/spi-builder-workspace/.derivedData/Build/Intermediates.noindex/swift-asn1.build/Debug-iphoneos/SwiftASN1-t.build/SwiftASN1.DependencyStaticMetadataFileList --swift-const-vals-list /Users/admin/builder/spi-builder-workspace/.derivedData/Build/Intermediates.noindex/swift-asn1.build/Debug-iphoneos/SwiftASN1-t.build/Objects-normal/arm64/SwiftASN1.SwiftConstValuesFileList --force --compile-time-extraction --deployment-aware-processing --no-app-shortcuts-localization
2026-10-09 16:49:36.814 appintentsmetadataprocessor[2210:8579] Starting appintentsmetadataprocessor export
2026-10-09 16:49:36.933 appintentsmetadataprocessor[2210:8579] Extracted no relevant App Intents symbols, skipping writing output
SwiftDriverJobDiscovery normal arm64 Compiling ASN1Boolean.swift, ASN1Identifier.swift, ASN1Integer.swift, ASN1Null.swift, ASN1OctetString.swift, ASN1Strings.swift, ArraySliceBigint.swift, GeneralizedTime.swift, ObjectIdentifier.swift, ECDSASignature.swift (in target 'Crypto' from project 'swift-crypto')
Ld /Users/admin/builder/spi-builder-workspace/.derivedData/Build/Products/Debug-iphoneos/CryptoBoringWrapper.o normal (in target 'CryptoBoringWrapper' from project 'swift-crypto')
cd /Users/admin/builder/spi-builder-workspace/.dependencies/checkouts/swift-crypto
/Applications/Xcode-27.0.0.app/Contents/Developer/Toolchains/XcodeDefault.xctoolchain/usr/bin/clang -Xlinker -reproducible -target arm64-apple-ios15.0 -r -isysroot /Applications/Xcode-27.0.0.app/Contents/Developer/Platforms/iPhoneOS.platform/Developer/SDKs/iPhoneOS27.0.sdk -O0 -w -Xlinker -no_warn_duplicate_libraries -F/Users/admin/builder/spi-builder-workspace/.derivedData/Build/Intermediates.noindex/EagerLinkingTBDs/Debug-iphoneos -F/Users/admin/builder/spi-builder-workspace/.derivedData/Build/Products/Debug-iphoneos/PackageFrameworks -F/Users/admin/builder/spi-builder-workspace/.derivedData/Build/Products/Debug-iphoneos -iframework /Applications/Xcode-27.0.0.app/Contents/Developer/Platforms/iPhoneOS.platform/Developer/Library/Frameworks -iframework /Applications/Xcode-27.0.0.app/Contents/Developer/Platforms/iPhoneOS.platform/Developer/SDKs/iPhoneOS27.0.sdk/Developer/Library/Frameworks -filelist /Users/admin/builder/spi-builder-workspace/.derivedData/Build/Intermediates.noindex/swift-crypto.build/Debug-iphoneos/CryptoBoringWrapper-t.build/Objects-normal/arm64/CryptoBoringWrapper.LinkFileList -nostdlib -Xlinker -object_path_lto -Xlinker /Users/admin/builder/spi-builder-workspace/.derivedData/Build/Intermediates.noindex/swift-crypto.build/Debug-iphoneos/CryptoBoringWrapper-t.build/Objects-normal/arm64/CryptoBoringWrapper_lto.o -Xlinker -no_deduplicate -Xlinker -debug_variant -Xlinker -dependency_info -Xlinker /Users/admin/builder/spi-builder-workspace/.derivedData/Build/Intermediates.noindex/swift-crypto.build/Debug-iphoneos/CryptoBoringWrapper-t.build/Objects-normal/arm64/CryptoBoringWrapper_dependency_info.dat -fobjc-link-runtime -L/Applications/Xcode-27.0.0.app/Contents/Developer/Toolchains/XcodeDefault.xctoolchain/usr/lib/swift/iphoneos -L/usr/lib/swift -Xlinker -add_ast_path -Xlinker /Users/admin/builder/spi-builder-workspace/.derivedData/Build/Intermediates.noindex/swift-crypto.build/Debug-iphoneos/CryptoBoringWrapper-t.build/Objects-normal/arm64/CryptoBoringWrapper.swiftmodule -o /Users/admin/builder/spi-builder-workspace/.derivedData/Build/Products/Debug-iphoneos/CryptoBoringWrapper.o
SwiftDriverJobDiscovery normal arm64 Compiling HashFunctions_SHA2.swift, HashFunctions_SHA3.swift, Digest_xkcp.swift, HPKE-AEAD.swift, HPKE-Ciphersuite.swift, HPKE-KDF.swift, HPKE-KexKeyDerivation.swift, HPKE-LabeledExtract.swift, HPKE-Utils.swift, DHKEM.swift (in target 'Crypto' from project 'swift-crypto')
ExtractAppIntentsMetadata (in target 'CryptoBoringWrapper' from project 'swift-crypto')
cd /Users/admin/builder/spi-builder-workspace/.dependencies/checkouts/swift-crypto
/Applications/Xcode-27.0.0.app/Contents/Developer/Toolchains/XcodeDefault.xctoolchain/usr/bin/appintentsmetadataprocessor --toolchain-dir /var/run/com.apple.security.cryptexd/mnt/com.apple.MobileAsset.MetalToolchain-v27.1.266.1.CqjMre/Metal.xctoolchain --module-name CryptoBoringWrapper --sdk-root /Applications/Xcode-27.0.0.app/Contents/Developer/Platforms/iPhoneOS.platform/Developer/SDKs/iPhoneOS27.0.sdk --xcode-version 27A266a --platform-family iOS --deployment-target 15.0 --bundle-identifier swift-crypto.CryptoBoringWrapper --output /Users/admin/builder/spi-builder-workspace/.derivedData/Build/Products/Debug-iphoneos/CryptoBoringWrapper.appintents --target-triple arm64-apple-ios15.0 --binary-file /Users/admin/builder/spi-builder-workspace/.derivedData/Build/Products/Debug-iphoneos/CryptoBoringWrapper.o --dependency-file /Users/admin/builder/spi-builder-workspace/.derivedData/Build/Intermediates.noindex/swift-crypto.build/Debug-iphoneos/CryptoBoringWrapper-t.build/Objects-normal/arm64/CryptoBoringWrapper_dependency_info.dat --stringsdata-file /Users/admin/builder/spi-builder-workspace/.derivedData/Build/Intermediates.noindex/swift-crypto.build/Debug-iphoneos/CryptoBoringWrapper-t.build/Objects-normal/arm64/ExtractedAppShortcutsMetadata.stringsdata --source-file-list /Users/admin/builder/spi-builder-workspace/.derivedData/Build/Intermediates.noindex/swift-crypto.build/Debug-iphoneos/CryptoBoringWrapper-t.build/Objects-normal/arm64/CryptoBoringWrapper.SwiftFileList --metadata-file-list /Users/admin/builder/spi-builder-workspace/.derivedData/Build/Intermediates.noindex/swift-crypto.build/Debug-iphoneos/CryptoBoringWrapper-t.build/CryptoBoringWrapper.DependencyMetadataFileList --static-metadata-file-list /Users/admin/builder/spi-builder-workspace/.derivedData/Build/Intermediates.noindex/swift-crypto.build/Debug-iphoneos/CryptoBoringWrapper-t.build/CryptoBoringWrapper.DependencyStaticMetadataFileList --swift-const-vals-list /Users/admin/builder/spi-builder-workspace/.derivedData/Build/Intermediates.noindex/swift-crypto.build/Debug-iphoneos/CryptoBoringWrapper-t.build/Objects-normal/arm64/CryptoBoringWrapper.SwiftConstValuesFileList --force --compile-time-extraction --deployment-aware-processing --no-app-shortcuts-localization
2026-10-09 16:49:36.868 appintentsmetadataprocessor[2213:8683] Starting appintentsmetadataprocessor export
2026-10-09 16:49:36.936 appintentsmetadataprocessor[2213:8683] Extracted no relevant App Intents symbols, skipping writing output
SwiftDriverJobDiscovery normal arm64 Compiling MLKEM_boring.swift, MLKEM_wrapper.swift, XWing_boring.swift, KEM-Errors.swift, KEM.swift, MLKEM.swift, XWing.swift, ECDH_boring.swift, DH.swift, ECDH.swift (in target 'Crypto' from project 'swift-crypto')
SwiftDriverJobDiscovery normal arm64 Compiling X25519Keys.swift, SymmetricKeys.swift, HMAC.swift, MACFunctions.swift, MessageAuthenticationCode.swift, AES.swift, ECDSASignature_boring.swift, ECDSA_boring.swift, EdDSA_boring.swift, MLDSA_boring.swift (in target 'Crypto' from project 'swift-crypto')
SwiftDriverJobDiscovery normal arm64 Compiling resource_bundle_accessor.swift, AES-GCM.swift, AES-GCM_boring.swift, ChaChaPoly_boring.swift, ChaChaPoly.swift, Cipher.swift, Nonces.swift, ASN1.swift, ASN1Any.swift, ASN1BitString.swift (in target 'Crypto' from project 'swift-crypto')
SwiftDriverJobDiscovery normal arm64 Compiling RNG_boring.swift, SafeCompare_boring.swift, Zeroization_boring.swift, _CryptoModuleAnchor.swift, Data+ArraySpan.swift, PrettyBytes.swift, SafeCompare.swift, SecureBytes.swift, Zeroization.swift (in target 'Crypto' from project 'swift-crypto')
SwiftDriver\ Compilation Crypto normal arm64 com.apple.xcode.tools.swift.compiler (in target 'Crypto' from project 'swift-crypto')
cd /Users/admin/builder/spi-builder-workspace/.swiftpm/xcode
builtin-Swift-Compilation -- /Applications/Xcode-27.0.0.app/Contents/Developer/Toolchains/XcodeDefault.xctoolchain/usr/bin/swiftc -parse-as-library -module-name Crypto -Onone @/Users/admin/builder/spi-builder-workspace/.derivedData/Build/Intermediates.noindex/swift-crypto.build/Debug-iphoneos/Crypto-t.build/Objects-normal/arm64/Crypto.SwiftFileList -DSWIFT_PACKAGE -DDEBUG -DSWIFT_MODULE_RESOURCE_BUNDLE_AVAILABLE -DCRYPTO_IN_SWIFTPM -DXcode -enable-experimental-feature Lifetimes -enable-experimental-feature SourceWarningControl -enable-experimental-feature CheckImplementationOnly -enable-upcoming-feature MemberImportVisibility -plugin-path /Applications/Xcode-27.0.0.app/Contents/Developer/Toolchains/XcodeDefault.xctoolchain/usr/lib/swift/host/plugins/testing -enable-experimental-feature DebugDescriptionMacro -sdk /Applications/Xcode-27.0.0.app/Contents/Developer/Platforms/iPhoneOS.platform/Developer/SDKs/iPhoneOS27.0.sdk -target arm64-apple-ios15.0 -g -module-cache-path /Users/admin/builder/spi-builder-workspace/.derivedData/ModuleCache.noindex -Xfrontend -serialize-debugging-options -profile-coverage-mapping -profile-generate -enable-testing -suppress-warnings -index-store-path /Users/admin/builder/spi-builder-workspace/.derivedData/Index.noindex/DataStore -Xcc -D_LIBCPP_HARDENING_MODE\=_LIBCPP_HARDENING_MODE_DEBUG -swift-version 6 -I /Users/admin/builder/spi-builder-workspace/.derivedData/Build/Products/Debug-iphoneos -Isystem /Applications/Xcode-27.0.0.app/Contents/Developer/Platforms/iPhoneOS.platform/Developer/usr/lib -F /Users/admin/builder/spi-builder-workspace/.derivedData/Build/Products/Debug-iphoneos -F /Applications/Xcode-27.0.0.app/Contents/Developer/Platforms/iPhoneOS.platform/Developer/Library/Frameworks -F /Applications/Xcode-27.0.0.app/Contents/Developer/Platforms/iPhoneOS.platform/Developer/SDKs/iPhoneOS27.0.sdk/Developer/Library/Frameworks -c -j10 -enable-batch-mode -incremental -Xcc -ivfsstatcache -Xcc /Users/admin/builder/spi-builder-workspace/.derivedData/SDKStatCaches.noindex/iphoneos27.0-24A430-e829b21a6f8c9b70876ba0858053c0441fbf9a8c2e33c77c19098db08c7af4fe.sdkstatcache -output-file-map /Users/admin/builder/spi-builder-workspace/.derivedData/Build/Intermediates.noindex/swift-crypto.build/Debug-iphoneos/Crypto-t.build/Objects-normal/arm64/Crypto-OutputFileMap.json -save-temps -no-color-diagnostics -explicit-module-build -module-cache-path /Users/admin/builder/spi-builder-workspace/.derivedData/Build/Intermediates.noindex/SwiftExplicitPrecompiledModules -clang-scanner-module-cache-path /Users/admin/builder/spi-builder-workspace/.derivedData/ModuleCache.noindex -sdk-module-cache-path /Users/admin/builder/spi-builder-workspace/.derivedData/SDKExplicitPrecompiledModules -emit-dependencies -emit-module -emit-module-path /Users/admin/builder/spi-builder-workspace/.derivedData/Build/Intermediates.noindex/swift-crypto.build/Debug-iphoneos/Crypto-t.build/Objects-normal/arm64/Crypto.swiftmodule -serialize-diagnostics -dependency-scan-serialize-diagnostics-path /Users/admin/builder/spi-builder-workspace/.derivedData/Build/Intermediates.noindex/swift-crypto.build/Debug-iphoneos/Crypto-t.build/Objects-normal/arm64/Crypto-dependency-scan.dia -user-module-version 5.0.0 -validate-clang-modules-once -clang-build-session-file /Users/admin/builder/spi-builder-workspace/.derivedData/ModuleCache.noindex/Session.modulevalidation -Xcc -fmodules-prune-interval\=86400 -Xcc -fmodules-prune-after\=345600 -package-name swift_crypto -emit-const-values -const-gather-protocols-list /Users/admin/builder/spi-builder-workspace/.derivedData/Build/Intermediates.noindex/swift-crypto.build/Debug-iphoneos/Crypto-t.build/Objects-normal/arm64/Crypto_const_extract_protocols.json -Xcc -I/Users/admin/builder/spi-builder-workspace/.derivedData/Build/Products/Debug-iphoneos/include -Xcc -I/Users/admin/builder/spi-builder-workspace/.derivedData/Build/Intermediates.noindex/swift-crypto.build/Debug-iphoneos/Crypto-t.build/DerivedSources-normal/arm64 -Xcc -I/Users/admin/builder/spi-builder-workspace/.derivedData/Build/Intermediates.noindex/swift-crypto.build/Debug-iphoneos/Crypto-t.build/DerivedSources/arm64 -Xcc -I/Users/admin/builder/spi-builder-workspace/.derivedData/Build/Intermediates.noindex/swift-crypto.build/Debug-iphoneos/Crypto-t.build/DerivedSources -Xcc -DSWIFT_PACKAGE -Xcc -DDEBUG\=1 -emit-objc-header -emit-objc-header-path /Users/admin/builder/spi-builder-workspace/.derivedData/Build/Intermediates.noindex/swift-crypto.build/Debug-iphoneos/Crypto-t.build/Objects-normal/arm64/Crypto-Swift.h -working-directory /Users/admin/builder/spi-builder-workspace/.swiftpm/xcode -experimental-emit-module-separately -disable-cmo
Ld /Users/admin/builder/spi-builder-workspace/.derivedData/Build/Products/Debug-iphoneos/Crypto.o normal (in target 'Crypto' from project 'swift-crypto')
cd /Users/admin/builder/spi-builder-workspace/.dependencies/checkouts/swift-crypto
/Applications/Xcode-27.0.0.app/Contents/Developer/Toolchains/XcodeDefault.xctoolchain/usr/bin/clang -Xlinker -reproducible -target arm64-apple-ios15.0 -r -isysroot /Applications/Xcode-27.0.0.app/Contents/Developer/Platforms/iPhoneOS.platform/Developer/SDKs/iPhoneOS27.0.sdk -O0 -w -Xlinker -no_warn_duplicate_libraries -F/Users/admin/builder/spi-builder-workspace/.derivedData/Build/Intermediates.noindex/EagerLinkingTBDs/Debug-iphoneos -F/Users/admin/builder/spi-builder-workspace/.derivedData/Build/Products/Debug-iphoneos -iframework /Applications/Xcode-27.0.0.app/Contents/Developer/Platforms/iPhoneOS.platform/Developer/Library/Frameworks -iframework /Applications/Xcode-27.0.0.app/Contents/Developer/Platforms/iPhoneOS.platform/Developer/SDKs/iPhoneOS27.0.sdk/Developer/Library/Frameworks -filelist /Users/admin/builder/spi-builder-workspace/.derivedData/Build/Intermediates.noindex/swift-crypto.build/Debug-iphoneos/Crypto-t.build/Objects-normal/arm64/Crypto.LinkFileList -nostdlib -Xlinker -object_path_lto -Xlinker /Users/admin/builder/spi-builder-workspace/.derivedData/Build/Intermediates.noindex/swift-crypto.build/Debug-iphoneos/Crypto-t.build/Objects-normal/arm64/Crypto_lto.o -Xlinker -no_deduplicate -Xlinker -debug_variant -Xlinker -dependency_info -Xlinker /Users/admin/builder/spi-builder-workspace/.derivedData/Build/Intermediates.noindex/swift-crypto.build/Debug-iphoneos/Crypto-t.build/Objects-normal/arm64/Crypto_dependency_info.dat -fobjc-link-runtime -L/Applications/Xcode-27.0.0.app/Contents/Developer/Toolchains/XcodeDefault.xctoolchain/usr/lib/swift/iphoneos -L/usr/lib/swift -Xlinker -add_ast_path -Xlinker /Users/admin/builder/spi-builder-workspace/.derivedData/Build/Intermediates.noindex/swift-crypto.build/Debug-iphoneos/Crypto-t.build/Objects-normal/arm64/Crypto.swiftmodule -o /Users/admin/builder/spi-builder-workspace/.derivedData/Build/Products/Debug-iphoneos/Crypto.o
ExtractAppIntentsMetadata (in target 'Crypto' from project 'swift-crypto')
cd /Users/admin/builder/spi-builder-workspace/.dependencies/checkouts/swift-crypto
/Applications/Xcode-27.0.0.app/Contents/Developer/Toolchains/XcodeDefault.xctoolchain/usr/bin/appintentsmetadataprocessor --toolchain-dir /var/run/com.apple.security.cryptexd/mnt/com.apple.MobileAsset.MetalToolchain-v27.1.266.1.CqjMre/Metal.xctoolchain --module-name Crypto --sdk-root /Applications/Xcode-27.0.0.app/Contents/Developer/Platforms/iPhoneOS.platform/Developer/SDKs/iPhoneOS27.0.sdk --xcode-version 27A266a --platform-family iOS --deployment-target 15.0 --bundle-identifier swift-crypto.Crypto --output /Users/admin/builder/spi-builder-workspace/.derivedData/Build/Products/Debug-iphoneos/Crypto.appintents --target-triple arm64-apple-ios15.0 --binary-file /Users/admin/builder/spi-builder-workspace/.derivedData/Build/Products/Debug-iphoneos/Crypto.o --dependency-file /Users/admin/builder/spi-builder-workspace/.derivedData/Build/Intermediates.noindex/swift-crypto.build/Debug-iphoneos/Crypto-t.build/Objects-normal/arm64/Crypto_dependency_info.dat --stringsdata-file /Users/admin/builder/spi-builder-workspace/.derivedData/Build/Intermediates.noindex/swift-crypto.build/Debug-iphoneos/Crypto-t.build/Objects-normal/arm64/ExtractedAppShortcutsMetadata.stringsdata --source-file-list /Users/admin/builder/spi-builder-workspace/.derivedData/Build/Intermediates.noindex/swift-crypto.build/Debug-iphoneos/Crypto-t.build/Objects-normal/arm64/Crypto.SwiftFileList --metadata-file-list /Users/admin/builder/spi-builder-workspace/.derivedData/Build/Intermediates.noindex/swift-crypto.build/Debug-iphoneos/Crypto-t.build/Crypto.DependencyMetadataFileList --static-metadata-file-list /Users/admin/builder/spi-builder-workspace/.derivedData/Build/Intermediates.noindex/swift-crypto.build/Debug-iphoneos/Crypto-t.build/Crypto.DependencyStaticMetadataFileList --swift-const-vals-list /Users/admin/builder/spi-builder-workspace/.derivedData/Build/Intermediates.noindex/swift-crypto.build/Debug-iphoneos/Crypto-t.build/Objects-normal/arm64/Crypto.SwiftConstValuesFileList --force --compile-time-extraction --deployment-aware-processing --no-app-shortcuts-localization
2026-10-09 16:49:37.048 appintentsmetadataprocessor[2216:8718] Starting appintentsmetadataprocessor export
2026-10-09 16:49:37.118 appintentsmetadataprocessor[2216:8718] Extracted no relevant App Intents symbols, skipping writing output
SwiftExplicitDependencyGeneratePcm arm64 /Users/admin/builder/spi-builder-workspace/.derivedData/SDKExplicitPrecompiledModules/CommonCrypto-AHT1F7Q7Z7TBIYACBYYYLCT2.pcm
SwiftEmitModule normal arm64 Emitting\ module\ for\ CryptoExtras (in target 'CryptoExtras' from project 'swift-crypto')
SwiftCompile normal arm64 (in target 'CryptoExtras' from project 'swift-crypto')
cd /Users/admin/builder/spi-builder-workspace/.swiftpm/xcode
SwiftCompile normal arm64 Compiling\ RSA_boring.swift,\ Reexport.swift,\ Zeroization_boring.swift,\ BoringSSLHelpers.swift,\ CryptoKitErrors_boring.swift,\ Data+Extensions.swift,\ DigestType.swift /Users/admin/builder/spi-builder-workspace/.dependencies/checkouts/swift-crypto/Sources/CryptoExtras/RSA/RSA_boring.swift /Users/admin/builder/spi-builder-workspace/.dependencies/checkouts/swift-crypto/Sources/CryptoExtras/Reexport.swift /Users/admin/builder/spi-builder-workspace/.dependencies/checkouts/swift-crypto/Sources/CryptoExtras/Util/BoringSSL/Zeroization_boring.swift /Users/admin/builder/spi-builder-workspace/.dependencies/checkouts/swift-crypto/Sources/CryptoExtras/Util/BoringSSLHelpers.swift /Users/admin/builder/spi-builder-workspace/.dependencies/checkouts/swift-crypto/Sources/CryptoExtras/Util/CryptoKitErrors_boring.swift /Users/admin/builder/spi-builder-workspace/.dependencies/checkouts/swift-crypto/Sources/CryptoExtras/Util/Data+Extensions.swift /Users/admin/builder/spi-builder-workspace/.dependencies/checkouts/swift-crypto/Sources/CryptoExtras/Util/DigestType.swift (in target 'CryptoExtras' from project 'swift-crypto')
SwiftCompile normal arm64 /Users/admin/builder/spi-builder-workspace/.dependencies/checkouts/swift-crypto/Sources/CryptoExtras/RSA/RSA_boring.swift (in target 'CryptoExtras' from project 'swift-crypto')
cd /Users/admin/builder/spi-builder-workspace/.swiftpm/xcode
builtin-SwiftPerFileCompile RSA_boring.swift
SwiftCompile normal arm64 /Users/admin/builder/spi-builder-workspace/.dependencies/checkouts/swift-crypto/Sources/CryptoExtras/Reexport.swift (in target 'CryptoExtras' from project 'swift-crypto')
cd /Users/admin/builder/spi-builder-workspace/.swiftpm/xcode
builtin-SwiftPerFileCompile Reexport.swift
SwiftCompile normal arm64 /Users/admin/builder/spi-builder-workspace/.dependencies/checkouts/swift-crypto/Sources/CryptoExtras/Util/BoringSSL/Zeroization_boring.swift (in target 'CryptoExtras' from project 'swift-crypto')
cd /Users/admin/builder/spi-builder-workspace/.swiftpm/xcode
builtin-SwiftPerFileCompile Zeroization_boring.swift
SwiftCompile normal arm64 /Users/admin/builder/spi-builder-workspace/.dependencies/checkouts/swift-crypto/Sources/CryptoExtras/Util/BoringSSLHelpers.swift (in target 'CryptoExtras' from project 'swift-crypto')
cd /Users/admin/builder/spi-builder-workspace/.swiftpm/xcode
builtin-SwiftPerFileCompile BoringSSLHelpers.swift
SwiftCompile normal arm64 /Users/admin/builder/spi-builder-workspace/.dependencies/checkouts/swift-crypto/Sources/CryptoExtras/Util/CryptoKitErrors_boring.swift (in target 'CryptoExtras' from project 'swift-crypto')
cd /Users/admin/builder/spi-builder-workspace/.swiftpm/xcode
builtin-SwiftPerFileCompile CryptoKitErrors_boring.swift
SwiftCompile normal arm64 /Users/admin/builder/spi-builder-workspace/.dependencies/checkouts/swift-crypto/Sources/CryptoExtras/Util/Data+Extensions.swift (in target 'CryptoExtras' from project 'swift-crypto')
cd /Users/admin/builder/spi-builder-workspace/.swiftpm/xcode
builtin-SwiftPerFileCompile Data+Extensions.swift
SwiftCompile normal arm64 /Users/admin/builder/spi-builder-workspace/.dependencies/checkouts/swift-crypto/Sources/CryptoExtras/Util/DigestType.swift (in target 'CryptoExtras' from project 'swift-crypto')
cd /Users/admin/builder/spi-builder-workspace/.swiftpm/xcode
builtin-SwiftPerFileCompile DigestType.swift
SwiftCompile normal arm64 Compiling\ ThreadPosix.swift,\ ThreadSpecific.swift,\ ThreadWindows.swift,\ DLEQ.swift,\ Prover.swift,\ Verifier.swift,\ ZKPToolbox.swift /Users/admin/builder/spi-builder-workspace/.dependencies/checkouts/swift-crypto/Sources/CryptoExtras/Util/ThreadSpecific/ThreadPosix.swift /Users/admin/builder/spi-builder-workspace/.dependencies/checkouts/swift-crypto/Sources/CryptoExtras/Util/ThreadSpecific/ThreadSpecific.swift /Users/admin/builder/spi-builder-workspace/.dependencies/checkouts/swift-crypto/Sources/CryptoExtras/Util/ThreadSpecific/ThreadWindows.swift /Users/admin/builder/spi-builder-workspace/.dependencies/checkouts/swift-crypto/Sources/CryptoExtras/ZKPs/DLEQ.swift /Users/admin/builder/spi-builder-workspace/.dependencies/checkouts/swift-crypto/Sources/CryptoExtras/ZKPs/Prover.swift /Users/admin/builder/spi-builder-workspace/.dependencies/checkouts/swift-crypto/Sources/CryptoExtras/ZKPs/Verifier.swift /Users/admin/builder/spi-builder-workspace/.dependencies/checkouts/swift-crypto/Sources/CryptoExtras/ZKPs/ZKPToolbox.swift (in target 'CryptoExtras' from project 'swift-crypto')
SwiftCompile normal arm64 /Users/admin/builder/spi-builder-workspace/.dependencies/checkouts/swift-crypto/Sources/CryptoExtras/Util/ThreadSpecific/ThreadPosix.swift (in target 'CryptoExtras' from project 'swift-crypto')
cd /Users/admin/builder/spi-builder-workspace/.swiftpm/xcode
builtin-SwiftPerFileCompile ThreadPosix.swift
SwiftCompile normal arm64 /Users/admin/builder/spi-builder-workspace/.dependencies/checkouts/swift-crypto/Sources/CryptoExtras/Util/ThreadSpecific/ThreadSpecific.swift (in target 'CryptoExtras' from project 'swift-crypto')
cd /Users/admin/builder/spi-builder-workspace/.swiftpm/xcode
builtin-SwiftPerFileCompile ThreadSpecific.swift
SwiftCompile normal arm64 /Users/admin/builder/spi-builder-workspace/.dependencies/checkouts/swift-crypto/Sources/CryptoExtras/Util/ThreadSpecific/ThreadWindows.swift (in target 'CryptoExtras' from project 'swift-crypto')
cd /Users/admin/builder/spi-builder-workspace/.swiftpm/xcode
builtin-SwiftPerFileCompile ThreadWindows.swift
SwiftCompile normal arm64 /Users/admin/builder/spi-builder-workspace/.dependencies/checkouts/swift-crypto/Sources/CryptoExtras/ZKPs/DLEQ.swift (in target 'CryptoExtras' from project 'swift-crypto')
cd /Users/admin/builder/spi-builder-workspace/.swiftpm/xcode
builtin-SwiftPerFileCompile DLEQ.swift
SwiftCompile normal arm64 /Users/admin/builder/spi-builder-workspace/.dependencies/checkouts/swift-crypto/Sources/CryptoExtras/ZKPs/Prover.swift (in target 'CryptoExtras' from project 'swift-crypto')
cd /Users/admin/builder/spi-builder-workspace/.swiftpm/xcode
builtin-SwiftPerFileCompile Prover.swift
SwiftCompile normal arm64 /Users/admin/builder/spi-builder-workspace/.dependencies/checkouts/swift-crypto/Sources/CryptoExtras/ZKPs/Verifier.swift (in target 'CryptoExtras' from project 'swift-crypto')
cd /Users/admin/builder/spi-builder-workspace/.swiftpm/xcode
builtin-SwiftPerFileCompile Verifier.swift
SwiftCompile normal arm64 /Users/admin/builder/spi-builder-workspace/.dependencies/checkouts/swift-crypto/Sources/CryptoExtras/ZKPs/ZKPToolbox.swift (in target 'CryptoExtras' from project 'swift-crypto')
cd /Users/admin/builder/spi-builder-workspace/.swiftpm/xcode
builtin-SwiftPerFileCompile ZKPToolbox.swift
SwiftCompile normal arm64 Compiling\ Error.swift,\ I2OSP.swift,\ IntegerEncoding.swift,\ PEMDocument.swift,\ PrettyBytes.swift,\ SubjectPublicKeyInfo.swift,\ ThreadOps.swift /Users/admin/builder/spi-builder-workspace/.dependencies/checkouts/swift-crypto/Sources/CryptoExtras/Util/Error.swift /Users/admin/builder/spi-builder-workspace/.dependencies/checkouts/swift-crypto/Sources/CryptoExtras/Util/I2OSP.swift /Users/admin/builder/spi-builder-workspace/.dependencies/checkouts/swift-crypto/Sources/CryptoExtras/Util/IntegerEncoding.swift /Users/admin/builder/spi-builder-workspace/.dependencies/checkouts/swift-crypto/Sources/CryptoExtras/Util/PEMDocument.swift /Users/admin/builder/spi-builder-workspace/.dependencies/checkouts/swift-crypto/Sources/CryptoExtras/Util/PrettyBytes.swift /Users/admin/builder/spi-builder-workspace/.dependencies/checkouts/swift-crypto/Sources/CryptoExtras/Util/SubjectPublicKeyInfo.swift /Users/admin/builder/spi-builder-workspace/.dependencies/checkouts/swift-crypto/Sources/CryptoExtras/Util/ThreadSpecific/ThreadOps.swift (in target 'CryptoExtras' from project 'swift-crypto')
SwiftCompile normal arm64 /Users/admin/builder/spi-builder-workspace/.dependencies/checkouts/swift-crypto/Sources/CryptoExtras/Util/Error.swift (in target 'CryptoExtras' from project 'swift-crypto')
cd /Users/admin/builder/spi-builder-workspace/.swiftpm/xcode
builtin-SwiftPerFileCompile Error.swift
SwiftCompile normal arm64 /Users/admin/builder/spi-builder-workspace/.dependencies/checkouts/swift-crypto/Sources/CryptoExtras/Util/I2OSP.swift (in target 'CryptoExtras' from project 'swift-crypto')
cd /Users/admin/builder/spi-builder-workspace/.swiftpm/xcode
builtin-SwiftPerFileCompile I2OSP.swift
SwiftCompile normal arm64 /Users/admin/builder/spi-builder-workspace/.dependencies/checkouts/swift-crypto/Sources/CryptoExtras/Util/IntegerEncoding.swift (in target 'CryptoExtras' from project 'swift-crypto')
cd /Users/admin/builder/spi-builder-workspace/.swiftpm/xcode
builtin-SwiftPerFileCompile IntegerEncoding.swift
SwiftCompile normal arm64 /Users/admin/builder/spi-builder-workspace/.dependencies/checkouts/swift-crypto/Sources/CryptoExtras/Util/PEMDocument.swift (in target 'CryptoExtras' from project 'swift-crypto')
cd /Users/admin/builder/spi-builder-workspace/.swiftpm/xcode
builtin-SwiftPerFileCompile PEMDocument.swift
SwiftCompile normal arm64 /Users/admin/builder/spi-builder-workspace/.dependencies/checkouts/swift-crypto/Sources/CryptoExtras/Util/PrettyBytes.swift (in target 'CryptoExtras' from project 'swift-crypto')
cd /Users/admin/builder/spi-builder-workspace/.swiftpm/xcode
builtin-SwiftPerFileCompile PrettyBytes.swift
SwiftCompile normal arm64 /Users/admin/builder/spi-builder-workspace/.dependencies/checkouts/swift-crypto/Sources/CryptoExtras/Util/SubjectPublicKeyInfo.swift (in target 'CryptoExtras' from project 'swift-crypto')
cd /Users/admin/builder/spi-builder-workspace/.swiftpm/xcode
builtin-SwiftPerFileCompile SubjectPublicKeyInfo.swift
SwiftCompile normal arm64 /Users/admin/builder/spi-builder-workspace/.dependencies/checkouts/swift-crypto/Sources/CryptoExtras/Util/ThreadSpecific/ThreadOps.swift (in target 'CryptoExtras' from project 'swift-crypto')
cd /Users/admin/builder/spi-builder-workspace/.swiftpm/xcode
builtin-SwiftPerFileCompile ThreadOps.swift
SwiftCompile normal arm64 Compiling\ ChaCha20CTR.swift,\ BoringSSLSHA512256Context.swift,\ BoringSSLSHA512256HashFunction.swift,\ SHA512256.swift,\ SHA512256Digest.swift,\ Curve25519+PEM.swift,\ ObjectIdentifier.swift /Users/admin/builder/spi-builder-workspace/.dependencies/checkouts/swift-crypto/Sources/CryptoExtras/ChaCha20CTR/ChaCha20CTR.swift /Users/admin/builder/spi-builder-workspace/.dependencies/checkouts/swift-crypto/Sources/CryptoExtras/Digests/BoringSSL/BoringSSLSHA512256Context.swift /Users/admin/builder/spi-builder-workspace/.dependencies/checkouts/swift-crypto/Sources/CryptoExtras/Digests/BoringSSL/BoringSSLSHA512256HashFunction.swift /Users/admin/builder/spi-builder-workspace/.dependencies/checkouts/swift-crypto/Sources/CryptoExtras/Digests/SHA512256.swift /Users/admin/builder/spi-builder-workspace/.dependencies/checkouts/swift-crypto/Sources/CryptoExtras/Digests/SHA512256Digest.swift /Users/admin/builder/spi-builder-workspace/.dependencies/checkouts/swift-crypto/Sources/CryptoExtras/EC/Curve25519+PEM.swift /Users/admin/builder/spi-builder-workspace/.dependencies/checkouts/swift-crypto/Sources/CryptoExtras/EC/ObjectIdentifier.swift (in target 'CryptoExtras' from project 'swift-crypto')
SwiftCompile normal arm64 /Users/admin/builder/spi-builder-workspace/.dependencies/checkouts/swift-crypto/Sources/CryptoExtras/ChaCha20CTR/ChaCha20CTR.swift (in target 'CryptoExtras' from project 'swift-crypto')
cd /Users/admin/builder/spi-builder-workspace/.swiftpm/xcode
builtin-SwiftPerFileCompile ChaCha20CTR.swift
SwiftCompile normal arm64 /Users/admin/builder/spi-builder-workspace/.dependencies/checkouts/swift-crypto/Sources/CryptoExtras/Digests/BoringSSL/BoringSSLSHA512256Context.swift (in target 'CryptoExtras' from project 'swift-crypto')
cd /Users/admin/builder/spi-builder-workspace/.swiftpm/xcode
builtin-SwiftPerFileCompile BoringSSLSHA512256Context.swift
SwiftCompile normal arm64 /Users/admin/builder/spi-builder-workspace/.dependencies/checkouts/swift-crypto/Sources/CryptoExtras/Digests/BoringSSL/BoringSSLSHA512256HashFunction.swift (in target 'CryptoExtras' from project 'swift-crypto')
cd /Users/admin/builder/spi-builder-workspace/.swiftpm/xcode
builtin-SwiftPerFileCompile BoringSSLSHA512256HashFunction.swift
SwiftCompile normal arm64 /Users/admin/builder/spi-builder-workspace/.dependencies/checkouts/swift-crypto/Sources/CryptoExtras/Digests/SHA512256.swift (in target 'CryptoExtras' from project 'swift-crypto')
cd /Users/admin/builder/spi-builder-workspace/.swiftpm/xcode
builtin-SwiftPerFileCompile SHA512256.swift
SwiftCompile normal arm64 /Users/admin/builder/spi-builder-workspace/.dependencies/checkouts/swift-crypto/Sources/CryptoExtras/Digests/SHA512256Digest.swift (in target 'CryptoExtras' from project 'swift-crypto')
cd /Users/admin/builder/spi-builder-workspace/.swiftpm/xcode
builtin-SwiftPerFileCompile SHA512256Digest.swift
SwiftCompile normal arm64 /Users/admin/builder/spi-builder-workspace/.dependencies/checkouts/swift-crypto/Sources/CryptoExtras/EC/Curve25519+PEM.swift (in target 'CryptoExtras' from project 'swift-crypto')
cd /Users/admin/builder/spi-builder-workspace/.swiftpm/xcode
builtin-SwiftPerFileCompile Curve25519+PEM.swift
SwiftCompile normal arm64 /Users/admin/builder/spi-builder-workspace/.dependencies/checkouts/swift-crypto/Sources/CryptoExtras/EC/ObjectIdentifier.swift (in target 'CryptoExtras' from project 'swift-crypto')
cd /Users/admin/builder/spi-builder-workspace/.swiftpm/xcode
builtin-SwiftPerFileCompile ObjectIdentifier.swift
SwiftCompile normal arm64 Compiling\ AES_CFB_boring.swift,\ AES_CTR_boring.swift,\ AES_GCM_SIV_boring.swift,\ CMAC.swift,\ ARC+API.swift,\ ARC.swift,\ ARCCredential.swift /Users/admin/builder/spi-builder-workspace/.dependencies/checkouts/swift-crypto/Sources/CryptoExtras/AES/BoringSSL/AES_CFB_boring.swift /Users/admin/builder/spi-builder-workspace/.dependencies/checkouts/swift-crypto/Sources/CryptoExtras/AES/BoringSSL/AES_CTR_boring.swift /Users/admin/builder/spi-builder-workspace/.dependencies/checkouts/swift-crypto/Sources/CryptoExtras/AES/BoringSSL/AES_GCM_SIV_boring.swift /Users/admin/builder/spi-builder-workspace/.dependencies/checkouts/swift-crypto/Sources/CryptoExtras/AES/CMAC.swift /Users/admin/builder/spi-builder-workspace/.dependencies/checkouts/swift-crypto/Sources/CryptoExtras/ARC/ARC+API.swift /Users/admin/builder/spi-builder-workspace/.dependencies/checkouts/swift-crypto/Sources/CryptoExtras/ARC/ARC.swift /Users/admin/builder/spi-builder-workspace/.dependencies/checkouts/swift-crypto/Sources/CryptoExtras/ARC/ARCCredential.swift (in target 'CryptoExtras' from project 'swift-crypto')
SwiftCompile normal arm64 /Users/admin/builder/spi-builder-workspace/.dependencies/checkouts/swift-crypto/Sources/CryptoExtras/AES/BoringSSL/AES_CFB_boring.swift (in target 'CryptoExtras' from project 'swift-crypto')
cd /Users/admin/builder/spi-builder-workspace/.swiftpm/xcode
builtin-SwiftPerFileCompile AES_CFB_boring.swift
SwiftCompile normal arm64 /Users/admin/builder/spi-builder-workspace/.dependencies/checkouts/swift-crypto/Sources/CryptoExtras/AES/BoringSSL/AES_CTR_boring.swift (in target 'CryptoExtras' from project 'swift-crypto')
cd /Users/admin/builder/spi-builder-workspace/.swiftpm/xcode
builtin-SwiftPerFileCompile AES_CTR_boring.swift
SwiftCompile normal arm64 /Users/admin/builder/spi-builder-workspace/.dependencies/checkouts/swift-crypto/Sources/CryptoExtras/AES/BoringSSL/AES_GCM_SIV_boring.swift (in target 'CryptoExtras' from project 'swift-crypto')
cd /Users/admin/builder/spi-builder-workspace/.swiftpm/xcode
builtin-SwiftPerFileCompile AES_GCM_SIV_boring.swift
SwiftCompile normal arm64 /Users/admin/builder/spi-builder-workspace/.dependencies/checkouts/swift-crypto/Sources/CryptoExtras/AES/CMAC.swift (in target 'CryptoExtras' from project 'swift-crypto')
cd /Users/admin/builder/spi-builder-workspace/.swiftpm/xcode
builtin-SwiftPerFileCompile CMAC.swift
SwiftCompile normal arm64 /Users/admin/builder/spi-builder-workspace/.dependencies/checkouts/swift-crypto/Sources/CryptoExtras/ARC/ARC+API.swift (in target 'CryptoExtras' from project 'swift-crypto')
cd /Users/admin/builder/spi-builder-workspace/.swiftpm/xcode
builtin-SwiftPerFileCompile ARC+API.swift
SwiftCompile normal arm64 /Users/admin/builder/spi-builder-workspace/.dependencies/checkouts/swift-crypto/Sources/CryptoExtras/ARC/ARC.swift (in target 'CryptoExtras' from project 'swift-crypto')
cd /Users/admin/builder/spi-builder-workspace/.swiftpm/xcode
builtin-SwiftPerFileCompile ARC.swift
SwiftCompile normal arm64 /Users/admin/builder/spi-builder-workspace/.dependencies/checkouts/swift-crypto/Sources/CryptoExtras/ARC/ARCCredential.swift (in target 'CryptoExtras' from project 'swift-crypto')
cd /Users/admin/builder/spi-builder-workspace/.swiftpm/xcode
builtin-SwiftPerFileCompile ARCCredential.swift
SwiftCompile normal arm64 Compiling\ PKCS8DERRepresentation.swift,\ PKCS8PrivateKey.swift,\ RFC8410AlgorithmIdentifier.swift,\ ECToolbox_boring.swift,\ ECToolbox.swift,\ HashToField.swift,\ KDF.swift /Users/admin/builder/spi-builder-workspace/.dependencies/checkouts/swift-crypto/Sources/CryptoExtras/EC/PKCS8DERRepresentation.swift /Users/admin/builder/spi-builder-workspace/.dependencies/checkouts/swift-crypto/Sources/CryptoExtras/EC/PKCS8PrivateKey.swift /Users/admin/builder/spi-builder-workspace/.dependencies/checkouts/swift-crypto/Sources/CryptoExtras/EC/RFC8410AlgorithmIdentifier.swift /Users/admin/builder/spi-builder-workspace/.dependencies/checkouts/swift-crypto/Sources/CryptoExtras/ECToolbox/BoringSSL/ECToolbox_boring.swift /Users/admin/builder/spi-builder-workspace/.dependencies/checkouts/swift-crypto/Sources/CryptoExtras/ECToolbox/ECToolbox.swift /Users/admin/builder/spi-builder-workspace/.dependencies/checkouts/swift-crypto/Sources/CryptoExtras/H2G/HashToField.swift /Users/admin/builder/spi-builder-workspace/.dependencies/checkouts/swift-crypto/Sources/CryptoExtras/Key\ Derivation/KDF.swift (in target 'CryptoExtras' from project 'swift-crypto')
SwiftCompile normal arm64 /Users/admin/builder/spi-builder-workspace/.dependencies/checkouts/swift-crypto/Sources/CryptoExtras/EC/PKCS8DERRepresentation.swift (in target 'CryptoExtras' from project 'swift-crypto')
cd /Users/admin/builder/spi-builder-workspace/.swiftpm/xcode
builtin-SwiftPerFileCompile PKCS8DERRepresentation.swift
SwiftCompile normal arm64 /Users/admin/builder/spi-builder-workspace/.dependencies/checkouts/swift-crypto/Sources/CryptoExtras/EC/PKCS8PrivateKey.swift (in target 'CryptoExtras' from project 'swift-crypto')
cd /Users/admin/builder/spi-builder-workspace/.swiftpm/xcode
builtin-SwiftPerFileCompile PKCS8PrivateKey.swift
SwiftCompile normal arm64 /Users/admin/builder/spi-builder-workspace/.dependencies/checkouts/swift-crypto/Sources/CryptoExtras/EC/RFC8410AlgorithmIdentifier.swift (in target 'CryptoExtras' from project 'swift-crypto')
cd /Users/admin/builder/spi-builder-workspace/.swiftpm/xcode
builtin-SwiftPerFileCompile RFC8410AlgorithmIdentifier.swift
SwiftCompile normal arm64 /Users/admin/builder/spi-builder-workspace/.dependencies/checkouts/swift-crypto/Sources/CryptoExtras/ECToolbox/BoringSSL/ECToolbox_boring.swift (in target 'CryptoExtras' from project 'swift-crypto')
cd /Users/admin/builder/spi-builder-workspace/.swiftpm/xcode
builtin-SwiftPerFileCompile ECToolbox_boring.swift
SwiftCompile normal arm64 /Users/admin/builder/spi-builder-workspace/.dependencies/checkouts/swift-crypto/Sources/CryptoExtras/ECToolbox/ECToolbox.swift (in target 'CryptoExtras' from project 'swift-crypto')
cd /Users/admin/builder/spi-builder-workspace/.swiftpm/xcode
builtin-SwiftPerFileCompile ECToolbox.swift
SwiftCompile normal arm64 /Users/admin/builder/spi-builder-workspace/.dependencies/checkouts/swift-crypto/Sources/CryptoExtras/H2G/HashToField.swift (in target 'CryptoExtras' from project 'swift-crypto')
cd /Users/admin/builder/spi-builder-workspace/.swiftpm/xcode
builtin-SwiftPerFileCompile HashToField.swift
SwiftCompile normal arm64 /Users/admin/builder/spi-builder-workspace/.dependencies/checkouts/swift-crypto/Sources/CryptoExtras/Key\ Derivation/KDF.swift (in target 'CryptoExtras' from project 'swift-crypto')
cd /Users/admin/builder/spi-builder-workspace/.swiftpm/xcode
builtin-SwiftPerFileCompile KDF.swift
SwiftCompile normal arm64 Compiling\ PBKDF2_boring.swift,\ PBKDF2_commoncrypto.swift,\ PBKDF2.swift,\ Scrypt_boring.swift,\ Scrypt.swift,\ OPRF.swift,\ OPRFClient.swift /Users/admin/builder/spi-builder-workspace/.dependencies/checkouts/swift-crypto/Sources/CryptoExtras/Key\ Derivation/PBKDF2/BoringSSL/PBKDF2_boring.swift /Users/admin/builder/spi-builder-workspace/.dependencies/checkouts/swift-crypto/Sources/CryptoExtras/Key\ Derivation/PBKDF2/BoringSSL/PBKDF2_commoncrypto.swift /Users/admin/builder/spi-builder-workspace/.dependencies/checkouts/swift-crypto/Sources/CryptoExtras/Key\ Derivation/PBKDF2/PBKDF2.swift /Users/admin/builder/spi-builder-workspace/.dependencies/checkouts/swift-crypto/Sources/CryptoExtras/Key\ Derivation/Scrypt/BoringSSL/Scrypt_boring.swift /Users/admin/builder/spi-builder-workspace/.dependencies/checkouts/swift-crypto/Sources/CryptoExtras/Key\ Derivation/Scrypt/Scrypt.swift /Users/admin/builder/spi-builder-workspace/.dependencies/checkouts/swift-crypto/Sources/CryptoExtras/OPRFs/OPRF.swift /Users/admin/builder/spi-builder-workspace/.dependencies/checkouts/swift-crypto/Sources/CryptoExtras/OPRFs/OPRFClient.swift (in target 'CryptoExtras' from project 'swift-crypto')
SwiftCompile normal arm64 /Users/admin/builder/spi-builder-workspace/.dependencies/checkouts/swift-crypto/Sources/CryptoExtras/Key\ Derivation/PBKDF2/BoringSSL/PBKDF2_boring.swift (in target 'CryptoExtras' from project 'swift-crypto')
cd /Users/admin/builder/spi-builder-workspace/.swiftpm/xcode
builtin-SwiftPerFileCompile PBKDF2_boring.swift
SwiftCompile normal arm64 /Users/admin/builder/spi-builder-workspace/.dependencies/checkouts/swift-crypto/Sources/CryptoExtras/Key\ Derivation/PBKDF2/BoringSSL/PBKDF2_commoncrypto.swift (in target 'CryptoExtras' from project 'swift-crypto')
cd /Users/admin/builder/spi-builder-workspace/.swiftpm/xcode
builtin-SwiftPerFileCompile PBKDF2_commoncrypto.swift
SwiftCompile normal arm64 /Users/admin/builder/spi-builder-workspace/.dependencies/checkouts/swift-crypto/Sources/CryptoExtras/Key\ Derivation/PBKDF2/PBKDF2.swift (in target 'CryptoExtras' from project 'swift-crypto')
cd /Users/admin/builder/spi-builder-workspace/.swiftpm/xcode
builtin-SwiftPerFileCompile PBKDF2.swift
SwiftCompile normal arm64 /Users/admin/builder/spi-builder-workspace/.dependencies/checkouts/swift-crypto/Sources/CryptoExtras/Key\ Derivation/Scrypt/BoringSSL/Scrypt_boring.swift (in target 'CryptoExtras' from project 'swift-crypto')
cd /Users/admin/builder/spi-builder-workspace/.swiftpm/xcode
builtin-SwiftPerFileCompile Scrypt_boring.swift
SwiftCompile normal arm64 /Users/admin/builder/spi-builder-workspace/.dependencies/checkouts/swift-crypto/Sources/CryptoExtras/Key\ Derivation/Scrypt/Scrypt.swift (in target 'CryptoExtras' from project 'swift-crypto')
cd /Users/admin/builder/spi-builder-workspace/.swiftpm/xcode
builtin-SwiftPerFileCompile Scrypt.swift
SwiftCompile normal arm64 /Users/admin/builder/spi-builder-workspace/.dependencies/checkouts/swift-crypto/Sources/CryptoExtras/OPRFs/OPRF.swift (in target 'CryptoExtras' from project 'swift-crypto')
cd /Users/admin/builder/spi-builder-workspace/.swiftpm/xcode
builtin-SwiftPerFileCompile OPRF.swift
SwiftCompile normal arm64 /Users/admin/builder/spi-builder-workspace/.dependencies/checkouts/swift-crypto/Sources/CryptoExtras/OPRFs/OPRFClient.swift (in target 'CryptoExtras' from project 'swift-crypto')
cd /Users/admin/builder/spi-builder-workspace/.swiftpm/xcode
builtin-SwiftPerFileCompile OPRFClient.swift
SwiftCompile normal arm64 Compiling\ resource_bundle_accessor.swift,\ AES_CBC.swift,\ AES_CFB.swift,\ AES_CTR.swift,\ AES_GCM_SIV.swift,\ Block\ Function.swift,\ AES_CBC_boring.swift /Users/admin/builder/spi-builder-workspace/.derivedData/Build/Intermediates.noindex/swift-crypto.build/Debug-iphoneos/CryptoExtras-t.build/DerivedSources/resource_bundle_accessor.swift /Users/admin/builder/spi-builder-workspace/.dependencies/checkouts/swift-crypto/Sources/CryptoExtras/AES/AES_CBC.swift /Users/admin/builder/spi-builder-workspace/.dependencies/checkouts/swift-crypto/Sources/CryptoExtras/AES/AES_CFB.swift /Users/admin/builder/spi-builder-workspace/.dependencies/checkouts/swift-crypto/Sources/CryptoExtras/AES/AES_CTR.swift /Users/admin/builder/spi-builder-workspace/.dependencies/checkouts/swift-crypto/Sources/CryptoExtras/AES/AES_GCM_SIV.swift /Users/admin/builder/spi-builder-workspace/.dependencies/checkouts/swift-crypto/Sources/CryptoExtras/AES/Block\ Function.swift /Users/admin/builder/spi-builder-workspace/.dependencies/checkouts/swift-crypto/Sources/CryptoExtras/AES/BoringSSL/AES_CBC_boring.swift (in target 'CryptoExtras' from project 'swift-crypto')
SwiftCompile normal arm64 /Users/admin/builder/spi-builder-workspace/.derivedData/Build/Intermediates.noindex/swift-crypto.build/Debug-iphoneos/CryptoExtras-t.build/DerivedSources/resource_bundle_accessor.swift (in target 'CryptoExtras' from project 'swift-crypto')
cd /Users/admin/builder/spi-builder-workspace/.swiftpm/xcode
builtin-SwiftPerFileCompile resource_bundle_accessor.swift
SwiftCompile normal arm64 /Users/admin/builder/spi-builder-workspace/.dependencies/checkouts/swift-crypto/Sources/CryptoExtras/AES/AES_CBC.swift (in target 'CryptoExtras' from project 'swift-crypto')
cd /Users/admin/builder/spi-builder-workspace/.swiftpm/xcode
builtin-SwiftPerFileCompile AES_CBC.swift
SwiftCompile normal arm64 /Users/admin/builder/spi-builder-workspace/.dependencies/checkouts/swift-crypto/Sources/CryptoExtras/AES/AES_CFB.swift (in target 'CryptoExtras' from project 'swift-crypto')
cd /Users/admin/builder/spi-builder-workspace/.swiftpm/xcode
builtin-SwiftPerFileCompile AES_CFB.swift
SwiftCompile normal arm64 /Users/admin/builder/spi-builder-workspace/.dependencies/checkouts/swift-crypto/Sources/CryptoExtras/AES/AES_CTR.swift (in target 'CryptoExtras' from project 'swift-crypto')
cd /Users/admin/builder/spi-builder-workspace/.swiftpm/xcode
builtin-SwiftPerFileCompile AES_CTR.swift
SwiftCompile normal arm64 /Users/admin/builder/spi-builder-workspace/.dependencies/checkouts/swift-crypto/Sources/CryptoExtras/AES/AES_GCM_SIV.swift (in target 'CryptoExtras' from project 'swift-crypto')
cd /Users/admin/builder/spi-builder-workspace/.swiftpm/xcode
builtin-SwiftPerFileCompile AES_GCM_SIV.swift
SwiftCompile normal arm64 /Users/admin/builder/spi-builder-workspace/.dependencies/checkouts/swift-crypto/Sources/CryptoExtras/AES/Block\ Function.swift (in target 'CryptoExtras' from project 'swift-crypto')
cd /Users/admin/builder/spi-builder-workspace/.swiftpm/xcode
builtin-SwiftPerFileCompile Block\ Function.swift
SwiftCompile normal arm64 /Users/admin/builder/spi-builder-workspace/.dependencies/checkouts/swift-crypto/Sources/CryptoExtras/AES/BoringSSL/AES_CBC_boring.swift (in target 'CryptoExtras' from project 'swift-crypto')
cd /Users/admin/builder/spi-builder-workspace/.swiftpm/xcode
builtin-SwiftPerFileCompile AES_CBC_boring.swift
SwiftCompile normal arm64 Compiling\ ARCEncoding.swift,\ ARCPrecredential.swift,\ ARCPresentation.swift,\ ARCRequest.swift,\ ARCResponse.swift,\ ARCServer.swift,\ ChaCha20CTR_boring.swift /Users/admin/builder/spi-builder-workspace/.dependencies/checkouts/swift-crypto/Sources/CryptoExtras/ARC/ARCEncoding.swift /Users/admin/builder/spi-builder-workspace/.dependencies/checkouts/swift-crypto/Sources/CryptoExtras/ARC/ARCPrecredential.swift /Users/admin/builder/spi-builder-workspace/.dependencies/checkouts/swift-crypto/Sources/CryptoExtras/ARC/ARCPresentation.swift /Users/admin/builder/spi-builder-workspace/.dependencies/checkouts/swift-crypto/Sources/CryptoExtras/ARC/ARCRequest.swift /Users/admin/builder/spi-builder-workspace/.dependencies/checkouts/swift-crypto/Sources/CryptoExtras/ARC/ARCResponse.swift /Users/admin/builder/spi-builder-workspace/.dependencies/checkouts/swift-crypto/Sources/CryptoExtras/ARC/ARCServer.swift /Users/admin/builder/spi-builder-workspace/.dependencies/checkouts/swift-crypto/Sources/CryptoExtras/ChaCha20CTR/BoringSSL/ChaCha20CTR_boring.swift (in target 'CryptoExtras' from project 'swift-crypto')
SwiftCompile normal arm64 /Users/admin/builder/spi-builder-workspace/.dependencies/checkouts/swift-crypto/Sources/CryptoExtras/ARC/ARCEncoding.swift (in target 'CryptoExtras' from project 'swift-crypto')
cd /Users/admin/builder/spi-builder-workspace/.swiftpm/xcode
builtin-SwiftPerFileCompile ARCEncoding.swift
SwiftCompile normal arm64 /Users/admin/builder/spi-builder-workspace/.dependencies/checkouts/swift-crypto/Sources/CryptoExtras/ARC/ARCPrecredential.swift (in target 'CryptoExtras' from project 'swift-crypto')
cd /Users/admin/builder/spi-builder-workspace/.swiftpm/xcode
builtin-SwiftPerFileCompile ARCPrecredential.swift
SwiftCompile normal arm64 /Users/admin/builder/spi-builder-workspace/.dependencies/checkouts/swift-crypto/Sources/CryptoExtras/ARC/ARCPresentation.swift (in target 'CryptoExtras' from project 'swift-crypto')
cd /Users/admin/builder/spi-builder-workspace/.swiftpm/xcode
builtin-SwiftPerFileCompile ARCPresentation.swift
SwiftCompile normal arm64 /Users/admin/builder/spi-builder-workspace/.dependencies/checkouts/swift-crypto/Sources/CryptoExtras/ARC/ARCRequest.swift (in target 'CryptoExtras' from project 'swift-crypto')
cd /Users/admin/builder/spi-builder-workspace/.swiftpm/xcode
builtin-SwiftPerFileCompile ARCRequest.swift
SwiftCompile normal arm64 /Users/admin/builder/spi-builder-workspace/.dependencies/checkouts/swift-crypto/Sources/CryptoExtras/ARC/ARCResponse.swift (in target 'CryptoExtras' from project 'swift-crypto')
cd /Users/admin/builder/spi-builder-workspace/.swiftpm/xcode
builtin-SwiftPerFileCompile ARCResponse.swift
SwiftCompile normal arm64 /Users/admin/builder/spi-builder-workspace/.dependencies/checkouts/swift-crypto/Sources/CryptoExtras/ARC/ARCServer.swift (in target 'CryptoExtras' from project 'swift-crypto')
cd /Users/admin/builder/spi-builder-workspace/.swiftpm/xcode
builtin-SwiftPerFileCompile ARCServer.swift
SwiftCompile normal arm64 /Users/admin/builder/spi-builder-workspace/.dependencies/checkouts/swift-crypto/Sources/CryptoExtras/ChaCha20CTR/BoringSSL/ChaCha20CTR_boring.swift (in target 'CryptoExtras' from project 'swift-crypto')
cd /Users/admin/builder/spi-builder-workspace/.swiftpm/xcode
builtin-SwiftPerFileCompile ChaCha20CTR_boring.swift
SwiftCompile normal arm64 Compiling\ OPRFServer.swift,\ VOPRF+API.swift,\ VOPRFClient.swift,\ VOPRFServer.swift,\ BoringSSLPassphraseCallbackManager.swift,\ RSA+BlindSigning.swift,\ RSA.swift /Users/admin/builder/spi-builder-workspace/.dependencies/checkouts/swift-crypto/Sources/CryptoExtras/OPRFs/OPRFServer.swift /Users/admin/builder/spi-builder-workspace/.dependencies/checkouts/swift-crypto/Sources/CryptoExtras/OPRFs/VOPRF+API.swift /Users/admin/builder/spi-builder-workspace/.dependencies/checkouts/swift-crypto/Sources/CryptoExtras/OPRFs/VOPRFClient.swift /Users/admin/builder/spi-builder-workspace/.dependencies/checkouts/swift-crypto/Sources/CryptoExtras/OPRFs/VOPRFServer.swift /Users/admin/builder/spi-builder-workspace/.dependencies/checkouts/swift-crypto/Sources/CryptoExtras/RSA/BoringSSLPassphraseCallbackManager.swift /Users/admin/builder/spi-builder-workspace/.dependencies/checkouts/swift-crypto/Sources/CryptoExtras/RSA/RSA+BlindSigning.swift /Users/admin/builder/spi-builder-workspace/.dependencies/checkouts/swift-crypto/Sources/CryptoExtras/RSA/RSA.swift (in target 'CryptoExtras' from project 'swift-crypto')
SwiftCompile normal arm64 /Users/admin/builder/spi-builder-workspace/.dependencies/checkouts/swift-crypto/Sources/CryptoExtras/OPRFs/OPRFServer.swift (in target 'CryptoExtras' from project 'swift-crypto')
cd /Users/admin/builder/spi-builder-workspace/.swiftpm/xcode
builtin-SwiftPerFileCompile OPRFServer.swift
SwiftCompile normal arm64 /Users/admin/builder/spi-builder-workspace/.dependencies/checkouts/swift-crypto/Sources/CryptoExtras/OPRFs/VOPRF+API.swift (in target 'CryptoExtras' from project 'swift-crypto')
cd /Users/admin/builder/spi-builder-workspace/.swiftpm/xcode
builtin-SwiftPerFileCompile VOPRF+API.swift
SwiftCompile normal arm64 /Users/admin/builder/spi-builder-workspace/.dependencies/checkouts/swift-crypto/Sources/CryptoExtras/OPRFs/VOPRFClient.swift (in target 'CryptoExtras' from project 'swift-crypto')
cd /Users/admin/builder/spi-builder-workspace/.swiftpm/xcode
builtin-SwiftPerFileCompile VOPRFClient.swift
SwiftCompile normal arm64 /Users/admin/builder/spi-builder-workspace/.dependencies/checkouts/swift-crypto/Sources/CryptoExtras/OPRFs/VOPRFServer.swift (in target 'CryptoExtras' from project 'swift-crypto')
cd /Users/admin/builder/spi-builder-workspace/.swiftpm/xcode
builtin-SwiftPerFileCompile VOPRFServer.swift
SwiftCompile normal arm64 /Users/admin/builder/spi-builder-workspace/.dependencies/checkouts/swift-crypto/Sources/CryptoExtras/RSA/BoringSSLPassphraseCallbackManager.swift (in target 'CryptoExtras' from project 'swift-crypto')
cd /Users/admin/builder/spi-builder-workspace/.swiftpm/xcode
builtin-SwiftPerFileCompile BoringSSLPassphraseCallbackManager.swift
SwiftCompile normal arm64 /Users/admin/builder/spi-builder-workspace/.dependencies/checkouts/swift-crypto/Sources/CryptoExtras/RSA/RSA+BlindSigning.swift (in target 'CryptoExtras' from project 'swift-crypto')
cd /Users/admin/builder/spi-builder-workspace/.swiftpm/xcode
builtin-SwiftPerFileCompile RSA+BlindSigning.swift
SwiftCompile normal arm64 /Users/admin/builder/spi-builder-workspace/.dependencies/checkouts/swift-crypto/Sources/CryptoExtras/RSA/RSA.swift (in target 'CryptoExtras' from project 'swift-crypto')
cd /Users/admin/builder/spi-builder-workspace/.swiftpm/xcode
builtin-SwiftPerFileCompile RSA.swift
SwiftDriverJobDiscovery normal arm64 Compiling PKCS8DERRepresentation.swift, PKCS8PrivateKey.swift, RFC8410AlgorithmIdentifier.swift, ECToolbox_boring.swift, ECToolbox.swift, HashToField.swift, KDF.swift (in target 'CryptoExtras' from project 'swift-crypto')
SwiftDriverJobDiscovery normal arm64 Compiling ThreadPosix.swift, ThreadSpecific.swift, ThreadWindows.swift, DLEQ.swift, Prover.swift, Verifier.swift, ZKPToolbox.swift (in target 'CryptoExtras' from project 'swift-crypto')
SwiftDriverJobDiscovery normal arm64 Compiling ChaCha20CTR.swift, BoringSSLSHA512256Context.swift, BoringSSLSHA512256HashFunction.swift, SHA512256.swift, SHA512256Digest.swift, Curve25519+PEM.swift, ObjectIdentifier.swift (in target 'CryptoExtras' from project 'swift-crypto')
SwiftDriverJobDiscovery normal arm64 Compiling PBKDF2_boring.swift, PBKDF2_commoncrypto.swift, PBKDF2.swift, Scrypt_boring.swift, Scrypt.swift, OPRF.swift, OPRFClient.swift (in target 'CryptoExtras' from project 'swift-crypto')
SwiftDriverJobDiscovery normal arm64 Compiling Error.swift, I2OSP.swift, IntegerEncoding.swift, PEMDocument.swift, PrettyBytes.swift, SubjectPublicKeyInfo.swift, ThreadOps.swift (in target 'CryptoExtras' from project 'swift-crypto')
SwiftDriverJobDiscovery normal arm64 Emitting module for CryptoExtras (in target 'CryptoExtras' from project 'swift-crypto')
SwiftDriver\ Compilation\ Requirements CryptoExtras normal arm64 com.apple.xcode.tools.swift.compiler (in target 'CryptoExtras' from project 'swift-crypto')
cd /Users/admin/builder/spi-builder-workspace/.swiftpm/xcode
builtin-Swift-Compilation-Requirements -- /Applications/Xcode-27.0.0.app/Contents/Developer/Toolchains/XcodeDefault.xctoolchain/usr/bin/swiftc -parse-as-library -module-name CryptoExtras -Onone @/Users/admin/builder/spi-builder-workspace/.derivedData/Build/Intermediates.noindex/swift-crypto.build/Debug-iphoneos/CryptoExtras-t.build/Objects-normal/arm64/CryptoExtras.SwiftFileList -DSWIFT_PACKAGE -DDEBUG -DSWIFT_MODULE_RESOURCE_BUNDLE_AVAILABLE -DCRYPTO_IN_SWIFTPM -Xcc -fmodule-map-file\=/Users/admin/builder/spi-builder-workspace/.dependencies/checkouts/swift-crypto/Sources/CCryptoBoringSSL/include/module.modulemap -DXcode -enable-experimental-feature Lifetimes -enable-experimental-feature SourceWarningControl -enable-experimental-feature CheckImplementationOnly -enable-upcoming-feature MemberImportVisibility -plugin-path /Applications/Xcode-27.0.0.app/Contents/Developer/Toolchains/XcodeDefault.xctoolchain/usr/lib/swift/host/plugins/testing -enable-experimental-feature DebugDescriptionMacro -sdk /Applications/Xcode-27.0.0.app/Contents/Developer/Platforms/iPhoneOS.platform/Developer/SDKs/iPhoneOS27.0.sdk -target arm64-apple-ios15.0 -g -module-cache-path /Users/admin/builder/spi-builder-workspace/.derivedData/ModuleCache.noindex -Xfrontend -serialize-debugging-options -profile-coverage-mapping -profile-generate -enable-testing -suppress-warnings -index-store-path /Users/admin/builder/spi-builder-workspace/.derivedData/Index.noindex/DataStore -Xcc -D_LIBCPP_HARDENING_MODE\=_LIBCPP_HARDENING_MODE_DEBUG -swift-version 6 -I /Users/admin/builder/spi-builder-workspace/.derivedData/Build/Products/Debug-iphoneos -Isystem /Applications/Xcode-27.0.0.app/Contents/Developer/Platforms/iPhoneOS.platform/Developer/usr/lib -F /Users/admin/builder/spi-builder-workspace/.derivedData/Build/Products/Debug-iphoneos/PackageFrameworks -F /Users/admin/builder/spi-builder-workspace/.derivedData/Build/Products/Debug-iphoneos -F /Applications/Xcode-27.0.0.app/Contents/Developer/Platforms/iPhoneOS.platform/Developer/Library/Frameworks -F /Applications/Xcode-27.0.0.app/Contents/Developer/Platforms/iPhoneOS.platform/Developer/SDKs/iPhoneOS27.0.sdk/Developer/Library/Frameworks -c -j10 -enable-batch-mode -incremental -Xcc -ivfsstatcache -Xcc /Users/admin/builder/spi-builder-workspace/.derivedData/SDKStatCaches.noindex/iphoneos27.0-24A430-e829b21a6f8c9b70876ba0858053c0441fbf9a8c2e33c77c19098db08c7af4fe.sdkstatcache -output-file-map /Users/admin/builder/spi-builder-workspace/.derivedData/Build/Intermediates.noindex/swift-crypto.build/Debug-iphoneos/CryptoExtras-t.build/Objects-normal/arm64/CryptoExtras-OutputFileMap.json -save-temps -no-color-diagnostics -explicit-module-build -module-cache-path /Users/admin/builder/spi-builder-workspace/.derivedData/Build/Intermediates.noindex/SwiftExplicitPrecompiledModules -clang-scanner-module-cache-path /Users/admin/builder/spi-builder-workspace/.derivedData/ModuleCache.noindex -sdk-module-cache-path /Users/admin/builder/spi-builder-workspace/.derivedData/SDKExplicitPrecompiledModules -emit-dependencies -emit-module -emit-module-path /Users/admin/builder/spi-builder-workspace/.derivedData/Build/Intermediates.noindex/swift-crypto.build/Debug-iphoneos/CryptoExtras-t.build/Objects-normal/arm64/CryptoExtras.swiftmodule -serialize-diagnostics -dependency-scan-serialize-diagnostics-path /Users/admin/builder/spi-builder-workspace/.derivedData/Build/Intermediates.noindex/swift-crypto.build/Debug-iphoneos/CryptoExtras-t.build/Objects-normal/arm64/CryptoExtras-dependency-scan.dia -user-module-version 5.0.0 -validate-clang-modules-once -clang-build-session-file /Users/admin/builder/spi-builder-workspace/.derivedData/ModuleCache.noindex/Session.modulevalidation -Xcc -fmodules-prune-interval\=86400 -Xcc -fmodules-prune-after\=345600 -package-name swift_crypto -emit-const-values -const-gather-protocols-list /Users/admin/builder/spi-builder-workspace/.derivedData/Build/Intermediates.noindex/swift-crypto.build/Debug-iphoneos/CryptoExtras-t.build/Objects-normal/arm64/CryptoExtras_const_extract_protocols.json -Xcc -I/Users/admin/builder/spi-builder-workspace/.dependencies/checkouts/swift-crypto/Sources/CCryptoBoringSSL/include -Xcc -I/Users/admin/builder/spi-builder-workspace/.derivedData/Build/Products/Debug-iphoneos/include -Xcc -I/Users/admin/builder/spi-builder-workspace/.derivedData/Build/Intermediates.noindex/swift-crypto.build/Debug-iphoneos/CryptoExtras-t.build/DerivedSources-normal/arm64 -Xcc -I/Users/admin/builder/spi-builder-workspace/.derivedData/Build/Intermediates.noindex/swift-crypto.build/Debug-iphoneos/CryptoExtras-t.build/DerivedSources/arm64 -Xcc -I/Users/admin/builder/spi-builder-workspace/.derivedData/Build/Intermediates.noindex/swift-crypto.build/Debug-iphoneos/CryptoExtras-t.build/DerivedSources -Xcc -DSWIFT_PACKAGE -Xcc -DDEBUG\=1 -emit-objc-header -emit-objc-header-path /Users/admin/builder/spi-builder-workspace/.derivedData/Build/Intermediates.noindex/swift-crypto.build/Debug-iphoneos/CryptoExtras-t.build/Objects-normal/arm64/CryptoExtras-Swift.h -working-directory /Users/admin/builder/spi-builder-workspace/.swiftpm/xcode -experimental-emit-module-separately -disable-cmo
SwiftMergeGeneratedHeaders /Users/admin/builder/spi-builder-workspace/.derivedData/Build/Intermediates.noindex/GeneratedModuleMaps-iphoneos/CryptoExtras-Swift.h /Users/admin/builder/spi-builder-workspace/.derivedData/Build/Intermediates.noindex/swift-crypto.build/Debug-iphoneos/CryptoExtras-t.build/Objects-normal/arm64/CryptoExtras-Swift.h (in target 'CryptoExtras' from project 'swift-crypto')
cd /Users/admin/builder/spi-builder-workspace/.dependencies/checkouts/swift-crypto
builtin-swiftHeaderTool -arch arm64 /Users/admin/builder/spi-builder-workspace/.derivedData/Build/Intermediates.noindex/swift-crypto.build/Debug-iphoneos/CryptoExtras-t.build/Objects-normal/arm64/CryptoExtras-Swift.h -o /Users/admin/builder/spi-builder-workspace/.derivedData/Build/Intermediates.noindex/GeneratedModuleMaps-iphoneos/CryptoExtras-Swift.h
Copy /Users/admin/builder/spi-builder-workspace/.derivedData/Build/Products/Debug-iphoneos/CryptoExtras.swiftmodule/arm64-apple-ios.swiftmodule /Users/admin/builder/spi-builder-workspace/.derivedData/Build/Intermediates.noindex/swift-crypto.build/Debug-iphoneos/CryptoExtras-t.build/Objects-normal/arm64/CryptoExtras.swiftmodule (in target 'CryptoExtras' from project 'swift-crypto')
cd /Users/admin/builder/spi-builder-workspace/.dependencies/checkouts/swift-crypto
builtin-copy -exclude .DS_Store -exclude CVS -exclude .svn -exclude .git -exclude .hg -resolve-src-symlinks -rename /Users/admin/builder/spi-builder-workspace/.derivedData/Build/Intermediates.noindex/swift-crypto.build/Debug-iphoneos/CryptoExtras-t.build/Objects-normal/arm64/CryptoExtras.swiftmodule /Users/admin/builder/spi-builder-workspace/.derivedData/Build/Products/Debug-iphoneos/CryptoExtras.swiftmodule/arm64-apple-ios.swiftmodule
Copy /Users/admin/builder/spi-builder-workspace/.derivedData/Build/Products/Debug-iphoneos/CryptoExtras.swiftmodule/arm64-apple-ios.swiftdoc /Users/admin/builder/spi-builder-workspace/.derivedData/Build/Intermediates.noindex/swift-crypto.build/Debug-iphoneos/CryptoExtras-t.build/Objects-normal/arm64/CryptoExtras.swiftdoc (in target 'CryptoExtras' from project 'swift-crypto')
cd /Users/admin/builder/spi-builder-workspace/.dependencies/checkouts/swift-crypto
builtin-copy -exclude .DS_Store -exclude CVS -exclude .svn -exclude .git -exclude .hg -resolve-src-symlinks -rename /Users/admin/builder/spi-builder-workspace/.derivedData/Build/Intermediates.noindex/swift-crypto.build/Debug-iphoneos/CryptoExtras-t.build/Objects-normal/arm64/CryptoExtras.swiftdoc /Users/admin/builder/spi-builder-workspace/.derivedData/Build/Products/Debug-iphoneos/CryptoExtras.swiftmodule/arm64-apple-ios.swiftdoc
Copy /Users/admin/builder/spi-builder-workspace/.derivedData/Build/Products/Debug-iphoneos/CryptoExtras.swiftmodule/arm64-apple-ios.abi.json /Users/admin/builder/spi-builder-workspace/.derivedData/Build/Intermediates.noindex/swift-crypto.build/Debug-iphoneos/CryptoExtras-t.build/Objects-normal/arm64/CryptoExtras.abi.json (in target 'CryptoExtras' from project 'swift-crypto')
cd /Users/admin/builder/spi-builder-workspace/.dependencies/checkouts/swift-crypto
builtin-copy -exclude .DS_Store -exclude CVS -exclude .svn -exclude .git -exclude .hg -resolve-src-symlinks -rename /Users/admin/builder/spi-builder-workspace/.derivedData/Build/Intermediates.noindex/swift-crypto.build/Debug-iphoneos/CryptoExtras-t.build/Objects-normal/arm64/CryptoExtras.abi.json /Users/admin/builder/spi-builder-workspace/.derivedData/Build/Products/Debug-iphoneos/CryptoExtras.swiftmodule/arm64-apple-ios.abi.json
Copy /Users/admin/builder/spi-builder-workspace/.derivedData/Build/Products/Debug-iphoneos/CryptoExtras.swiftmodule/Project/arm64-apple-ios.swiftsourceinfo /Users/admin/builder/spi-builder-workspace/.derivedData/Build/Intermediates.noindex/swift-crypto.build/Debug-iphoneos/CryptoExtras-t.build/Objects-normal/arm64/CryptoExtras.swiftsourceinfo (in target 'CryptoExtras' from project 'swift-crypto')
cd /Users/admin/builder/spi-builder-workspace/.dependencies/checkouts/swift-crypto
builtin-copy -exclude .DS_Store -exclude CVS -exclude .svn -exclude .git -exclude .hg -resolve-src-symlinks -rename /Users/admin/builder/spi-builder-workspace/.derivedData/Build/Intermediates.noindex/swift-crypto.build/Debug-iphoneos/CryptoExtras-t.build/Objects-normal/arm64/CryptoExtras.swiftsourceinfo /Users/admin/builder/spi-builder-workspace/.derivedData/Build/Products/Debug-iphoneos/CryptoExtras.swiftmodule/Project/arm64-apple-ios.swiftsourceinfo
SwiftDriver _CryptoExtras normal arm64 com.apple.xcode.tools.swift.compiler (in target '_CryptoExtras' from project 'swift-crypto')
cd /Users/admin/builder/spi-builder-workspace/.swiftpm/xcode
builtin-SwiftDriver -- /Applications/Xcode-27.0.0.app/Contents/Developer/Toolchains/XcodeDefault.xctoolchain/usr/bin/swiftc -parse-as-library -module-name _CryptoExtras -Onone @/Users/admin/builder/spi-builder-workspace/.derivedData/Build/Intermediates.noindex/swift-crypto.build/Debug-iphoneos/_CryptoExtras-t.build/Objects-normal/arm64/_CryptoExtras.SwiftFileList -DSWIFT_PACKAGE -DDEBUG -DSWIFT_MODULE_RESOURCE_BUNDLE_UNAVAILABLE -DCRYPTO_IN_SWIFTPM -Xcc -fmodule-map-file\=/Users/admin/builder/spi-builder-workspace/.dependencies/checkouts/swift-crypto/Sources/CCryptoBoringSSL/include/module.modulemap -DXcode -enable-experimental-feature Lifetimes -enable-experimental-feature SourceWarningControl -enable-experimental-feature CheckImplementationOnly -enable-upcoming-feature MemberImportVisibility -plugin-path /Applications/Xcode-27.0.0.app/Contents/Developer/Toolchains/XcodeDefault.xctoolchain/usr/lib/swift/host/plugins/testing -enable-experimental-feature DebugDescriptionMacro -sdk /Applications/Xcode-27.0.0.app/Contents/Developer/Platforms/iPhoneOS.platform/Developer/SDKs/iPhoneOS27.0.sdk -target arm64-apple-ios15.0 -g -module-cache-path /Users/admin/builder/spi-builder-workspace/.derivedData/ModuleCache.noindex -Xfrontend -serialize-debugging-options -profile-coverage-mapping -profile-generate -enable-testing -suppress-warnings -index-store-path /Users/admin/builder/spi-builder-workspace/.derivedData/Index.noindex/DataStore -Xcc -D_LIBCPP_HARDENING_MODE\=_LIBCPP_HARDENING_MODE_DEBUG -swift-version 6 -I /Users/admin/builder/spi-builder-workspace/.derivedData/Build/Products/Debug-iphoneos -Isystem /Applications/Xcode-27.0.0.app/Contents/Developer/Platforms/iPhoneOS.platform/Developer/usr/lib -F /Users/admin/builder/spi-builder-workspace/.derivedData/Build/Products/Debug-iphoneos/PackageFrameworks -F /Users/admin/builder/spi-builder-workspace/.derivedData/Build/Products/Debug-iphoneos -F /Applications/Xcode-27.0.0.app/Contents/Developer/Platforms/iPhoneOS.platform/Developer/Library/Frameworks -F /Applications/Xcode-27.0.0.app/Contents/Developer/Platforms/iPhoneOS.platform/Developer/SDKs/iPhoneOS27.0.sdk/Developer/Library/Frameworks -c -j10 -enable-batch-mode -incremental -Xcc -ivfsstatcache -Xcc /Users/admin/builder/spi-builder-workspace/.derivedData/SDKStatCaches.noindex/iphoneos27.0-24A430-e829b21a6f8c9b70876ba0858053c0441fbf9a8c2e33c77c19098db08c7af4fe.sdkstatcache -output-file-map /Users/admin/builder/spi-builder-workspace/.derivedData/Build/Intermediates.noindex/swift-crypto.build/Debug-iphoneos/_CryptoExtras-t.build/Objects-normal/arm64/_CryptoExtras-OutputFileMap.json -save-temps -no-color-diagnostics -explicit-module-build -module-cache-path /Users/admin/builder/spi-builder-workspace/.derivedData/Build/Intermediates.noindex/SwiftExplicitPrecompiledModules -clang-scanner-module-cache-path /Users/admin/builder/spi-builder-workspace/.derivedData/ModuleCache.noindex -sdk-module-cache-path /Users/admin/builder/spi-builder-workspace/.derivedData/SDKExplicitPrecompiledModules -emit-dependencies -emit-module -emit-module-path /Users/admin/builder/spi-builder-workspace/.derivedData/Build/Intermediates.noindex/swift-crypto.build/Debug-iphoneos/_CryptoExtras-t.build/Objects-normal/arm64/_CryptoExtras.swiftmodule -serialize-diagnostics -dependency-scan-serialize-diagnostics-path /Users/admin/builder/spi-builder-workspace/.derivedData/Build/Intermediates.noindex/swift-crypto.build/Debug-iphoneos/_CryptoExtras-t.build/Objects-normal/arm64/_CryptoExtras-dependency-scan.dia -user-module-version 5.0.0 -validate-clang-modules-once -clang-build-session-file /Users/admin/builder/spi-builder-workspace/.derivedData/ModuleCache.noindex/Session.modulevalidation -Xcc -fmodules-prune-interval\=86400 -Xcc -fmodules-prune-after\=345600 -package-name swift_crypto -emit-const-values -const-gather-protocols-list /Users/admin/builder/spi-builder-workspace/.derivedData/Build/Intermediates.noindex/swift-crypto.build/Debug-iphoneos/_CryptoExtras-t.build/Objects-normal/arm64/_CryptoExtras_const_extract_protocols.json -Xcc -I/Users/admin/builder/spi-builder-workspace/.dependencies/checkouts/swift-crypto/Sources/CCryptoBoringSSL/include -Xcc -I/Users/admin/builder/spi-builder-workspace/.derivedData/Build/Products/Debug-iphoneos/include -Xcc -I/Users/admin/builder/spi-builder-workspace/.derivedData/Build/Intermediates.noindex/swift-crypto.build/Debug-iphoneos/_CryptoExtras-t.build/DerivedSources-normal/arm64 -Xcc -I/Users/admin/builder/spi-builder-workspace/.derivedData/Build/Intermediates.noindex/swift-crypto.build/Debug-iphoneos/_CryptoExtras-t.build/DerivedSources/arm64 -Xcc -I/Users/admin/builder/spi-builder-workspace/.derivedData/Build/Intermediates.noindex/swift-crypto.build/Debug-iphoneos/_CryptoExtras-t.build/DerivedSources -Xcc -DSWIFT_PACKAGE -Xcc -DDEBUG\=1 -emit-objc-header -emit-objc-header-path /Users/admin/builder/spi-builder-workspace/.derivedData/Build/Intermediates.noindex/swift-crypto.build/Debug-iphoneos/_CryptoExtras-t.build/Objects-normal/arm64/_CryptoExtras-Swift.h -working-directory /Users/admin/builder/spi-builder-workspace/.swiftpm/xcode -experimental-emit-module-separately -disable-cmo
SwiftDriverJobDiscovery normal arm64 Compiling ARCEncoding.swift, ARCPrecredential.swift, ARCPresentation.swift, ARCRequest.swift, ARCResponse.swift, ARCServer.swift, ChaCha20CTR_boring.swift (in target 'CryptoExtras' from project 'swift-crypto')
SwiftDriverJobDiscovery normal arm64 Compiling resource_bundle_accessor.swift, AES_CBC.swift, AES_CFB.swift, AES_CTR.swift, AES_GCM_SIV.swift, Block Function.swift, AES_CBC_boring.swift (in target 'CryptoExtras' from project 'swift-crypto')
SwiftDriverJobDiscovery normal arm64 Compiling RSA_boring.swift, Reexport.swift, Zeroization_boring.swift, BoringSSLHelpers.swift, CryptoKitErrors_boring.swift, Data+Extensions.swift, DigestType.swift (in target 'CryptoExtras' from project 'swift-crypto')
SwiftDriverJobDiscovery normal arm64 Compiling AES_CFB_boring.swift, AES_CTR_boring.swift, AES_GCM_SIV_boring.swift, CMAC.swift, ARC+API.swift, ARC.swift, ARCCredential.swift (in target 'CryptoExtras' from project 'swift-crypto')
SwiftEmitModule normal arm64 Emitting\ module\ for\ _CryptoExtras (in target '_CryptoExtras' from project 'swift-crypto')
SwiftCompile normal arm64 (in target '_CryptoExtras' from project 'swift-crypto')
cd /Users/admin/builder/spi-builder-workspace/.swiftpm/xcode
SwiftCompile normal arm64 Compiling\ Exports.swift /Users/admin/builder/spi-builder-workspace/.dependencies/checkouts/swift-crypto/Sources/_CryptoExtras/Exports.swift (in target '_CryptoExtras' from project 'swift-crypto')
SwiftCompile normal arm64 /Users/admin/builder/spi-builder-workspace/.dependencies/checkouts/swift-crypto/Sources/_CryptoExtras/Exports.swift (in target '_CryptoExtras' from project 'swift-crypto')
cd /Users/admin/builder/spi-builder-workspace/.swiftpm/xcode
builtin-SwiftPerFileCompile Exports.swift
SwiftDriverJobDiscovery normal arm64 Emitting module for _CryptoExtras (in target '_CryptoExtras' from project 'swift-crypto')
SwiftDriver\ Compilation\ Requirements _CryptoExtras normal arm64 com.apple.xcode.tools.swift.compiler (in target '_CryptoExtras' from project 'swift-crypto')
cd /Users/admin/builder/spi-builder-workspace/.swiftpm/xcode
builtin-Swift-Compilation-Requirements -- /Applications/Xcode-27.0.0.app/Contents/Developer/Toolchains/XcodeDefault.xctoolchain/usr/bin/swiftc -parse-as-library -module-name _CryptoExtras -Onone @/Users/admin/builder/spi-builder-workspace/.derivedData/Build/Intermediates.noindex/swift-crypto.build/Debug-iphoneos/_CryptoExtras-t.build/Objects-normal/arm64/_CryptoExtras.SwiftFileList -DSWIFT_PACKAGE -DDEBUG -DSWIFT_MODULE_RESOURCE_BUNDLE_UNAVAILABLE -DCRYPTO_IN_SWIFTPM -Xcc -fmodule-map-file\=/Users/admin/builder/spi-builder-workspace/.dependencies/checkouts/swift-crypto/Sources/CCryptoBoringSSL/include/module.modulemap -DXcode -enable-experimental-feature Lifetimes -enable-experimental-feature SourceWarningControl -enable-experimental-feature CheckImplementationOnly -enable-upcoming-feature MemberImportVisibility -plugin-path /Applications/Xcode-27.0.0.app/Contents/Developer/Toolchains/XcodeDefault.xctoolchain/usr/lib/swift/host/plugins/testing -enable-experimental-feature DebugDescriptionMacro -sdk /Applications/Xcode-27.0.0.app/Contents/Developer/Platforms/iPhoneOS.platform/Developer/SDKs/iPhoneOS27.0.sdk -target arm64-apple-ios15.0 -g -module-cache-path /Users/admin/builder/spi-builder-workspace/.derivedData/ModuleCache.noindex -Xfrontend -serialize-debugging-options -profile-coverage-mapping -profile-generate -enable-testing -suppress-warnings -index-store-path /Users/admin/builder/spi-builder-workspace/.derivedData/Index.noindex/DataStore -Xcc -D_LIBCPP_HARDENING_MODE\=_LIBCPP_HARDENING_MODE_DEBUG -swift-version 6 -I /Users/admin/builder/spi-builder-workspace/.derivedData/Build/Products/Debug-iphoneos -Isystem /Applications/Xcode-27.0.0.app/Contents/Developer/Platforms/iPhoneOS.platform/Developer/usr/lib -F /Users/admin/builder/spi-builder-workspace/.derivedData/Build/Products/Debug-iphoneos/PackageFrameworks -F /Users/admin/builder/spi-builder-workspace/.derivedData/Build/Products/Debug-iphoneos -F /Applications/Xcode-27.0.0.app/Contents/Developer/Platforms/iPhoneOS.platform/Developer/Library/Frameworks -F /Applications/Xcode-27.0.0.app/Contents/Developer/Platforms/iPhoneOS.platform/Developer/SDKs/iPhoneOS27.0.sdk/Developer/Library/Frameworks -c -j10 -enable-batch-mode -incremental -Xcc -ivfsstatcache -Xcc /Users/admin/builder/spi-builder-workspace/.derivedData/SDKStatCaches.noindex/iphoneos27.0-24A430-e829b21a6f8c9b70876ba0858053c0441fbf9a8c2e33c77c19098db08c7af4fe.sdkstatcache -output-file-map /Users/admin/builder/spi-builder-workspace/.derivedData/Build/Intermediates.noindex/swift-crypto.build/Debug-iphoneos/_CryptoExtras-t.build/Objects-normal/arm64/_CryptoExtras-OutputFileMap.json -save-temps -no-color-diagnostics -explicit-module-build -module-cache-path /Users/admin/builder/spi-builder-workspace/.derivedData/Build/Intermediates.noindex/SwiftExplicitPrecompiledModules -clang-scanner-module-cache-path /Users/admin/builder/spi-builder-workspace/.derivedData/ModuleCache.noindex -sdk-module-cache-path /Users/admin/builder/spi-builder-workspace/.derivedData/SDKExplicitPrecompiledModules -emit-dependencies -emit-module -emit-module-path /Users/admin/builder/spi-builder-workspace/.derivedData/Build/Intermediates.noindex/swift-crypto.build/Debug-iphoneos/_CryptoExtras-t.build/Objects-normal/arm64/_CryptoExtras.swiftmodule -serialize-diagnostics -dependency-scan-serialize-diagnostics-path /Users/admin/builder/spi-builder-workspace/.derivedData/Build/Intermediates.noindex/swift-crypto.build/Debug-iphoneos/_CryptoExtras-t.build/Objects-normal/arm64/_CryptoExtras-dependency-scan.dia -user-module-version 5.0.0 -validate-clang-modules-once -clang-build-session-file /Users/admin/builder/spi-builder-workspace/.derivedData/ModuleCache.noindex/Session.modulevalidation -Xcc -fmodules-prune-interval\=86400 -Xcc -fmodules-prune-after\=345600 -package-name swift_crypto -emit-const-values -const-gather-protocols-list /Users/admin/builder/spi-builder-workspace/.derivedData/Build/Intermediates.noindex/swift-crypto.build/Debug-iphoneos/_CryptoExtras-t.build/Objects-normal/arm64/_CryptoExtras_const_extract_protocols.json -Xcc -I/Users/admin/builder/spi-builder-workspace/.dependencies/checkouts/swift-crypto/Sources/CCryptoBoringSSL/include -Xcc -I/Users/admin/builder/spi-builder-workspace/.derivedData/Build/Products/Debug-iphoneos/include -Xcc -I/Users/admin/builder/spi-builder-workspace/.derivedData/Build/Intermediates.noindex/swift-crypto.build/Debug-iphoneos/_CryptoExtras-t.build/DerivedSources-normal/arm64 -Xcc -I/Users/admin/builder/spi-builder-workspace/.derivedData/Build/Intermediates.noindex/swift-crypto.build/Debug-iphoneos/_CryptoExtras-t.build/DerivedSources/arm64 -Xcc -I/Users/admin/builder/spi-builder-workspace/.derivedData/Build/Intermediates.noindex/swift-crypto.build/Debug-iphoneos/_CryptoExtras-t.build/DerivedSources -Xcc -DSWIFT_PACKAGE -Xcc -DDEBUG\=1 -emit-objc-header -emit-objc-header-path /Users/admin/builder/spi-builder-workspace/.derivedData/Build/Intermediates.noindex/swift-crypto.build/Debug-iphoneos/_CryptoExtras-t.build/Objects-normal/arm64/_CryptoExtras-Swift.h -working-directory /Users/admin/builder/spi-builder-workspace/.swiftpm/xcode -experimental-emit-module-separately -disable-cmo
SwiftMergeGeneratedHeaders /Users/admin/builder/spi-builder-workspace/.derivedData/Build/Intermediates.noindex/GeneratedModuleMaps-iphoneos/_CryptoExtras-Swift.h /Users/admin/builder/spi-builder-workspace/.derivedData/Build/Intermediates.noindex/swift-crypto.build/Debug-iphoneos/_CryptoExtras-t.build/Objects-normal/arm64/_CryptoExtras-Swift.h (in target '_CryptoExtras' from project 'swift-crypto')
cd /Users/admin/builder/spi-builder-workspace/.dependencies/checkouts/swift-crypto
builtin-swiftHeaderTool -arch arm64 /Users/admin/builder/spi-builder-workspace/.derivedData/Build/Intermediates.noindex/swift-crypto.build/Debug-iphoneos/_CryptoExtras-t.build/Objects-normal/arm64/_CryptoExtras-Swift.h -o /Users/admin/builder/spi-builder-workspace/.derivedData/Build/Intermediates.noindex/GeneratedModuleMaps-iphoneos/_CryptoExtras-Swift.h
Copy /Users/admin/builder/spi-builder-workspace/.derivedData/Build/Products/Debug-iphoneos/_CryptoExtras.swiftmodule/arm64-apple-ios.swiftdoc /Users/admin/builder/spi-builder-workspace/.derivedData/Build/Intermediates.noindex/swift-crypto.build/Debug-iphoneos/_CryptoExtras-t.build/Objects-normal/arm64/_CryptoExtras.swiftdoc (in target '_CryptoExtras' from project 'swift-crypto')
cd /Users/admin/builder/spi-builder-workspace/.dependencies/checkouts/swift-crypto
builtin-copy -exclude .DS_Store -exclude CVS -exclude .svn -exclude .git -exclude .hg -resolve-src-symlinks -rename /Users/admin/builder/spi-builder-workspace/.derivedData/Build/Intermediates.noindex/swift-crypto.build/Debug-iphoneos/_CryptoExtras-t.build/Objects-normal/arm64/_CryptoExtras.swiftdoc /Users/admin/builder/spi-builder-workspace/.derivedData/Build/Products/Debug-iphoneos/_CryptoExtras.swiftmodule/arm64-apple-ios.swiftdoc
Copy /Users/admin/builder/spi-builder-workspace/.derivedData/Build/Products/Debug-iphoneos/_CryptoExtras.swiftmodule/arm64-apple-ios.swiftmodule /Users/admin/builder/spi-builder-workspace/.derivedData/Build/Intermediates.noindex/swift-crypto.build/Debug-iphoneos/_CryptoExtras-t.build/Objects-normal/arm64/_CryptoExtras.swiftmodule (in target '_CryptoExtras' from project 'swift-crypto')
cd /Users/admin/builder/spi-builder-workspace/.dependencies/checkouts/swift-crypto
builtin-copy -exclude .DS_Store -exclude CVS -exclude .svn -exclude .git -exclude .hg -resolve-src-symlinks -rename /Users/admin/builder/spi-builder-workspace/.derivedData/Build/Intermediates.noindex/swift-crypto.build/Debug-iphoneos/_CryptoExtras-t.build/Objects-normal/arm64/_CryptoExtras.swiftmodule /Users/admin/builder/spi-builder-workspace/.derivedData/Build/Products/Debug-iphoneos/_CryptoExtras.swiftmodule/arm64-apple-ios.swiftmodule
Copy /Users/admin/builder/spi-builder-workspace/.derivedData/Build/Products/Debug-iphoneos/_CryptoExtras.swiftmodule/Project/arm64-apple-ios.swiftsourceinfo /Users/admin/builder/spi-builder-workspace/.derivedData/Build/Intermediates.noindex/swift-crypto.build/Debug-iphoneos/_CryptoExtras-t.build/Objects-normal/arm64/_CryptoExtras.swiftsourceinfo (in target '_CryptoExtras' from project 'swift-crypto')
cd /Users/admin/builder/spi-builder-workspace/.dependencies/checkouts/swift-crypto
builtin-copy -exclude .DS_Store -exclude CVS -exclude .svn -exclude .git -exclude .hg -resolve-src-symlinks -rename /Users/admin/builder/spi-builder-workspace/.derivedData/Build/Intermediates.noindex/swift-crypto.build/Debug-iphoneos/_CryptoExtras-t.build/Objects-normal/arm64/_CryptoExtras.swiftsourceinfo /Users/admin/builder/spi-builder-workspace/.derivedData/Build/Products/Debug-iphoneos/_CryptoExtras.swiftmodule/Project/arm64-apple-ios.swiftsourceinfo
Copy /Users/admin/builder/spi-builder-workspace/.derivedData/Build/Products/Debug-iphoneos/_CryptoExtras.swiftmodule/arm64-apple-ios.abi.json /Users/admin/builder/spi-builder-workspace/.derivedData/Build/Intermediates.noindex/swift-crypto.build/Debug-iphoneos/_CryptoExtras-t.build/Objects-normal/arm64/_CryptoExtras.abi.json (in target '_CryptoExtras' from project 'swift-crypto')
cd /Users/admin/builder/spi-builder-workspace/.dependencies/checkouts/swift-crypto
builtin-copy -exclude .DS_Store -exclude CVS -exclude .svn -exclude .git -exclude .hg -resolve-src-symlinks -rename /Users/admin/builder/spi-builder-workspace/.derivedData/Build/Intermediates.noindex/swift-crypto.build/Debug-iphoneos/_CryptoExtras-t.build/Objects-normal/arm64/_CryptoExtras.abi.json /Users/admin/builder/spi-builder-workspace/.derivedData/Build/Products/Debug-iphoneos/_CryptoExtras.swiftmodule/arm64-apple-ios.abi.json
SwiftDriverJobDiscovery normal arm64 Compiling Exports.swift (in target '_CryptoExtras' from project 'swift-crypto')
SwiftDriver\ Compilation _CryptoExtras normal arm64 com.apple.xcode.tools.swift.compiler (in target '_CryptoExtras' from project 'swift-crypto')
cd /Users/admin/builder/spi-builder-workspace/.swiftpm/xcode
builtin-Swift-Compilation -- /Applications/Xcode-27.0.0.app/Contents/Developer/Toolchains/XcodeDefault.xctoolchain/usr/bin/swiftc -parse-as-library -module-name _CryptoExtras -Onone @/Users/admin/builder/spi-builder-workspace/.derivedData/Build/Intermediates.noindex/swift-crypto.build/Debug-iphoneos/_CryptoExtras-t.build/Objects-normal/arm64/_CryptoExtras.SwiftFileList -DSWIFT_PACKAGE -DDEBUG -DSWIFT_MODULE_RESOURCE_BUNDLE_UNAVAILABLE -DCRYPTO_IN_SWIFTPM -Xcc -fmodule-map-file\=/Users/admin/builder/spi-builder-workspace/.dependencies/checkouts/swift-crypto/Sources/CCryptoBoringSSL/include/module.modulemap -DXcode -enable-experimental-feature Lifetimes -enable-experimental-feature SourceWarningControl -enable-experimental-feature CheckImplementationOnly -enable-upcoming-feature MemberImportVisibility -plugin-path /Applications/Xcode-27.0.0.app/Contents/Developer/Toolchains/XcodeDefault.xctoolchain/usr/lib/swift/host/plugins/testing -enable-experimental-feature DebugDescriptionMacro -sdk /Applications/Xcode-27.0.0.app/Contents/Developer/Platforms/iPhoneOS.platform/Developer/SDKs/iPhoneOS27.0.sdk -target arm64-apple-ios15.0 -g -module-cache-path /Users/admin/builder/spi-builder-workspace/.derivedData/ModuleCache.noindex -Xfrontend -serialize-debugging-options -profile-coverage-mapping -profile-generate -enable-testing -suppress-warnings -index-store-path /Users/admin/builder/spi-builder-workspace/.derivedData/Index.noindex/DataStore -Xcc -D_LIBCPP_HARDENING_MODE\=_LIBCPP_HARDENING_MODE_DEBUG -swift-version 6 -I /Users/admin/builder/spi-builder-workspace/.derivedData/Build/Products/Debug-iphoneos -Isystem /Applications/Xcode-27.0.0.app/Contents/Developer/Platforms/iPhoneOS.platform/Developer/usr/lib -F /Users/admin/builder/spi-builder-workspace/.derivedData/Build/Products/Debug-iphoneos/PackageFrameworks -F /Users/admin/builder/spi-builder-workspace/.derivedData/Build/Products/Debug-iphoneos -F /Applications/Xcode-27.0.0.app/Contents/Developer/Platforms/iPhoneOS.platform/Developer/Library/Frameworks -F /Applications/Xcode-27.0.0.app/Contents/Developer/Platforms/iPhoneOS.platform/Developer/SDKs/iPhoneOS27.0.sdk/Developer/Library/Frameworks -c -j10 -enable-batch-mode -incremental -Xcc -ivfsstatcache -Xcc /Users/admin/builder/spi-builder-workspace/.derivedData/SDKStatCaches.noindex/iphoneos27.0-24A430-e829b21a6f8c9b70876ba0858053c0441fbf9a8c2e33c77c19098db08c7af4fe.sdkstatcache -output-file-map /Users/admin/builder/spi-builder-workspace/.derivedData/Build/Intermediates.noindex/swift-crypto.build/Debug-iphoneos/_CryptoExtras-t.build/Objects-normal/arm64/_CryptoExtras-OutputFileMap.json -save-temps -no-color-diagnostics -explicit-module-build -module-cache-path /Users/admin/builder/spi-builder-workspace/.derivedData/Build/Intermediates.noindex/SwiftExplicitPrecompiledModules -clang-scanner-module-cache-path /Users/admin/builder/spi-builder-workspace/.derivedData/ModuleCache.noindex -sdk-module-cache-path /Users/admin/builder/spi-builder-workspace/.derivedData/SDKExplicitPrecompiledModules -emit-dependencies -emit-module -emit-module-path /Users/admin/builder/spi-builder-workspace/.derivedData/Build/Intermediates.noindex/swift-crypto.build/Debug-iphoneos/_CryptoExtras-t.build/Objects-normal/arm64/_CryptoExtras.swiftmodule -serialize-diagnostics -dependency-scan-serialize-diagnostics-path /Users/admin/builder/spi-builder-workspace/.derivedData/Build/Intermediates.noindex/swift-crypto.build/Debug-iphoneos/_CryptoExtras-t.build/Objects-normal/arm64/_CryptoExtras-dependency-scan.dia -user-module-version 5.0.0 -validate-clang-modules-once -clang-build-session-file /Users/admin/builder/spi-builder-workspace/.derivedData/ModuleCache.noindex/Session.modulevalidation -Xcc -fmodules-prune-interval\=86400 -Xcc -fmodules-prune-after\=345600 -package-name swift_crypto -emit-const-values -const-gather-protocols-list /Users/admin/builder/spi-builder-workspace/.derivedData/Build/Intermediates.noindex/swift-crypto.build/Debug-iphoneos/_CryptoExtras-t.build/Objects-normal/arm64/_CryptoExtras_const_extract_protocols.json -Xcc -I/Users/admin/builder/spi-builder-workspace/.dependencies/checkouts/swift-crypto/Sources/CCryptoBoringSSL/include -Xcc -I/Users/admin/builder/spi-builder-workspace/.derivedData/Build/Products/Debug-iphoneos/include -Xcc -I/Users/admin/builder/spi-builder-workspace/.derivedData/Build/Intermediates.noindex/swift-crypto.build/Debug-iphoneos/_CryptoExtras-t.build/DerivedSources-normal/arm64 -Xcc -I/Users/admin/builder/spi-builder-workspace/.derivedData/Build/Intermediates.noindex/swift-crypto.build/Debug-iphoneos/_CryptoExtras-t.build/DerivedSources/arm64 -Xcc -I/Users/admin/builder/spi-builder-workspace/.derivedData/Build/Intermediates.noindex/swift-crypto.build/Debug-iphoneos/_CryptoExtras-t.build/DerivedSources -Xcc -DSWIFT_PACKAGE -Xcc -DDEBUG\=1 -emit-objc-header -emit-objc-header-path /Users/admin/builder/spi-builder-workspace/.derivedData/Build/Intermediates.noindex/swift-crypto.build/Debug-iphoneos/_CryptoExtras-t.build/Objects-normal/arm64/_CryptoExtras-Swift.h -working-directory /Users/admin/builder/spi-builder-workspace/.swiftpm/xcode -experimental-emit-module-separately -disable-cmo
SwiftDriver WebAuthn normal arm64 com.apple.xcode.tools.swift.compiler (in target 'WebAuthn' from project 'swift-webauthn')
cd /Users/admin/builder/spi-builder-workspace/.swiftpm/xcode
builtin-SwiftDriver -- /Applications/Xcode-27.0.0.app/Contents/Developer/Toolchains/XcodeDefault.xctoolchain/usr/bin/swiftc -parse-as-library -module-name WebAuthn -Onone @/Users/admin/builder/spi-builder-workspace/.derivedData/Build/Intermediates.noindex/swift-webauthn.build/Debug-iphoneos/WebAuthn-t.build/Objects-normal/arm64/WebAuthn.SwiftFileList -DSWIFT_PACKAGE -DDEBUG -DSWIFT_MODULE_RESOURCE_BUNDLE_UNAVAILABLE -Xcc -fmodule-map-file\=/Users/admin/builder/spi-builder-workspace/.dependencies/checkouts/swift-crypto/Sources/CCryptoBoringSSL/include/module.modulemap -DXcode -plugin-path /Applications/Xcode-27.0.0.app/Contents/Developer/Toolchains/XcodeDefault.xctoolchain/usr/lib/swift/host/plugins/testing -enable-experimental-feature DebugDescriptionMacro -sdk /Applications/Xcode-27.0.0.app/Contents/Developer/Platforms/iPhoneOS.platform/Developer/SDKs/iPhoneOS27.0.sdk -target arm64-apple-ios15.0 -g -module-cache-path /Users/admin/builder/spi-builder-workspace/.derivedData/ModuleCache.noindex -Xfrontend -serialize-debugging-options -profile-coverage-mapping -profile-generate -enable-testing -index-store-path /Users/admin/builder/spi-builder-workspace/.derivedData/Index.noindex/DataStore -Xcc -D_LIBCPP_HARDENING_MODE\=_LIBCPP_HARDENING_MODE_DEBUG -swift-version 6 -I /Users/admin/builder/spi-builder-workspace/.derivedData/Build/Products/Debug-iphoneos -Isystem /Applications/Xcode-27.0.0.app/Contents/Developer/Platforms/iPhoneOS.platform/Developer/usr/lib -F /Users/admin/builder/spi-builder-workspace/.derivedData/Build/Products/Debug-iphoneos/PackageFrameworks -F /Users/admin/builder/spi-builder-workspace/.derivedData/Build/Products/Debug-iphoneos -F /Applications/Xcode-27.0.0.app/Contents/Developer/Platforms/iPhoneOS.platform/Developer/Library/Frameworks -F /Applications/Xcode-27.0.0.app/Contents/Developer/Platforms/iPhoneOS.platform/Developer/SDKs/iPhoneOS27.0.sdk/Developer/Library/Frameworks -c -j10 -enable-batch-mode -incremental -Xcc -ivfsstatcache -Xcc /Users/admin/builder/spi-builder-workspace/.derivedData/SDKStatCaches.noindex/iphoneos27.0-24A430-e829b21a6f8c9b70876ba0858053c0441fbf9a8c2e33c77c19098db08c7af4fe.sdkstatcache -output-file-map /Users/admin/builder/spi-builder-workspace/.derivedData/Build/Intermediates.noindex/swift-webauthn.build/Debug-iphoneos/WebAuthn-t.build/Objects-normal/arm64/WebAuthn-OutputFileMap.json -save-temps -no-color-diagnostics -explicit-module-build -module-cache-path /Users/admin/builder/spi-builder-workspace/.derivedData/Build/Intermediates.noindex/SwiftExplicitPrecompiledModules -clang-scanner-module-cache-path /Users/admin/builder/spi-builder-workspace/.derivedData/ModuleCache.noindex -sdk-module-cache-path /Users/admin/builder/spi-builder-workspace/.derivedData/SDKExplicitPrecompiledModules -emit-dependencies -emit-module -emit-module-path /Users/admin/builder/spi-builder-workspace/.derivedData/Build/Intermediates.noindex/swift-webauthn.build/Debug-iphoneos/WebAuthn-t.build/Objects-normal/arm64/WebAuthn.swiftmodule -serialize-diagnostics -dependency-scan-serialize-diagnostics-path /Users/admin/builder/spi-builder-workspace/.derivedData/Build/Intermediates.noindex/swift-webauthn.build/Debug-iphoneos/WebAuthn-t.build/Objects-normal/arm64/WebAuthn-dependency-scan.dia -validate-clang-modules-once -clang-build-session-file /Users/admin/builder/spi-builder-workspace/.derivedData/ModuleCache.noindex/Session.modulevalidation -Xcc -fmodules-prune-interval\=86400 -Xcc -fmodules-prune-after\=345600 -package-name spi_builder_workspace -emit-const-values -const-gather-protocols-list /Users/admin/builder/spi-builder-workspace/.derivedData/Build/Intermediates.noindex/swift-webauthn.build/Debug-iphoneos/WebAuthn-t.build/Objects-normal/arm64/WebAuthn_const_extract_protocols.json -Xcc -I/Users/admin/builder/spi-builder-workspace/.dependencies/checkouts/swift-crypto/Sources/CCryptoBoringSSL/include -Xcc -I/Users/admin/builder/spi-builder-workspace/.derivedData/Build/Products/Debug-iphoneos/include -Xcc -I/Users/admin/builder/spi-builder-workspace/.derivedData/Build/Intermediates.noindex/swift-webauthn.build/Debug-iphoneos/WebAuthn-t.build/DerivedSources-normal/arm64 -Xcc -I/Users/admin/builder/spi-builder-workspace/.derivedData/Build/Intermediates.noindex/swift-webauthn.build/Debug-iphoneos/WebAuthn-t.build/DerivedSources/arm64 -Xcc -I/Users/admin/builder/spi-builder-workspace/.derivedData/Build/Intermediates.noindex/swift-webauthn.build/Debug-iphoneos/WebAuthn-t.build/DerivedSources -Xcc -DSWIFT_PACKAGE -Xcc -DDEBUG\=1 -emit-objc-header -emit-objc-header-path /Users/admin/builder/spi-builder-workspace/.derivedData/Build/Intermediates.noindex/swift-webauthn.build/Debug-iphoneos/WebAuthn-t.build/Objects-normal/arm64/WebAuthn-Swift.h -working-directory /Users/admin/builder/spi-builder-workspace/.swiftpm/xcode -experimental-emit-module-separately -disable-cmo
SwiftCompile normal arm64 Compiling\ AuthenticationCredential.swift,\ AuthenticatorAssertionResponse.swift,\ PublicKeyCredentialRequestOptions.swift,\ VerifiedAuthentication.swift /Users/admin/builder/spi-builder-workspace/Sources/WebAuthn/Ceremonies/Authentication/AuthenticationCredential.swift /Users/admin/builder/spi-builder-workspace/Sources/WebAuthn/Ceremonies/Authentication/AuthenticatorAssertionResponse.swift /Users/admin/builder/spi-builder-workspace/Sources/WebAuthn/Ceremonies/Authentication/PublicKeyCredentialRequestOptions.swift /Users/admin/builder/spi-builder-workspace/Sources/WebAuthn/Ceremonies/Authentication/VerifiedAuthentication.swift (in target 'WebAuthn' from project 'swift-webauthn')
SwiftCompile normal arm64 /Users/admin/builder/spi-builder-workspace/Sources/WebAuthn/Ceremonies/Authentication/AuthenticationCredential.swift (in target 'WebAuthn' from project 'swift-webauthn')
cd /Users/admin/builder/spi-builder-workspace/.swiftpm/xcode
builtin-SwiftPerFileCompile AuthenticationCredential.swift
SwiftCompile normal arm64 /Users/admin/builder/spi-builder-workspace/Sources/WebAuthn/Ceremonies/Authentication/AuthenticatorAssertionResponse.swift (in target 'WebAuthn' from project 'swift-webauthn')
cd /Users/admin/builder/spi-builder-workspace/.swiftpm/xcode
builtin-SwiftPerFileCompile AuthenticatorAssertionResponse.swift
SwiftCompile normal arm64 /Users/admin/builder/spi-builder-workspace/Sources/WebAuthn/Ceremonies/Authentication/PublicKeyCredentialRequestOptions.swift (in target 'WebAuthn' from project 'swift-webauthn')
cd /Users/admin/builder/spi-builder-workspace/.swiftpm/xcode
builtin-SwiftPerFileCompile PublicKeyCredentialRequestOptions.swift
SwiftCompile normal arm64 /Users/admin/builder/spi-builder-workspace/Sources/WebAuthn/Ceremonies/Authentication/VerifiedAuthentication.swift (in target 'WebAuthn' from project 'swift-webauthn')
cd /Users/admin/builder/spi-builder-workspace/.swiftpm/xcode
builtin-SwiftPerFileCompile VerifiedAuthentication.swift
/Users/admin/builder/spi-builder-workspace/Sources/WebAuthn/Ceremonies/Authentication/PublicKeyCredentialRequestOptions.swift:45:25: error: 'Duration' is only available in iOS 16.0 or newer
23 | ///
24 | /// - SeeAlso: https://www.w3.org/TR/webauthn-2/#dictionary-assertion-options
25 | public struct PublicKeyCredentialRequestOptions: Sendable {
| `- note: add '@available' attribute to enclosing struct
26 | /// A challenge that the authenticator signs, along with other data, when producing an authentication assertion.
27 | ///
:
43 | /// - Note: When encoded, this value is represented in milleseconds as a ``UInt32``.
44 | /// See https://www.w3.org/TR/webauthn-2/#dictionary-assertion-options
45 | public var timeout: Duration?
| `- error: 'Duration' is only available in iOS 16.0 or newer
46 |
47 | /// The ID of the Relying Party making the request.
SwiftCompile normal arm64 Compiling\ AuthenticatorAttestationResponse.swift,\ AuthenticatorSelection.swift,\ Credential.swift,\ PackedAttestation.swift /Users/admin/builder/spi-builder-workspace/Sources/WebAuthn/Ceremonies/Registration/AuthenticatorAttestationResponse.swift /Users/admin/builder/spi-builder-workspace/Sources/WebAuthn/Ceremonies/Registration/AuthenticatorSelection.swift /Users/admin/builder/spi-builder-workspace/Sources/WebAuthn/Ceremonies/Registration/Credential.swift /Users/admin/builder/spi-builder-workspace/Sources/WebAuthn/Ceremonies/Registration/Formats/PackedAttestation.swift (in target 'WebAuthn' from project 'swift-webauthn')
SwiftCompile normal arm64 /Users/admin/builder/spi-builder-workspace/Sources/WebAuthn/Ceremonies/Registration/AuthenticatorAttestationResponse.swift (in target 'WebAuthn' from project 'swift-webauthn')
cd /Users/admin/builder/spi-builder-workspace/.swiftpm/xcode
builtin-SwiftPerFileCompile AuthenticatorAttestationResponse.swift
SwiftCompile normal arm64 /Users/admin/builder/spi-builder-workspace/Sources/WebAuthn/Ceremonies/Registration/AuthenticatorSelection.swift (in target 'WebAuthn' from project 'swift-webauthn')
cd /Users/admin/builder/spi-builder-workspace/.swiftpm/xcode
builtin-SwiftPerFileCompile AuthenticatorSelection.swift
SwiftCompile normal arm64 /Users/admin/builder/spi-builder-workspace/Sources/WebAuthn/Ceremonies/Registration/Credential.swift (in target 'WebAuthn' from project 'swift-webauthn')
cd /Users/admin/builder/spi-builder-workspace/.swiftpm/xcode
builtin-SwiftPerFileCompile Credential.swift
SwiftCompile normal arm64 /Users/admin/builder/spi-builder-workspace/Sources/WebAuthn/Ceremonies/Registration/Formats/PackedAttestation.swift (in target 'WebAuthn' from project 'swift-webauthn')
cd /Users/admin/builder/spi-builder-workspace/.swiftpm/xcode
builtin-SwiftPerFileCompile PackedAttestation.swift
SwiftCompile normal arm64 Compiling\ AuthenticatorFlags.swift,\ COSEAlgorithmIdentifier.swift,\ COSECurve.swift,\ COSEKey.swift /Users/admin/builder/spi-builder-workspace/Sources/WebAuthn/Ceremonies/Shared/AuthenticatorFlags.swift /Users/admin/builder/spi-builder-workspace/Sources/WebAuthn/Ceremonies/Shared/COSE/COSEAlgorithmIdentifier.swift /Users/admin/builder/spi-builder-workspace/Sources/WebAuthn/Ceremonies/Shared/COSE/COSECurve.swift /Users/admin/builder/spi-builder-workspace/Sources/WebAuthn/Ceremonies/Shared/COSE/COSEKey.swift (in target 'WebAuthn' from project 'swift-webauthn')
SwiftCompile normal arm64 /Users/admin/builder/spi-builder-workspace/Sources/WebAuthn/Ceremonies/Shared/AuthenticatorFlags.swift (in target 'WebAuthn' from project 'swift-webauthn')
cd /Users/admin/builder/spi-builder-workspace/.swiftpm/xcode
builtin-SwiftPerFileCompile AuthenticatorFlags.swift
SwiftCompile normal arm64 /Users/admin/builder/spi-builder-workspace/Sources/WebAuthn/Ceremonies/Shared/COSE/COSEAlgorithmIdentifier.swift (in target 'WebAuthn' from project 'swift-webauthn')
cd /Users/admin/builder/spi-builder-workspace/.swiftpm/xcode
builtin-SwiftPerFileCompile COSEAlgorithmIdentifier.swift
SwiftCompile normal arm64 /Users/admin/builder/spi-builder-workspace/Sources/WebAuthn/Ceremonies/Shared/COSE/COSECurve.swift (in target 'WebAuthn' from project 'swift-webauthn')
cd /Users/admin/builder/spi-builder-workspace/.swiftpm/xcode
builtin-SwiftPerFileCompile COSECurve.swift
SwiftCompile normal arm64 /Users/admin/builder/spi-builder-workspace/Sources/WebAuthn/Ceremonies/Shared/COSE/COSEKey.swift (in target 'WebAuthn' from project 'swift-webauthn')
cd /Users/admin/builder/spi-builder-workspace/.swiftpm/xcode
builtin-SwiftPerFileCompile COSEKey.swift
SwiftCompile normal arm64 Compiling\ ResidentKeyRequirement.swift,\ AuthenticatorAttachment.swift,\ AuthenticatorAttestationGloballyUniqueID.swift,\ AuthenticatorData.swift /Users/admin/builder/spi-builder-workspace/Sources/WebAuthn/Ceremonies/Registration/ResidentKeyRequirement.swift /Users/admin/builder/spi-builder-workspace/Sources/WebAuthn/Ceremonies/Shared/AuthenticatorAttachment.swift /Users/admin/builder/spi-builder-workspace/Sources/WebAuthn/Ceremonies/Shared/AuthenticatorAttestationGloballyUniqueID.swift /Users/admin/builder/spi-builder-workspace/Sources/WebAuthn/Ceremonies/Shared/AuthenticatorData.swift (in target 'WebAuthn' from project 'swift-webauthn')
SwiftCompile normal arm64 /Users/admin/builder/spi-builder-workspace/Sources/WebAuthn/Ceremonies/Registration/ResidentKeyRequirement.swift (in target 'WebAuthn' from project 'swift-webauthn')
cd /Users/admin/builder/spi-builder-workspace/.swiftpm/xcode
builtin-SwiftPerFileCompile ResidentKeyRequirement.swift
SwiftCompile normal arm64 /Users/admin/builder/spi-builder-workspace/Sources/WebAuthn/Ceremonies/Shared/AuthenticatorAttachment.swift (in target 'WebAuthn' from project 'swift-webauthn')
cd /Users/admin/builder/spi-builder-workspace/.swiftpm/xcode
builtin-SwiftPerFileCompile AuthenticatorAttachment.swift
SwiftCompile normal arm64 /Users/admin/builder/spi-builder-workspace/Sources/WebAuthn/Ceremonies/Shared/AuthenticatorAttestationGloballyUniqueID.swift (in target 'WebAuthn' from project 'swift-webauthn')
cd /Users/admin/builder/spi-builder-workspace/.swiftpm/xcode
builtin-SwiftPerFileCompile AuthenticatorAttestationGloballyUniqueID.swift
SwiftCompile normal arm64 /Users/admin/builder/spi-builder-workspace/Sources/WebAuthn/Ceremonies/Shared/AuthenticatorData.swift (in target 'WebAuthn' from project 'swift-webauthn')
cd /Users/admin/builder/spi-builder-workspace/.swiftpm/xcode
builtin-SwiftPerFileCompile AuthenticatorData.swift
SwiftCompile normal arm64 Compiling\ COSEKeyType.swift,\ CollectedClientData.swift,\ CredentialPublicKey.swift,\ CredentialType.swift /Users/admin/builder/spi-builder-workspace/Sources/WebAuthn/Ceremonies/Shared/COSE/COSEKeyType.swift /Users/admin/builder/spi-builder-workspace/Sources/WebAuthn/Ceremonies/Shared/CollectedClientData.swift /Users/admin/builder/spi-builder-workspace/Sources/WebAuthn/Ceremonies/Shared/CredentialPublicKey.swift /Users/admin/builder/spi-builder-workspace/Sources/WebAuthn/Ceremonies/Shared/CredentialType.swift (in target 'WebAuthn' from project 'swift-webauthn')
SwiftCompile normal arm64 /Users/admin/builder/spi-builder-workspace/Sources/WebAuthn/Ceremonies/Shared/COSE/COSEKeyType.swift (in target 'WebAuthn' from project 'swift-webauthn')
cd /Users/admin/builder/spi-builder-workspace/.swiftpm/xcode
builtin-SwiftPerFileCompile COSEKeyType.swift
SwiftCompile normal arm64 /Users/admin/builder/spi-builder-workspace/Sources/WebAuthn/Ceremonies/Shared/CollectedClientData.swift (in target 'WebAuthn' from project 'swift-webauthn')
cd /Users/admin/builder/spi-builder-workspace/.swiftpm/xcode
builtin-SwiftPerFileCompile CollectedClientData.swift
SwiftCompile normal arm64 /Users/admin/builder/spi-builder-workspace/Sources/WebAuthn/Ceremonies/Shared/CredentialPublicKey.swift (in target 'WebAuthn' from project 'swift-webauthn')
cd /Users/admin/builder/spi-builder-workspace/.swiftpm/xcode
builtin-SwiftPerFileCompile CredentialPublicKey.swift
SwiftCompile normal arm64 /Users/admin/builder/spi-builder-workspace/Sources/WebAuthn/Ceremonies/Shared/CredentialType.swift (in target 'WebAuthn' from project 'swift-webauthn')
cd /Users/admin/builder/spi-builder-workspace/.swiftpm/xcode
builtin-SwiftPerFileCompile CredentialType.swift
SwiftCompile normal arm64 Compiling\ Base64Utilities.swift,\ ByteCasting.swift,\ ChallengeGenerator.swift,\ Data+safeSubscript.swift /Users/admin/builder/spi-builder-workspace/Sources/WebAuthn/Helpers/Base64Utilities.swift /Users/admin/builder/spi-builder-workspace/Sources/WebAuthn/Helpers/ByteCasting.swift /Users/admin/builder/spi-builder-workspace/Sources/WebAuthn/Helpers/ChallengeGenerator.swift /Users/admin/builder/spi-builder-workspace/Sources/WebAuthn/Helpers/Data+safeSubscript.swift (in target 'WebAuthn' from project 'swift-webauthn')
SwiftCompile normal arm64 /Users/admin/builder/spi-builder-workspace/Sources/WebAuthn/Helpers/Base64Utilities.swift (in target 'WebAuthn' from project 'swift-webauthn')
cd /Users/admin/builder/spi-builder-workspace/.swiftpm/xcode
builtin-SwiftPerFileCompile Base64Utilities.swift
SwiftCompile normal arm64 /Users/admin/builder/spi-builder-workspace/Sources/WebAuthn/Helpers/ByteCasting.swift (in target 'WebAuthn' from project 'swift-webauthn')
cd /Users/admin/builder/spi-builder-workspace/.swiftpm/xcode
builtin-SwiftPerFileCompile ByteCasting.swift
SwiftCompile normal arm64 /Users/admin/builder/spi-builder-workspace/Sources/WebAuthn/Helpers/ChallengeGenerator.swift (in target 'WebAuthn' from project 'swift-webauthn')
cd /Users/admin/builder/spi-builder-workspace/.swiftpm/xcode
builtin-SwiftPerFileCompile ChallengeGenerator.swift
SwiftCompile normal arm64 /Users/admin/builder/spi-builder-workspace/Sources/WebAuthn/Helpers/Data+safeSubscript.swift (in target 'WebAuthn' from project 'swift-webauthn')
cd /Users/admin/builder/spi-builder-workspace/.swiftpm/xcode
builtin-SwiftPerFileCompile Data+safeSubscript.swift
SwiftEmitModule normal arm64 Emitting\ module\ for\ WebAuthn (in target 'WebAuthn' from project 'swift-webauthn')
/Users/admin/builder/spi-builder-workspace/Sources/WebAuthn/Ceremonies/Authentication/PublicKeyCredentialRequestOptions.swift:45:25: error: 'Duration' is only available in iOS 16.0 or newer
23 | ///
24 | /// - SeeAlso: https://www.w3.org/TR/webauthn-2/#dictionary-assertion-options
25 | public struct PublicKeyCredentialRequestOptions: Sendable {
| `- note: add '@available' attribute to enclosing struct
26 | /// A challenge that the authenticator signs, along with other data, when producing an authentication assertion.
27 | ///
:
43 | /// - Note: When encoded, this value is represented in milleseconds as a ``UInt32``.
44 | /// See https://www.w3.org/TR/webauthn-2/#dictionary-assertion-options
45 | public var timeout: Duration?
| `- error: 'Duration' is only available in iOS 16.0 or newer
46 |
47 | /// The ID of the Relying Party making the request.
SwiftCompile normal arm64 (in target 'WebAuthn' from project 'swift-webauthn')
cd /Users/admin/builder/spi-builder-workspace/.swiftpm/xcode
SwiftCompile normal arm64 Compiling\ Duration+Milliseconds.swift,\ KeyedDecodingContainer+decodeURLEncoded.swift,\ UInt8+random.swift,\ UnreferencedStringEnumeration.swift /Users/admin/builder/spi-builder-workspace/Sources/WebAuthn/Helpers/Duration+Milliseconds.swift /Users/admin/builder/spi-builder-workspace/Sources/WebAuthn/Helpers/KeyedDecodingContainer+decodeURLEncoded.swift /Users/admin/builder/spi-builder-workspace/Sources/WebAuthn/Helpers/UInt8+random.swift /Users/admin/builder/spi-builder-workspace/Sources/WebAuthn/Helpers/UnreferencedStringEnumeration.swift (in target 'WebAuthn' from project 'swift-webauthn')
/Users/admin/builder/spi-builder-workspace/Sources/WebAuthn/Helpers/Duration+Milliseconds.swift:14:11: error: 'Duration' is only available in iOS 16.0 or newer
12 | //===----------------------------------------------------------------------===//
13 |
14 | extension Duration {
| | `- error: 'Duration' is only available in iOS 16.0 or newer
| `- note: add '@available' attribute to enclosing extension
15 | /// The value of a positive duration in milliseconds, suitable to be encoded in WebAuthn types.
16 | var milliseconds: Int64 {
/Users/admin/builder/spi-builder-workspace/Sources/WebAuthn/Helpers/Duration+Milliseconds.swift:17:43: error: 'components' is only available in iOS 16.0 or newer
12 | //===----------------------------------------------------------------------===//
13 |
14 | extension Duration {
| `- note: add '@available' attribute to enclosing extension
15 | /// The value of a positive duration in milliseconds, suitable to be encoded in WebAuthn types.
16 | var milliseconds: Int64 {
| `- note: add '@available' attribute to enclosing property
17 | let (seconds, attoseconds) = self.components
| |- error: 'components' is only available in iOS 16.0 or newer
| `- note: add 'if #available' version check
18 | return Int64(seconds * 1000) + Int64(attoseconds/1_000_000_000_000_000)
19 | }
Failed frontend command:
/Applications/Xcode-27.0.0.app/Contents/Developer/Toolchains/XcodeDefault.xctoolchain/usr/bin/swift-frontend -frontend -c /Users/admin/builder/spi-builder-workspace/Sources/WebAuthn/Ceremonies/Authentication/AuthenticationCredential.swift /Users/admin/builder/spi-builder-workspace/Sources/WebAuthn/Ceremonies/Authentication/AuthenticatorAssertionResponse.swift /Users/admin/builder/spi-builder-workspace/Sources/WebAuthn/Ceremonies/Authentication/PublicKeyCredentialRequestOptions.swift /Users/admin/builder/spi-builder-workspace/Sources/WebAuthn/Ceremonies/Authentication/VerifiedAuthentication.swift /Users/admin/builder/spi-builder-workspace/Sources/WebAuthn/Ceremonies/Registration/AttestationConveyancePreference.swift /Users/admin/builder/spi-builder-workspace/Sources/WebAuthn/Ceremonies/Registration/AttestationFormat.swift /Users/admin/builder/spi-builder-workspace/Sources/WebAuthn/Ceremonies/Registration/AttestationObject.swift /Users/admin/builder/spi-builder-workspace/Sources/WebAuthn/Ceremonies/Registration/AttestedCredentialData.swift /Users/admin/builder/spi-builder-workspace/Sources/WebAuthn/Ceremonies/Registration/AuthenticatorAttestationResponse.swift /Users/admin/builder/spi-builder-workspace/Sources/WebAuthn/Ceremonies/Registration/AuthenticatorSelection.swift /Users/admin/builder/spi-builder-workspace/Sources/WebAuthn/Ceremonies/Registration/Credential.swift /Users/admin/builder/spi-builder-workspace/Sources/WebAuthn/Ceremonies/Registration/Formats/PackedAttestation.swift /Users/admin/builder/spi-builder-workspace/Sources/WebAuthn/Ceremonies/Registration/Formats/TPMAttestation+Structs.swift /Users/admin/builder/spi-builder-workspace/Sources/WebAuthn/Ceremonies/Registration/Formats/TPMAttestation.swift /Users/admin/builder/spi-builder-workspace/Sources/WebAuthn/Ceremonies/Registration/PublicKeyCredentialCreationOptions.swift /Users/admin/builder/spi-builder-workspace/Sources/WebAuthn/Ceremonies/Registration/RegistrationCredential.swift /Users/admin/builder/spi-builder-workspace/Sources/WebAuthn/Ceremonies/Registration/ResidentKeyRequirement.swift /Users/admin/builder/spi-builder-workspace/Sources/WebAuthn/Ceremonies/Shared/AuthenticatorAttachment.swift /Users/admin/builder/spi-builder-workspace/Sources/WebAuthn/Ceremonies/Shared/AuthenticatorAttestationGloballyUniqueID.swift /Users/admin/builder/spi-builder-workspace/Sources/WebAuthn/Ceremonies/Shared/AuthenticatorData.swift /Users/admin/builder/spi-builder-workspace/Sources/WebAuthn/Ceremonies/Shared/AuthenticatorFlags.swift /Users/admin/builder/spi-builder-workspace/Sources/WebAuthn/Ceremonies/Shared/COSE/COSEAlgorithmIdentifier.swift /Users/admin/builder/spi-builder-workspace/Sources/WebAuthn/Ceremonies/Shared/COSE/COSECurve.swift /Users/admin/builder/spi-builder-workspace/Sources/WebAuthn/Ceremonies/Shared/COSE/COSEKey.swift /Users/admin/builder/spi-builder-workspace/Sources/WebAuthn/Ceremonies/Shared/COSE/COSEKeyType.swift /Users/admin/builder/spi-builder-workspace/Sources/WebAuthn/Ceremonies/Shared/CollectedClientData.swift /Users/admin/builder/spi-builder-workspace/Sources/WebAuthn/Ceremonies/Shared/CredentialPublicKey.swift /Users/admin/builder/spi-builder-workspace/Sources/WebAuthn/Ceremonies/Shared/CredentialType.swift /Users/admin/builder/spi-builder-workspace/Sources/WebAuthn/Helpers/Base64Utilities.swift /Users/admin/builder/spi-builder-workspace/Sources/WebAuthn/Helpers/ByteCasting.swift /Users/admin/builder/spi-builder-workspace/Sources/WebAuthn/Helpers/ChallengeGenerator.swift /Users/admin/builder/spi-builder-workspace/Sources/WebAuthn/Helpers/Data+safeSubscript.swift -primary-file /Users/admin/builder/spi-builder-workspace/Sources/WebAuthn/Helpers/Duration+Milliseconds.swift -primary-file /Users/admin/builder/spi-builder-workspace/Sources/WebAuthn/Helpers/KeyedDecodingContainer+decodeURLEncoded.swift -primary-file /Users/admin/builder/spi-builder-workspace/Sources/WebAuthn/Helpers/UInt8+random.swift -primary-file /Users/admin/builder/spi-builder-workspace/Sources/WebAuthn/Helpers/UnreferencedStringEnumeration.swift /Users/admin/builder/spi-builder-workspace/Sources/WebAuthn/WebAuthnError.swift /Users/admin/builder/spi-builder-workspace/Sources/WebAuthn/WebAuthnManager+Configuration.swift /Users/admin/builder/spi-builder-workspace/Sources/WebAuthn/WebAuthnManager.swift -supplementary-output-file-map /Users/admin/builder/spi-builder-workspace/.derivedData/Build/Intermediates.noindex/swift-webauthn.build/Debug-iphoneos/WebAuthn-t.build/Objects-normal/arm64/supplementaryOutputs-29 -target arm64-apple-ios15.0 -disable-cross-import-overlay-search -load-resolved-plugin /Applications/Xcode-27.0.0.app/Contents/Developer/Platforms/iPhoneOS.platform/Developer/usr/lib/swift/host/plugins/libFoundationMacros.dylib\#/Applications/Xcode-27.0.0.app/Contents/Developer/Platforms/iPhoneOS.platform/Developer/usr/bin/swift-plugin-server\#FoundationMacros -load-resolved-plugin /Applications/Xcode-27.0.0.app/Contents/Developer/Platforms/iPhoneOS.platform/Developer/usr/lib/swift/host/plugins/libObservationMacros.dylib\#/Applications/Xcode-27.0.0.app/Contents/Developer/Platforms/iPhoneOS.platform/Developer/usr/bin/swift-plugin-server\#ObservationMacros -load-resolved-plugin /Applications/Xcode-27.0.0.app/Contents/Developer/Platforms/iPhoneOS.platform/Developer/usr/lib/swift/host/plugins/libSwiftMacros.dylib\#/Applications/Xcode-27.0.0.app/Contents/Developer/Platforms/iPhoneOS.platform/Developer/usr/bin/swift-plugin-server\#SwiftMacros -disable-implicit-swift-modules -Xcc -fno-implicit-modules -Xcc -fno-implicit-module-maps -explicit-swift-module-map-file /Users/admin/builder/spi-builder-workspace/.derivedData/Build/Intermediates.noindex/swift-webauthn.build/Debug-iphoneos/WebAuthn-t.build/Objects-normal/arm64/WebAuthn-dependencies-1.json -Xllvm -aarch64-use-tbi -enable-objc-interop -stack-check -sdk /Applications/Xcode-27.0.0.app/Contents/Developer/Platforms/iPhoneOS.platform/Developer/SDKs/iPhoneOS27.0.sdk -I /Users/admin/builder/spi-builder-workspace/.derivedData/Build/Products/Debug-iphoneos -Isystem /Applications/Xcode-27.0.0.app/Contents/Developer/Platforms/iPhoneOS.platform/Developer/usr/lib -F /Users/admin/builder/spi-builder-workspace/.derivedData/Build/Products/Debug-iphoneos/PackageFrameworks -F /Users/admin/builder/spi-builder-workspace/.derivedData/Build/Products/Debug-iphoneos -F /Applications/Xcode-27.0.0.app/Contents/Developer/Platforms/iPhoneOS.platform/Developer/Library/Frameworks -F /Applications/Xcode-27.0.0.app/Contents/Developer/Platforms/iPhoneOS.platform/Developer/SDKs/iPhoneOS27.0.sdk/Developer/Library/Frameworks -module-cache-path /Users/admin/builder/spi-builder-workspace/.derivedData/Build/Intermediates.noindex/SwiftExplicitPrecompiledModules -no-color-diagnostics -Xcc -fno-color-diagnostics -enable-testing -g -debug-info-format\=dwarf -dwarf-version\=4 -profile-generate -profile-coverage-mapping -swift-version 6 -Onone -D SWIFT_PACKAGE -D DEBUG -D SWIFT_MODULE_RESOURCE_BUNDLE_UNAVAILABLE -D Xcode -serialize-debugging-options -enable-experimental-feature DebugDescriptionMacro -empty-abi-descriptor -validate-clang-modules-once -clang-build-session-file /Users/admin/builder/spi-builder-workspace/.derivedData/ModuleCache.noindex/Session.modulevalidation -Xcc -working-directory -Xcc /Users/admin/builder/spi-builder-workspace/.swiftpm/xcode -enable-anonymous-context-mangled-names -file-compilation-dir /Users/admin/builder/spi-builder-workspace/.swiftpm/xcode -Xcc -fmodule-map-file\=/Users/admin/builder/spi-builder-workspace/.dependencies/checkouts/swift-crypto/Sources/CCryptoBoringSSL/include/module.modulemap -Xcc -D_LIBCPP_HARDENING_MODE\=_LIBCPP_HARDENING_MODE_DEBUG -Xcc -ivfsstatcache -Xcc /Users/admin/builder/spi-builder-workspace/.derivedData/SDKStatCaches.noindex/iphoneos27.0-24A430-e829b21a6f8c9b70876ba0858053c0441fbf9a8c2e33c77c19098db08c7af4fe.sdkstatcache -Xcc -fmodules-prune-interval\=86400 -Xcc -fmodules-prune-after\=345600 -Xcc -I/Users/admin/builder/spi-builder-workspace/.dependencies/checkouts/swift-crypto/Sources/CCryptoBoringSSL/include -Xcc -I/Users/admin/builder/spi-builder-workspace/.derivedData/Build/Products/Debug-iphoneos/include -Xcc -I/Users/admin/builder/spi-builder-workspace/.derivedData/Build/Intermediates.noindex/swift-webauthn.build/Debug-iphoneos/WebAuthn-t.build/DerivedSources-normal/arm64 -Xcc -I/Users/admin/builder/spi-builder-workspace/.derivedData/Build/Intermediates.noindex/swift-webauthn.build/Debug-iphoneos/WebAuthn-t.build/DerivedSources/arm64 -Xcc -I/Users/admin/builder/spi-builder-workspace/.derivedData/Build/Intermediates.noindex/swift-webauthn.build/Debug-iphoneos/WebAuthn-t.build/DerivedSources -Xcc -DSWIFT_PACKAGE -Xcc -DDEBUG\=1 -no-auto-bridging-header-chaining -module-name WebAuthn -package-name spi_builder_workspace -const-gather-protocols-file /Users/admin/builder/spi-builder-workspace/.derivedData/Build/Intermediates.noindex/swift-webauthn.build/Debug-iphoneos/WebAuthn-t.build/Objects-normal/arm64/WebAuthn_const_extract_protocols.json -disable-clang-spi -clang-target arm64-apple-ios27.0 -target-sdk-version 27.0 -target-sdk-name iphoneos27.0 -in-process-plugin-server-path /Applications/Xcode-27.0.0.app/Contents/Developer/Toolchains/XcodeDefault.xctoolchain/usr/lib/swift/host/libSwiftInProcPluginServer.dylib -parse-as-library -o /Users/admin/builder/spi-builder-workspace/.derivedData/Build/Intermediates.noindex/swift-webauthn.build/Debug-iphoneos/WebAuthn-t.build/Objects-normal/arm64/Duration+Milliseconds.o -o /Users/admin/builder/spi-builder-workspace/.derivedData/Build/Intermediates.noindex/swift-webauthn.build/Debug-iphoneos/WebAuthn-t.build/Objects-normal/arm64/KeyedDecodingContainer+decodeURLEncoded.o -o /Users/admin/builder/spi-builder-workspace/.derivedData/Build/Intermediates.noindex/swift-webauthn.build/Debug-iphoneos/WebAuthn-t.build/Objects-normal/arm64/UInt8+random.o -o /Users/admin/builder/spi-builder-workspace/.derivedData/Build/Intermediates.noindex/swift-webauthn.build/Debug-iphoneos/WebAuthn-t.build/Objects-normal/arm64/UnreferencedStringEnumeration.o -debug-module-path /Users/admin/builder/spi-builder-workspace/.derivedData/Build/Intermediates.noindex/swift-webauthn.build/Debug-iphoneos/WebAuthn-t.build/Objects-normal/arm64/WebAuthn.swiftmodule -index-unit-output-path /swift-webauthn.build/Debug-iphoneos/WebAuthn-t.build/Objects-normal/arm64/Duration+Milliseconds.o -index-unit-output-path /swift-webauthn.build/Debug-iphoneos/WebAuthn-t.build/Objects-normal/arm64/KeyedDecodingContainer+decodeURLEncoded.o -index-unit-output-path /swift-webauthn.build/Debug-iphoneos/WebAuthn-t.build/Objects-normal/arm64/UInt8+random.o -index-unit-output-path /swift-webauthn.build/Debug-iphoneos/WebAuthn-t.build/Objects-normal/arm64/UnreferencedStringEnumeration.o -index-store-path /Users/admin/builder/spi-builder-workspace/.derivedData/Index.noindex/DataStore -index-system-modules
SwiftCompile normal arm64 /Users/admin/builder/spi-builder-workspace/Sources/WebAuthn/Helpers/Duration+Milliseconds.swift (in target 'WebAuthn' from project 'swift-webauthn')
cd /Users/admin/builder/spi-builder-workspace/.swiftpm/xcode
builtin-SwiftPerFileCompile Duration+Milliseconds.swift
SwiftCompile normal arm64 /Users/admin/builder/spi-builder-workspace/Sources/WebAuthn/Helpers/KeyedDecodingContainer+decodeURLEncoded.swift (in target 'WebAuthn' from project 'swift-webauthn')
cd /Users/admin/builder/spi-builder-workspace/.swiftpm/xcode
builtin-SwiftPerFileCompile KeyedDecodingContainer+decodeURLEncoded.swift
SwiftCompile normal arm64 /Users/admin/builder/spi-builder-workspace/Sources/WebAuthn/Helpers/UInt8+random.swift (in target 'WebAuthn' from project 'swift-webauthn')
cd /Users/admin/builder/spi-builder-workspace/.swiftpm/xcode
builtin-SwiftPerFileCompile UInt8+random.swift
SwiftCompile normal arm64 /Users/admin/builder/spi-builder-workspace/Sources/WebAuthn/Helpers/UnreferencedStringEnumeration.swift (in target 'WebAuthn' from project 'swift-webauthn')
cd /Users/admin/builder/spi-builder-workspace/.swiftpm/xcode
builtin-SwiftPerFileCompile UnreferencedStringEnumeration.swift
SwiftCompile normal arm64 Compiling\ WebAuthnError.swift,\ WebAuthnManager+Configuration.swift,\ WebAuthnManager.swift /Users/admin/builder/spi-builder-workspace/Sources/WebAuthn/WebAuthnError.swift /Users/admin/builder/spi-builder-workspace/Sources/WebAuthn/WebAuthnManager+Configuration.swift /Users/admin/builder/spi-builder-workspace/Sources/WebAuthn/WebAuthnManager.swift (in target 'WebAuthn' from project 'swift-webauthn')
/Users/admin/builder/spi-builder-workspace/Sources/WebAuthn/WebAuthnManager.swift:69:18: error: 'Duration' is only available in iOS 16.0 or newer
31 | /// When the client has received the response from the authenticator, pass the response to
32 | /// `finishAuthentication()`.
33 | public struct WebAuthnManager: Sendable {
| `- note: add '@available' attribute to enclosing struct
34 | private let configuration: Configuration
35 |
:
65 | /// Defaults to `nil` (no requirements).
66 | /// - Returns: Registration options ready for the browser.
67 | public func beginRegistration(
| `- note: add '@available' attribute to enclosing instance method
68 | user: PublicKeyCredentialUserEntity,
69 | timeout: Duration? = .seconds(5*60),
| `- error: 'Duration' is only available in iOS 16.0 or newer
70 | attestation: AttestationConveyancePreference = .none,
71 | publicKeyCredentialParameters: [PublicKeyCredentialParameters] = .supported,
/Users/admin/builder/spi-builder-workspace/Sources/WebAuthn/WebAuthnManager.swift:69:31: error: 'seconds' is only available in iOS 16.0 or newer
31 | /// When the client has received the response from the authenticator, pass the response to
32 | /// `finishAuthentication()`.
33 | public struct WebAuthnManager: Sendable {
| `- note: add '@available' attribute to enclosing struct
34 | private let configuration: Configuration
35 |
:
65 | /// Defaults to `nil` (no requirements).
66 | /// - Returns: Registration options ready for the browser.
67 | public func beginRegistration(
| `- note: add '@available' attribute to enclosing instance method
68 | user: PublicKeyCredentialUserEntity,
69 | timeout: Duration? = .seconds(5*60),
| `- error: 'seconds' is only available in iOS 16.0 or newer
70 | attestation: AttestationConveyancePreference = .none,
71 | publicKeyCredentialParameters: [PublicKeyCredentialParameters] = .supported,
/Users/admin/builder/spi-builder-workspace/Sources/WebAuthn/WebAuthnManager.swift:152:18: error: 'Duration' is only available in iOS 16.0 or newer
31 | /// When the client has received the response from the authenticator, pass the response to
32 | /// `finishAuthentication()`.
33 | public struct WebAuthnManager: Sendable {
| `- note: add '@available' attribute to enclosing struct
34 | private let configuration: Configuration
35 |
:
149 | /// "user verified" flag.
150 | /// - Returns: Authentication options ready for the browser.
151 | public func beginAuthentication(
| `- note: add '@available' attribute to enclosing instance method
152 | timeout: Duration? = .seconds(60),
| `- error: 'Duration' is only available in iOS 16.0 or newer
153 | allowCredentials: [PublicKeyCredentialDescriptor]? = nil,
154 | userVerification: UserVerificationRequirement = .preferred
/Users/admin/builder/spi-builder-workspace/Sources/WebAuthn/WebAuthnManager.swift:152:31: error: 'seconds' is only available in iOS 16.0 or newer
31 | /// When the client has received the response from the authenticator, pass the response to
32 | /// `finishAuthentication()`.
33 | public struct WebAuthnManager: Sendable {
| `- note: add '@available' attribute to enclosing struct
34 | private let configuration: Configuration
35 |
:
149 | /// "user verified" flag.
150 | /// - Returns: Authentication options ready for the browser.
151 | public func beginAuthentication(
| `- note: add '@available' attribute to enclosing instance method
152 | timeout: Duration? = .seconds(60),
| `- error: 'seconds' is only available in iOS 16.0 or newer
153 | allowCredentials: [PublicKeyCredentialDescriptor]? = nil,
154 | userVerification: UserVerificationRequirement = .preferred
SwiftCompile normal arm64 /Users/admin/builder/spi-builder-workspace/Sources/WebAuthn/WebAuthnError.swift (in target 'WebAuthn' from project 'swift-webauthn')
cd /Users/admin/builder/spi-builder-workspace/.swiftpm/xcode
builtin-SwiftPerFileCompile WebAuthnError.swift
SwiftCompile normal arm64 /Users/admin/builder/spi-builder-workspace/Sources/WebAuthn/WebAuthnManager+Configuration.swift (in target 'WebAuthn' from project 'swift-webauthn')
cd /Users/admin/builder/spi-builder-workspace/.swiftpm/xcode
builtin-SwiftPerFileCompile WebAuthnManager+Configuration.swift
SwiftCompile normal arm64 /Users/admin/builder/spi-builder-workspace/Sources/WebAuthn/WebAuthnManager.swift (in target 'WebAuthn' from project 'swift-webauthn')
cd /Users/admin/builder/spi-builder-workspace/.swiftpm/xcode
builtin-SwiftPerFileCompile WebAuthnManager.swift
SwiftCompile normal arm64 Compiling\ AttestationConveyancePreference.swift,\ AttestationFormat.swift,\ AttestationObject.swift,\ AttestedCredentialData.swift /Users/admin/builder/spi-builder-workspace/Sources/WebAuthn/Ceremonies/Registration/AttestationConveyancePreference.swift /Users/admin/builder/spi-builder-workspace/Sources/WebAuthn/Ceremonies/Registration/AttestationFormat.swift /Users/admin/builder/spi-builder-workspace/Sources/WebAuthn/Ceremonies/Registration/AttestationObject.swift /Users/admin/builder/spi-builder-workspace/Sources/WebAuthn/Ceremonies/Registration/AttestedCredentialData.swift (in target 'WebAuthn' from project 'swift-webauthn')
SwiftCompile normal arm64 /Users/admin/builder/spi-builder-workspace/Sources/WebAuthn/Ceremonies/Registration/AttestationConveyancePreference.swift (in target 'WebAuthn' from project 'swift-webauthn')
cd /Users/admin/builder/spi-builder-workspace/.swiftpm/xcode
builtin-SwiftPerFileCompile AttestationConveyancePreference.swift
SwiftCompile normal arm64 /Users/admin/builder/spi-builder-workspace/Sources/WebAuthn/Ceremonies/Registration/AttestationFormat.swift (in target 'WebAuthn' from project 'swift-webauthn')
cd /Users/admin/builder/spi-builder-workspace/.swiftpm/xcode
builtin-SwiftPerFileCompile AttestationFormat.swift
SwiftCompile normal arm64 /Users/admin/builder/spi-builder-workspace/Sources/WebAuthn/Ceremonies/Registration/AttestationObject.swift (in target 'WebAuthn' from project 'swift-webauthn')
cd /Users/admin/builder/spi-builder-workspace/.swiftpm/xcode
builtin-SwiftPerFileCompile AttestationObject.swift
SwiftCompile normal arm64 /Users/admin/builder/spi-builder-workspace/Sources/WebAuthn/Ceremonies/Registration/AttestedCredentialData.swift (in target 'WebAuthn' from project 'swift-webauthn')
cd /Users/admin/builder/spi-builder-workspace/.swiftpm/xcode
builtin-SwiftPerFileCompile AttestedCredentialData.swift
PruneExplicitPrecompiledModules /Users/admin/builder/spi-builder-workspace/.derivedData/Build/Intermediates.noindex/ExplicitPrecompiledModules
PruneExplicitPrecompiledModules /Users/admin/builder/spi-builder-workspace/.derivedData/Build/Intermediates.noindex/SwiftExplicitPrecompiledModules
PruneExplicitPrecompiledModules /Users/admin/builder/spi-builder-workspace/.derivedData/SDKExplicitPrecompiledModules
2026-10-09 16:49:13.732 xcodebuild[1061:6138] [MT] IDERunDestination: Supported platforms for the buildables in the current scheme is empty.
** BUILD FAILED **
The following build commands failed:
SwiftCompile normal arm64 Compiling\ Duration+Milliseconds.swift,\ KeyedDecodingContainer+decodeURLEncoded.swift,\ UInt8+random.swift,\ UnreferencedStringEnumeration.swift /Users/admin/builder/spi-builder-workspace/Sources/WebAuthn/Helpers/Duration+Milliseconds.swift /Users/admin/builder/spi-builder-workspace/Sources/WebAuthn/Helpers/KeyedDecodingContainer+decodeURLEncoded.swift /Users/admin/builder/spi-builder-workspace/Sources/WebAuthn/Helpers/UInt8+random.swift /Users/admin/builder/spi-builder-workspace/Sources/WebAuthn/Helpers/UnreferencedStringEnumeration.swift (in target 'WebAuthn' from project 'swift-webauthn')
SwiftCompile normal arm64 /Users/admin/builder/spi-builder-workspace/Sources/WebAuthn/Helpers/Duration+Milliseconds.swift (in target 'WebAuthn' from project 'swift-webauthn')
Building workspace swift-webauthn with scheme swift-webauthn
(3 failures)
Command line invocation:
/Applications/Xcode-27.0.0.app/Contents/Developer/usr/bin/xcodebuild -IDEClonedSourcePackagesDirPathOverride=/Users/admin/builder/spi-builder-workspace/.dependencies -resolvePackageDependencies
Resolve Package Graph
Resolved source packages:
swift-asn1: https://github.com/apple/swift-asn1.git @ 1.7.3
swift-crypto: https://github.com/apple/swift-crypto.git @ 5.0.0
swift-log: https://github.com/apple/swift-log.git @ 1.16.1
SymbolKit: https://github.com/swiftlang/swift-docc-symbolkit @ 1.0.0
swift-webauthn: /Users/admin/builder/spi-builder-workspace
SwiftCBOR: https://github.com/unrelentingtech/SwiftCBOR.git @ 0.6.0
SwiftDocCPlugin: https://github.com/swiftlang/swift-docc-plugin.git @ 1.5.0
resolved source packages: swift-asn1, swift-crypto, swift-log, SymbolKit, swift-webauthn, SwiftCBOR, SwiftDocCPlugin
2026-10-09 16:49:45.972 xcodebuild[2240:8949] [MT] IDERunDestination: Supported platforms for the buildables in the current scheme is empty.
{
"dependencies" : [
{
"identity" : "swiftcbor",
"requirement" : {
"range" : [
{
"lower_bound" : "0.4.7",
"upper_bound" : "1.0.0"
}
]
},
"type" : "sourceControl",
"url" : "https://github.com/unrelentingtech/SwiftCBOR.git"
},
{
"identity" : "swift-crypto",
"requirement" : {
"range" : [
{
"lower_bound" : "3.8.1",
"upper_bound" : "6.0.0"
}
]
},
"type" : "sourceControl",
"url" : "https://github.com/apple/swift-crypto.git"
},
{
"identity" : "swift-log",
"requirement" : {
"range" : [
{
"lower_bound" : "1.0.0",
"upper_bound" : "2.0.0"
}
]
},
"type" : "sourceControl",
"url" : "https://github.com/apple/swift-log.git"
},
{
"identity" : "swift-docc-plugin",
"requirement" : {
"range" : [
{
"lower_bound" : "1.1.0",
"upper_bound" : "2.0.0"
}
]
},
"type" : "sourceControl",
"url" : "https://github.com/swiftlang/swift-docc-plugin.git"
}
],
"manifest_display_name" : "swift-webauthn",
"name" : "swift-webauthn",
"path" : "/Users/admin/builder/spi-builder-workspace",
"platforms" : [
{
"name" : "macos",
"version" : "13.0"
}
],
"products" : [
{
"name" : "WebAuthn",
"targets" : [
"WebAuthn"
],
"type" : {
"library" : [
"automatic"
]
}
}
],
"targets" : [
{
"c99name" : "WebAuthnTests",
"module_type" : "SwiftTarget",
"name" : "WebAuthnTests",
"path" : "Tests/WebAuthnTests",
"product_dependencies" : [
"Crypto",
"_CryptoExtras"
],
"sources" : [
"AuthenticatorAttestationGloballyUniqueIDTests.swift",
"AuthenticatorSelectionTests.swift",
"DurationTests.swift",
"Formats/TPMAttestationTests/CertInfoTests.swift",
"HelpersTests.swift",
"Mocks/MockChallengeGenerator.swift",
"Mocks/MockUser.swift",
"Utils/Hexadecimal.swift",
"Utils/TestModels/TestAttestationObject.swift",
"Utils/TestModels/TestAuthData.swift",
"Utils/TestModels/TestClientDataJSON.swift",
"Utils/TestModels/TestConstants.swift",
"Utils/TestModels/TestCredentialPublicKey.swift",
"Utils/TestModels/TestECCKeyPair.swift",
"Utils/TestModels/TestKeyConfiguration.swift",
"Utils/TestModels/TestRSAKeyPair.swift",
"WebAuthnManagerAuthenticationTests.swift",
"WebAuthnManagerIntegrationTests.swift",
"WebAuthnManagerRegistrationTests.swift"
],
"target_dependencies" : [
"WebAuthn"
],
"type" : "test"
},
{
"c99name" : "WebAuthn",
"module_type" : "SwiftTarget",
"name" : "WebAuthn",
"path" : "Sources/WebAuthn",
"product_dependencies" : [
"SwiftCBOR",
"Crypto",
"_CryptoExtras",
"Logging"
],
"product_memberships" : [
"WebAuthn"
],
"sources" : [
"Ceremonies/Authentication/AuthenticationCredential.swift",
"Ceremonies/Authentication/AuthenticatorAssertionResponse.swift",
"Ceremonies/Authentication/PublicKeyCredentialRequestOptions.swift",
"Ceremonies/Authentication/VerifiedAuthentication.swift",
"Ceremonies/Registration/AttestationConveyancePreference.swift",
"Ceremonies/Registration/AttestationFormat.swift",
"Ceremonies/Registration/AttestationObject.swift",
"Ceremonies/Registration/AttestedCredentialData.swift",
"Ceremonies/Registration/AuthenticatorAttestationResponse.swift",
"Ceremonies/Registration/AuthenticatorSelection.swift",
"Ceremonies/Registration/Credential.swift",
"Ceremonies/Registration/Formats/PackedAttestation.swift",
"Ceremonies/Registration/Formats/TPMAttestation+Structs.swift",
"Ceremonies/Registration/Formats/TPMAttestation.swift",
"Ceremonies/Registration/PublicKeyCredentialCreationOptions.swift",
"Ceremonies/Registration/RegistrationCredential.swift",
"Ceremonies/Registration/ResidentKeyRequirement.swift",
"Ceremonies/Shared/AuthenticatorAttachment.swift",
"Ceremonies/Shared/AuthenticatorAttestationGloballyUniqueID.swift",
"Ceremonies/Shared/AuthenticatorData.swift",
"Ceremonies/Shared/AuthenticatorFlags.swift",
"Ceremonies/Shared/COSE/COSEAlgorithmIdentifier.swift",
"Ceremonies/Shared/COSE/COSECurve.swift",
"Ceremonies/Shared/COSE/COSEKey.swift",
"Ceremonies/Shared/COSE/COSEKeyType.swift",
"Ceremonies/Shared/CollectedClientData.swift",
"Ceremonies/Shared/CredentialPublicKey.swift",
"Ceremonies/Shared/CredentialType.swift",
"Helpers/Base64Utilities.swift",
"Helpers/ByteCasting.swift",
"Helpers/ChallengeGenerator.swift",
"Helpers/Data+safeSubscript.swift",
"Helpers/Duration+Milliseconds.swift",
"Helpers/KeyedDecodingContainer+decodeURLEncoded.swift",
"Helpers/UInt8+random.swift",
"Helpers/UnreferencedStringEnumeration.swift",
"WebAuthnError.swift",
"WebAuthnManager+Configuration.swift",
"WebAuthnManager.swift"
],
"type" : "library"
}
],
"tools_version" : "6.0"
}
{
"workspace" : {
"name" : "swift-webauthn",
"schemes" : [
"swift-webauthn"
]
}
}
2026-10-09 16:49:53.410 xcodebuild[2298:9336] [MT] IDERunDestination: Supported platforms for the buildables in the current scheme is empty.
Running build ...
env DEVELOPER_DIR=/Applications/Xcode-27.0.0-Release.Candidate.app xcrun xcodebuild -IDEClonedSourcePackagesDirPathOverride=$PWD/.dependencies -skipMacroValidation -skipPackagePluginValidation -derivedDataPath $PWD/.derivedData build -scheme swift-webauthn -destination generic/platform=iOS
Command line invocation:
/Applications/Xcode-27.0.0.app/Contents/Developer/usr/bin/xcodebuild -IDEClonedSourcePackagesDirPathOverride=/Users/admin/builder/spi-builder-workspace/.dependencies -skipMacroValidation -skipPackagePluginValidation -derivedDataPath /Users/admin/builder/spi-builder-workspace/.derivedData build -scheme swift-webauthn -destination generic/platform=iOS
Resolve Package Graph
Resolved source packages:
SwiftCBOR: https://github.com/unrelentingtech/SwiftCBOR.git @ 0.6.0
SymbolKit: https://github.com/swiftlang/swift-docc-symbolkit @ 1.0.0
swift-webauthn: /Users/admin/builder/spi-builder-workspace
swift-crypto: https://github.com/apple/swift-crypto.git @ 5.0.0
swift-asn1: https://github.com/apple/swift-asn1.git @ 1.7.3
SwiftDocCPlugin: https://github.com/swiftlang/swift-docc-plugin.git @ 1.5.0
swift-log: https://github.com/apple/swift-log.git @ 1.16.1
ComputePackagePrebuildTargetDependencyGraph
Prepare packages
CreateBuildRequest
SendProjectDescription
CreateBuildOperation
ComputeTargetDependencyGraph
note: Building targets in dependency order
note: Target dependency graph (19 targets)
Target 'WebAuthn-product' in project 'swift-webauthn'
➜ Explicit dependency on target 'WebAuthn' in project 'swift-webauthn'
➜ Explicit dependency on target 'SwiftCBOR-product' in project 'SwiftCBOR'
➜ Explicit dependency on target 'Crypto-product' in project 'swift-crypto'
➜ Explicit dependency on target '_CryptoExtras-product' in project 'swift-crypto'
➜ Explicit dependency on target 'Logging-product' in project 'swift-log'
Target 'WebAuthn' in project 'swift-webauthn'
➜ Explicit dependency on target 'SwiftCBOR-product' in project 'SwiftCBOR'
➜ Explicit dependency on target 'Crypto-product' in project 'swift-crypto'
➜ Explicit dependency on target '_CryptoExtras-product' in project 'swift-crypto'
➜ Explicit dependency on target 'Logging-product' in project 'swift-log'
Target 'Logging-product' in project 'swift-log'
➜ Explicit dependency on target 'Logging' in project 'swift-log'
Target 'Logging' in project 'swift-log' (no dependencies)
Target '_CryptoExtras-product' in project 'swift-crypto'
➜ Explicit dependency on target '_CryptoExtras' in project 'swift-crypto'
➜ Explicit dependency on target 'CCryptoBoringSSL' in project 'swift-crypto'
➜ Explicit dependency on target 'CryptoBoringWrapper' in project 'swift-crypto'
➜ Explicit dependency on target 'Crypto' in project 'swift-crypto'
➜ Explicit dependency on target 'CryptoExtras' in project 'swift-crypto'
➜ Explicit dependency on target 'SwiftASN1-product' in project 'swift-asn1'
Target '_CryptoExtras' in project 'swift-crypto'
➜ Explicit dependency on target 'CCryptoBoringSSL' in project 'swift-crypto'
➜ Explicit dependency on target 'CryptoBoringWrapper' in project 'swift-crypto'
➜ Explicit dependency on target 'Crypto' in project 'swift-crypto'
➜ Explicit dependency on target 'CryptoExtras' in project 'swift-crypto'
➜ Explicit dependency on target 'SwiftASN1-product' in project 'swift-asn1'
Target 'CryptoExtras' in project 'swift-crypto'
➜ Explicit dependency on target 'swift-crypto_CryptoExtras' in project 'swift-crypto'
➜ Explicit dependency on target 'CCryptoBoringSSL' in project 'swift-crypto'
➜ Explicit dependency on target 'CryptoBoringWrapper' in project 'swift-crypto'
➜ Explicit dependency on target 'Crypto' in project 'swift-crypto'
➜ Explicit dependency on target 'SwiftASN1-product' in project 'swift-asn1'
Target 'SwiftASN1-product' in project 'swift-asn1'
➜ Explicit dependency on target 'SwiftASN1' in project 'swift-asn1'
Target 'SwiftASN1' in project 'swift-asn1' (no dependencies)
Target 'swift-crypto_CryptoExtras' in project 'swift-crypto' (no dependencies)
Target 'CryptoBoringWrapper' in project 'swift-crypto'
➜ Explicit dependency on target 'swift-crypto_CryptoBoringWrapper' in project 'swift-crypto'
➜ Explicit dependency on target 'CCryptoBoringSSL' in project 'swift-crypto'
Target 'swift-crypto_CryptoBoringWrapper' in project 'swift-crypto' (no dependencies)
Target 'CCryptoBoringSSL' in project 'swift-crypto'
➜ Explicit dependency on target 'swift-crypto_CCryptoBoringSSL' in project 'swift-crypto'
Target 'swift-crypto_CCryptoBoringSSL' in project 'swift-crypto' (no dependencies)
Target 'Crypto-product' in project 'swift-crypto'
➜ Explicit dependency on target 'Crypto' in project 'swift-crypto'
➜ Explicit dependency on target 'swift-crypto_Crypto' in project 'swift-crypto'
Target 'Crypto' in project 'swift-crypto'
➜ Explicit dependency on target 'swift-crypto_Crypto' in project 'swift-crypto'
Target 'swift-crypto_Crypto' in project 'swift-crypto' (no dependencies)
Target 'SwiftCBOR-product' in project 'SwiftCBOR'
➜ Explicit dependency on target 'SwiftCBOR' in project 'SwiftCBOR'
Target 'SwiftCBOR' in project 'SwiftCBOR' (no dependencies)
GatherProvisioningInputs
CreateBuildDescription
ClangStatCache /Applications/Xcode-27.0.0.app/Contents/Developer/Toolchains/XcodeDefault.xctoolchain/usr/bin/clang-stat-cache /Applications/Xcode-27.0.0.app/Contents/Developer/Platforms/iPhoneOS.platform/Developer/SDKs/iPhoneOS27.0.sdk /Users/admin/builder/spi-builder-workspace/.derivedData/SDKStatCaches.noindex/iphoneos27.0-24A430-e829b21a6f8c9b70876ba0858053c0441fbf9a8c2e33c77c19098db08c7af4fe.sdkstatcache
cd /Users/admin/builder/spi-builder-workspace/.swiftpm/xcode
/Applications/Xcode-27.0.0.app/Contents/Developer/Toolchains/XcodeDefault.xctoolchain/usr/bin/clang-stat-cache /Applications/Xcode-27.0.0.app/Contents/Developer/Platforms/iPhoneOS.platform/Developer/SDKs/iPhoneOS27.0.sdk -o /Users/admin/builder/spi-builder-workspace/.derivedData/SDKStatCaches.noindex/iphoneos27.0-24A430-e829b21a6f8c9b70876ba0858053c0441fbf9a8c2e33c77c19098db08c7af4fe.sdkstatcache
SwiftDriver WebAuthn normal arm64 com.apple.xcode.tools.swift.compiler (in target 'WebAuthn' from project 'swift-webauthn')
cd /Users/admin/builder/spi-builder-workspace/.swiftpm/xcode
builtin-SwiftDriver -- /Applications/Xcode-27.0.0.app/Contents/Developer/Toolchains/XcodeDefault.xctoolchain/usr/bin/swiftc -parse-as-library -module-name WebAuthn -Onone @/Users/admin/builder/spi-builder-workspace/.derivedData/Build/Intermediates.noindex/swift-webauthn.build/Debug-iphoneos/WebAuthn-t.build/Objects-normal/arm64/WebAuthn.SwiftFileList -DSWIFT_PACKAGE -DDEBUG -DSWIFT_MODULE_RESOURCE_BUNDLE_UNAVAILABLE -Xcc -fmodule-map-file\=/Users/admin/builder/spi-builder-workspace/.dependencies/checkouts/swift-crypto/Sources/CCryptoBoringSSL/include/module.modulemap -DXcode -plugin-path /Applications/Xcode-27.0.0.app/Contents/Developer/Toolchains/XcodeDefault.xctoolchain/usr/lib/swift/host/plugins/testing -enable-experimental-feature DebugDescriptionMacro -sdk /Applications/Xcode-27.0.0.app/Contents/Developer/Platforms/iPhoneOS.platform/Developer/SDKs/iPhoneOS27.0.sdk -target arm64-apple-ios15.0 -g -module-cache-path /Users/admin/builder/spi-builder-workspace/.derivedData/ModuleCache.noindex -Xfrontend -serialize-debugging-options -profile-coverage-mapping -profile-generate -enable-testing -index-store-path /Users/admin/builder/spi-builder-workspace/.derivedData/Index.noindex/DataStore -Xcc -D_LIBCPP_HARDENING_MODE\=_LIBCPP_HARDENING_MODE_DEBUG -swift-version 6 -I /Users/admin/builder/spi-builder-workspace/.derivedData/Build/Products/Debug-iphoneos -Isystem /Applications/Xcode-27.0.0.app/Contents/Developer/Platforms/iPhoneOS.platform/Developer/usr/lib -F /Users/admin/builder/spi-builder-workspace/.derivedData/Build/Products/Debug-iphoneos/PackageFrameworks -F /Users/admin/builder/spi-builder-workspace/.derivedData/Build/Products/Debug-iphoneos -F /Applications/Xcode-27.0.0.app/Contents/Developer/Platforms/iPhoneOS.platform/Developer/Library/Frameworks -F /Applications/Xcode-27.0.0.app/Contents/Developer/Platforms/iPhoneOS.platform/Developer/SDKs/iPhoneOS27.0.sdk/Developer/Library/Frameworks -c -j10 -enable-batch-mode -incremental -Xcc -ivfsstatcache -Xcc /Users/admin/builder/spi-builder-workspace/.derivedData/SDKStatCaches.noindex/iphoneos27.0-24A430-e829b21a6f8c9b70876ba0858053c0441fbf9a8c2e33c77c19098db08c7af4fe.sdkstatcache -output-file-map /Users/admin/builder/spi-builder-workspace/.derivedData/Build/Intermediates.noindex/swift-webauthn.build/Debug-iphoneos/WebAuthn-t.build/Objects-normal/arm64/WebAuthn-OutputFileMap.json -save-temps -no-color-diagnostics -explicit-module-build -module-cache-path /Users/admin/builder/spi-builder-workspace/.derivedData/Build/Intermediates.noindex/SwiftExplicitPrecompiledModules -clang-scanner-module-cache-path /Users/admin/builder/spi-builder-workspace/.derivedData/ModuleCache.noindex -sdk-module-cache-path /Users/admin/builder/spi-builder-workspace/.derivedData/SDKExplicitPrecompiledModules -emit-dependencies -emit-module -emit-module-path /Users/admin/builder/spi-builder-workspace/.derivedData/Build/Intermediates.noindex/swift-webauthn.build/Debug-iphoneos/WebAuthn-t.build/Objects-normal/arm64/WebAuthn.swiftmodule -serialize-diagnostics -dependency-scan-serialize-diagnostics-path /Users/admin/builder/spi-builder-workspace/.derivedData/Build/Intermediates.noindex/swift-webauthn.build/Debug-iphoneos/WebAuthn-t.build/Objects-normal/arm64/WebAuthn-dependency-scan.dia -validate-clang-modules-once -clang-build-session-file /Users/admin/builder/spi-builder-workspace/.derivedData/ModuleCache.noindex/Session.modulevalidation -Xcc -fmodules-prune-interval\=86400 -Xcc -fmodules-prune-after\=345600 -package-name spi_builder_workspace -emit-const-values -const-gather-protocols-list /Users/admin/builder/spi-builder-workspace/.derivedData/Build/Intermediates.noindex/swift-webauthn.build/Debug-iphoneos/WebAuthn-t.build/Objects-normal/arm64/WebAuthn_const_extract_protocols.json -Xcc -I/Users/admin/builder/spi-builder-workspace/.dependencies/checkouts/swift-crypto/Sources/CCryptoBoringSSL/include -Xcc -I/Users/admin/builder/spi-builder-workspace/.derivedData/Build/Products/Debug-iphoneos/include -Xcc -I/Users/admin/builder/spi-builder-workspace/.derivedData/Build/Intermediates.noindex/swift-webauthn.build/Debug-iphoneos/WebAuthn-t.build/DerivedSources-normal/arm64 -Xcc -I/Users/admin/builder/spi-builder-workspace/.derivedData/Build/Intermediates.noindex/swift-webauthn.build/Debug-iphoneos/WebAuthn-t.build/DerivedSources/arm64 -Xcc -I/Users/admin/builder/spi-builder-workspace/.derivedData/Build/Intermediates.noindex/swift-webauthn.build/Debug-iphoneos/WebAuthn-t.build/DerivedSources -Xcc -DSWIFT_PACKAGE -Xcc -DDEBUG\=1 -emit-objc-header -emit-objc-header-path /Users/admin/builder/spi-builder-workspace/.derivedData/Build/Intermediates.noindex/swift-webauthn.build/Debug-iphoneos/WebAuthn-t.build/Objects-normal/arm64/WebAuthn-Swift.h -working-directory /Users/admin/builder/spi-builder-workspace/.swiftpm/xcode -experimental-emit-module-separately -disable-cmo
SwiftDriver CryptoExtras normal arm64 com.apple.xcode.tools.swift.compiler (in target 'CryptoExtras' from project 'swift-crypto')
cd /Users/admin/builder/spi-builder-workspace/.swiftpm/xcode
builtin-SwiftDriver -- /Applications/Xcode-27.0.0.app/Contents/Developer/Toolchains/XcodeDefault.xctoolchain/usr/bin/swiftc -parse-as-library -module-name CryptoExtras -Onone @/Users/admin/builder/spi-builder-workspace/.derivedData/Build/Intermediates.noindex/swift-crypto.build/Debug-iphoneos/CryptoExtras-t.build/Objects-normal/arm64/CryptoExtras.SwiftFileList -DSWIFT_PACKAGE -DDEBUG -DSWIFT_MODULE_RESOURCE_BUNDLE_AVAILABLE -DCRYPTO_IN_SWIFTPM -Xcc -fmodule-map-file\=/Users/admin/builder/spi-builder-workspace/.dependencies/checkouts/swift-crypto/Sources/CCryptoBoringSSL/include/module.modulemap -DXcode -enable-experimental-feature Lifetimes -enable-experimental-feature SourceWarningControl -enable-experimental-feature CheckImplementationOnly -enable-upcoming-feature MemberImportVisibility -plugin-path /Applications/Xcode-27.0.0.app/Contents/Developer/Toolchains/XcodeDefault.xctoolchain/usr/lib/swift/host/plugins/testing -enable-experimental-feature DebugDescriptionMacro -sdk /Applications/Xcode-27.0.0.app/Contents/Developer/Platforms/iPhoneOS.platform/Developer/SDKs/iPhoneOS27.0.sdk -target arm64-apple-ios15.0 -g -module-cache-path /Users/admin/builder/spi-builder-workspace/.derivedData/ModuleCache.noindex -Xfrontend -serialize-debugging-options -profile-coverage-mapping -profile-generate -enable-testing -suppress-warnings -index-store-path /Users/admin/builder/spi-builder-workspace/.derivedData/Index.noindex/DataStore -Xcc -D_LIBCPP_HARDENING_MODE\=_LIBCPP_HARDENING_MODE_DEBUG -swift-version 6 -I /Users/admin/builder/spi-builder-workspace/.derivedData/Build/Products/Debug-iphoneos -Isystem /Applications/Xcode-27.0.0.app/Contents/Developer/Platforms/iPhoneOS.platform/Developer/usr/lib -F /Users/admin/builder/spi-builder-workspace/.derivedData/Build/Products/Debug-iphoneos/PackageFrameworks -F /Users/admin/builder/spi-builder-workspace/.derivedData/Build/Products/Debug-iphoneos -F /Applications/Xcode-27.0.0.app/Contents/Developer/Platforms/iPhoneOS.platform/Developer/Library/Frameworks -F /Applications/Xcode-27.0.0.app/Contents/Developer/Platforms/iPhoneOS.platform/Developer/SDKs/iPhoneOS27.0.sdk/Developer/Library/Frameworks -c -j10 -enable-batch-mode -incremental -Xcc -ivfsstatcache -Xcc /Users/admin/builder/spi-builder-workspace/.derivedData/SDKStatCaches.noindex/iphoneos27.0-24A430-e829b21a6f8c9b70876ba0858053c0441fbf9a8c2e33c77c19098db08c7af4fe.sdkstatcache -output-file-map /Users/admin/builder/spi-builder-workspace/.derivedData/Build/Intermediates.noindex/swift-crypto.build/Debug-iphoneos/CryptoExtras-t.build/Objects-normal/arm64/CryptoExtras-OutputFileMap.json -save-temps -no-color-diagnostics -explicit-module-build -module-cache-path /Users/admin/builder/spi-builder-workspace/.derivedData/Build/Intermediates.noindex/SwiftExplicitPrecompiledModules -clang-scanner-module-cache-path /Users/admin/builder/spi-builder-workspace/.derivedData/ModuleCache.noindex -sdk-module-cache-path /Users/admin/builder/spi-builder-workspace/.derivedData/SDKExplicitPrecompiledModules -emit-dependencies -emit-module -emit-module-path /Users/admin/builder/spi-builder-workspace/.derivedData/Build/Intermediates.noindex/swift-crypto.build/Debug-iphoneos/CryptoExtras-t.build/Objects-normal/arm64/CryptoExtras.swiftmodule -serialize-diagnostics -dependency-scan-serialize-diagnostics-path /Users/admin/builder/spi-builder-workspace/.derivedData/Build/Intermediates.noindex/swift-crypto.build/Debug-iphoneos/CryptoExtras-t.build/Objects-normal/arm64/CryptoExtras-dependency-scan.dia -user-module-version 5.0.0 -validate-clang-modules-once -clang-build-session-file /Users/admin/builder/spi-builder-workspace/.derivedData/ModuleCache.noindex/Session.modulevalidation -Xcc -fmodules-prune-interval\=86400 -Xcc -fmodules-prune-after\=345600 -package-name swift_crypto -emit-const-values -const-gather-protocols-list /Users/admin/builder/spi-builder-workspace/.derivedData/Build/Intermediates.noindex/swift-crypto.build/Debug-iphoneos/CryptoExtras-t.build/Objects-normal/arm64/CryptoExtras_const_extract_protocols.json -Xcc -I/Users/admin/builder/spi-builder-workspace/.dependencies/checkouts/swift-crypto/Sources/CCryptoBoringSSL/include -Xcc -I/Users/admin/builder/spi-builder-workspace/.derivedData/Build/Products/Debug-iphoneos/include -Xcc -I/Users/admin/builder/spi-builder-workspace/.derivedData/Build/Intermediates.noindex/swift-crypto.build/Debug-iphoneos/CryptoExtras-t.build/DerivedSources-normal/arm64 -Xcc -I/Users/admin/builder/spi-builder-workspace/.derivedData/Build/Intermediates.noindex/swift-crypto.build/Debug-iphoneos/CryptoExtras-t.build/DerivedSources/arm64 -Xcc -I/Users/admin/builder/spi-builder-workspace/.derivedData/Build/Intermediates.noindex/swift-crypto.build/Debug-iphoneos/CryptoExtras-t.build/DerivedSources -Xcc -DSWIFT_PACKAGE -Xcc -DDEBUG\=1 -emit-objc-header -emit-objc-header-path /Users/admin/builder/spi-builder-workspace/.derivedData/Build/Intermediates.noindex/swift-crypto.build/Debug-iphoneos/CryptoExtras-t.build/Objects-normal/arm64/CryptoExtras-Swift.h -working-directory /Users/admin/builder/spi-builder-workspace/.swiftpm/xcode -experimental-emit-module-separately -disable-cmo
SwiftCompile normal arm64 Compiling\ AuthenticationCredential.swift,\ AuthenticatorAssertionResponse.swift,\ PublicKeyCredentialRequestOptions.swift,\ VerifiedAuthentication.swift /Users/admin/builder/spi-builder-workspace/Sources/WebAuthn/Ceremonies/Authentication/AuthenticationCredential.swift /Users/admin/builder/spi-builder-workspace/Sources/WebAuthn/Ceremonies/Authentication/AuthenticatorAssertionResponse.swift /Users/admin/builder/spi-builder-workspace/Sources/WebAuthn/Ceremonies/Authentication/PublicKeyCredentialRequestOptions.swift /Users/admin/builder/spi-builder-workspace/Sources/WebAuthn/Ceremonies/Authentication/VerifiedAuthentication.swift (in target 'WebAuthn' from project 'swift-webauthn')
SwiftCompile normal arm64 /Users/admin/builder/spi-builder-workspace/Sources/WebAuthn/Ceremonies/Authentication/AuthenticationCredential.swift (in target 'WebAuthn' from project 'swift-webauthn')
cd /Users/admin/builder/spi-builder-workspace/.swiftpm/xcode
builtin-SwiftPerFileCompile AuthenticationCredential.swift
SwiftCompile normal arm64 /Users/admin/builder/spi-builder-workspace/Sources/WebAuthn/Ceremonies/Authentication/AuthenticatorAssertionResponse.swift (in target 'WebAuthn' from project 'swift-webauthn')
cd /Users/admin/builder/spi-builder-workspace/.swiftpm/xcode
builtin-SwiftPerFileCompile AuthenticatorAssertionResponse.swift
SwiftCompile normal arm64 /Users/admin/builder/spi-builder-workspace/Sources/WebAuthn/Ceremonies/Authentication/PublicKeyCredentialRequestOptions.swift (in target 'WebAuthn' from project 'swift-webauthn')
cd /Users/admin/builder/spi-builder-workspace/.swiftpm/xcode
builtin-SwiftPerFileCompile PublicKeyCredentialRequestOptions.swift
SwiftCompile normal arm64 /Users/admin/builder/spi-builder-workspace/Sources/WebAuthn/Ceremonies/Authentication/VerifiedAuthentication.swift (in target 'WebAuthn' from project 'swift-webauthn')
cd /Users/admin/builder/spi-builder-workspace/.swiftpm/xcode
builtin-SwiftPerFileCompile VerifiedAuthentication.swift
/Users/admin/builder/spi-builder-workspace/Sources/WebAuthn/Ceremonies/Authentication/PublicKeyCredentialRequestOptions.swift:45:25: error: 'Duration' is only available in iOS 16.0 or newer
23 | ///
24 | /// - SeeAlso: https://www.w3.org/TR/webauthn-2/#dictionary-assertion-options
25 | public struct PublicKeyCredentialRequestOptions: Sendable {
| `- note: add '@available' attribute to enclosing struct
26 | /// A challenge that the authenticator signs, along with other data, when producing an authentication assertion.
27 | ///
:
43 | /// - Note: When encoded, this value is represented in milleseconds as a ``UInt32``.
44 | /// See https://www.w3.org/TR/webauthn-2/#dictionary-assertion-options
45 | public var timeout: Duration?
| `- error: 'Duration' is only available in iOS 16.0 or newer
46 |
47 | /// The ID of the Relying Party making the request.
SwiftCompile normal arm64 Compiling\ AuthenticatorFlags.swift,\ COSEAlgorithmIdentifier.swift,\ COSECurve.swift,\ COSEKey.swift /Users/admin/builder/spi-builder-workspace/Sources/WebAuthn/Ceremonies/Shared/AuthenticatorFlags.swift /Users/admin/builder/spi-builder-workspace/Sources/WebAuthn/Ceremonies/Shared/COSE/COSEAlgorithmIdentifier.swift /Users/admin/builder/spi-builder-workspace/Sources/WebAuthn/Ceremonies/Shared/COSE/COSECurve.swift /Users/admin/builder/spi-builder-workspace/Sources/WebAuthn/Ceremonies/Shared/COSE/COSEKey.swift (in target 'WebAuthn' from project 'swift-webauthn')
SwiftCompile normal arm64 /Users/admin/builder/spi-builder-workspace/Sources/WebAuthn/Ceremonies/Shared/AuthenticatorFlags.swift (in target 'WebAuthn' from project 'swift-webauthn')
cd /Users/admin/builder/spi-builder-workspace/.swiftpm/xcode
builtin-SwiftPerFileCompile AuthenticatorFlags.swift
SwiftCompile normal arm64 /Users/admin/builder/spi-builder-workspace/Sources/WebAuthn/Ceremonies/Shared/COSE/COSEAlgorithmIdentifier.swift (in target 'WebAuthn' from project 'swift-webauthn')
cd /Users/admin/builder/spi-builder-workspace/.swiftpm/xcode
builtin-SwiftPerFileCompile COSEAlgorithmIdentifier.swift
SwiftCompile normal arm64 /Users/admin/builder/spi-builder-workspace/Sources/WebAuthn/Ceremonies/Shared/COSE/COSECurve.swift (in target 'WebAuthn' from project 'swift-webauthn')
cd /Users/admin/builder/spi-builder-workspace/.swiftpm/xcode
builtin-SwiftPerFileCompile COSECurve.swift
SwiftCompile normal arm64 /Users/admin/builder/spi-builder-workspace/Sources/WebAuthn/Ceremonies/Shared/COSE/COSEKey.swift (in target 'WebAuthn' from project 'swift-webauthn')
cd /Users/admin/builder/spi-builder-workspace/.swiftpm/xcode
builtin-SwiftPerFileCompile COSEKey.swift
SwiftCompile normal arm64 Compiling\ COSEKeyType.swift,\ CollectedClientData.swift,\ CredentialPublicKey.swift,\ CredentialType.swift /Users/admin/builder/spi-builder-workspace/Sources/WebAuthn/Ceremonies/Shared/COSE/COSEKeyType.swift /Users/admin/builder/spi-builder-workspace/Sources/WebAuthn/Ceremonies/Shared/CollectedClientData.swift /Users/admin/builder/spi-builder-workspace/Sources/WebAuthn/Ceremonies/Shared/CredentialPublicKey.swift /Users/admin/builder/spi-builder-workspace/Sources/WebAuthn/Ceremonies/Shared/CredentialType.swift (in target 'WebAuthn' from project 'swift-webauthn')
SwiftCompile normal arm64 /Users/admin/builder/spi-builder-workspace/Sources/WebAuthn/Ceremonies/Shared/COSE/COSEKeyType.swift (in target 'WebAuthn' from project 'swift-webauthn')
cd /Users/admin/builder/spi-builder-workspace/.swiftpm/xcode
builtin-SwiftPerFileCompile COSEKeyType.swift
SwiftCompile normal arm64 /Users/admin/builder/spi-builder-workspace/Sources/WebAuthn/Ceremonies/Shared/CollectedClientData.swift (in target 'WebAuthn' from project 'swift-webauthn')
cd /Users/admin/builder/spi-builder-workspace/.swiftpm/xcode
builtin-SwiftPerFileCompile CollectedClientData.swift
SwiftCompile normal arm64 /Users/admin/builder/spi-builder-workspace/Sources/WebAuthn/Ceremonies/Shared/CredentialPublicKey.swift (in target 'WebAuthn' from project 'swift-webauthn')
cd /Users/admin/builder/spi-builder-workspace/.swiftpm/xcode
builtin-SwiftPerFileCompile CredentialPublicKey.swift
SwiftCompile normal arm64 /Users/admin/builder/spi-builder-workspace/Sources/WebAuthn/Ceremonies/Shared/CredentialType.swift (in target 'WebAuthn' from project 'swift-webauthn')
cd /Users/admin/builder/spi-builder-workspace/.swiftpm/xcode
builtin-SwiftPerFileCompile CredentialType.swift
SwiftCompile normal arm64 Compiling\ ResidentKeyRequirement.swift,\ AuthenticatorAttachment.swift,\ AuthenticatorAttestationGloballyUniqueID.swift,\ AuthenticatorData.swift /Users/admin/builder/spi-builder-workspace/Sources/WebAuthn/Ceremonies/Registration/ResidentKeyRequirement.swift /Users/admin/builder/spi-builder-workspace/Sources/WebAuthn/Ceremonies/Shared/AuthenticatorAttachment.swift /Users/admin/builder/spi-builder-workspace/Sources/WebAuthn/Ceremonies/Shared/AuthenticatorAttestationGloballyUniqueID.swift /Users/admin/builder/spi-builder-workspace/Sources/WebAuthn/Ceremonies/Shared/AuthenticatorData.swift (in target 'WebAuthn' from project 'swift-webauthn')
SwiftCompile normal arm64 /Users/admin/builder/spi-builder-workspace/Sources/WebAuthn/Ceremonies/Registration/ResidentKeyRequirement.swift (in target 'WebAuthn' from project 'swift-webauthn')
cd /Users/admin/builder/spi-builder-workspace/.swiftpm/xcode
builtin-SwiftPerFileCompile ResidentKeyRequirement.swift
SwiftCompile normal arm64 /Users/admin/builder/spi-builder-workspace/Sources/WebAuthn/Ceremonies/Shared/AuthenticatorAttachment.swift (in target 'WebAuthn' from project 'swift-webauthn')
cd /Users/admin/builder/spi-builder-workspace/.swiftpm/xcode
builtin-SwiftPerFileCompile AuthenticatorAttachment.swift
SwiftCompile normal arm64 /Users/admin/builder/spi-builder-workspace/Sources/WebAuthn/Ceremonies/Shared/AuthenticatorAttestationGloballyUniqueID.swift (in target 'WebAuthn' from project 'swift-webauthn')
cd /Users/admin/builder/spi-builder-workspace/.swiftpm/xcode
builtin-SwiftPerFileCompile AuthenticatorAttestationGloballyUniqueID.swift
SwiftCompile normal arm64 /Users/admin/builder/spi-builder-workspace/Sources/WebAuthn/Ceremonies/Shared/AuthenticatorData.swift (in target 'WebAuthn' from project 'swift-webauthn')
cd /Users/admin/builder/spi-builder-workspace/.swiftpm/xcode
builtin-SwiftPerFileCompile AuthenticatorData.swift
SwiftCompile normal arm64 Compiling\ AuthenticatorAttestationResponse.swift,\ AuthenticatorSelection.swift,\ Credential.swift,\ PackedAttestation.swift /Users/admin/builder/spi-builder-workspace/Sources/WebAuthn/Ceremonies/Registration/AuthenticatorAttestationResponse.swift /Users/admin/builder/spi-builder-workspace/Sources/WebAuthn/Ceremonies/Registration/AuthenticatorSelection.swift /Users/admin/builder/spi-builder-workspace/Sources/WebAuthn/Ceremonies/Registration/Credential.swift /Users/admin/builder/spi-builder-workspace/Sources/WebAuthn/Ceremonies/Registration/Formats/PackedAttestation.swift (in target 'WebAuthn' from project 'swift-webauthn')
SwiftCompile normal arm64 /Users/admin/builder/spi-builder-workspace/Sources/WebAuthn/Ceremonies/Registration/AuthenticatorAttestationResponse.swift (in target 'WebAuthn' from project 'swift-webauthn')
cd /Users/admin/builder/spi-builder-workspace/.swiftpm/xcode
builtin-SwiftPerFileCompile AuthenticatorAttestationResponse.swift
SwiftCompile normal arm64 /Users/admin/builder/spi-builder-workspace/Sources/WebAuthn/Ceremonies/Registration/AuthenticatorSelection.swift (in target 'WebAuthn' from project 'swift-webauthn')
cd /Users/admin/builder/spi-builder-workspace/.swiftpm/xcode
builtin-SwiftPerFileCompile AuthenticatorSelection.swift
SwiftCompile normal arm64 /Users/admin/builder/spi-builder-workspace/Sources/WebAuthn/Ceremonies/Registration/Credential.swift (in target 'WebAuthn' from project 'swift-webauthn')
cd /Users/admin/builder/spi-builder-workspace/.swiftpm/xcode
builtin-SwiftPerFileCompile Credential.swift
SwiftCompile normal arm64 /Users/admin/builder/spi-builder-workspace/Sources/WebAuthn/Ceremonies/Registration/Formats/PackedAttestation.swift (in target 'WebAuthn' from project 'swift-webauthn')
cd /Users/admin/builder/spi-builder-workspace/.swiftpm/xcode
builtin-SwiftPerFileCompile PackedAttestation.swift
SwiftCompile normal arm64 Compiling\ TPMAttestation+Structs.swift,\ TPMAttestation.swift,\ PublicKeyCredentialCreationOptions.swift,\ RegistrationCredential.swift /Users/admin/builder/spi-builder-workspace/Sources/WebAuthn/Ceremonies/Registration/Formats/TPMAttestation+Structs.swift /Users/admin/builder/spi-builder-workspace/Sources/WebAuthn/Ceremonies/Registration/Formats/TPMAttestation.swift /Users/admin/builder/spi-builder-workspace/Sources/WebAuthn/Ceremonies/Registration/PublicKeyCredentialCreationOptions.swift /Users/admin/builder/spi-builder-workspace/Sources/WebAuthn/Ceremonies/Registration/RegistrationCredential.swift (in target 'WebAuthn' from project 'swift-webauthn')
/Users/admin/builder/spi-builder-workspace/Sources/WebAuthn/Ceremonies/Registration/PublicKeyCredentialCreationOptions.swift:55:25: error: 'Duration' is only available in iOS 16.0 or newer
24 | ///
25 | /// - SeeAlso: https://www.w3.org/TR/webauthn-2/#dictionary-makecredentialoptions
26 | public struct PublicKeyCredentialCreationOptions: Sendable {
| `- note: add '@available' attribute to enclosing struct
27 | /// A byte array randomly generated by the Relying Party. Should be at least 16 bytes long to ensure sufficient
28 | /// entropy.
:
53 | ///
54 | /// - Note: When encoded, this value is represented in milleseconds as a ``UInt32``.
55 | public var timeout: Duration?
| `- error: 'Duration' is only available in iOS 16.0 or newer
56 |
57 | /// Sets the Relying Party's preference for attestation conveyance. At the time of writing only ``AttestationConveyancePreference/none`` is supported.
/Users/admin/builder/spi-builder-workspace/Sources/WebAuthn/Ceremonies/Registration/PublicKeyCredentialCreationOptions.swift:80:18: error: 'Duration' is only available in iOS 16.0 or newer
24 | ///
25 | /// - SeeAlso: https://www.w3.org/TR/webauthn-2/#dictionary-makecredentialoptions
26 | public struct PublicKeyCredentialCreationOptions: Sendable {
| `- note: add '@available' attribute to enclosing struct
27 | /// A byte array randomly generated by the Relying Party. Should be at least 16 bytes long to ensure sufficient
28 | /// entropy.
:
73 | /// - attestation: Sets the Relying Party's preference for attestation conveyance. At the time of writing only `none` is supported.
74 | /// - authenticatorSelection: A dictionary describing the Relying Party's requirements regarding authenticator attributes.
75 | public init(
| `- note: add '@available' attribute to enclosing initializer
76 | challenge: [UInt8],
77 | user: PublicKeyCredentialUserEntity,
78 | relyingParty: PublicKeyCredentialRelyingPartyEntity,
79 | publicKeyCredentialParameters: [PublicKeyCredentialParameters],
80 | timeout: Duration?,
| `- error: 'Duration' is only available in iOS 16.0 or newer
81 | attestation: AttestationConveyancePreference,
82 | authenticatorSelection: AuthenticatorSelection? = nil
SwiftCompile normal arm64 /Users/admin/builder/spi-builder-workspace/Sources/WebAuthn/Ceremonies/Registration/Formats/TPMAttestation+Structs.swift (in target 'WebAuthn' from project 'swift-webauthn')
cd /Users/admin/builder/spi-builder-workspace/.swiftpm/xcode
builtin-SwiftPerFileCompile TPMAttestation+Structs.swift
SwiftCompile normal arm64 /Users/admin/builder/spi-builder-workspace/Sources/WebAuthn/Ceremonies/Registration/Formats/TPMAttestation.swift (in target 'WebAuthn' from project 'swift-webauthn')
cd /Users/admin/builder/spi-builder-workspace/.swiftpm/xcode
builtin-SwiftPerFileCompile TPMAttestation.swift
SwiftCompile normal arm64 /Users/admin/builder/spi-builder-workspace/Sources/WebAuthn/Ceremonies/Registration/PublicKeyCredentialCreationOptions.swift (in target 'WebAuthn' from project 'swift-webauthn')
cd /Users/admin/builder/spi-builder-workspace/.swiftpm/xcode
builtin-SwiftPerFileCompile PublicKeyCredentialCreationOptions.swift
SwiftCompile normal arm64 /Users/admin/builder/spi-builder-workspace/Sources/WebAuthn/Ceremonies/Registration/RegistrationCredential.swift (in target 'WebAuthn' from project 'swift-webauthn')
cd /Users/admin/builder/spi-builder-workspace/.swiftpm/xcode
builtin-SwiftPerFileCompile RegistrationCredential.swift
SwiftCompile normal arm64 Compiling\ AttestationConveyancePreference.swift,\ AttestationFormat.swift,\ AttestationObject.swift,\ AttestedCredentialData.swift /Users/admin/builder/spi-builder-workspace/Sources/WebAuthn/Ceremonies/Registration/AttestationConveyancePreference.swift /Users/admin/builder/spi-builder-workspace/Sources/WebAuthn/Ceremonies/Registration/AttestationFormat.swift /Users/admin/builder/spi-builder-workspace/Sources/WebAuthn/Ceremonies/Registration/AttestationObject.swift /Users/admin/builder/spi-builder-workspace/Sources/WebAuthn/Ceremonies/Registration/AttestedCredentialData.swift (in target 'WebAuthn' from project 'swift-webauthn')
SwiftCompile normal arm64 /Users/admin/builder/spi-builder-workspace/Sources/WebAuthn/Ceremonies/Registration/AttestationConveyancePreference.swift (in target 'WebAuthn' from project 'swift-webauthn')
cd /Users/admin/builder/spi-builder-workspace/.swiftpm/xcode
builtin-SwiftPerFileCompile AttestationConveyancePreference.swift
SwiftCompile normal arm64 /Users/admin/builder/spi-builder-workspace/Sources/WebAuthn/Ceremonies/Registration/AttestationFormat.swift (in target 'WebAuthn' from project 'swift-webauthn')
cd /Users/admin/builder/spi-builder-workspace/.swiftpm/xcode
builtin-SwiftPerFileCompile AttestationFormat.swift
SwiftCompile normal arm64 /Users/admin/builder/spi-builder-workspace/Sources/WebAuthn/Ceremonies/Registration/AttestationObject.swift (in target 'WebAuthn' from project 'swift-webauthn')
cd /Users/admin/builder/spi-builder-workspace/.swiftpm/xcode
builtin-SwiftPerFileCompile AttestationObject.swift
SwiftCompile normal arm64 /Users/admin/builder/spi-builder-workspace/Sources/WebAuthn/Ceremonies/Registration/AttestedCredentialData.swift (in target 'WebAuthn' from project 'swift-webauthn')
cd /Users/admin/builder/spi-builder-workspace/.swiftpm/xcode
builtin-SwiftPerFileCompile AttestedCredentialData.swift
SwiftCompile normal arm64 Compiling\ Base64Utilities.swift,\ ByteCasting.swift,\ ChallengeGenerator.swift,\ Data+safeSubscript.swift /Users/admin/builder/spi-builder-workspace/Sources/WebAuthn/Helpers/Base64Utilities.swift /Users/admin/builder/spi-builder-workspace/Sources/WebAuthn/Helpers/ByteCasting.swift /Users/admin/builder/spi-builder-workspace/Sources/WebAuthn/Helpers/ChallengeGenerator.swift /Users/admin/builder/spi-builder-workspace/Sources/WebAuthn/Helpers/Data+safeSubscript.swift (in target 'WebAuthn' from project 'swift-webauthn')
SwiftCompile normal arm64 /Users/admin/builder/spi-builder-workspace/Sources/WebAuthn/Helpers/Base64Utilities.swift (in target 'WebAuthn' from project 'swift-webauthn')
cd /Users/admin/builder/spi-builder-workspace/.swiftpm/xcode
builtin-SwiftPerFileCompile Base64Utilities.swift
SwiftCompile normal arm64 /Users/admin/builder/spi-builder-workspace/Sources/WebAuthn/Helpers/ByteCasting.swift (in target 'WebAuthn' from project 'swift-webauthn')
cd /Users/admin/builder/spi-builder-workspace/.swiftpm/xcode
builtin-SwiftPerFileCompile ByteCasting.swift
SwiftCompile normal arm64 /Users/admin/builder/spi-builder-workspace/Sources/WebAuthn/Helpers/ChallengeGenerator.swift (in target 'WebAuthn' from project 'swift-webauthn')
cd /Users/admin/builder/spi-builder-workspace/.swiftpm/xcode
builtin-SwiftPerFileCompile ChallengeGenerator.swift
SwiftCompile normal arm64 /Users/admin/builder/spi-builder-workspace/Sources/WebAuthn/Helpers/Data+safeSubscript.swift (in target 'WebAuthn' from project 'swift-webauthn')
cd /Users/admin/builder/spi-builder-workspace/.swiftpm/xcode
builtin-SwiftPerFileCompile Data+safeSubscript.swift
SwiftEmitModule normal arm64 Emitting\ module\ for\ WebAuthn (in target 'WebAuthn' from project 'swift-webauthn')
/Users/admin/builder/spi-builder-workspace/Sources/WebAuthn/Ceremonies/Authentication/PublicKeyCredentialRequestOptions.swift:45:25: error: 'Duration' is only available in iOS 16.0 or newer
23 | ///
24 | /// - SeeAlso: https://www.w3.org/TR/webauthn-2/#dictionary-assertion-options
25 | public struct PublicKeyCredentialRequestOptions: Sendable {
| `- note: add '@available' attribute to enclosing struct
26 | /// A challenge that the authenticator signs, along with other data, when producing an authentication assertion.
27 | ///
:
43 | /// - Note: When encoded, this value is represented in milleseconds as a ``UInt32``.
44 | /// See https://www.w3.org/TR/webauthn-2/#dictionary-assertion-options
45 | public var timeout: Duration?
| `- error: 'Duration' is only available in iOS 16.0 or newer
46 |
47 | /// The ID of the Relying Party making the request.
/Users/admin/builder/spi-builder-workspace/Sources/WebAuthn/Ceremonies/Authentication/PublicKeyCredentialRequestOptions.swift:73:18: error: 'Duration' is only available in iOS 16.0 or newer
23 | ///
24 | /// - SeeAlso: https://www.w3.org/TR/webauthn-2/#dictionary-assertion-options
25 | public struct PublicKeyCredentialRequestOptions: Sendable {
| `- note: add '@available' attribute to enclosing struct
26 | /// A challenge that the authenticator signs, along with other data, when producing an authentication assertion.
27 | ///
:
69 | /// - allowCredentials: Optionally used by the client to find authenticators eligible for this authentication ceremony.
70 | /// - userVerification: Specifies whether the user should be verified during the authentication ceremony.
71 | public init(
| `- note: add '@available' attribute to enclosing initializer
72 | challenge: [UInt8],
73 | timeout: Duration?,
| `- error: 'Duration' is only available in iOS 16.0 or newer
74 | relyingPartyID: String,
75 | allowCredentials: [PublicKeyCredentialDescriptor]?,
/Users/admin/builder/spi-builder-workspace/Sources/WebAuthn/Ceremonies/Registration/PublicKeyCredentialCreationOptions.swift:55:25: error: 'Duration' is only available in iOS 16.0 or newer
24 | ///
25 | /// - SeeAlso: https://www.w3.org/TR/webauthn-2/#dictionary-makecredentialoptions
26 | public struct PublicKeyCredentialCreationOptions: Sendable {
| `- note: add '@available' attribute to enclosing struct
27 | /// A byte array randomly generated by the Relying Party. Should be at least 16 bytes long to ensure sufficient
28 | /// entropy.
:
53 | ///
54 | /// - Note: When encoded, this value is represented in milleseconds as a ``UInt32``.
55 | public var timeout: Duration?
| `- error: 'Duration' is only available in iOS 16.0 or newer
56 |
57 | /// Sets the Relying Party's preference for attestation conveyance. At the time of writing only ``AttestationConveyancePreference/none`` is supported.
SwiftCompile normal arm64 (in target 'WebAuthn' from project 'swift-webauthn')
cd /Users/admin/builder/spi-builder-workspace/.swiftpm/xcode
SwiftCompile normal arm64 Compiling\ Duration+Milliseconds.swift,\ KeyedDecodingContainer+decodeURLEncoded.swift,\ UInt8+random.swift,\ UnreferencedStringEnumeration.swift /Users/admin/builder/spi-builder-workspace/Sources/WebAuthn/Helpers/Duration+Milliseconds.swift /Users/admin/builder/spi-builder-workspace/Sources/WebAuthn/Helpers/KeyedDecodingContainer+decodeURLEncoded.swift /Users/admin/builder/spi-builder-workspace/Sources/WebAuthn/Helpers/UInt8+random.swift /Users/admin/builder/spi-builder-workspace/Sources/WebAuthn/Helpers/UnreferencedStringEnumeration.swift (in target 'WebAuthn' from project 'swift-webauthn')
/Users/admin/builder/spi-builder-workspace/Sources/WebAuthn/Helpers/Duration+Milliseconds.swift:14:11: error: 'Duration' is only available in iOS 16.0 or newer
12 | //===----------------------------------------------------------------------===//
13 |
14 | extension Duration {
| | `- error: 'Duration' is only available in iOS 16.0 or newer
| `- note: add '@available' attribute to enclosing extension
15 | /// The value of a positive duration in milliseconds, suitable to be encoded in WebAuthn types.
16 | var milliseconds: Int64 {
/Users/admin/builder/spi-builder-workspace/Sources/WebAuthn/Helpers/Duration+Milliseconds.swift:17:43: error: 'components' is only available in iOS 16.0 or newer
12 | //===----------------------------------------------------------------------===//
13 |
14 | extension Duration {
| `- note: add '@available' attribute to enclosing extension
15 | /// The value of a positive duration in milliseconds, suitable to be encoded in WebAuthn types.
16 | var milliseconds: Int64 {
| `- note: add '@available' attribute to enclosing property
17 | let (seconds, attoseconds) = self.components
| |- error: 'components' is only available in iOS 16.0 or newer
| `- note: add 'if #available' version check
18 | return Int64(seconds * 1000) + Int64(attoseconds/1_000_000_000_000_000)
19 | }
Failed frontend command:
/Applications/Xcode-27.0.0.app/Contents/Developer/Toolchains/XcodeDefault.xctoolchain/usr/bin/swift-frontend -frontend -c /Users/admin/builder/spi-builder-workspace/Sources/WebAuthn/Ceremonies/Authentication/AuthenticationCredential.swift /Users/admin/builder/spi-builder-workspace/Sources/WebAuthn/Ceremonies/Authentication/AuthenticatorAssertionResponse.swift /Users/admin/builder/spi-builder-workspace/Sources/WebAuthn/Ceremonies/Authentication/PublicKeyCredentialRequestOptions.swift /Users/admin/builder/spi-builder-workspace/Sources/WebAuthn/Ceremonies/Authentication/VerifiedAuthentication.swift /Users/admin/builder/spi-builder-workspace/Sources/WebAuthn/Ceremonies/Registration/AttestationConveyancePreference.swift /Users/admin/builder/spi-builder-workspace/Sources/WebAuthn/Ceremonies/Registration/AttestationFormat.swift /Users/admin/builder/spi-builder-workspace/Sources/WebAuthn/Ceremonies/Registration/AttestationObject.swift /Users/admin/builder/spi-builder-workspace/Sources/WebAuthn/Ceremonies/Registration/AttestedCredentialData.swift /Users/admin/builder/spi-builder-workspace/Sources/WebAuthn/Ceremonies/Registration/AuthenticatorAttestationResponse.swift /Users/admin/builder/spi-builder-workspace/Sources/WebAuthn/Ceremonies/Registration/AuthenticatorSelection.swift /Users/admin/builder/spi-builder-workspace/Sources/WebAuthn/Ceremonies/Registration/Credential.swift /Users/admin/builder/spi-builder-workspace/Sources/WebAuthn/Ceremonies/Registration/Formats/PackedAttestation.swift /Users/admin/builder/spi-builder-workspace/Sources/WebAuthn/Ceremonies/Registration/Formats/TPMAttestation+Structs.swift /Users/admin/builder/spi-builder-workspace/Sources/WebAuthn/Ceremonies/Registration/Formats/TPMAttestation.swift /Users/admin/builder/spi-builder-workspace/Sources/WebAuthn/Ceremonies/Registration/PublicKeyCredentialCreationOptions.swift /Users/admin/builder/spi-builder-workspace/Sources/WebAuthn/Ceremonies/Registration/RegistrationCredential.swift /Users/admin/builder/spi-builder-workspace/Sources/WebAuthn/Ceremonies/Registration/ResidentKeyRequirement.swift /Users/admin/builder/spi-builder-workspace/Sources/WebAuthn/Ceremonies/Shared/AuthenticatorAttachment.swift /Users/admin/builder/spi-builder-workspace/Sources/WebAuthn/Ceremonies/Shared/AuthenticatorAttestationGloballyUniqueID.swift /Users/admin/builder/spi-builder-workspace/Sources/WebAuthn/Ceremonies/Shared/AuthenticatorData.swift /Users/admin/builder/spi-builder-workspace/Sources/WebAuthn/Ceremonies/Shared/AuthenticatorFlags.swift /Users/admin/builder/spi-builder-workspace/Sources/WebAuthn/Ceremonies/Shared/COSE/COSEAlgorithmIdentifier.swift /Users/admin/builder/spi-builder-workspace/Sources/WebAuthn/Ceremonies/Shared/COSE/COSECurve.swift /Users/admin/builder/spi-builder-workspace/Sources/WebAuthn/Ceremonies/Shared/COSE/COSEKey.swift /Users/admin/builder/spi-builder-workspace/Sources/WebAuthn/Ceremonies/Shared/COSE/COSEKeyType.swift /Users/admin/builder/spi-builder-workspace/Sources/WebAuthn/Ceremonies/Shared/CollectedClientData.swift /Users/admin/builder/spi-builder-workspace/Sources/WebAuthn/Ceremonies/Shared/CredentialPublicKey.swift /Users/admin/builder/spi-builder-workspace/Sources/WebAuthn/Ceremonies/Shared/CredentialType.swift /Users/admin/builder/spi-builder-workspace/Sources/WebAuthn/Helpers/Base64Utilities.swift /Users/admin/builder/spi-builder-workspace/Sources/WebAuthn/Helpers/ByteCasting.swift /Users/admin/builder/spi-builder-workspace/Sources/WebAuthn/Helpers/ChallengeGenerator.swift /Users/admin/builder/spi-builder-workspace/Sources/WebAuthn/Helpers/Data+safeSubscript.swift -primary-file /Users/admin/builder/spi-builder-workspace/Sources/WebAuthn/Helpers/Duration+Milliseconds.swift -primary-file /Users/admin/builder/spi-builder-workspace/Sources/WebAuthn/Helpers/KeyedDecodingContainer+decodeURLEncoded.swift -primary-file /Users/admin/builder/spi-builder-workspace/Sources/WebAuthn/Helpers/UInt8+random.swift -primary-file /Users/admin/builder/spi-builder-workspace/Sources/WebAuthn/Helpers/UnreferencedStringEnumeration.swift /Users/admin/builder/spi-builder-workspace/Sources/WebAuthn/WebAuthnError.swift /Users/admin/builder/spi-builder-workspace/Sources/WebAuthn/WebAuthnManager+Configuration.swift /Users/admin/builder/spi-builder-workspace/Sources/WebAuthn/WebAuthnManager.swift -supplementary-output-file-map /Users/admin/builder/spi-builder-workspace/.derivedData/Build/Intermediates.noindex/swift-webauthn.build/Debug-iphoneos/WebAuthn-t.build/Objects-normal/arm64/supplementaryOutputs-9 -target arm64-apple-ios15.0 -disable-cross-import-overlay-search -load-resolved-plugin /Applications/Xcode-27.0.0.app/Contents/Developer/Platforms/iPhoneOS.platform/Developer/usr/lib/swift/host/plugins/libFoundationMacros.dylib\#/Applications/Xcode-27.0.0.app/Contents/Developer/Platforms/iPhoneOS.platform/Developer/usr/bin/swift-plugin-server\#FoundationMacros -load-resolved-plugin /Applications/Xcode-27.0.0.app/Contents/Developer/Platforms/iPhoneOS.platform/Developer/usr/lib/swift/host/plugins/libObservationMacros.dylib\#/Applications/Xcode-27.0.0.app/Contents/Developer/Platforms/iPhoneOS.platform/Developer/usr/bin/swift-plugin-server\#ObservationMacros -load-resolved-plugin /Applications/Xcode-27.0.0.app/Contents/Developer/Platforms/iPhoneOS.platform/Developer/usr/lib/swift/host/plugins/libSwiftMacros.dylib\#/Applications/Xcode-27.0.0.app/Contents/Developer/Platforms/iPhoneOS.platform/Developer/usr/bin/swift-plugin-server\#SwiftMacros -disable-implicit-swift-modules -Xcc -fno-implicit-modules -Xcc -fno-implicit-module-maps -explicit-swift-module-map-file /Users/admin/builder/spi-builder-workspace/.derivedData/Build/Intermediates.noindex/swift-webauthn.build/Debug-iphoneos/WebAuthn-t.build/Objects-normal/arm64/WebAuthn-dependencies-1.json -Xllvm -aarch64-use-tbi -enable-objc-interop -stack-check -sdk /Applications/Xcode-27.0.0.app/Contents/Developer/Platforms/iPhoneOS.platform/Developer/SDKs/iPhoneOS27.0.sdk -I /Users/admin/builder/spi-builder-workspace/.derivedData/Build/Products/Debug-iphoneos -Isystem /Applications/Xcode-27.0.0.app/Contents/Developer/Platforms/iPhoneOS.platform/Developer/usr/lib -F /Users/admin/builder/spi-builder-workspace/.derivedData/Build/Products/Debug-iphoneos/PackageFrameworks -F /Users/admin/builder/spi-builder-workspace/.derivedData/Build/Products/Debug-iphoneos -F /Applications/Xcode-27.0.0.app/Contents/Developer/Platforms/iPhoneOS.platform/Developer/Library/Frameworks -F /Applications/Xcode-27.0.0.app/Contents/Developer/Platforms/iPhoneOS.platform/Developer/SDKs/iPhoneOS27.0.sdk/Developer/Library/Frameworks -module-cache-path /Users/admin/builder/spi-builder-workspace/.derivedData/Build/Intermediates.noindex/SwiftExplicitPrecompiledModules -no-color-diagnostics -Xcc -fno-color-diagnostics -enable-testing -g -debug-info-format\=dwarf -dwarf-version\=4 -profile-generate -profile-coverage-mapping -swift-version 6 -Onone -D SWIFT_PACKAGE -D DEBUG -D SWIFT_MODULE_RESOURCE_BUNDLE_UNAVAILABLE -D Xcode -serialize-debugging-options -enable-experimental-feature DebugDescriptionMacro -empty-abi-descriptor -validate-clang-modules-once -clang-build-session-file /Users/admin/builder/spi-builder-workspace/.derivedData/ModuleCache.noindex/Session.modulevalidation -Xcc -working-directory -Xcc /Users/admin/builder/spi-builder-workspace/.swiftpm/xcode -enable-anonymous-context-mangled-names -file-compilation-dir /Users/admin/builder/spi-builder-workspace/.swiftpm/xcode -Xcc -fmodule-map-file\=/Users/admin/builder/spi-builder-workspace/.dependencies/checkouts/swift-crypto/Sources/CCryptoBoringSSL/include/module.modulemap -Xcc -D_LIBCPP_HARDENING_MODE\=_LIBCPP_HARDENING_MODE_DEBUG -Xcc -ivfsstatcache -Xcc /Users/admin/builder/spi-builder-workspace/.derivedData/SDKStatCaches.noindex/iphoneos27.0-24A430-e829b21a6f8c9b70876ba0858053c0441fbf9a8c2e33c77c19098db08c7af4fe.sdkstatcache -Xcc -fmodules-prune-interval\=86400 -Xcc -fmodules-prune-after\=345600 -Xcc -I/Users/admin/builder/spi-builder-workspace/.dependencies/checkouts/swift-crypto/Sources/CCryptoBoringSSL/include -Xcc -I/Users/admin/builder/spi-builder-workspace/.derivedData/Build/Products/Debug-iphoneos/include -Xcc -I/Users/admin/builder/spi-builder-workspace/.derivedData/Build/Intermediates.noindex/swift-webauthn.build/Debug-iphoneos/WebAuthn-t.build/DerivedSources-normal/arm64 -Xcc -I/Users/admin/builder/spi-builder-workspace/.derivedData/Build/Intermediates.noindex/swift-webauthn.build/Debug-iphoneos/WebAuthn-t.build/DerivedSources/arm64 -Xcc -I/Users/admin/builder/spi-builder-workspace/.derivedData/Build/Intermediates.noindex/swift-webauthn.build/Debug-iphoneos/WebAuthn-t.build/DerivedSources -Xcc -DSWIFT_PACKAGE -Xcc -DDEBUG\=1 -no-auto-bridging-header-chaining -module-name WebAuthn -package-name spi_builder_workspace -const-gather-protocols-file /Users/admin/builder/spi-builder-workspace/.derivedData/Build/Intermediates.noindex/swift-webauthn.build/Debug-iphoneos/WebAuthn-t.build/Objects-normal/arm64/WebAuthn_const_extract_protocols.json -disable-clang-spi -clang-target arm64-apple-ios27.0 -target-sdk-version 27.0 -target-sdk-name iphoneos27.0 -in-process-plugin-server-path /Applications/Xcode-27.0.0.app/Contents/Developer/Toolchains/XcodeDefault.xctoolchain/usr/lib/swift/host/libSwiftInProcPluginServer.dylib -parse-as-library -o /Users/admin/builder/spi-builder-workspace/.derivedData/Build/Intermediates.noindex/swift-webauthn.build/Debug-iphoneos/WebAuthn-t.build/Objects-normal/arm64/Duration+Milliseconds.o -o /Users/admin/builder/spi-builder-workspace/.derivedData/Build/Intermediates.noindex/swift-webauthn.build/Debug-iphoneos/WebAuthn-t.build/Objects-normal/arm64/KeyedDecodingContainer+decodeURLEncoded.o -o /Users/admin/builder/spi-builder-workspace/.derivedData/Build/Intermediates.noindex/swift-webauthn.build/Debug-iphoneos/WebAuthn-t.build/Objects-normal/arm64/UInt8+random.o -o /Users/admin/builder/spi-builder-workspace/.derivedData/Build/Intermediates.noindex/swift-webauthn.build/Debug-iphoneos/WebAuthn-t.build/Objects-normal/arm64/UnreferencedStringEnumeration.o -debug-module-path /Users/admin/builder/spi-builder-workspace/.derivedData/Build/Intermediates.noindex/swift-webauthn.build/Debug-iphoneos/WebAuthn-t.build/Objects-normal/arm64/WebAuthn.swiftmodule -index-unit-output-path /swift-webauthn.build/Debug-iphoneos/WebAuthn-t.build/Objects-normal/arm64/Duration+Milliseconds.o -index-unit-output-path /swift-webauthn.build/Debug-iphoneos/WebAuthn-t.build/Objects-normal/arm64/KeyedDecodingContainer+decodeURLEncoded.o -index-unit-output-path /swift-webauthn.build/Debug-iphoneos/WebAuthn-t.build/Objects-normal/arm64/UInt8+random.o -index-unit-output-path /swift-webauthn.build/Debug-iphoneos/WebAuthn-t.build/Objects-normal/arm64/UnreferencedStringEnumeration.o -index-store-path /Users/admin/builder/spi-builder-workspace/.derivedData/Index.noindex/DataStore -index-system-modules
SwiftCompile normal arm64 /Users/admin/builder/spi-builder-workspace/Sources/WebAuthn/Helpers/Duration+Milliseconds.swift (in target 'WebAuthn' from project 'swift-webauthn')
cd /Users/admin/builder/spi-builder-workspace/.swiftpm/xcode
builtin-SwiftPerFileCompile Duration+Milliseconds.swift
SwiftCompile normal arm64 /Users/admin/builder/spi-builder-workspace/Sources/WebAuthn/Helpers/KeyedDecodingContainer+decodeURLEncoded.swift (in target 'WebAuthn' from project 'swift-webauthn')
cd /Users/admin/builder/spi-builder-workspace/.swiftpm/xcode
builtin-SwiftPerFileCompile KeyedDecodingContainer+decodeURLEncoded.swift
SwiftCompile normal arm64 /Users/admin/builder/spi-builder-workspace/Sources/WebAuthn/Helpers/UInt8+random.swift (in target 'WebAuthn' from project 'swift-webauthn')
cd /Users/admin/builder/spi-builder-workspace/.swiftpm/xcode
builtin-SwiftPerFileCompile UInt8+random.swift
SwiftCompile normal arm64 /Users/admin/builder/spi-builder-workspace/Sources/WebAuthn/Helpers/UnreferencedStringEnumeration.swift (in target 'WebAuthn' from project 'swift-webauthn')
cd /Users/admin/builder/spi-builder-workspace/.swiftpm/xcode
builtin-SwiftPerFileCompile UnreferencedStringEnumeration.swift
SwiftEmitModule normal arm64 Emitting\ module\ for\ CryptoExtras (in target 'CryptoExtras' from project 'swift-crypto')
SwiftCompile normal arm64 (in target 'CryptoExtras' from project 'swift-crypto')
cd /Users/admin/builder/spi-builder-workspace/.swiftpm/xcode
PruneExplicitPrecompiledModules /Users/admin/builder/spi-builder-workspace/.derivedData/SDKExplicitPrecompiledModules
PruneExplicitPrecompiledModules /Users/admin/builder/spi-builder-workspace/.derivedData/Build/Intermediates.noindex/ExplicitPrecompiledModules
PruneExplicitPrecompiledModules /Users/admin/builder/spi-builder-workspace/.derivedData/Build/Intermediates.noindex/SwiftExplicitPrecompiledModules
2026-10-09 16:50:00.768 xcodebuild[2349:9690] [MT] IDERunDestination: Supported platforms for the buildables in the current scheme is empty.
** BUILD FAILED **
The following build commands failed:
SwiftCompile normal arm64 Compiling\ Duration+Milliseconds.swift,\ KeyedDecodingContainer+decodeURLEncoded.swift,\ UInt8+random.swift,\ UnreferencedStringEnumeration.swift /Users/admin/builder/spi-builder-workspace/Sources/WebAuthn/Helpers/Duration+Milliseconds.swift /Users/admin/builder/spi-builder-workspace/Sources/WebAuthn/Helpers/KeyedDecodingContainer+decodeURLEncoded.swift /Users/admin/builder/spi-builder-workspace/Sources/WebAuthn/Helpers/UInt8+random.swift /Users/admin/builder/spi-builder-workspace/Sources/WebAuthn/Helpers/UnreferencedStringEnumeration.swift (in target 'WebAuthn' from project 'swift-webauthn')
SwiftCompile normal arm64 /Users/admin/builder/spi-builder-workspace/Sources/WebAuthn/Helpers/Duration+Milliseconds.swift (in target 'WebAuthn' from project 'swift-webauthn')
Building workspace swift-webauthn with scheme swift-webauthn
(3 failures)
BUILD FAILURE 6.4 iOS