The Swift Package Index logo.Swift Package Index

Build Information

Failed to build swiftui-cached-async-image, reference 2.1.2 (4196ad), with Swift 6.4 for macOS (SPM) on 26 Sep 2026 01:20:21 UTC.

Build Command

env DEVELOPER_DIR=/Applications/Xcode-27.0.0-Release.Candidate.app xcrun swift build --arch arm64

Build Log

========================================
RunAll
========================================
Builder version: 5.1.0
Interrupt handler set up.
========================================
Checkout
========================================
Clone URL: https://github.com/lorenzofiamingo/swiftui-cached-async-image.git
Reference: 2.1.2
Initialized empty Git repository in /Users/admin/builder/spi-builder-workspace/.git/
From https://github.com/lorenzofiamingo/swiftui-cached-async-image
 * tag               2.1.2      -> FETCH_HEAD
HEAD is now at 4196ad5 fix: add comma to platform list
Cloned https://github.com/lorenzofiamingo/swiftui-cached-async-image.git
Revision (git rev-parse @):
4196ad50b3a0a676f7a76b0bfaad8ef505e15e31
SPI manifest file found: $PWD/.spi.yml
SUCCESS checkout https://github.com/lorenzofiamingo/swiftui-cached-async-image.git at 2.1.2
========================================
Build
========================================
Selected platform:         macosSpm
Swift version:             6.4
Building package at path:  $PWD
https://github.com/lorenzofiamingo/swiftui-cached-async-image.git
Running build ...
env DEVELOPER_DIR=/Applications/Xcode-27.0.0-Release.Candidate.app xcrun swift build --arch arm64
error: 'spi-builder-workspace': Invalid manifest (compiled with: ["/Applications/Xcode-27.0.0-Release.Candidate.app/Contents/Developer/Toolchains/XcodeDefault.xctoolchain/usr/bin/swiftc", "-vfsoverlay", "/var/folders/xq/y_g06wb113726d38xsyx71_h0000gn/T/TemporaryDirectory.ivki9e/vfs.yaml", "-L", "/Applications/Xcode-27.0.0-Release.Candidate.app/Contents/Developer/Toolchains/XcodeDefault.xctoolchain/usr/lib/swift/pm/ManifestAPI", "-lPackageDescription", "-Xlinker", "-rpath", "-Xlinker", "/Applications/Xcode-27.0.0-Release.Candidate.app/Contents/Developer/Toolchains/XcodeDefault.xctoolchain/usr/lib/swift/pm/ManifestAPI", "-target", "arm64-apple-macosx14.0", "-plugin-path", "/Applications/Xcode-27.0.0-Release.Candidate.app/Contents/Developer/Toolchains/XcodeDefault.xctoolchain/usr/lib/swift/host/plugins/testing", "-sdk", "/Applications/Xcode-27.0.0-Release.Candidate.app/Contents/Developer/Platforms/MacOSX.platform/Developer/SDKs/MacOSX27.0.sdk", "-F", "/Applications/Xcode-27.0.0-Release.Candidate.app/Contents/Developer/Platforms/MacOSX.platform/Developer/Library/Frameworks", "-I", "/Applications/Xcode-27.0.0-Release.Candidate.app/Contents/Developer/Platforms/MacOSX.platform/Developer/usr/lib", "-L", "/Applications/Xcode-27.0.0-Release.Candidate.app/Contents/Developer/Platforms/MacOSX.platform/Developer/usr/lib", "-swift-version", "5", "-I", "/Applications/Xcode-27.0.0-Release.Candidate.app/Contents/Developer/Toolchains/XcodeDefault.xctoolchain/usr/lib/swift/pm/ManifestAPI", "-sdk", "/Applications/Xcode-27.0.0-Release.Candidate.app/Contents/Developer/Platforms/MacOSX.platform/Developer/SDKs/MacOSX27.0.sdk", "-package-description-version", "5.6.0", "/Users/admin/builder/spi-builder-workspace/Package.swift", "-o", "/var/folders/xq/y_g06wb113726d38xsyx71_h0000gn/T/TemporaryDirectory.DmMKxV/spi-builder-workspace-manifest"])
/Users/admin/builder/spi-builder-workspace/Package.swift:12:10: error: 'visionOS' is unavailable
10 |         .tvOS(.v13),
11 |         .watchOS(.v6),
12 |         .visionOS(.v1)
   |          `- error: 'visionOS' is unavailable
13 |     ],
14 |     products: [
PackageDescription.SupportedPlatform.visionOS:3:22: note: 'visionOS' was introduced in PackageDescription 5.9
1 | struct SupportedPlatform {
2 | @available(_PackageDescription 5.9)
3 |   public static func visionOS(_ version: SupportedPlatform.VisionOSVersion) -> SupportedPlatform}
  |                      `- note: 'visionOS' was introduced in PackageDescription 5.9
4 |
/Users/admin/builder/spi-builder-workspace/Package.swift:12:20: error: 'v1' is unavailable
10 |         .tvOS(.v13),
11 |         .watchOS(.v6),
12 |         .visionOS(.v1)
   |                    `- error: 'v1' is unavailable
13 |     ],
14 |     products: [
PackageDescription.SupportedPlatform.VisionOSVersion.v1:4:23: note: 'v1' was introduced in PackageDescription 5.9
2 |   struct VisionOSVersion {
3 | @available(_PackageDescription 5.9)
4 |     public static let v1: SupportedPlatform.VisionOSVersion  }
  |                       `- note: 'v1' was introduced in PackageDescription 5.9
5 | }
6 |
BUILD FAILURE 6.4 macosSpm