The Swift Package Index logo.Swift Package Index

Build Information

Failed to build MoyaSugar, reference 1.3.3 (079f25), with Swift 6.4 for Linux on 16 Sep 2026 21:52:29 UTC.

Build Command

bash -c docker run --pull=always --rm -v "checkouts-54344847-0":/host -w "$PWD" -e JAVA_HOME="/root/.sdkman/candidates/java/current" -e SPI_BUILD="1" -e SPI_PROCESSING="1" registry.gitlab.com/saguaro1/spi-images:basic-6.4-latest swift build --triple x86_64-unknown-linux-gnu 2>&1

Build Log

========================================
RunAll
========================================
Builder version: 5.1.0
Interrupt handler set up.
========================================
Checkout
========================================
Clone URL: https://github.com/devxoul/MoyaSugar.git
Reference: 1.3.3
Initialized empty Git repository in /host/spi-builder-workspace/.git/
hint: Using 'master' as the name for the initial branch. This default branch name
hint: is subject to change. To configure the initial branch name to use in all
hint: of your new repositories, which will suppress this warning, call:
hint:
hint: 	git config --global init.defaultBranch <name>
hint:
hint: Names commonly chosen instead of 'master' are 'main', 'trunk' and
hint: 'development'. The just-created branch can be renamed via this command:
hint:
hint: 	git branch -m <name>
From https://github.com/devxoul/MoyaSugar
 * tag               1.3.3      -> FETCH_HEAD
HEAD is now at 079f25a Bump version to 1.3.3
Cloned https://github.com/devxoul/MoyaSugar.git
Revision (git rev-parse @):
079f25af9798977885058895085051379755bc7c
SUCCESS checkout https://github.com/devxoul/MoyaSugar.git at 1.3.3
========================================
Build
========================================
Selected platform:         linux
Swift version:             6.4
Building package at path:  $PWD
https://github.com/devxoul/MoyaSugar.git
Running build ...
bash -c docker run --pull=always --rm -v "checkouts-54344847-0":/host -w "$PWD" -e JAVA_HOME="/root/.sdkman/candidates/java/current" -e SPI_BUILD="1" -e SPI_PROCESSING="1" registry.gitlab.com/saguaro1/spi-images:basic-6.4-latest swift build --triple x86_64-unknown-linux-gnu 2>&1
basic-6.4-latest: Pulling from saguaro1/spi-images
Digest: sha256:c77fcce225e223ac0fafed844619173fc6de8d62dd560eeb28db3182af6a282b
Status: Image is up to date for registry.gitlab.com/saguaro1/spi-images:basic-6.4-latest
Fetching https://github.com/devxoul/Then.git
Fetching https://github.com/devxoul/Immutable.git
Fetching https://github.com/Moya/Moya.git
[1/160] Fetching immutable
[29/1015] Fetching immutable, then
Fetched https://github.com/devxoul/Immutable.git (0.41s)
[154/855] Fetching then
Fetched https://github.com/devxoul/Then.git (0.45s)
[1/25315] Fetching moya
Fetched https://github.com/Moya/Moya.git (1.65s)
Computing version for https://github.com/devxoul/Immutable.git
Computed https://github.com/devxoul/Immutable.git at 0.6.0 (1.84s)
Computing version for https://github.com/devxoul/Then.git
Computed https://github.com/devxoul/Then.git at 2.7.0 (0.19s)
Computing version for https://github.com/Moya/Moya.git
Computed https://github.com/Moya/Moya.git at 14.0.1 (0.19s)
Fetching https://github.com/Quick/Quick.git
Fetching https://github.com/AliSoftware/OHHTTPStubs.git
Fetching https://github.com/Quick/Nimble.git
Fetching https://github.com/shibapm/Rocket
Fetching https://github.com/ReactiveX/RxSwift.git
Fetching https://github.com/Moya/ReactiveSwift.git
[1/7900] Fetching ohhttpstubs
[1186/53763] Fetching ohhttpstubs, reactiveswift
[8503/68688] Fetching ohhttpstubs, reactiveswift, quick
[8820/70074] Fetching ohhttpstubs, reactiveswift, quick, rocket
Fetched https://github.com/shibapm/Rocket (0.55s)
[25592/68688] Fetching ohhttpstubs, reactiveswift, quick
Fetching https://github.com/Alamofire/Alamofire.git
[34933/88674] Fetching ohhttpstubs, reactiveswift, quick, nimble
[35979/143202] Fetching ohhttpstubs, reactiveswift, quick, nimble, rxswift
Fetched https://github.com/AliSoftware/OHHTTPStubs.git (1.17s)
[91681/168196] Fetching reactiveswift, quick, nimble, rxswift, alamofire
Fetched https://github.com/Quick/Quick.git (1.17s)
[77084/153271] Fetching reactiveswift, nimble, rxswift, alamofire
Fetched https://github.com/Moya/ReactiveSwift.git (1.38s)
Fetched https://github.com/Quick/Nimble.git (1.38s)
[17156/87422] Fetching rxswift, alamofire
Fetched https://github.com/Alamofire/Alamofire.git (2.13s)
Fetched https://github.com/ReactiveX/RxSwift.git (3.30s)
Computing version for https://github.com/Moya/ReactiveSwift.git
Computed https://github.com/Moya/ReactiveSwift.git at 6.1.0 (3.51s)
Computing version for https://github.com/AliSoftware/OHHTTPStubs.git
Computed https://github.com/AliSoftware/OHHTTPStubs.git at 9.1.0 (0.18s)
Computing version for https://github.com/Quick/Quick.git
Computed https://github.com/Quick/Quick.git at 2.2.1 (0.18s)
Computing version for https://github.com/shibapm/Rocket
Computed https://github.com/shibapm/Rocket at 1.3.0 (0.18s)
Fetching https://github.com/shibapm/Logger
Fetching https://github.com/shibapm/PackageConfig.git
Fetching https://github.com/kareman/SwiftShell
Fetching https://github.com/jpsim/Yams
[1/580] Fetching packageconfig
[65/5471] Fetching packageconfig, swiftshell
[1168/5587] Fetching packageconfig, swiftshell, logger
[1627/17448] Fetching packageconfig, swiftshell, logger, yams
Fetched https://github.com/shibapm/Logger (0.94s)
Fetched https://github.com/shibapm/PackageConfig.git (0.94s)
Fetched https://github.com/kareman/SwiftShell (0.94s)
Fetched https://github.com/jpsim/Yams (0.95s)
Computing version for https://github.com/kareman/SwiftShell
Computed https://github.com/kareman/SwiftShell at 5.1.1 (1.15s)
Computing version for https://github.com/shibapm/Logger
Computed https://github.com/shibapm/Logger at 0.2.3 (1.03s)
Computing version for https://github.com/ReactiveX/RxSwift.git
Computed https://github.com/ReactiveX/RxSwift.git at 5.1.3 (0.20s)
Computing version for https://github.com/shibapm/PackageConfig.git
Computed https://github.com/shibapm/PackageConfig.git at 1.1.3 (0.18s)
Computing version for https://github.com/Quick/Nimble.git
Computed https://github.com/Quick/Nimble.git at 8.1.2 (0.18s)
Computing version for https://github.com/jpsim/Yams
Computed https://github.com/jpsim/Yams at 5.4.0 (0.18s)
Computing version for https://github.com/Alamofire/Alamofire.git
Computed https://github.com/Alamofire/Alamofire.git at 5.12.2 (0.16s)
Creating working copy for https://github.com/kareman/SwiftShell
Working copy of https://github.com/kareman/SwiftShell resolved at 5.1.1
Creating working copy for https://github.com/Alamofire/Alamofire.git
Working copy of https://github.com/Alamofire/Alamofire.git resolved at 5.12.2
Creating working copy for https://github.com/devxoul/Then.git
Working copy of https://github.com/devxoul/Then.git resolved at 2.7.0
Creating working copy for https://github.com/ReactiveX/RxSwift.git
Working copy of https://github.com/ReactiveX/RxSwift.git resolved at 5.1.3
Creating working copy for https://github.com/shibapm/PackageConfig.git
Working copy of https://github.com/shibapm/PackageConfig.git resolved at 1.1.3
Creating working copy for https://github.com/jpsim/Yams
Working copy of https://github.com/jpsim/Yams resolved at 5.4.0
Creating working copy for https://github.com/devxoul/Immutable.git
Working copy of https://github.com/devxoul/Immutable.git resolved at 0.6.0
Creating working copy for https://github.com/AliSoftware/OHHTTPStubs.git
Working copy of https://github.com/AliSoftware/OHHTTPStubs.git resolved at 9.1.0
Creating working copy for https://github.com/shibapm/Rocket
Working copy of https://github.com/shibapm/Rocket resolved at 1.3.0
Creating working copy for https://github.com/Moya/ReactiveSwift.git
Working copy of https://github.com/Moya/ReactiveSwift.git resolved at 6.1.0
Creating working copy for https://github.com/Moya/Moya.git
Working copy of https://github.com/Moya/Moya.git resolved at 14.0.1
Creating working copy for https://github.com/shibapm/Logger
Working copy of https://github.com/shibapm/Logger resolved at 0.2.3
Creating working copy for https://github.com/Quick/Quick.git
Working copy of https://github.com/Quick/Quick.git resolved at 2.2.1
Creating working copy for https://github.com/Quick/Nimble.git
Working copy of https://github.com/Quick/Nimble.git resolved at 8.1.2
Building for debugging...
[Constructing description]
[Planning deferred tasks]
[46 / 68] Alamofire
[47 / 68] Alamofire
[59 / 78] Alamofire
error: SwiftCompile normal x86_64 /host/spi-builder-workspace/.build/checkouts/Moya/Sources/Moya/Plugins/AccessTokenPlugin.swift failed with a nonzero exit code. Command line:     cd /host
    builtin-SwiftPerFileCompile AccessTokenPlugin.swift
error: SwiftCompile normal x86_64 /host/spi-builder-workspace/.build/checkouts/Moya/Sources/Moya/Plugins/CredentialsPlugin.swift failed with a nonzero exit code. Command line:     cd /host
    builtin-SwiftPerFileCompile CredentialsPlugin.swift
/host/spi-builder-workspace/.build/checkouts/Moya/Sources/Moya/Plugins/AccessTokenPlugin.swift:88:71: error: cannot find type 'URLRequest' in scope
 86 |      - returns: The modified `URLRequest`.
 87 |      */
 88 |     public func prepare(_ request: URLRequest, target: TargetType) -> URLRequest {
    |                                                                       `- error: cannot find type 'URLRequest' in scope
 89 |
 90 |         guard let authorizable = target as? AccessTokenAuthorizable,
/host/spi-builder-workspace/.build/checkouts/Moya/Sources/Moya/Plugins/AccessTokenPlugin.swift:88:36: error: cannot find type 'URLRequest' in scope
 86 |      - returns: The modified `URLRequest`.
 87 |      */
 88 |     public func prepare(_ request: URLRequest, target: TargetType) -> URLRequest {
    |                                    `- error: cannot find type 'URLRequest' in scope
 89 |
 90 |         guard let authorizable = target as? AccessTokenAuthorizable,
/host/spi-builder-workspace/.build/checkouts/Moya/Sources/Moya/Plugin.swift:11:64: error: cannot find type 'URLRequest' in scope
 9 | public protocol PluginType {
10 |     /// Called to modify a request before sending.
11 |     func prepare(_ request: URLRequest, target: TargetType) -> URLRequest
   |                                                                `- error: cannot find type 'URLRequest' in scope
12 |
13 |     /// Called immediately before a request is sent over the network (or stubbed).
/host/spi-builder-workspace/.build/checkouts/Moya/Sources/Moya/Plugin.swift:11:29: error: cannot find type 'URLRequest' in scope
 9 | public protocol PluginType {
10 |     /// Called to modify a request before sending.
11 |     func prepare(_ request: URLRequest, target: TargetType) -> URLRequest
   |                             `- error: cannot find type 'URLRequest' in scope
12 |
13 |     /// Called immediately before a request is sent over the network (or stubbed).
/host/spi-builder-workspace/.build/checkouts/Moya/Sources/Moya/Plugins/CredentialsPlugin.swift:6:58: error: 'URLCredential' is unavailable: This type has moved to the FoundationNetworking module. Import that module to use it.
 4 | public final class CredentialsPlugin: PluginType {
 5 |
 6 |     public typealias CredentialClosure = (TargetType) -> URLCredential?
   |                                                          `- error: 'URLCredential' is unavailable: This type has moved to the FoundationNetworking module. Import that module to use it.
 7 |     let credentialsClosure: CredentialClosure
 8 |
Foundation.URLCredential:2:18: note: 'URLCredential' has been explicitly marked unavailable here
1 | @available(*, unavailable, message: "This type has moved to the FoundationNetworking module. Import that module to use it.")
2 | public typealias URLCredential = AnyObject
  |                  `- note: 'URLCredential' has been explicitly marked unavailable here
/host/spi-builder-workspace/.build/checkouts/Moya/Sources/Moya/Plugin.swift:39:18: error: cannot find type 'URLRequest' in scope
37 |
38 |     /// Retrieve an `NSURLRequest` representation.
39 |     var request: URLRequest? { get }
   |                  `- error: cannot find type 'URLRequest' in scope
40 |
41 |     ///  Additional headers appended to the request when added to the session.
/host/spi-builder-workspace/.build/checkouts/Moya/Sources/Moya/Plugin.swift:45:86: error: 'Persistence' is not a member type of type 'Foundation.URLCredential' (aka 'AnyObject')
43 |
44 |     /// Authenticates the request with a username and password.
45 |     func authenticate(username: String, password: String, persistence: URLCredential.Persistence) -> Self
   |                                                                                      `- error: 'Persistence' is not a member type of type 'Foundation.URLCredential' (aka 'AnyObject')
46 |
47 |     /// Authenticates the request with an `NSURLCredential` instance.
Failed frontend command:
/usr/bin/swift-frontend -frontend -c /host/spi-builder-workspace/.build/checkouts/Moya/Sources/Moya/AnyEncodable.swift /host/spi-builder-workspace/.build/checkouts/Moya/Sources/Moya/Cancellable.swift /host/spi-builder-workspace/.build/checkouts/Moya/Sources/Moya/Endpoint.swift /host/spi-builder-workspace/.build/checkouts/Moya/Sources/Moya/Image.swift /host/spi-builder-workspace/.build/checkouts/Moya/Sources/Moya/Moya+Alamofire.swift /host/spi-builder-workspace/.build/checkouts/Moya/Sources/Moya/MoyaError.swift /host/spi-builder-workspace/.build/checkouts/Moya/Sources/Moya/MoyaProvider+Defaults.swift /host/spi-builder-workspace/.build/checkouts/Moya/Sources/Moya/MoyaProvider+Internal.swift /host/spi-builder-workspace/.build/checkouts/Moya/Sources/Moya/MoyaProvider.swift /host/spi-builder-workspace/.build/checkouts/Moya/Sources/Moya/MultiTarget.swift /host/spi-builder-workspace/.build/checkouts/Moya/Sources/Moya/MultipartFormData.swift /host/spi-builder-workspace/.build/checkouts/Moya/Sources/Moya/Plugin.swift -primary-file /host/spi-builder-workspace/.build/checkouts/Moya/Sources/Moya/Plugins/AccessTokenPlugin.swift -primary-file /host/spi-builder-workspace/.build/checkouts/Moya/Sources/Moya/Plugins/CredentialsPlugin.swift -primary-file /host/spi-builder-workspace/.build/checkouts/Moya/Sources/Moya/Plugins/NetworkActivityPlugin.swift /host/spi-builder-workspace/.build/checkouts/Moya/Sources/Moya/Plugins/NetworkLoggerPlugin.swift /host/spi-builder-workspace/.build/checkouts/Moya/Sources/Moya/RequestTypeWrapper.swift /host/spi-builder-workspace/.build/checkouts/Moya/Sources/Moya/Response.swift /host/spi-builder-workspace/.build/checkouts/Moya/Sources/Moya/TargetType.swift /host/spi-builder-workspace/.build/checkouts/Moya/Sources/Moya/Task.swift /host/spi-builder-workspace/.build/checkouts/Moya/Sources/Moya/URL+Moya.swift /host/spi-builder-workspace/.build/checkouts/Moya/Sources/Moya/URLRequest+Encoding.swift /host/spi-builder-workspace/.build/checkouts/Moya/Sources/Moya/ValidationType.swift -supplementary-output-file-map /host/spi-builder-workspace/.build/out/Intermediates.noindex/Moya.build/Debug-linux-x86_64/Moya-t.build/Objects-normal/x86_64/supplementaryOutputs-13 -target x86_64-unknown-linux-gnu -disable-objc-interop -I /host/spi-builder-workspace/.build/out/Products/Debug-linux-x86_64 -module-cache-path /host/spi-builder-workspace/.build/out/ModuleCache.noindex -color-diagnostics -Xcc -fcolor-diagnostics -enable-testing -g -debug-info-format\=dwarf -dwarf-version\=4 -suppress-warnings -swift-version 5 -Onone -D SWIFT_PACKAGE -D DEBUG -D SWIFT_MODULE_RESOURCE_BUNDLE_UNAVAILABLE -D Xcode -serialize-debugging-options -enable-experimental-feature DebugDescriptionMacro -empty-abi-descriptor -external-plugin-path /usr/lib/swift/host/plugins/testing\#/usr/bin/swift-plugin-server -validate-clang-modules-once -clang-build-session-file /host/spi-builder-workspace/.build/out/ModuleCache.noindex/Session.modulevalidation -Xcc -working-directory -Xcc /host -enable-anonymous-context-mangled-names -file-compilation-dir /host -Xcc -fno-omit-frame-pointer -Xcc -D_LIBCPP_HARDENING_MODE\=_LIBCPP_HARDENING_MODE_DEBUG -Xcc -fmodules-prune-interval\=86400 -Xcc -fmodules-prune-after\=345600 -Xcc -I/host/spi-builder-workspace/.build/out/Products/Debug-linux-x86_64/include -Xcc -I/host/spi-builder-workspace/.build/out/Intermediates.noindex/Moya.build/Debug-linux-x86_64/Moya-t.build/DerivedSources-normal/x86_64 -Xcc -I/host/spi-builder-workspace/.build/out/Intermediates.noindex/Moya.build/Debug-linux-x86_64/Moya-t.build/DerivedSources/x86_64 -Xcc -I/host/spi-builder-workspace/.build/out/Intermediates.noindex/Moya.build/Debug-linux-x86_64/Moya-t.build/DerivedSources -Xcc -DSWIFT_PACKAGE -Xcc -DDEBUG\=1 -no-auto-bridging-header-chaining -module-name Moya -const-gather-protocols-file /host/spi-builder-workspace/.build/out/Intermediates.noindex/Moya.build/Debug-linux-x86_64/Moya-t.build/Objects-normal/x86_64/Moya_const_extract_protocols.json -in-process-plugin-server-path /usr/lib/swift/host/libSwiftInProcPluginServer.so -plugin-path /usr/lib/swift/host/plugins -plugin-path /usr/local/lib/swift/host/plugins -parse-as-library -o /host/spi-builder-workspace/.build/out/Intermediates.noindex/Moya.build/Debug-linux-x86_64/Moya-t.build/Objects-normal/x86_64/AccessTokenPlugin.o -o /host/spi-builder-workspace/.build/out/Intermediates.noindex/Moya.build/Debug-linux-x86_64/Moya-t.build/Objects-normal/x86_64/CredentialsPlugin.o -o /host/spi-builder-workspace/.build/out/Intermediates.noindex/Moya.build/Debug-linux-x86_64/Moya-t.build/Objects-normal/x86_64/NetworkActivityPlugin.o -index-unit-output-path /Moya.build/Debug-linux-x86_64/Moya-t.build/Objects-normal/x86_64/AccessTokenPlugin.o -index-unit-output-path /Moya.build/Debug-linux-x86_64/Moya-t.build/Objects-normal/x86_64/CredentialsPlugin.o -index-unit-output-path /Moya.build/Debug-linux-x86_64/Moya-t.build/Objects-normal/x86_64/NetworkActivityPlugin.o -index-store-path /host/spi-builder-workspace/.build/out -index-system-modules
error: SwiftCompile normal x86_64 /host/spi-builder-workspace/.build/checkouts/Moya/Sources/Moya/Plugin.swift failed with a nonzero exit code. Command line:     cd /host
    builtin-SwiftPerFileCompile Plugin.swift
/host/spi-builder-workspace/.build/checkouts/Moya/Sources/Moya/Plugin.swift:11:64: error: cannot find type 'URLRequest' in scope
 9 | public protocol PluginType {
10 |     /// Called to modify a request before sending.
11 |     func prepare(_ request: URLRequest, target: TargetType) -> URLRequest
   |                                                                `- error: cannot find type 'URLRequest' in scope
12 |
13 |     /// Called immediately before a request is sent over the network (or stubbed).
/host/spi-builder-workspace/.build/checkouts/Moya/Sources/Moya/Plugin.swift:11:29: error: cannot find type 'URLRequest' in scope
 9 | public protocol PluginType {
10 |     /// Called to modify a request before sending.
11 |     func prepare(_ request: URLRequest, target: TargetType) -> URLRequest
   |                             `- error: cannot find type 'URLRequest' in scope
12 |
13 |     /// Called immediately before a request is sent over the network (or stubbed).
/host/spi-builder-workspace/.build/checkouts/Moya/Sources/Moya/Plugin.swift:39:18: error: cannot find type 'URLRequest' in scope
37 |
38 |     /// Retrieve an `NSURLRequest` representation.
39 |     var request: URLRequest? { get }
   |                  `- error: cannot find type 'URLRequest' in scope
40 |
41 |     ///  Additional headers appended to the request when added to the session.
/host/spi-builder-workspace/.build/checkouts/Moya/Sources/Moya/Plugin.swift:45:86: error: 'Persistence' is not a member type of type 'Foundation.URLCredential' (aka 'AnyObject')
43 |
44 |     /// Authenticates the request with a username and password.
45 |     func authenticate(username: String, password: String, persistence: URLCredential.Persistence) -> Self
   |                                                                                      `- error: 'Persistence' is not a member type of type 'Foundation.URLCredential' (aka 'AnyObject')
46 |
47 |     /// Authenticates the request with an `NSURLCredential` instance.
/host/spi-builder-workspace/.build/checkouts/Moya/Sources/Moya/Plugin.swift:24:64: error: cannot find type 'URLRequest' in scope
22 |
23 | public extension PluginType {
24 |     func prepare(_ request: URLRequest, target: TargetType) -> URLRequest { return request }
   |                                                                `- error: cannot find type 'URLRequest' in scope
25 |     func willSend(_ request: RequestType, target: TargetType) { }
26 |     func didReceive(_ result: Result<Moya.Response, MoyaError>, target: TargetType) { }
/host/spi-builder-workspace/.build/checkouts/Moya/Sources/Moya/Plugin.swift:24:29: error: cannot find type 'URLRequest' in scope
22 |
23 | public extension PluginType {
24 |     func prepare(_ request: URLRequest, target: TargetType) -> URLRequest { return request }
   |                             `- error: cannot find type 'URLRequest' in scope
25 |     func willSend(_ request: RequestType, target: TargetType) { }
26 |     func didReceive(_ result: Result<Moya.Response, MoyaError>, target: TargetType) { }
/host/spi-builder-workspace/.build/checkouts/Moya/Sources/Moya/Plugin.swift:48:40: error: 'URLCredential' is unavailable: This type has moved to the FoundationNetworking module. Import that module to use it.
46 |
47 |     /// Authenticates the request with an `NSURLCredential` instance.
48 |     func authenticate(with credential: URLCredential) -> Self
   |                                        `- error: 'URLCredential' is unavailable: This type has moved to the FoundationNetworking module. Import that module to use it.
49 |
50 |     /// cURL representation of the instance.
Foundation.URLCredential:2:18: note: 'URLCredential' has been explicitly marked unavailable here
1 | @available(*, unavailable, message: "This type has moved to the FoundationNetworking module. Import that module to use it.")
2 | public typealias URLCredential = AnyObject
  |                  `- note: 'URLCredential' has been explicitly marked unavailable here
Failed frontend command:
/usr/bin/swift-frontend -frontend -c /host/spi-builder-workspace/.build/checkouts/Moya/Sources/Moya/AnyEncodable.swift /host/spi-builder-workspace/.build/checkouts/Moya/Sources/Moya/Cancellable.swift /host/spi-builder-workspace/.build/checkouts/Moya/Sources/Moya/Endpoint.swift /host/spi-builder-workspace/.build/checkouts/Moya/Sources/Moya/Image.swift /host/spi-builder-workspace/.build/checkouts/Moya/Sources/Moya/Moya+Alamofire.swift /host/spi-builder-workspace/.build/checkouts/Moya/Sources/Moya/MoyaError.swift /host/spi-builder-workspace/.build/checkouts/Moya/Sources/Moya/MoyaProvider+Defaults.swift /host/spi-builder-workspace/.build/checkouts/Moya/Sources/Moya/MoyaProvider+Internal.swift /host/spi-builder-workspace/.build/checkouts/Moya/Sources/Moya/MoyaProvider.swift -primary-file /host/spi-builder-workspace/.build/checkouts/Moya/Sources/Moya/MultiTarget.swift -primary-file /host/spi-builder-workspace/.build/checkouts/Moya/Sources/Moya/MultipartFormData.swift -primary-file /host/spi-builder-workspace/.build/checkouts/Moya/Sources/Moya/Plugin.swift /host/spi-builder-workspace/.build/checkouts/Moya/Sources/Moya/Plugins/AccessTokenPlugin.swift /host/spi-builder-workspace/.build/checkouts/Moya/Sources/Moya/Plugins/CredentialsPlugin.swift /host/spi-builder-workspace/.build/checkouts/Moya/Sources/Moya/Plugins/NetworkActivityPlugin.swift /host/spi-builder-workspace/.build/checkouts/Moya/Sources/Moya/Plugins/NetworkLoggerPlugin.swift /host/spi-builder-workspace/.build/checkouts/Moya/Sources/Moya/RequestTypeWrapper.swift /host/spi-builder-workspace/.build/checkouts/Moya/Sources/Moya/Response.swift /host/spi-builder-workspace/.build/checkouts/Moya/Sources/Moya/TargetType.swift /host/spi-builder-workspace/.build/checkouts/Moya/Sources/Moya/Task.swift /host/spi-builder-workspace/.build/checkouts/Moya/Sources/Moya/URL+Moya.swift /host/spi-builder-workspace/.build/checkouts/Moya/Sources/Moya/URLRequest+Encoding.swift /host/spi-builder-workspace/.build/checkouts/Moya/Sources/Moya/ValidationType.swift -supplementary-output-file-map /host/spi-builder-workspace/.build/out/Intermediates.noindex/Moya.build/Debug-linux-x86_64/Moya-t.build/Objects-normal/x86_64/supplementaryOutputs-12 -target x86_64-unknown-linux-gnu -disable-objc-interop -I /host/spi-builder-workspace/.build/out/Products/Debug-linux-x86_64 -module-cache-path /host/spi-builder-workspace/.build/out/ModuleCache.noindex -color-diagnostics -Xcc -fcolor-diagnostics -enable-testing -g -debug-info-format\=dwarf -dwarf-version\=4 -suppress-warnings -swift-version 5 -Onone -D SWIFT_PACKAGE -D DEBUG -D SWIFT_MODULE_RESOURCE_BUNDLE_UNAVAILABLE -D Xcode -serialize-debugging-options -enable-experimental-feature DebugDescriptionMacro -empty-abi-descriptor -external-plugin-path /usr/lib/swift/host/plugins/testing\#/usr/bin/swift-plugin-server -validate-clang-modules-once -clang-build-session-file /host/spi-builder-workspace/.build/out/ModuleCache.noindex/Session.modulevalidation -Xcc -working-directory -Xcc /host -enable-anonymous-context-mangled-names -file-compilation-dir /host -Xcc -fno-omit-frame-pointer -Xcc -D_LIBCPP_HARDENING_MODE\=_LIBCPP_HARDENING_MODE_DEBUG -Xcc -fmodules-prune-interval\=86400 -Xcc -fmodules-prune-after\=345600 -Xcc -I/host/spi-builder-workspace/.build/out/Products/Debug-linux-x86_64/include -Xcc -I/host/spi-builder-workspace/.build/out/Intermediates.noindex/Moya.build/Debug-linux-x86_64/Moya-t.build/DerivedSources-normal/x86_64 -Xcc -I/host/spi-builder-workspace/.build/out/Intermediates.noindex/Moya.build/Debug-linux-x86_64/Moya-t.build/DerivedSources/x86_64 -Xcc -I/host/spi-builder-workspace/.build/out/Intermediates.noindex/Moya.build/Debug-linux-x86_64/Moya-t.build/DerivedSources -Xcc -DSWIFT_PACKAGE -Xcc -DDEBUG\=1 -no-auto-bridging-header-chaining -module-name Moya -const-gather-protocols-file /host/spi-builder-workspace/.build/out/Intermediates.noindex/Moya.build/Debug-linux-x86_64/Moya-t.build/Objects-normal/x86_64/Moya_const_extract_protocols.json -in-process-plugin-server-path /usr/lib/swift/host/libSwiftInProcPluginServer.so -plugin-path /usr/lib/swift/host/plugins -plugin-path /usr/local/lib/swift/host/plugins -parse-as-library -o /host/spi-builder-workspace/.build/out/Intermediates.noindex/Moya.build/Debug-linux-x86_64/Moya-t.build/Objects-normal/x86_64/MultiTarget.o -o /host/spi-builder-workspace/.build/out/Intermediates.noindex/Moya.build/Debug-linux-x86_64/Moya-t.build/Objects-normal/x86_64/MultipartFormData.o -o /host/spi-builder-workspace/.build/out/Intermediates.noindex/Moya.build/Debug-linux-x86_64/Moya-t.build/Objects-normal/x86_64/Plugin.o -index-unit-output-path /Moya.build/Debug-linux-x86_64/Moya-t.build/Objects-normal/x86_64/MultiTarget.o -index-unit-output-path /Moya.build/Debug-linux-x86_64/Moya-t.build/Objects-normal/x86_64/MultipartFormData.o -index-unit-output-path /Moya.build/Debug-linux-x86_64/Moya-t.build/Objects-normal/x86_64/Plugin.o -index-store-path /host/spi-builder-workspace/.build/out -index-system-modules
error: Build failed
BUILD FAILURE 6.4 linux