The Swift Package Index logo.Swift Package Index

Build Information

Failed to build Atlantis, reference 3.3.0 (b43426), with Swift 6.3 for tvOS using Xcode 26.4 on 6 Sep 2026 07:46:57 UTC.

Build Command

env DEVELOPER_DIR=/Applications/Xcode-26.5.0.app xcrun xcodebuild -IDEClonedSourcePackagesDirPathOverride=$PWD/.dependencies -skipMacroValidation -skipPackagePluginValidation -derivedDataPath $PWD/.derivedData build -scheme Atlantis-Package -destination generic/platform=tvOS

Build Log

========================================
RunAll
========================================
Builder version: 5.0.2
Interrupt handler set up.
========================================
Checkout
========================================
Clone URL: https://github.com/sohandotgit/Porthole.git
Reference: 3.3.0
Initialized empty Git repository in /Users/admin/builder/spi-builder-workspace/.git/
From https://github.com/sohandotgit/Porthole
 * tag               3.3.0      -> FETCH_HEAD
HEAD is now at b43426b Add JSON tree view mode to body viewer
Cloned https://github.com/sohandotgit/Porthole.git
Revision (git rev-parse @):
b43426be9c3fb2b13bfe781e4a267402ce956e67
SUCCESS checkout https://github.com/sohandotgit/Porthole.git at 3.3.0
========================================
Build
========================================
Selected platform:         tvOS
Swift version:             6.3
Building package at path:  $PWD
https://github.com/sohandotgit/Porthole.git
Command line invocation:
    /Applications/Xcode-26.5.0.app/Contents/Developer/usr/bin/xcodebuild -IDEClonedSourcePackagesDirPathOverride=/Users/admin/builder/spi-builder-workspace/.dependencies -resolvePackageDependencies
resolved source packages:
{
  "dependencies" : [
  ],
  "manifest_display_name" : "Atlantis",
  "name" : "Atlantis",
  "path" : "/Users/admin/builder/spi-builder-workspace",
  "platforms" : [
    {
      "name" : "macos",
      "version" : "13.0"
    },
    {
      "name" : "ios",
      "version" : "16.0"
    },
    {
      "name" : "tvos",
      "version" : "16.0"
    },
    {
      "name" : "watchos",
      "version" : "10.0"
    },
    {
      "name" : "visionos",
      "version" : "1.0"
    }
  ],
  "products" : [
    {
      "name" : "Atlantis",
      "targets" : [
        "Atlantis"
      ],
      "type" : {
        "library" : [
          "automatic"
        ]
      }
    }
  ],
  "swift_languages_versions" : [
    "5"
  ],
  "targets" : [
    {
      "c99name" : "AtlantisTests",
      "module_type" : "SwiftTarget",
      "name" : "AtlantisTests",
      "path" : "Tests/atlantisTests",
      "resources" : [
        {
          "path" : "/Users/admin/builder/spi-builder-workspace/Tests/atlantisTests/Resources/sse-server.js",
          "rule" : {
            "process" : {
            }
          }
        }
      ],
      "sources" : [
        "AtlantisBodyContentTests.swift",
        "AtlantisBodyHighlighterTests.swift",
        "AtlantisBodyStreamTests.swift",
        "AtlantisBodyViewerTests.swift",
        "AtlantisCodeTextViewTests.swift",
        "AtlantisHeadlessStructuralTests.swift",
        "AtlantisJSONTreeTests.swift",
        "AtlantisOverviewModelTests.swift",
        "AtlantisOverviewViewSmokeTests.swift",
        "AtlantisViewerTests.swift",
        "atlantisTests.swift"
      ],
      "target_dependencies" : [
        "Atlantis"
      ],
      "type" : "test"
    },
    {
      "c99name" : "Atlantis",
      "module_type" : "SwiftTarget",
      "name" : "Atlantis",
      "path" : "Sources",
      "product_memberships" : [
        "Atlantis"
      ],
      "resources" : [
        {
          "path" : "/Users/admin/builder/spi-builder-workspace/Sources/PrivacyInfo.xcprivacy",
          "rule" : {
            "copy" : {
            }
          }
        }
      ],
      "sources" : [
        "Atlantis+Manual.swift",
        "Atlantis.swift",
        "AtlantisBodyContent.swift",
        "AtlantisBodyPreviewCard.swift",
        "AtlantisBodySearch.swift",
        "AtlantisBodyStream.swift",
        "AtlantisBodyViewerView.swift",
        "AtlantisCodeTextView.swift",
        "AtlantisFormat.swift",
        "AtlantisHelper.swift",
        "AtlantisHexDump.swift",
        "AtlantisJSONTree.swift",
        "AtlantisJSONTreeView.swift",
        "AtlantisJSONValue.swift",
        "AtlantisOverviewBandView.swift",
        "AtlantisOverviewCardsView.swift",
        "AtlantisOverviewModel.swift",
        "AtlantisOverviewWebSocketView.swift",
        "AtlantisSyntaxHighlighter.swift",
        "AtlantisSyntaxTheme.swift",
        "AtlantisTrafficCurl.swift",
        "AtlantisTrafficDetailView.swift",
        "AtlantisTrafficExport.swift",
        "AtlantisTrafficFilter.swift",
        "AtlantisTrafficListView.swift",
        "AtlantisTrafficStore.swift",
        "Configuration.swift",
        "DispatchQueue+Once.swift",
        "NetworkInjector+URLSession.swift",
        "NetworkInjector.swift",
        "PackageIdentifier.swift",
        "Packages.swift",
        "Runtime.swift",
        "URLSessionTask+CurrentRequest.swift"
      ],
      "type" : "library"
    }
  ],
  "tools_version" : "5.9"
}
{
  "project" : {
    "configurations" : [
      "Debug",
      "Release"
    ],
    "name" : "Atlantis",
    "schemes" : [
      "Atlantis-Package"
    ],
    "targets" : [
      "Atlantis",
      "AtlantisPackageDescription"
    ]
  }
}
Running build ...
env DEVELOPER_DIR=/Applications/Xcode-26.5.0.app xcrun xcodebuild -IDEClonedSourcePackagesDirPathOverride=$PWD/.dependencies -skipMacroValidation -skipPackagePluginValidation -derivedDataPath $PWD/.derivedData build -scheme Atlantis-Package -destination generic/platform=tvOS
Command line invocation:
    /Applications/Xcode-26.5.0.app/Contents/Developer/usr/bin/xcodebuild -IDEClonedSourcePackagesDirPathOverride=/Users/admin/builder/spi-builder-workspace/.dependencies -skipMacroValidation -skipPackagePluginValidation -derivedDataPath /Users/admin/builder/spi-builder-workspace/.derivedData build -scheme Atlantis-Package -destination generic/platform=tvOS
ComputePackagePrebuildTargetDependencyGraph
Prepare packages
CreateBuildRequest
SendProjectDescription
CreateBuildOperation
ComputeTargetDependencyGraph
note: Building targets in dependency order
note: Target dependency graph (1 target)
    Target 'Atlantis' in project 'Atlantis' (no dependencies)
GatherProvisioningInputs
CreateBuildDescription
ExecuteExternalTool /Applications/Xcode-26.5.0.app/Contents/Developer/Toolchains/XcodeDefault.xctoolchain/usr/bin/clang -v -E -dM -isysroot /Applications/Xcode-26.5.0.app/Contents/Developer/Platforms/AppleTVOS.platform/Developer/SDKs/AppleTVOS26.5.sdk -x c -c /dev/null
ExecuteExternalTool /Applications/Xcode-26.5.0.app/Contents/Developer/Toolchains/XcodeDefault.xctoolchain/usr/bin/swiftc --version
ExecuteExternalTool /Applications/Xcode-26.5.0.app/Contents/Developer/Toolchains/XcodeDefault.xctoolchain/usr/bin/ld -version_details
Build description signature: d12ac537235f11d2763bdb3fd6ad36df
Build description path: /Users/admin/builder/spi-builder-workspace/.derivedData/Build/Intermediates.noindex/XCBuildData/d12ac537235f11d2763bdb3fd6ad36df.xcbuilddata
CreateBuildDirectory /Users/admin/builder/spi-builder-workspace/.derivedData/Build/Products
    cd /Users/admin/builder/spi-builder-workspace/Atlantis.xcodeproj
    builtin-create-build-directory /Users/admin/builder/spi-builder-workspace/.derivedData/Build/Products
ClangStatCache /Applications/Xcode-26.5.0.app/Contents/Developer/Toolchains/XcodeDefault.xctoolchain/usr/bin/clang-stat-cache /Applications/Xcode-26.5.0.app/Contents/Developer/Platforms/AppleTVOS.platform/Developer/SDKs/AppleTVOS26.5.sdk /Users/admin/builder/spi-builder-workspace/.derivedData/SDKStatCaches.noindex/appletvos26.5-23L470-688ef53f1462e2c8f657fdc38a81448fa2efe9286588b677106490127979b81c.sdkstatcache
    cd /Users/admin/builder/spi-builder-workspace/Atlantis.xcodeproj
    /Applications/Xcode-26.5.0.app/Contents/Developer/Toolchains/XcodeDefault.xctoolchain/usr/bin/clang-stat-cache /Applications/Xcode-26.5.0.app/Contents/Developer/Platforms/AppleTVOS.platform/Developer/SDKs/AppleTVOS26.5.sdk -o /Users/admin/builder/spi-builder-workspace/.derivedData/SDKStatCaches.noindex/appletvos26.5-23L470-688ef53f1462e2c8f657fdc38a81448fa2efe9286588b677106490127979b81c.sdkstatcache
CreateBuildDirectory /Users/admin/builder/spi-builder-workspace/.derivedData/Build/Intermediates.noindex
    cd /Users/admin/builder/spi-builder-workspace/Atlantis.xcodeproj
    builtin-create-build-directory /Users/admin/builder/spi-builder-workspace/.derivedData/Build/Intermediates.noindex
CreateBuildDirectory /Users/admin/builder/spi-builder-workspace/.derivedData/Build/Intermediates.noindex/SwiftExplicitPrecompiledModules
    cd /Users/admin/builder/spi-builder-workspace/Atlantis.xcodeproj
    builtin-create-build-directory /Users/admin/builder/spi-builder-workspace/.derivedData/Build/Intermediates.noindex/SwiftExplicitPrecompiledModules
CreateBuildDirectory /Users/admin/builder/spi-builder-workspace/.derivedData/Build/Intermediates.noindex/ExplicitPrecompiledModules
    cd /Users/admin/builder/spi-builder-workspace/Atlantis.xcodeproj
    builtin-create-build-directory /Users/admin/builder/spi-builder-workspace/.derivedData/Build/Intermediates.noindex/ExplicitPrecompiledModules
CreateBuildDirectory /Users/admin/builder/spi-builder-workspace/.derivedData/Build/Products/Debug-appletvos
    cd /Users/admin/builder/spi-builder-workspace/Atlantis.xcodeproj
    builtin-create-build-directory /Users/admin/builder/spi-builder-workspace/.derivedData/Build/Products/Debug-appletvos
CreateBuildDirectory /Users/admin/builder/spi-builder-workspace/.derivedData/Build/Intermediates.noindex/EagerLinkingTBDs/Debug-appletvos
    cd /Users/admin/builder/spi-builder-workspace/Atlantis.xcodeproj
    builtin-create-build-directory /Users/admin/builder/spi-builder-workspace/.derivedData/Build/Intermediates.noindex/EagerLinkingTBDs/Debug-appletvos
MkDir /Users/admin/builder/spi-builder-workspace/.derivedData/Build/Products/Debug-appletvos/Atlantis.framework (in target 'Atlantis' from project 'Atlantis')
    cd /Users/admin/builder/spi-builder-workspace
    /bin/mkdir -p /Users/admin/builder/spi-builder-workspace/.derivedData/Build/Products/Debug-appletvos/Atlantis.framework
MkDir /Users/admin/builder/spi-builder-workspace/.derivedData/Build/Products/Debug-appletvos/Atlantis.framework/Headers (in target 'Atlantis' from project 'Atlantis')
    cd /Users/admin/builder/spi-builder-workspace
    /bin/mkdir -p /Users/admin/builder/spi-builder-workspace/.derivedData/Build/Products/Debug-appletvos/Atlantis.framework/Headers
WriteAuxiliaryFile /Users/admin/builder/spi-builder-workspace/.derivedData/Build/Intermediates.noindex/Atlantis.build/Debug-appletvos/Atlantis.build/Atlantis.DependencyStaticMetadataFileList (in target 'Atlantis' from project 'Atlantis')
    cd /Users/admin/builder/spi-builder-workspace
    write-file /Users/admin/builder/spi-builder-workspace/.derivedData/Build/Intermediates.noindex/Atlantis.build/Debug-appletvos/Atlantis.build/Atlantis.DependencyStaticMetadataFileList
WriteAuxiliaryFile /Users/admin/builder/spi-builder-workspace/.derivedData/Build/Intermediates.noindex/Atlantis.build/Debug-appletvos/Atlantis.build/Atlantis.DependencyMetadataFileList (in target 'Atlantis' from project 'Atlantis')
    cd /Users/admin/builder/spi-builder-workspace
    write-file /Users/admin/builder/spi-builder-workspace/.derivedData/Build/Intermediates.noindex/Atlantis.build/Debug-appletvos/Atlantis.build/Atlantis.DependencyMetadataFileList
WriteAuxiliaryFile /Users/admin/builder/spi-builder-workspace/.derivedData/Build/Intermediates.noindex/Atlantis.build/Debug-appletvos/Atlantis.build/Objects-normal/arm64/Atlantis_const_extract_protocols.json (in target 'Atlantis' from project 'Atlantis')
    cd /Users/admin/builder/spi-builder-workspace
    write-file /Users/admin/builder/spi-builder-workspace/.derivedData/Build/Intermediates.noindex/Atlantis.build/Debug-appletvos/Atlantis.build/Objects-normal/arm64/Atlantis_const_extract_protocols.json
WriteAuxiliaryFile /Users/admin/builder/spi-builder-workspace/.derivedData/Build/Intermediates.noindex/Atlantis.build/Debug-appletvos/Atlantis.build/Objects-normal/arm64/Atlantis.SwiftConstValuesFileList (in target 'Atlantis' from project 'Atlantis')
    cd /Users/admin/builder/spi-builder-workspace
    write-file /Users/admin/builder/spi-builder-workspace/.derivedData/Build/Intermediates.noindex/Atlantis.build/Debug-appletvos/Atlantis.build/Objects-normal/arm64/Atlantis.SwiftConstValuesFileList
WriteAuxiliaryFile /Users/admin/builder/spi-builder-workspace/.derivedData/Build/Intermediates.noindex/Atlantis.build/Debug-appletvos/Atlantis.build/Objects-normal/arm64/Atlantis.LinkFileList (in target 'Atlantis' from project 'Atlantis')
    cd /Users/admin/builder/spi-builder-workspace
    write-file /Users/admin/builder/spi-builder-workspace/.derivedData/Build/Intermediates.noindex/Atlantis.build/Debug-appletvos/Atlantis.build/Objects-normal/arm64/Atlantis.LinkFileList
WriteAuxiliaryFile /Users/admin/builder/spi-builder-workspace/.derivedData/Build/Intermediates.noindex/Atlantis.build/Debug-appletvos/Atlantis.build/Objects-normal/arm64/Atlantis.SwiftFileList (in target 'Atlantis' from project 'Atlantis')
    cd /Users/admin/builder/spi-builder-workspace
    write-file /Users/admin/builder/spi-builder-workspace/.derivedData/Build/Intermediates.noindex/Atlantis.build/Debug-appletvos/Atlantis.build/Objects-normal/arm64/Atlantis.SwiftFileList
WriteAuxiliaryFile /Users/admin/builder/spi-builder-workspace/.derivedData/Build/Intermediates.noindex/Atlantis.build/Debug-appletvos/Atlantis.build/Objects-normal/arm64/Atlantis-OutputFileMap.json (in target 'Atlantis' from project 'Atlantis')
    cd /Users/admin/builder/spi-builder-workspace
    write-file /Users/admin/builder/spi-builder-workspace/.derivedData/Build/Intermediates.noindex/Atlantis.build/Debug-appletvos/Atlantis.build/Objects-normal/arm64/Atlantis-OutputFileMap.json
ProcessInfoPlistFile /Users/admin/builder/spi-builder-workspace/.derivedData/Build/Products/Debug-appletvos/Atlantis.framework/Info.plist /Users/admin/builder/spi-builder-workspace/Atlantis.xcodeproj/Atlantis_Info.plist (in target 'Atlantis' from project 'Atlantis')
    cd /Users/admin/builder/spi-builder-workspace
    builtin-infoPlistUtility /Users/admin/builder/spi-builder-workspace/Atlantis.xcodeproj/Atlantis_Info.plist -producttype com.apple.product-type.framework -expandbuildsettings -format binary -platform appletvos -o /Users/admin/builder/spi-builder-workspace/.derivedData/Build/Products/Debug-appletvos/Atlantis.framework/Info.plist
SwiftDriver\ Compilation\ Requirements Atlantis normal arm64 com.apple.xcode.tools.swift.compiler (in target 'Atlantis' from project 'Atlantis')
    cd /Users/admin/builder/spi-builder-workspace
    builtin-Swift-Compilation-Requirements -- /Applications/Xcode-26.5.0.app/Contents/Developer/Toolchains/XcodeDefault.xctoolchain/usr/bin/swiftc -module-name Atlantis -Onone @/Users/admin/builder/spi-builder-workspace/.derivedData/Build/Intermediates.noindex/Atlantis.build/Debug-appletvos/Atlantis.build/Objects-normal/arm64/Atlantis.SwiftFileList -DSWIFT_PACKAGE -DDEBUG -DXcode -enable-bare-slash-regex -enable-experimental-feature DebugDescriptionMacro -sdk /Applications/Xcode-26.5.0.app/Contents/Developer/Platforms/AppleTVOS.platform/Developer/SDKs/AppleTVOS26.5.sdk -target arm64-apple-tvos13.0 -g -module-cache-path /Users/admin/builder/spi-builder-workspace/.derivedData/ModuleCache.noindex -Xfrontend -serialize-debugging-options -enable-testing -index-store-path /Users/admin/builder/spi-builder-workspace/.derivedData/Index.noindex/DataStore -Xcc -D_LIBCPP_HARDENING_MODE\=_LIBCPP_HARDENING_MODE_DEBUG -swift-version 5 -I /Users/admin/builder/spi-builder-workspace/.derivedData/Build/Products/Debug-appletvos -F /Users/admin/builder/spi-builder-workspace/.derivedData/Build/Products/Debug-appletvos -F /Applications/Xcode-26.5.0.app/Contents/Developer/Platforms/AppleTVOS.platform/Developer/Library/Frameworks -c -j10 -enable-batch-mode -incremental -Xcc -ivfsstatcache -Xcc /Users/admin/builder/spi-builder-workspace/.derivedData/SDKStatCaches.noindex/appletvos26.5-23L470-688ef53f1462e2c8f657fdc38a81448fa2efe9286588b677106490127979b81c.sdkstatcache -output-file-map /Users/admin/builder/spi-builder-workspace/.derivedData/Build/Intermediates.noindex/Atlantis.build/Debug-appletvos/Atlantis.build/Objects-normal/arm64/Atlantis-OutputFileMap.json -use-frontend-parseable-output -save-temps -no-color-diagnostics -explicit-module-build -module-cache-path /Users/admin/builder/spi-builder-workspace/.derivedData/Build/Intermediates.noindex/SwiftExplicitPrecompiledModules -clang-scanner-module-cache-path /Users/admin/builder/spi-builder-workspace/.derivedData/ModuleCache.noindex -sdk-module-cache-path /Users/admin/builder/spi-builder-workspace/.derivedData/ModuleCache.noindex -serialize-diagnostics -emit-dependencies -emit-module -emit-module-path /Users/admin/builder/spi-builder-workspace/.derivedData/Build/Intermediates.noindex/Atlantis.build/Debug-appletvos/Atlantis.build/Objects-normal/arm64/Atlantis.swiftmodule -validate-clang-modules-once -clang-build-session-file /Users/admin/builder/spi-builder-workspace/.derivedData/ModuleCache.noindex/Session.modulevalidation -Xcc -I/Users/admin/builder/spi-builder-workspace/.derivedData/Build/Intermediates.noindex/Atlantis.build/Debug-appletvos/Atlantis.build/swift-overrides.hmap -emit-const-values -Xfrontend -const-gather-protocols-file -Xfrontend /Users/admin/builder/spi-builder-workspace/.derivedData/Build/Intermediates.noindex/Atlantis.build/Debug-appletvos/Atlantis.build/Objects-normal/arm64/Atlantis_const_extract_protocols.json -Xcc -I/Users/admin/builder/spi-builder-workspace/.derivedData/Build/Products/Debug-appletvos/include -Xcc -I/Users/admin/builder/spi-builder-workspace/.derivedData/Build/Intermediates.noindex/Atlantis.build/Debug-appletvos/Atlantis.build/DerivedSources-normal/arm64 -Xcc -I/Users/admin/builder/spi-builder-workspace/.derivedData/Build/Intermediates.noindex/Atlantis.build/Debug-appletvos/Atlantis.build/DerivedSources/arm64 -Xcc -I/Users/admin/builder/spi-builder-workspace/.derivedData/Build/Intermediates.noindex/Atlantis.build/Debug-appletvos/Atlantis.build/DerivedSources -Xcc -DSWIFT_PACKAGE\=1 -Xcc -DDEBUG\=1 -emit-objc-header -emit-objc-header-path /Users/admin/builder/spi-builder-workspace/.derivedData/Build/Intermediates.noindex/Atlantis.build/Debug-appletvos/Atlantis.build/Objects-normal/arm64/Atlantis-Swift.h -working-directory /Users/admin/builder/spi-builder-workspace -experimental-emit-module-separately -disable-cmo
error: Build input files cannot be found: '/Users/admin/builder/spi-builder-workspace/Sources/DataCompression.swift', '/Users/admin/builder/spi-builder-workspace/Sources/Message.swift', '/Users/admin/builder/spi-builder-workspace/Sources/Transporter.swift'. Did you forget to declare these files as outputs of any script phases or custom build rules which produce them? (in target 'Atlantis' from project 'Atlantis')
SwiftDriver\ Compilation Atlantis normal arm64 com.apple.xcode.tools.swift.compiler (in target 'Atlantis' from project 'Atlantis')
    cd /Users/admin/builder/spi-builder-workspace
    builtin-Swift-Compilation -- /Applications/Xcode-26.5.0.app/Contents/Developer/Toolchains/XcodeDefault.xctoolchain/usr/bin/swiftc -module-name Atlantis -Onone @/Users/admin/builder/spi-builder-workspace/.derivedData/Build/Intermediates.noindex/Atlantis.build/Debug-appletvos/Atlantis.build/Objects-normal/arm64/Atlantis.SwiftFileList -DSWIFT_PACKAGE -DDEBUG -DXcode -enable-bare-slash-regex -enable-experimental-feature DebugDescriptionMacro -sdk /Applications/Xcode-26.5.0.app/Contents/Developer/Platforms/AppleTVOS.platform/Developer/SDKs/AppleTVOS26.5.sdk -target arm64-apple-tvos13.0 -g -module-cache-path /Users/admin/builder/spi-builder-workspace/.derivedData/ModuleCache.noindex -Xfrontend -serialize-debugging-options -enable-testing -index-store-path /Users/admin/builder/spi-builder-workspace/.derivedData/Index.noindex/DataStore -Xcc -D_LIBCPP_HARDENING_MODE\=_LIBCPP_HARDENING_MODE_DEBUG -swift-version 5 -I /Users/admin/builder/spi-builder-workspace/.derivedData/Build/Products/Debug-appletvos -F /Users/admin/builder/spi-builder-workspace/.derivedData/Build/Products/Debug-appletvos -F /Applications/Xcode-26.5.0.app/Contents/Developer/Platforms/AppleTVOS.platform/Developer/Library/Frameworks -c -j10 -enable-batch-mode -incremental -Xcc -ivfsstatcache -Xcc /Users/admin/builder/spi-builder-workspace/.derivedData/SDKStatCaches.noindex/appletvos26.5-23L470-688ef53f1462e2c8f657fdc38a81448fa2efe9286588b677106490127979b81c.sdkstatcache -output-file-map /Users/admin/builder/spi-builder-workspace/.derivedData/Build/Intermediates.noindex/Atlantis.build/Debug-appletvos/Atlantis.build/Objects-normal/arm64/Atlantis-OutputFileMap.json -use-frontend-parseable-output -save-temps -no-color-diagnostics -explicit-module-build -module-cache-path /Users/admin/builder/spi-builder-workspace/.derivedData/Build/Intermediates.noindex/SwiftExplicitPrecompiledModules -clang-scanner-module-cache-path /Users/admin/builder/spi-builder-workspace/.derivedData/ModuleCache.noindex -sdk-module-cache-path /Users/admin/builder/spi-builder-workspace/.derivedData/ModuleCache.noindex -serialize-diagnostics -emit-dependencies -emit-module -emit-module-path /Users/admin/builder/spi-builder-workspace/.derivedData/Build/Intermediates.noindex/Atlantis.build/Debug-appletvos/Atlantis.build/Objects-normal/arm64/Atlantis.swiftmodule -validate-clang-modules-once -clang-build-session-file /Users/admin/builder/spi-builder-workspace/.derivedData/ModuleCache.noindex/Session.modulevalidation -Xcc -I/Users/admin/builder/spi-builder-workspace/.derivedData/Build/Intermediates.noindex/Atlantis.build/Debug-appletvos/Atlantis.build/swift-overrides.hmap -emit-const-values -Xfrontend -const-gather-protocols-file -Xfrontend /Users/admin/builder/spi-builder-workspace/.derivedData/Build/Intermediates.noindex/Atlantis.build/Debug-appletvos/Atlantis.build/Objects-normal/arm64/Atlantis_const_extract_protocols.json -Xcc -I/Users/admin/builder/spi-builder-workspace/.derivedData/Build/Products/Debug-appletvos/include -Xcc -I/Users/admin/builder/spi-builder-workspace/.derivedData/Build/Intermediates.noindex/Atlantis.build/Debug-appletvos/Atlantis.build/DerivedSources-normal/arm64 -Xcc -I/Users/admin/builder/spi-builder-workspace/.derivedData/Build/Intermediates.noindex/Atlantis.build/Debug-appletvos/Atlantis.build/DerivedSources/arm64 -Xcc -I/Users/admin/builder/spi-builder-workspace/.derivedData/Build/Intermediates.noindex/Atlantis.build/Debug-appletvos/Atlantis.build/DerivedSources -Xcc -DSWIFT_PACKAGE\=1 -Xcc -DDEBUG\=1 -emit-objc-header -emit-objc-header-path /Users/admin/builder/spi-builder-workspace/.derivedData/Build/Intermediates.noindex/Atlantis.build/Debug-appletvos/Atlantis.build/Objects-normal/arm64/Atlantis-Swift.h -working-directory /Users/admin/builder/spi-builder-workspace -experimental-emit-module-separately -disable-cmo
error: Build input files cannot be found: '/Users/admin/builder/spi-builder-workspace/Sources/DataCompression.swift', '/Users/admin/builder/spi-builder-workspace/Sources/Message.swift', '/Users/admin/builder/spi-builder-workspace/Sources/Transporter.swift'. Did you forget to declare these files as outputs of any script phases or custom build rules which produce them? (in target 'Atlantis' from project 'Atlantis')
** BUILD FAILED **
The following build commands failed:
	SwiftDriver\ Compilation\ Requirements Atlantis normal arm64 com.apple.xcode.tools.swift.compiler (in target 'Atlantis' from project 'Atlantis')
	SwiftDriver\ Compilation Atlantis normal arm64 com.apple.xcode.tools.swift.compiler (in target 'Atlantis' from project 'Atlantis')
	Building project Atlantis with scheme Atlantis-Package
(3 failures)
Command line invocation:
    /Applications/Xcode-26.5.0.app/Contents/Developer/usr/bin/xcodebuild -IDEClonedSourcePackagesDirPathOverride=/Users/admin/builder/spi-builder-workspace/.dependencies -resolvePackageDependencies
resolved source packages:
{
  "dependencies" : [
  ],
  "manifest_display_name" : "Atlantis",
  "name" : "Atlantis",
  "path" : "/Users/admin/builder/spi-builder-workspace",
  "platforms" : [
    {
      "name" : "macos",
      "version" : "13.0"
    },
    {
      "name" : "ios",
      "version" : "16.0"
    },
    {
      "name" : "tvos",
      "version" : "16.0"
    },
    {
      "name" : "watchos",
      "version" : "10.0"
    },
    {
      "name" : "visionos",
      "version" : "1.0"
    }
  ],
  "products" : [
    {
      "name" : "Atlantis",
      "targets" : [
        "Atlantis"
      ],
      "type" : {
        "library" : [
          "automatic"
        ]
      }
    }
  ],
  "swift_languages_versions" : [
    "5"
  ],
  "targets" : [
    {
      "c99name" : "AtlantisTests",
      "module_type" : "SwiftTarget",
      "name" : "AtlantisTests",
      "path" : "Tests/atlantisTests",
      "resources" : [
        {
          "path" : "/Users/admin/builder/spi-builder-workspace/Tests/atlantisTests/Resources/sse-server.js",
          "rule" : {
            "process" : {
            }
          }
        }
      ],
      "sources" : [
        "AtlantisBodyContentTests.swift",
        "AtlantisBodyHighlighterTests.swift",
        "AtlantisBodyStreamTests.swift",
        "AtlantisBodyViewerTests.swift",
        "AtlantisCodeTextViewTests.swift",
        "AtlantisHeadlessStructuralTests.swift",
        "AtlantisJSONTreeTests.swift",
        "AtlantisOverviewModelTests.swift",
        "AtlantisOverviewViewSmokeTests.swift",
        "AtlantisViewerTests.swift",
        "atlantisTests.swift"
      ],
      "target_dependencies" : [
        "Atlantis"
      ],
      "type" : "test"
    },
    {
      "c99name" : "Atlantis",
      "module_type" : "SwiftTarget",
      "name" : "Atlantis",
      "path" : "Sources",
      "product_memberships" : [
        "Atlantis"
      ],
      "resources" : [
        {
          "path" : "/Users/admin/builder/spi-builder-workspace/Sources/PrivacyInfo.xcprivacy",
          "rule" : {
            "copy" : {
            }
          }
        }
      ],
      "sources" : [
        "Atlantis+Manual.swift",
        "Atlantis.swift",
        "AtlantisBodyContent.swift",
        "AtlantisBodyPreviewCard.swift",
        "AtlantisBodySearch.swift",
        "AtlantisBodyStream.swift",
        "AtlantisBodyViewerView.swift",
        "AtlantisCodeTextView.swift",
        "AtlantisFormat.swift",
        "AtlantisHelper.swift",
        "AtlantisHexDump.swift",
        "AtlantisJSONTree.swift",
        "AtlantisJSONTreeView.swift",
        "AtlantisJSONValue.swift",
        "AtlantisOverviewBandView.swift",
        "AtlantisOverviewCardsView.swift",
        "AtlantisOverviewModel.swift",
        "AtlantisOverviewWebSocketView.swift",
        "AtlantisSyntaxHighlighter.swift",
        "AtlantisSyntaxTheme.swift",
        "AtlantisTrafficCurl.swift",
        "AtlantisTrafficDetailView.swift",
        "AtlantisTrafficExport.swift",
        "AtlantisTrafficFilter.swift",
        "AtlantisTrafficListView.swift",
        "AtlantisTrafficStore.swift",
        "Configuration.swift",
        "DispatchQueue+Once.swift",
        "NetworkInjector+URLSession.swift",
        "NetworkInjector.swift",
        "PackageIdentifier.swift",
        "Packages.swift",
        "Runtime.swift",
        "URLSessionTask+CurrentRequest.swift"
      ],
      "type" : "library"
    }
  ],
  "tools_version" : "5.9"
}
{
  "project" : {
    "configurations" : [
      "Debug",
      "Release"
    ],
    "name" : "Atlantis",
    "schemes" : [
      "Atlantis-Package"
    ],
    "targets" : [
      "Atlantis",
      "AtlantisPackageDescription"
    ]
  }
}
Running build ...
env DEVELOPER_DIR=/Applications/Xcode-26.5.0.app xcrun xcodebuild -IDEClonedSourcePackagesDirPathOverride=$PWD/.dependencies -skipMacroValidation -skipPackagePluginValidation -derivedDataPath $PWD/.derivedData build -scheme Atlantis-Package -destination generic/platform=tvOS
Command line invocation:
    /Applications/Xcode-26.5.0.app/Contents/Developer/usr/bin/xcodebuild -IDEClonedSourcePackagesDirPathOverride=/Users/admin/builder/spi-builder-workspace/.dependencies -skipMacroValidation -skipPackagePluginValidation -derivedDataPath /Users/admin/builder/spi-builder-workspace/.derivedData build -scheme Atlantis-Package -destination generic/platform=tvOS
ComputePackagePrebuildTargetDependencyGraph
Prepare packages
CreateBuildRequest
SendProjectDescription
CreateBuildOperation
ComputeTargetDependencyGraph
note: Building targets in dependency order
note: Target dependency graph (1 target)
    Target 'Atlantis' in project 'Atlantis' (no dependencies)
GatherProvisioningInputs
CreateBuildDescription
ClangStatCache /Applications/Xcode-26.5.0.app/Contents/Developer/Toolchains/XcodeDefault.xctoolchain/usr/bin/clang-stat-cache /Applications/Xcode-26.5.0.app/Contents/Developer/Platforms/AppleTVOS.platform/Developer/SDKs/AppleTVOS26.5.sdk /Users/admin/builder/spi-builder-workspace/.derivedData/SDKStatCaches.noindex/appletvos26.5-23L470-688ef53f1462e2c8f657fdc38a81448fa2efe9286588b677106490127979b81c.sdkstatcache
    cd /Users/admin/builder/spi-builder-workspace/Atlantis.xcodeproj
    /Applications/Xcode-26.5.0.app/Contents/Developer/Toolchains/XcodeDefault.xctoolchain/usr/bin/clang-stat-cache /Applications/Xcode-26.5.0.app/Contents/Developer/Platforms/AppleTVOS.platform/Developer/SDKs/AppleTVOS26.5.sdk -o /Users/admin/builder/spi-builder-workspace/.derivedData/SDKStatCaches.noindex/appletvos26.5-23L470-688ef53f1462e2c8f657fdc38a81448fa2efe9286588b677106490127979b81c.sdkstatcache
SwiftDriver\ Compilation Atlantis normal arm64 com.apple.xcode.tools.swift.compiler (in target 'Atlantis' from project 'Atlantis')
    cd /Users/admin/builder/spi-builder-workspace
    builtin-Swift-Compilation -- /Applications/Xcode-26.5.0.app/Contents/Developer/Toolchains/XcodeDefault.xctoolchain/usr/bin/swiftc -module-name Atlantis -Onone @/Users/admin/builder/spi-builder-workspace/.derivedData/Build/Intermediates.noindex/Atlantis.build/Debug-appletvos/Atlantis.build/Objects-normal/arm64/Atlantis.SwiftFileList -DSWIFT_PACKAGE -DDEBUG -DXcode -enable-bare-slash-regex -enable-experimental-feature DebugDescriptionMacro -sdk /Applications/Xcode-26.5.0.app/Contents/Developer/Platforms/AppleTVOS.platform/Developer/SDKs/AppleTVOS26.5.sdk -target arm64-apple-tvos13.0 -g -module-cache-path /Users/admin/builder/spi-builder-workspace/.derivedData/ModuleCache.noindex -Xfrontend -serialize-debugging-options -enable-testing -index-store-path /Users/admin/builder/spi-builder-workspace/.derivedData/Index.noindex/DataStore -Xcc -D_LIBCPP_HARDENING_MODE\=_LIBCPP_HARDENING_MODE_DEBUG -swift-version 5 -I /Users/admin/builder/spi-builder-workspace/.derivedData/Build/Products/Debug-appletvos -F /Users/admin/builder/spi-builder-workspace/.derivedData/Build/Products/Debug-appletvos -F /Applications/Xcode-26.5.0.app/Contents/Developer/Platforms/AppleTVOS.platform/Developer/Library/Frameworks -c -j10 -enable-batch-mode -incremental -Xcc -ivfsstatcache -Xcc /Users/admin/builder/spi-builder-workspace/.derivedData/SDKStatCaches.noindex/appletvos26.5-23L470-688ef53f1462e2c8f657fdc38a81448fa2efe9286588b677106490127979b81c.sdkstatcache -output-file-map /Users/admin/builder/spi-builder-workspace/.derivedData/Build/Intermediates.noindex/Atlantis.build/Debug-appletvos/Atlantis.build/Objects-normal/arm64/Atlantis-OutputFileMap.json -use-frontend-parseable-output -save-temps -no-color-diagnostics -explicit-module-build -module-cache-path /Users/admin/builder/spi-builder-workspace/.derivedData/Build/Intermediates.noindex/SwiftExplicitPrecompiledModules -clang-scanner-module-cache-path /Users/admin/builder/spi-builder-workspace/.derivedData/ModuleCache.noindex -sdk-module-cache-path /Users/admin/builder/spi-builder-workspace/.derivedData/ModuleCache.noindex -serialize-diagnostics -emit-dependencies -emit-module -emit-module-path /Users/admin/builder/spi-builder-workspace/.derivedData/Build/Intermediates.noindex/Atlantis.build/Debug-appletvos/Atlantis.build/Objects-normal/arm64/Atlantis.swiftmodule -validate-clang-modules-once -clang-build-session-file /Users/admin/builder/spi-builder-workspace/.derivedData/ModuleCache.noindex/Session.modulevalidation -Xcc -I/Users/admin/builder/spi-builder-workspace/.derivedData/Build/Intermediates.noindex/Atlantis.build/Debug-appletvos/Atlantis.build/swift-overrides.hmap -emit-const-values -Xfrontend -const-gather-protocols-file -Xfrontend /Users/admin/builder/spi-builder-workspace/.derivedData/Build/Intermediates.noindex/Atlantis.build/Debug-appletvos/Atlantis.build/Objects-normal/arm64/Atlantis_const_extract_protocols.json -Xcc -I/Users/admin/builder/spi-builder-workspace/.derivedData/Build/Products/Debug-appletvos/include -Xcc -I/Users/admin/builder/spi-builder-workspace/.derivedData/Build/Intermediates.noindex/Atlantis.build/Debug-appletvos/Atlantis.build/DerivedSources-normal/arm64 -Xcc -I/Users/admin/builder/spi-builder-workspace/.derivedData/Build/Intermediates.noindex/Atlantis.build/Debug-appletvos/Atlantis.build/DerivedSources/arm64 -Xcc -I/Users/admin/builder/spi-builder-workspace/.derivedData/Build/Intermediates.noindex/Atlantis.build/Debug-appletvos/Atlantis.build/DerivedSources -Xcc -DSWIFT_PACKAGE\=1 -Xcc -DDEBUG\=1 -emit-objc-header -emit-objc-header-path /Users/admin/builder/spi-builder-workspace/.derivedData/Build/Intermediates.noindex/Atlantis.build/Debug-appletvos/Atlantis.build/Objects-normal/arm64/Atlantis-Swift.h -working-directory /Users/admin/builder/spi-builder-workspace -experimental-emit-module-separately -disable-cmo
error: Build input files cannot be found: '/Users/admin/builder/spi-builder-workspace/Sources/Transporter.swift', '/Users/admin/builder/spi-builder-workspace/Sources/Message.swift', '/Users/admin/builder/spi-builder-workspace/Sources/DataCompression.swift'. Did you forget to declare these files as outputs of any script phases or custom build rules which produce them? (in target 'Atlantis' from project 'Atlantis')
SwiftDriver\ Compilation\ Requirements Atlantis normal arm64 com.apple.xcode.tools.swift.compiler (in target 'Atlantis' from project 'Atlantis')
    cd /Users/admin/builder/spi-builder-workspace
    builtin-Swift-Compilation-Requirements -- /Applications/Xcode-26.5.0.app/Contents/Developer/Toolchains/XcodeDefault.xctoolchain/usr/bin/swiftc -module-name Atlantis -Onone @/Users/admin/builder/spi-builder-workspace/.derivedData/Build/Intermediates.noindex/Atlantis.build/Debug-appletvos/Atlantis.build/Objects-normal/arm64/Atlantis.SwiftFileList -DSWIFT_PACKAGE -DDEBUG -DXcode -enable-bare-slash-regex -enable-experimental-feature DebugDescriptionMacro -sdk /Applications/Xcode-26.5.0.app/Contents/Developer/Platforms/AppleTVOS.platform/Developer/SDKs/AppleTVOS26.5.sdk -target arm64-apple-tvos13.0 -g -module-cache-path /Users/admin/builder/spi-builder-workspace/.derivedData/ModuleCache.noindex -Xfrontend -serialize-debugging-options -enable-testing -index-store-path /Users/admin/builder/spi-builder-workspace/.derivedData/Index.noindex/DataStore -Xcc -D_LIBCPP_HARDENING_MODE\=_LIBCPP_HARDENING_MODE_DEBUG -swift-version 5 -I /Users/admin/builder/spi-builder-workspace/.derivedData/Build/Products/Debug-appletvos -F /Users/admin/builder/spi-builder-workspace/.derivedData/Build/Products/Debug-appletvos -F /Applications/Xcode-26.5.0.app/Contents/Developer/Platforms/AppleTVOS.platform/Developer/Library/Frameworks -c -j10 -enable-batch-mode -incremental -Xcc -ivfsstatcache -Xcc /Users/admin/builder/spi-builder-workspace/.derivedData/SDKStatCaches.noindex/appletvos26.5-23L470-688ef53f1462e2c8f657fdc38a81448fa2efe9286588b677106490127979b81c.sdkstatcache -output-file-map /Users/admin/builder/spi-builder-workspace/.derivedData/Build/Intermediates.noindex/Atlantis.build/Debug-appletvos/Atlantis.build/Objects-normal/arm64/Atlantis-OutputFileMap.json -use-frontend-parseable-output -save-temps -no-color-diagnostics -explicit-module-build -module-cache-path /Users/admin/builder/spi-builder-workspace/.derivedData/Build/Intermediates.noindex/SwiftExplicitPrecompiledModules -clang-scanner-module-cache-path /Users/admin/builder/spi-builder-workspace/.derivedData/ModuleCache.noindex -sdk-module-cache-path /Users/admin/builder/spi-builder-workspace/.derivedData/ModuleCache.noindex -serialize-diagnostics -emit-dependencies -emit-module -emit-module-path /Users/admin/builder/spi-builder-workspace/.derivedData/Build/Intermediates.noindex/Atlantis.build/Debug-appletvos/Atlantis.build/Objects-normal/arm64/Atlantis.swiftmodule -validate-clang-modules-once -clang-build-session-file /Users/admin/builder/spi-builder-workspace/.derivedData/ModuleCache.noindex/Session.modulevalidation -Xcc -I/Users/admin/builder/spi-builder-workspace/.derivedData/Build/Intermediates.noindex/Atlantis.build/Debug-appletvos/Atlantis.build/swift-overrides.hmap -emit-const-values -Xfrontend -const-gather-protocols-file -Xfrontend /Users/admin/builder/spi-builder-workspace/.derivedData/Build/Intermediates.noindex/Atlantis.build/Debug-appletvos/Atlantis.build/Objects-normal/arm64/Atlantis_const_extract_protocols.json -Xcc -I/Users/admin/builder/spi-builder-workspace/.derivedData/Build/Products/Debug-appletvos/include -Xcc -I/Users/admin/builder/spi-builder-workspace/.derivedData/Build/Intermediates.noindex/Atlantis.build/Debug-appletvos/Atlantis.build/DerivedSources-normal/arm64 -Xcc -I/Users/admin/builder/spi-builder-workspace/.derivedData/Build/Intermediates.noindex/Atlantis.build/Debug-appletvos/Atlantis.build/DerivedSources/arm64 -Xcc -I/Users/admin/builder/spi-builder-workspace/.derivedData/Build/Intermediates.noindex/Atlantis.build/Debug-appletvos/Atlantis.build/DerivedSources -Xcc -DSWIFT_PACKAGE\=1 -Xcc -DDEBUG\=1 -emit-objc-header -emit-objc-header-path /Users/admin/builder/spi-builder-workspace/.derivedData/Build/Intermediates.noindex/Atlantis.build/Debug-appletvos/Atlantis.build/Objects-normal/arm64/Atlantis-Swift.h -working-directory /Users/admin/builder/spi-builder-workspace -experimental-emit-module-separately -disable-cmo
error: Build input files cannot be found: '/Users/admin/builder/spi-builder-workspace/Sources/Transporter.swift', '/Users/admin/builder/spi-builder-workspace/Sources/Message.swift', '/Users/admin/builder/spi-builder-workspace/Sources/DataCompression.swift'. Did you forget to declare these files as outputs of any script phases or custom build rules which produce them? (in target 'Atlantis' from project 'Atlantis')
** BUILD FAILED **
The following build commands failed:
	SwiftDriver\ Compilation Atlantis normal arm64 com.apple.xcode.tools.swift.compiler (in target 'Atlantis' from project 'Atlantis')
	SwiftDriver\ Compilation\ Requirements Atlantis normal arm64 com.apple.xcode.tools.swift.compiler (in target 'Atlantis' from project 'Atlantis')
	Building project Atlantis with scheme Atlantis-Package
(3 failures)
BUILD FAILURE 6.3 tvOS