The Swift Package Index logo.Swift Package Index

Build Information

Failed to build Ignition, reference 2.1.1 (9452de), with Swift 6.4 for watchOS using Xcode 27.0 on 22 Sep 2026 20:01:03 UTC.

Build Command

env DEVELOPER_DIR=/Applications/Xcode-27.0.0-Release.Candidate.app xcrun xcodebuild -IDEClonedSourcePackagesDirPathOverride=$PWD/.dependencies -skipMacroValidation -skipPackagePluginValidation -derivedDataPath $PWD/.derivedData build -scheme Ignition -destination generic/platform=watchOS

Build Log

SwiftDriverJobDiscovery normal arm64_32 Emitting module for Engine (in target 'Engine' from project 'Engine')
SwiftDriver\ Compilation\ Requirements Engine normal arm64_32 com.apple.xcode.tools.swift.compiler (in target 'Engine' from project 'Engine')
    cd /Users/admin/builder/spi-builder-workspace/.swiftpm/xcode
    builtin-Swift-Compilation-Requirements -- /Applications/Xcode-27.0.0-Release.Candidate.app/Contents/Developer/Toolchains/XcodeDefault.xctoolchain/usr/bin/swiftc -parse-as-library -module-name Engine -Onone @/Users/admin/builder/spi-builder-workspace/.derivedData/Build/Intermediates.noindex/Engine.build/Debug-watchos/Engine-t.build/Objects-normal/arm64_32/Engine.SwiftFileList -DSWIFT_PACKAGE -DDEBUG -DSWIFT_MODULE_RESOURCE_BUNDLE_UNAVAILABLE -Xcc -fmodule-map-file\=/Users/admin/builder/spi-builder-workspace/.derivedData/Build/Intermediates.noindex/GeneratedModuleMaps-watchos/EngineCoreC.modulemap -DXcode -plugin-path /Applications/Xcode-27.0.0-Release.Candidate.app/Contents/Developer/Toolchains/XcodeDefault.xctoolchain/usr/lib/swift/host/plugins/testing -enable-experimental-feature DebugDescriptionMacro -sdk /Applications/Xcode-27.0.0-Release.Candidate.app/Contents/Developer/Platforms/WatchOS.platform/Developer/SDKs/WatchOS27.0.sdk -target arm64_32-apple-watchos9.0 -g -module-cache-path /Users/admin/builder/spi-builder-workspace/.derivedData/ModuleCache.noindex -Xfrontend -serialize-debugging-options -enable-testing -suppress-warnings -index-store-path /Users/admin/builder/spi-builder-workspace/.derivedData/Index.noindex/DataStore -Xcc -D_LIBCPP_HARDENING_MODE\=_LIBCPP_HARDENING_MODE_DEBUG -swift-version 6 -I /Users/admin/builder/spi-builder-workspace/.derivedData/Build/Products/Debug-watchos -Isystem /Applications/Xcode-27.0.0-Release.Candidate.app/Contents/Developer/Platforms/WatchOS.platform/Developer/usr/lib -F /Users/admin/builder/spi-builder-workspace/.derivedData/Build/Products/Debug-watchos/PackageFrameworks -F /Users/admin/builder/spi-builder-workspace/.derivedData/Build/Products/Debug-watchos -F /Applications/Xcode-27.0.0-Release.Candidate.app/Contents/Developer/Platforms/WatchOS.platform/Developer/Library/Frameworks -F /Applications/Xcode-27.0.0-Release.Candidate.app/Contents/Developer/Platforms/WatchOS.platform/Developer/SDKs/WatchOS27.0.sdk/Developer/Library/Frameworks -c -j10 -enable-batch-mode -incremental -Xcc -ivfsstatcache -Xcc /Users/admin/builder/spi-builder-workspace/.derivedData/SDKStatCaches.noindex/watchos27.0-24R360-e829b21a6f8c9b70876ba0858053c04477534ef55a1706bf4c1112bbb242f0a2.sdkstatcache -output-file-map /Users/admin/builder/spi-builder-workspace/.derivedData/Build/Intermediates.noindex/Engine.build/Debug-watchos/Engine-t.build/Objects-normal/arm64_32/Engine-OutputFileMap.json -save-temps -no-color-diagnostics -explicit-module-build -module-cache-path /Users/admin/builder/spi-builder-workspace/.derivedData/Build/Intermediates.noindex/SwiftExplicitPrecompiledModules -clang-scanner-module-cache-path /Users/admin/builder/spi-builder-workspace/.derivedData/ModuleCache.noindex -sdk-module-cache-path /Users/admin/builder/spi-builder-workspace/.derivedData/SDKExplicitPrecompiledModules -emit-dependencies -emit-module -emit-module-path /Users/admin/builder/spi-builder-workspace/.derivedData/Build/Intermediates.noindex/Engine.build/Debug-watchos/Engine-t.build/Objects-normal/arm64_32/Engine.swiftmodule -serialize-diagnostics -dependency-scan-serialize-diagnostics-path /Users/admin/builder/spi-builder-workspace/.derivedData/Build/Intermediates.noindex/Engine.build/Debug-watchos/Engine-t.build/Objects-normal/arm64_32/Engine-dependency-scan.dia -user-module-version 2.18.0 -validate-clang-modules-once -clang-build-session-file /Users/admin/builder/spi-builder-workspace/.derivedData/ModuleCache.noindex/Session.modulevalidation -Xcc -fmodules-prune-interval\=86400 -Xcc -fmodules-prune-after\=345600 -package-name engine -emit-const-values -const-gather-protocols-list /Users/admin/builder/spi-builder-workspace/.derivedData/Build/Intermediates.noindex/Engine.build/Debug-watchos/Engine-t.build/Objects-normal/arm64_32/Engine_const_extract_protocols.json -Xcc -I/Users/admin/builder/spi-builder-workspace/.dependencies/checkouts/Engine/Sources/EngineCoreC/include -Xcc -I/Users/admin/builder/spi-builder-workspace/.derivedData/Build/Products/Debug-watchos/include -Xcc -I/Users/admin/builder/spi-builder-workspace/.derivedData/Build/Intermediates.noindex/Engine.build/Debug-watchos/Engine-t.build/DerivedSources-normal/arm64_32 -Xcc -I/Users/admin/builder/spi-builder-workspace/.derivedData/Build/Intermediates.noindex/Engine.build/Debug-watchos/Engine-t.build/DerivedSources/arm64_32 -Xcc -I/Users/admin/builder/spi-builder-workspace/.derivedData/Build/Intermediates.noindex/Engine.build/Debug-watchos/Engine-t.build/DerivedSources -Xcc -DSWIFT_PACKAGE -Xcc -DDEBUG\=1 -emit-objc-header -emit-objc-header-path /Users/admin/builder/spi-builder-workspace/.derivedData/Build/Intermediates.noindex/Engine.build/Debug-watchos/Engine-t.build/Objects-normal/arm64_32/Engine-Swift.h -working-directory /Users/admin/builder/spi-builder-workspace/.swiftpm/xcode -experimental-emit-module-separately -disable-cmo
Copy /Users/admin/builder/spi-builder-workspace/.derivedData/Build/Products/Debug-watchos/Engine.swiftmodule/arm64-apple-watchos.swiftmodule /Users/admin/builder/spi-builder-workspace/.derivedData/Build/Intermediates.noindex/Engine.build/Debug-watchos/Engine-t.build/Objects-normal/arm64/Engine.swiftmodule (in target 'Engine' from project 'Engine')
    cd /Users/admin/builder/spi-builder-workspace/.dependencies/checkouts/Engine
    builtin-copy -exclude .DS_Store -exclude CVS -exclude .svn -exclude .git -exclude .hg -resolve-src-symlinks -rename /Users/admin/builder/spi-builder-workspace/.derivedData/Build/Intermediates.noindex/Engine.build/Debug-watchos/Engine-t.build/Objects-normal/arm64/Engine.swiftmodule /Users/admin/builder/spi-builder-workspace/.derivedData/Build/Products/Debug-watchos/Engine.swiftmodule/arm64-apple-watchos.swiftmodule
SwiftMergeGeneratedHeaders /Users/admin/builder/spi-builder-workspace/.derivedData/Build/Intermediates.noindex/GeneratedModuleMaps-watchos/Engine-Swift.h /Users/admin/builder/spi-builder-workspace/.derivedData/Build/Intermediates.noindex/Engine.build/Debug-watchos/Engine-t.build/Objects-normal/arm64/Engine-Swift.h /Users/admin/builder/spi-builder-workspace/.derivedData/Build/Intermediates.noindex/Engine.build/Debug-watchos/Engine-t.build/Objects-normal/arm64_32/Engine-Swift.h (in target 'Engine' from project 'Engine')
    cd /Users/admin/builder/spi-builder-workspace/.dependencies/checkouts/Engine
    builtin-swiftHeaderTool -arch arm64 /Users/admin/builder/spi-builder-workspace/.derivedData/Build/Intermediates.noindex/Engine.build/Debug-watchos/Engine-t.build/Objects-normal/arm64/Engine-Swift.h -arch arm64_32 /Users/admin/builder/spi-builder-workspace/.derivedData/Build/Intermediates.noindex/Engine.build/Debug-watchos/Engine-t.build/Objects-normal/arm64_32/Engine-Swift.h -o /Users/admin/builder/spi-builder-workspace/.derivedData/Build/Intermediates.noindex/GeneratedModuleMaps-watchos/Engine-Swift.h
Copy /Users/admin/builder/spi-builder-workspace/.derivedData/Build/Products/Debug-watchos/Engine.swiftmodule/arm64_32-apple-watchos.swiftmodule /Users/admin/builder/spi-builder-workspace/.derivedData/Build/Intermediates.noindex/Engine.build/Debug-watchos/Engine-t.build/Objects-normal/arm64_32/Engine.swiftmodule (in target 'Engine' from project 'Engine')
    cd /Users/admin/builder/spi-builder-workspace/.dependencies/checkouts/Engine
    builtin-copy -exclude .DS_Store -exclude CVS -exclude .svn -exclude .git -exclude .hg -resolve-src-symlinks -rename /Users/admin/builder/spi-builder-workspace/.derivedData/Build/Intermediates.noindex/Engine.build/Debug-watchos/Engine-t.build/Objects-normal/arm64_32/Engine.swiftmodule /Users/admin/builder/spi-builder-workspace/.derivedData/Build/Products/Debug-watchos/Engine.swiftmodule/arm64_32-apple-watchos.swiftmodule
SwiftDriverJobDiscovery normal arm64 Compiling Binding+Extensions.swift, BindingTransform.swift, Button+Extensions.swift, CGFloat+Extensions.swift, CapsuleRoundedRectangle.swift, Color+Extensions.swift, ColorMatrix.swift, ConditionalContent.swift, ConditionalLayout.swift, ConditionalShape.swift, ConditionalView.swift, Constant.swift, DatePicker+Extensions.swift, DeallocationTracker.swift, DebugModifier.swift, EdgeInsets+Extensions.swift (in target 'Engine' from project 'Engine')
Copy /Users/admin/builder/spi-builder-workspace/.derivedData/Build/Products/Debug-watchos/Engine.swiftmodule/arm64_32-apple-watchos.swiftdoc /Users/admin/builder/spi-builder-workspace/.derivedData/Build/Intermediates.noindex/Engine.build/Debug-watchos/Engine-t.build/Objects-normal/arm64_32/Engine.swiftdoc (in target 'Engine' from project 'Engine')
    cd /Users/admin/builder/spi-builder-workspace/.dependencies/checkouts/Engine
    builtin-copy -exclude .DS_Store -exclude CVS -exclude .svn -exclude .git -exclude .hg -resolve-src-symlinks -rename /Users/admin/builder/spi-builder-workspace/.derivedData/Build/Intermediates.noindex/Engine.build/Debug-watchos/Engine-t.build/Objects-normal/arm64_32/Engine.swiftdoc /Users/admin/builder/spi-builder-workspace/.derivedData/Build/Products/Debug-watchos/Engine.swiftmodule/arm64_32-apple-watchos.swiftdoc
Copy /Users/admin/builder/spi-builder-workspace/.derivedData/Build/Products/Debug-watchos/Engine.swiftmodule/arm64_32-apple-watchos.abi.json /Users/admin/builder/spi-builder-workspace/.derivedData/Build/Intermediates.noindex/Engine.build/Debug-watchos/Engine-t.build/Objects-normal/arm64_32/Engine.abi.json (in target 'Engine' from project 'Engine')
    cd /Users/admin/builder/spi-builder-workspace/.dependencies/checkouts/Engine
    builtin-copy -exclude .DS_Store -exclude CVS -exclude .svn -exclude .git -exclude .hg -resolve-src-symlinks -rename /Users/admin/builder/spi-builder-workspace/.derivedData/Build/Intermediates.noindex/Engine.build/Debug-watchos/Engine-t.build/Objects-normal/arm64_32/Engine.abi.json /Users/admin/builder/spi-builder-workspace/.derivedData/Build/Products/Debug-watchos/Engine.swiftmodule/arm64_32-apple-watchos.abi.json
Copy /Users/admin/builder/spi-builder-workspace/.derivedData/Build/Products/Debug-watchos/Engine.swiftmodule/arm64-apple-watchos.swiftdoc /Users/admin/builder/spi-builder-workspace/.derivedData/Build/Intermediates.noindex/Engine.build/Debug-watchos/Engine-t.build/Objects-normal/arm64/Engine.swiftdoc (in target 'Engine' from project 'Engine')
    cd /Users/admin/builder/spi-builder-workspace/.dependencies/checkouts/Engine
    builtin-copy -exclude .DS_Store -exclude CVS -exclude .svn -exclude .git -exclude .hg -resolve-src-symlinks -rename /Users/admin/builder/spi-builder-workspace/.derivedData/Build/Intermediates.noindex/Engine.build/Debug-watchos/Engine-t.build/Objects-normal/arm64/Engine.swiftdoc /Users/admin/builder/spi-builder-workspace/.derivedData/Build/Products/Debug-watchos/Engine.swiftmodule/arm64-apple-watchos.swiftdoc
Copy /Users/admin/builder/spi-builder-workspace/.derivedData/Build/Products/Debug-watchos/Engine.swiftmodule/arm64-apple-watchos.abi.json /Users/admin/builder/spi-builder-workspace/.derivedData/Build/Intermediates.noindex/Engine.build/Debug-watchos/Engine-t.build/Objects-normal/arm64/Engine.abi.json (in target 'Engine' from project 'Engine')
    cd /Users/admin/builder/spi-builder-workspace/.dependencies/checkouts/Engine
    builtin-copy -exclude .DS_Store -exclude CVS -exclude .svn -exclude .git -exclude .hg -resolve-src-symlinks -rename /Users/admin/builder/spi-builder-workspace/.derivedData/Build/Intermediates.noindex/Engine.build/Debug-watchos/Engine-t.build/Objects-normal/arm64/Engine.abi.json /Users/admin/builder/spi-builder-workspace/.derivedData/Build/Products/Debug-watchos/Engine.swiftmodule/arm64-apple-watchos.abi.json
Copy /Users/admin/builder/spi-builder-workspace/.derivedData/Build/Products/Debug-watchos/Engine.swiftmodule/Project/arm64_32-apple-watchos.swiftsourceinfo /Users/admin/builder/spi-builder-workspace/.derivedData/Build/Intermediates.noindex/Engine.build/Debug-watchos/Engine-t.build/Objects-normal/arm64_32/Engine.swiftsourceinfo (in target 'Engine' from project 'Engine')
    cd /Users/admin/builder/spi-builder-workspace/.dependencies/checkouts/Engine
    builtin-copy -exclude .DS_Store -exclude CVS -exclude .svn -exclude .git -exclude .hg -resolve-src-symlinks -rename /Users/admin/builder/spi-builder-workspace/.derivedData/Build/Intermediates.noindex/Engine.build/Debug-watchos/Engine-t.build/Objects-normal/arm64_32/Engine.swiftsourceinfo /Users/admin/builder/spi-builder-workspace/.derivedData/Build/Products/Debug-watchos/Engine.swiftmodule/Project/arm64_32-apple-watchos.swiftsourceinfo
Copy /Users/admin/builder/spi-builder-workspace/.derivedData/Build/Products/Debug-watchos/Engine.swiftmodule/Project/arm64-apple-watchos.swiftsourceinfo /Users/admin/builder/spi-builder-workspace/.derivedData/Build/Intermediates.noindex/Engine.build/Debug-watchos/Engine-t.build/Objects-normal/arm64/Engine.swiftsourceinfo (in target 'Engine' from project 'Engine')
    cd /Users/admin/builder/spi-builder-workspace/.dependencies/checkouts/Engine
    builtin-copy -exclude .DS_Store -exclude CVS -exclude .svn -exclude .git -exclude .hg -resolve-src-symlinks -rename /Users/admin/builder/spi-builder-workspace/.derivedData/Build/Intermediates.noindex/Engine.build/Debug-watchos/Engine-t.build/Objects-normal/arm64/Engine.swiftsourceinfo /Users/admin/builder/spi-builder-workspace/.derivedData/Build/Products/Debug-watchos/Engine.swiftmodule/Project/arm64-apple-watchos.swiftsourceinfo
SwiftCompile normal arm64_32 Compiling\ AlignmentGuide+Extensions.swift,\ AlignmentGuideOffsetModifier.swift,\ AllowedDynamicTypeSizeRangeModifier.swift,\ AnchoredPoint.swift,\ Angle+Extensions.swift,\ Animation+Extensions.swift,\ Animation+Resolved.swift,\ AnimationModifier.swift,\ AnyAnimatableData.swift,\ AnyShape.swift,\ AnyShapeStyle+Extensions.swift,\ AnyView.swift,\ AnyViewModifier.swift,\ AttributedString+Extensions.swift,\ AttributedStringReader.swift,\ AttributedText.swift /Users/admin/builder/spi-builder-workspace/.dependencies/checkouts/Engine/Sources/Engine/Sources/AlignmentGuide+Extensions.swift /Users/admin/builder/spi-builder-workspace/.dependencies/checkouts/Engine/Sources/Engine/Sources/AlignmentGuideOffsetModifier.swift /Users/admin/builder/spi-builder-workspace/.dependencies/checkouts/Engine/Sources/Engine/Sources/AllowedDynamicTypeSizeRangeModifier.swift /Users/admin/builder/spi-builder-workspace/.dependencies/checkouts/Engine/Sources/Engine/Sources/AnchoredPoint.swift /Users/admin/builder/spi-builder-workspace/.dependencies/checkouts/Engine/Sources/Engine/Sources/Angle+Extensions.swift /Users/admin/builder/spi-builder-workspace/.dependencies/checkouts/Engine/Sources/Engine/Sources/Animation+Extensions.swift /Users/admin/builder/spi-builder-workspace/.dependencies/checkouts/Engine/Sources/Engine/Sources/Animation+Resolved.swift /Users/admin/builder/spi-builder-workspace/.dependencies/checkouts/Engine/Sources/Engine/Sources/AnimationModifier.swift /Users/admin/builder/spi-builder-workspace/.dependencies/checkouts/Engine/Sources/Engine/Sources/AnyAnimatableData.swift /Users/admin/builder/spi-builder-workspace/.dependencies/checkouts/Engine/Sources/Engine/Sources/AnyShape.swift /Users/admin/builder/spi-builder-workspace/.dependencies/checkouts/Engine/Sources/Engine/Sources/AnyShapeStyle+Extensions.swift /Users/admin/builder/spi-builder-workspace/.dependencies/checkouts/Engine/Sources/Engine/Sources/AnyView.swift /Users/admin/builder/spi-builder-workspace/.dependencies/checkouts/Engine/Sources/Engine/Sources/AnyViewModifier.swift /Users/admin/builder/spi-builder-workspace/.dependencies/checkouts/Engine/Sources/Engine/Sources/AttributedString+Extensions.swift /Users/admin/builder/spi-builder-workspace/.dependencies/checkouts/Engine/Sources/Engine/Sources/AttributedStringReader.swift /Users/admin/builder/spi-builder-workspace/.dependencies/checkouts/Engine/Sources/Engine/Sources/AttributedText.swift (in target 'Engine' from project 'Engine')
SwiftCompile normal arm64_32 /Users/admin/builder/spi-builder-workspace/.dependencies/checkouts/Engine/Sources/Engine/Sources/AlignmentGuide+Extensions.swift (in target 'Engine' from project 'Engine')
    cd /Users/admin/builder/spi-builder-workspace/.swiftpm/xcode
    builtin-SwiftPerFileCompile AlignmentGuide+Extensions.swift
SwiftCompile normal arm64_32 /Users/admin/builder/spi-builder-workspace/.dependencies/checkouts/Engine/Sources/Engine/Sources/AlignmentGuideOffsetModifier.swift (in target 'Engine' from project 'Engine')
    cd /Users/admin/builder/spi-builder-workspace/.swiftpm/xcode
    builtin-SwiftPerFileCompile AlignmentGuideOffsetModifier.swift
SwiftCompile normal arm64_32 /Users/admin/builder/spi-builder-workspace/.dependencies/checkouts/Engine/Sources/Engine/Sources/AllowedDynamicTypeSizeRangeModifier.swift (in target 'Engine' from project 'Engine')
    cd /Users/admin/builder/spi-builder-workspace/.swiftpm/xcode
    builtin-SwiftPerFileCompile AllowedDynamicTypeSizeRangeModifier.swift
SwiftCompile normal arm64_32 /Users/admin/builder/spi-builder-workspace/.dependencies/checkouts/Engine/Sources/Engine/Sources/AnchoredPoint.swift (in target 'Engine' from project 'Engine')
    cd /Users/admin/builder/spi-builder-workspace/.swiftpm/xcode
    builtin-SwiftPerFileCompile AnchoredPoint.swift
SwiftCompile normal arm64_32 /Users/admin/builder/spi-builder-workspace/.dependencies/checkouts/Engine/Sources/Engine/Sources/Angle+Extensions.swift (in target 'Engine' from project 'Engine')
    cd /Users/admin/builder/spi-builder-workspace/.swiftpm/xcode
    builtin-SwiftPerFileCompile Angle+Extensions.swift
SwiftCompile normal arm64_32 /Users/admin/builder/spi-builder-workspace/.dependencies/checkouts/Engine/Sources/Engine/Sources/Animation+Extensions.swift (in target 'Engine' from project 'Engine')
    cd /Users/admin/builder/spi-builder-workspace/.swiftpm/xcode
    builtin-SwiftPerFileCompile Animation+Extensions.swift
SwiftCompile normal arm64_32 /Users/admin/builder/spi-builder-workspace/.dependencies/checkouts/Engine/Sources/Engine/Sources/Animation+Resolved.swift (in target 'Engine' from project 'Engine')
    cd /Users/admin/builder/spi-builder-workspace/.swiftpm/xcode
    builtin-SwiftPerFileCompile Animation+Resolved.swift
SwiftCompile normal arm64_32 /Users/admin/builder/spi-builder-workspace/.dependencies/checkouts/Engine/Sources/Engine/Sources/AnimationModifier.swift (in target 'Engine' from project 'Engine')
    cd /Users/admin/builder/spi-builder-workspace/.swiftpm/xcode
    builtin-SwiftPerFileCompile AnimationModifier.swift
SwiftCompile normal arm64_32 /Users/admin/builder/spi-builder-workspace/.dependencies/checkouts/Engine/Sources/Engine/Sources/AnyAnimatableData.swift (in target 'Engine' from project 'Engine')
    cd /Users/admin/builder/spi-builder-workspace/.swiftpm/xcode
    builtin-SwiftPerFileCompile AnyAnimatableData.swift
SwiftCompile normal arm64_32 /Users/admin/builder/spi-builder-workspace/.dependencies/checkouts/Engine/Sources/Engine/Sources/AnyShape.swift (in target 'Engine' from project 'Engine')
    cd /Users/admin/builder/spi-builder-workspace/.swiftpm/xcode
    builtin-SwiftPerFileCompile AnyShape.swift
SwiftCompile normal arm64_32 /Users/admin/builder/spi-builder-workspace/.dependencies/checkouts/Engine/Sources/Engine/Sources/AnyShapeStyle+Extensions.swift (in target 'Engine' from project 'Engine')
    cd /Users/admin/builder/spi-builder-workspace/.swiftpm/xcode
    builtin-SwiftPerFileCompile AnyShapeStyle+Extensions.swift
SwiftCompile normal arm64_32 /Users/admin/builder/spi-builder-workspace/.dependencies/checkouts/Engine/Sources/Engine/Sources/AnyView.swift (in target 'Engine' from project 'Engine')
    cd /Users/admin/builder/spi-builder-workspace/.swiftpm/xcode
    builtin-SwiftPerFileCompile AnyView.swift
SwiftCompile normal arm64_32 /Users/admin/builder/spi-builder-workspace/.dependencies/checkouts/Engine/Sources/Engine/Sources/AnyViewModifier.swift (in target 'Engine' from project 'Engine')
    cd /Users/admin/builder/spi-builder-workspace/.swiftpm/xcode
    builtin-SwiftPerFileCompile AnyViewModifier.swift
SwiftCompile normal arm64_32 /Users/admin/builder/spi-builder-workspace/.dependencies/checkouts/Engine/Sources/Engine/Sources/AttributedString+Extensions.swift (in target 'Engine' from project 'Engine')
    cd /Users/admin/builder/spi-builder-workspace/.swiftpm/xcode
    builtin-SwiftPerFileCompile AttributedString+Extensions.swift
SwiftCompile normal arm64_32 /Users/admin/builder/spi-builder-workspace/.dependencies/checkouts/Engine/Sources/Engine/Sources/AttributedStringReader.swift (in target 'Engine' from project 'Engine')
    cd /Users/admin/builder/spi-builder-workspace/.swiftpm/xcode
    builtin-SwiftPerFileCompile AttributedStringReader.swift
SwiftCompile normal arm64_32 /Users/admin/builder/spi-builder-workspace/.dependencies/checkouts/Engine/Sources/Engine/Sources/AttributedText.swift (in target 'Engine' from project 'Engine')
    cd /Users/admin/builder/spi-builder-workspace/.swiftpm/xcode
    builtin-SwiftPerFileCompile AttributedText.swift
SwiftCompile normal arm64 Compiling\ StateAdapter.swift,\ StateOrBinding.swift,\ StaticCondition.swift,\ StaticConditionalContent.swift,\ StaticConditionalModifier.swift,\ StaticContent.swift,\ StaticModifier.swift,\ StyleContext.swift,\ StyleInputCondition.swift,\ SymmetricallyScaledText.swift,\ Text+Extensions.swift,\ TextAttachment.swift,\ TextAttachmentAdapter.swift,\ TextBuilder.swift,\ TextReader.swift /Users/admin/builder/spi-builder-workspace/.dependencies/checkouts/Engine/Sources/Engine/Sources/StateAdapter.swift /Users/admin/builder/spi-builder-workspace/.dependencies/checkouts/Engine/Sources/Engine/Sources/StateOrBinding.swift /Users/admin/builder/spi-builder-workspace/.dependencies/checkouts/Engine/Sources/Engine/Sources/StaticCondition.swift /Users/admin/builder/spi-builder-workspace/.dependencies/checkouts/Engine/Sources/Engine/Sources/StaticConditionalContent.swift /Users/admin/builder/spi-builder-workspace/.dependencies/checkouts/Engine/Sources/Engine/Sources/StaticConditionalModifier.swift /Users/admin/builder/spi-builder-workspace/.dependencies/checkouts/Engine/Sources/Engine/Sources/StaticContent.swift /Users/admin/builder/spi-builder-workspace/.dependencies/checkouts/Engine/Sources/Engine/Sources/StaticModifier.swift /Users/admin/builder/spi-builder-workspace/.dependencies/checkouts/Engine/Sources/Engine/Sources/StyleContext.swift /Users/admin/builder/spi-builder-workspace/.dependencies/checkouts/Engine/Sources/Engine/Sources/StyleInputCondition.swift /Users/admin/builder/spi-builder-workspace/.dependencies/checkouts/Engine/Sources/Engine/Sources/SymmetricallyScaledText.swift /Users/admin/builder/spi-builder-workspace/.dependencies/checkouts/Engine/Sources/Engine/Sources/Text+Extensions.swift /Users/admin/builder/spi-builder-workspace/.dependencies/checkouts/Engine/Sources/Engine/Sources/TextAttachment.swift /Users/admin/builder/spi-builder-workspace/.dependencies/checkouts/Engine/Sources/Engine/Sources/TextAttachmentAdapter.swift /Users/admin/builder/spi-builder-workspace/.dependencies/checkouts/Engine/Sources/Engine/Sources/TextBuilder.swift /Users/admin/builder/spi-builder-workspace/.dependencies/checkouts/Engine/Sources/Engine/Sources/TextReader.swift (in target 'Engine' from project 'Engine')
SwiftCompile normal arm64 /Users/admin/builder/spi-builder-workspace/.dependencies/checkouts/Engine/Sources/Engine/Sources/StateAdapter.swift (in target 'Engine' from project 'Engine')
    cd /Users/admin/builder/spi-builder-workspace/.swiftpm/xcode
    builtin-SwiftPerFileCompile StateAdapter.swift
SwiftCompile normal arm64 /Users/admin/builder/spi-builder-workspace/.dependencies/checkouts/Engine/Sources/Engine/Sources/StateOrBinding.swift (in target 'Engine' from project 'Engine')
    cd /Users/admin/builder/spi-builder-workspace/.swiftpm/xcode
    builtin-SwiftPerFileCompile StateOrBinding.swift
SwiftCompile normal arm64 /Users/admin/builder/spi-builder-workspace/.dependencies/checkouts/Engine/Sources/Engine/Sources/StaticCondition.swift (in target 'Engine' from project 'Engine')
    cd /Users/admin/builder/spi-builder-workspace/.swiftpm/xcode
    builtin-SwiftPerFileCompile StaticCondition.swift
SwiftCompile normal arm64 /Users/admin/builder/spi-builder-workspace/.dependencies/checkouts/Engine/Sources/Engine/Sources/StaticConditionalContent.swift (in target 'Engine' from project 'Engine')
    cd /Users/admin/builder/spi-builder-workspace/.swiftpm/xcode
    builtin-SwiftPerFileCompile StaticConditionalContent.swift
SwiftCompile normal arm64 /Users/admin/builder/spi-builder-workspace/.dependencies/checkouts/Engine/Sources/Engine/Sources/StaticConditionalModifier.swift (in target 'Engine' from project 'Engine')
    cd /Users/admin/builder/spi-builder-workspace/.swiftpm/xcode
    builtin-SwiftPerFileCompile StaticConditionalModifier.swift
SwiftCompile normal arm64 /Users/admin/builder/spi-builder-workspace/.dependencies/checkouts/Engine/Sources/Engine/Sources/StaticContent.swift (in target 'Engine' from project 'Engine')
    cd /Users/admin/builder/spi-builder-workspace/.swiftpm/xcode
    builtin-SwiftPerFileCompile StaticContent.swift
SwiftCompile normal arm64 /Users/admin/builder/spi-builder-workspace/.dependencies/checkouts/Engine/Sources/Engine/Sources/StaticModifier.swift (in target 'Engine' from project 'Engine')
    cd /Users/admin/builder/spi-builder-workspace/.swiftpm/xcode
    builtin-SwiftPerFileCompile StaticModifier.swift
SwiftCompile normal arm64 /Users/admin/builder/spi-builder-workspace/.dependencies/checkouts/Engine/Sources/Engine/Sources/StyleContext.swift (in target 'Engine' from project 'Engine')
    cd /Users/admin/builder/spi-builder-workspace/.swiftpm/xcode
    builtin-SwiftPerFileCompile StyleContext.swift
SwiftCompile normal arm64 /Users/admin/builder/spi-builder-workspace/.dependencies/checkouts/Engine/Sources/Engine/Sources/StyleInputCondition.swift (in target 'Engine' from project 'Engine')
    cd /Users/admin/builder/spi-builder-workspace/.swiftpm/xcode
    builtin-SwiftPerFileCompile StyleInputCondition.swift
SwiftCompile normal arm64 /Users/admin/builder/spi-builder-workspace/.dependencies/checkouts/Engine/Sources/Engine/Sources/SymmetricallyScaledText.swift (in target 'Engine' from project 'Engine')
    cd /Users/admin/builder/spi-builder-workspace/.swiftpm/xcode
    builtin-SwiftPerFileCompile SymmetricallyScaledText.swift
SwiftCompile normal arm64 /Users/admin/builder/spi-builder-workspace/.dependencies/checkouts/Engine/Sources/Engine/Sources/Text+Extensions.swift (in target 'Engine' from project 'Engine')
    cd /Users/admin/builder/spi-builder-workspace/.swiftpm/xcode
    builtin-SwiftPerFileCompile Text+Extensions.swift
SwiftCompile normal arm64 /Users/admin/builder/spi-builder-workspace/.dependencies/checkouts/Engine/Sources/Engine/Sources/TextAttachment.swift (in target 'Engine' from project 'Engine')
    cd /Users/admin/builder/spi-builder-workspace/.swiftpm/xcode
    builtin-SwiftPerFileCompile TextAttachment.swift
SwiftCompile normal arm64 /Users/admin/builder/spi-builder-workspace/.dependencies/checkouts/Engine/Sources/Engine/Sources/TextAttachmentAdapter.swift (in target 'Engine' from project 'Engine')
    cd /Users/admin/builder/spi-builder-workspace/.swiftpm/xcode
    builtin-SwiftPerFileCompile TextAttachmentAdapter.swift
SwiftCompile normal arm64 /Users/admin/builder/spi-builder-workspace/.dependencies/checkouts/Engine/Sources/Engine/Sources/TextBuilder.swift (in target 'Engine' from project 'Engine')
    cd /Users/admin/builder/spi-builder-workspace/.swiftpm/xcode
    builtin-SwiftPerFileCompile TextBuilder.swift
SwiftCompile normal arm64 /Users/admin/builder/spi-builder-workspace/.dependencies/checkouts/Engine/Sources/Engine/Sources/TextReader.swift (in target 'Engine' from project 'Engine')
    cd /Users/admin/builder/spi-builder-workspace/.swiftpm/xcode
    builtin-SwiftPerFileCompile TextReader.swift
SwiftDriverJobDiscovery normal arm64 Compiling AlignmentGuide+Extensions.swift, AlignmentGuideOffsetModifier.swift, AllowedDynamicTypeSizeRangeModifier.swift, AnchoredPoint.swift, Angle+Extensions.swift, Animation+Extensions.swift, Animation+Resolved.swift, AnimationModifier.swift, AnyAnimatableData.swift, AnyShape.swift, AnyShapeStyle+Extensions.swift, AnyView.swift, AnyViewModifier.swift, AttributedString+Extensions.swift, AttributedStringReader.swift, AttributedText.swift (in target 'Engine' from project 'Engine')
SwiftCompile normal arm64_32 Compiling\ Group.swift,\ HostingController.swift,\ HostingRootView.swift,\ HostingView.swift,\ HostingViewRepresentable.swift,\ Image+Extensions.swift,\ ImageRendererAdapter.swift,\ InsetShape.swift,\ InvertedColorSchemeModifier.swift,\ InvertedMask.swift,\ Label+Extensions.swift,\ LabelBuilder.swift,\ LayoutAdapter.swift,\ LayoutBuilder.swift,\ LayoutSubview+Extensions.swift,\ LayoutThatFits.swift /Users/admin/builder/spi-builder-workspace/.dependencies/checkouts/Engine/Sources/Engine/Sources/Group.swift /Users/admin/builder/spi-builder-workspace/.dependencies/checkouts/Engine/Sources/Engine/Sources/HostingController.swift /Users/admin/builder/spi-builder-workspace/.dependencies/checkouts/Engine/Sources/Engine/Sources/HostingRootView.swift /Users/admin/builder/spi-builder-workspace/.dependencies/checkouts/Engine/Sources/Engine/Sources/HostingView.swift /Users/admin/builder/spi-builder-workspace/.dependencies/checkouts/Engine/Sources/Engine/Sources/HostingViewRepresentable.swift /Users/admin/builder/spi-builder-workspace/.dependencies/checkouts/Engine/Sources/Engine/Sources/Image+Extensions.swift /Users/admin/builder/spi-builder-workspace/.dependencies/checkouts/Engine/Sources/Engine/Sources/ImageRendererAdapter.swift /Users/admin/builder/spi-builder-workspace/.dependencies/checkouts/Engine/Sources/Engine/Sources/InsetShape.swift /Users/admin/builder/spi-builder-workspace/.dependencies/checkouts/Engine/Sources/Engine/Sources/InvertedColorSchemeModifier.swift /Users/admin/builder/spi-builder-workspace/.dependencies/checkouts/Engine/Sources/Engine/Sources/InvertedMask.swift /Users/admin/builder/spi-builder-workspace/.dependencies/checkouts/Engine/Sources/Engine/Sources/Label+Extensions.swift /Users/admin/builder/spi-builder-workspace/.dependencies/checkouts/Engine/Sources/Engine/Sources/LabelBuilder.swift /Users/admin/builder/spi-builder-workspace/.dependencies/checkouts/Engine/Sources/Engine/Sources/LayoutAdapter.swift /Users/admin/builder/spi-builder-workspace/.dependencies/checkouts/Engine/Sources/Engine/Sources/LayoutBuilder.swift /Users/admin/builder/spi-builder-workspace/.dependencies/checkouts/Engine/Sources/Engine/Sources/LayoutSubview+Extensions.swift /Users/admin/builder/spi-builder-workspace/.dependencies/checkouts/Engine/Sources/Engine/Sources/LayoutThatFits.swift (in target 'Engine' from project 'Engine')
SwiftCompile normal arm64_32 /Users/admin/builder/spi-builder-workspace/.dependencies/checkouts/Engine/Sources/Engine/Sources/Group.swift (in target 'Engine' from project 'Engine')
    cd /Users/admin/builder/spi-builder-workspace/.swiftpm/xcode
    builtin-SwiftPerFileCompile Group.swift
SwiftCompile normal arm64_32 /Users/admin/builder/spi-builder-workspace/.dependencies/checkouts/Engine/Sources/Engine/Sources/HostingController.swift (in target 'Engine' from project 'Engine')
    cd /Users/admin/builder/spi-builder-workspace/.swiftpm/xcode
    builtin-SwiftPerFileCompile HostingController.swift
SwiftCompile normal arm64_32 /Users/admin/builder/spi-builder-workspace/.dependencies/checkouts/Engine/Sources/Engine/Sources/HostingRootView.swift (in target 'Engine' from project 'Engine')
    cd /Users/admin/builder/spi-builder-workspace/.swiftpm/xcode
    builtin-SwiftPerFileCompile HostingRootView.swift
SwiftCompile normal arm64_32 /Users/admin/builder/spi-builder-workspace/.dependencies/checkouts/Engine/Sources/Engine/Sources/HostingView.swift (in target 'Engine' from project 'Engine')
    cd /Users/admin/builder/spi-builder-workspace/.swiftpm/xcode
    builtin-SwiftPerFileCompile HostingView.swift
SwiftCompile normal arm64_32 /Users/admin/builder/spi-builder-workspace/.dependencies/checkouts/Engine/Sources/Engine/Sources/HostingViewRepresentable.swift (in target 'Engine' from project 'Engine')
    cd /Users/admin/builder/spi-builder-workspace/.swiftpm/xcode
    builtin-SwiftPerFileCompile HostingViewRepresentable.swift
SwiftCompile normal arm64_32 /Users/admin/builder/spi-builder-workspace/.dependencies/checkouts/Engine/Sources/Engine/Sources/Image+Extensions.swift (in target 'Engine' from project 'Engine')
    cd /Users/admin/builder/spi-builder-workspace/.swiftpm/xcode
    builtin-SwiftPerFileCompile Image+Extensions.swift
SwiftCompile normal arm64_32 /Users/admin/builder/spi-builder-workspace/.dependencies/checkouts/Engine/Sources/Engine/Sources/ImageRendererAdapter.swift (in target 'Engine' from project 'Engine')
    cd /Users/admin/builder/spi-builder-workspace/.swiftpm/xcode
    builtin-SwiftPerFileCompile ImageRendererAdapter.swift
SwiftCompile normal arm64_32 /Users/admin/builder/spi-builder-workspace/.dependencies/checkouts/Engine/Sources/Engine/Sources/InsetShape.swift (in target 'Engine' from project 'Engine')
    cd /Users/admin/builder/spi-builder-workspace/.swiftpm/xcode
    builtin-SwiftPerFileCompile InsetShape.swift
SwiftCompile normal arm64_32 /Users/admin/builder/spi-builder-workspace/.dependencies/checkouts/Engine/Sources/Engine/Sources/InvertedColorSchemeModifier.swift (in target 'Engine' from project 'Engine')
    cd /Users/admin/builder/spi-builder-workspace/.swiftpm/xcode
    builtin-SwiftPerFileCompile InvertedColorSchemeModifier.swift
SwiftCompile normal arm64_32 /Users/admin/builder/spi-builder-workspace/.dependencies/checkouts/Engine/Sources/Engine/Sources/InvertedMask.swift (in target 'Engine' from project 'Engine')
    cd /Users/admin/builder/spi-builder-workspace/.swiftpm/xcode
    builtin-SwiftPerFileCompile InvertedMask.swift
SwiftCompile normal arm64_32 /Users/admin/builder/spi-builder-workspace/.dependencies/checkouts/Engine/Sources/Engine/Sources/Label+Extensions.swift (in target 'Engine' from project 'Engine')
    cd /Users/admin/builder/spi-builder-workspace/.swiftpm/xcode
    builtin-SwiftPerFileCompile Label+Extensions.swift
SwiftCompile normal arm64_32 /Users/admin/builder/spi-builder-workspace/.dependencies/checkouts/Engine/Sources/Engine/Sources/LabelBuilder.swift (in target 'Engine' from project 'Engine')
    cd /Users/admin/builder/spi-builder-workspace/.swiftpm/xcode
    builtin-SwiftPerFileCompile LabelBuilder.swift
SwiftCompile normal arm64_32 /Users/admin/builder/spi-builder-workspace/.dependencies/checkouts/Engine/Sources/Engine/Sources/LayoutAdapter.swift (in target 'Engine' from project 'Engine')
    cd /Users/admin/builder/spi-builder-workspace/.swiftpm/xcode
    builtin-SwiftPerFileCompile LayoutAdapter.swift
SwiftCompile normal arm64_32 /Users/admin/builder/spi-builder-workspace/.dependencies/checkouts/Engine/Sources/Engine/Sources/LayoutBuilder.swift (in target 'Engine' from project 'Engine')
    cd /Users/admin/builder/spi-builder-workspace/.swiftpm/xcode
    builtin-SwiftPerFileCompile LayoutBuilder.swift
SwiftCompile normal arm64_32 /Users/admin/builder/spi-builder-workspace/.dependencies/checkouts/Engine/Sources/Engine/Sources/LayoutSubview+Extensions.swift (in target 'Engine' from project 'Engine')
    cd /Users/admin/builder/spi-builder-workspace/.swiftpm/xcode
    builtin-SwiftPerFileCompile LayoutSubview+Extensions.swift
SwiftCompile normal arm64_32 /Users/admin/builder/spi-builder-workspace/.dependencies/checkouts/Engine/Sources/Engine/Sources/LayoutThatFits.swift (in target 'Engine' from project 'Engine')
    cd /Users/admin/builder/spi-builder-workspace/.swiftpm/xcode
    builtin-SwiftPerFileCompile LayoutThatFits.swift
SwiftDriverJobDiscovery normal arm64_32 Compiling LazyState.swift, Line.swift, Menu+Extensions.swift, MultiViewAdapter.swift, MultiViewVisitor.swift, Never.swift, OffsetEffect.swift, Optional+Extensions.swift, OptionalAdapter.swift, OptionalObservedObject.swift, OptionalShape.swift, OptionalStateObject.swift, Picker+Extensions.swift, PlatformTypealias.swift, PreferenceKeyReader.swift, PreferenceKeyWritingModifier.swift (in target 'Engine' from project 'Engine')
SwiftCompile normal arm64_32 Compiling\ ViewInputsCondition.swift,\ ViewInputsVisitor.swift,\ ViewModifierBuilder.swift,\ ViewModifierContent.swift,\ ViewModifierVisitor.swift,\ ViewOutputAlias.swift,\ ViewOutputKey.swift,\ ViewStackAxisReader.swift,\ ViewStyle.swift,\ ViewTraitKey.swift,\ ViewTraitKeyVisitor.swift,\ ViewUpdateDebug.swift,\ ViewVisitor.swift,\ WeakState.swift,\ module.swift /Users/admin/builder/spi-builder-workspace/.dependencies/checkouts/Engine/Sources/Engine/Sources/ViewInputsCondition.swift /Users/admin/builder/spi-builder-workspace/.dependencies/checkouts/Engine/Sources/Engine/Sources/ViewInputsVisitor.swift /Users/admin/builder/spi-builder-workspace/.dependencies/checkouts/Engine/Sources/Engine/Sources/ViewModifierBuilder.swift /Users/admin/builder/spi-builder-workspace/.dependencies/checkouts/Engine/Sources/Engine/Sources/ViewModifierContent.swift /Users/admin/builder/spi-builder-workspace/.dependencies/checkouts/Engine/Sources/Engine/Sources/ViewModifierVisitor.swift /Users/admin/builder/spi-builder-workspace/.dependencies/checkouts/Engine/Sources/Engine/Sources/ViewOutputAlias.swift /Users/admin/builder/spi-builder-workspace/.dependencies/checkouts/Engine/Sources/Engine/Sources/ViewOutputKey.swift /Users/admin/builder/spi-builder-workspace/.dependencies/checkouts/Engine/Sources/Engine/Sources/ViewStackAxisReader.swift /Users/admin/builder/spi-builder-workspace/.dependencies/checkouts/Engine/Sources/Engine/Sources/ViewStyle.swift /Users/admin/builder/spi-builder-workspace/.dependencies/checkouts/Engine/Sources/Engine/Sources/ViewTraitKey.swift /Users/admin/builder/spi-builder-workspace/.dependencies/checkouts/Engine/Sources/Engine/Sources/ViewTraitKeyVisitor.swift /Users/admin/builder/spi-builder-workspace/.dependencies/checkouts/Engine/Sources/Engine/Sources/ViewUpdateDebug.swift /Users/admin/builder/spi-builder-workspace/.dependencies/checkouts/Engine/Sources/Engine/Sources/ViewVisitor.swift /Users/admin/builder/spi-builder-workspace/.dependencies/checkouts/Engine/Sources/Engine/Sources/WeakState.swift /Users/admin/builder/spi-builder-workspace/.dependencies/checkouts/Engine/Sources/Engine/module.swift (in target 'Engine' from project 'Engine')
SwiftCompile normal arm64_32 /Users/admin/builder/spi-builder-workspace/.dependencies/checkouts/Engine/Sources/Engine/Sources/ViewInputsCondition.swift (in target 'Engine' from project 'Engine')
    cd /Users/admin/builder/spi-builder-workspace/.swiftpm/xcode
    builtin-SwiftPerFileCompile ViewInputsCondition.swift
SwiftCompile normal arm64_32 /Users/admin/builder/spi-builder-workspace/.dependencies/checkouts/Engine/Sources/Engine/Sources/ViewInputsVisitor.swift (in target 'Engine' from project 'Engine')
    cd /Users/admin/builder/spi-builder-workspace/.swiftpm/xcode
    builtin-SwiftPerFileCompile ViewInputsVisitor.swift
SwiftCompile normal arm64_32 /Users/admin/builder/spi-builder-workspace/.dependencies/checkouts/Engine/Sources/Engine/Sources/ViewModifierBuilder.swift (in target 'Engine' from project 'Engine')
    cd /Users/admin/builder/spi-builder-workspace/.swiftpm/xcode
    builtin-SwiftPerFileCompile ViewModifierBuilder.swift
SwiftCompile normal arm64_32 /Users/admin/builder/spi-builder-workspace/.dependencies/checkouts/Engine/Sources/Engine/Sources/ViewModifierContent.swift (in target 'Engine' from project 'Engine')
    cd /Users/admin/builder/spi-builder-workspace/.swiftpm/xcode
    builtin-SwiftPerFileCompile ViewModifierContent.swift
SwiftCompile normal arm64_32 /Users/admin/builder/spi-builder-workspace/.dependencies/checkouts/Engine/Sources/Engine/Sources/ViewModifierVisitor.swift (in target 'Engine' from project 'Engine')
    cd /Users/admin/builder/spi-builder-workspace/.swiftpm/xcode
    builtin-SwiftPerFileCompile ViewModifierVisitor.swift
SwiftCompile normal arm64_32 /Users/admin/builder/spi-builder-workspace/.dependencies/checkouts/Engine/Sources/Engine/Sources/ViewOutputAlias.swift (in target 'Engine' from project 'Engine')
    cd /Users/admin/builder/spi-builder-workspace/.swiftpm/xcode
    builtin-SwiftPerFileCompile ViewOutputAlias.swift
SwiftCompile normal arm64_32 /Users/admin/builder/spi-builder-workspace/.dependencies/checkouts/Engine/Sources/Engine/Sources/ViewOutputKey.swift (in target 'Engine' from project 'Engine')
    cd /Users/admin/builder/spi-builder-workspace/.swiftpm/xcode
    builtin-SwiftPerFileCompile ViewOutputKey.swift
SwiftCompile normal arm64_32 /Users/admin/builder/spi-builder-workspace/.dependencies/checkouts/Engine/Sources/Engine/Sources/ViewStackAxisReader.swift (in target 'Engine' from project 'Engine')
    cd /Users/admin/builder/spi-builder-workspace/.swiftpm/xcode
    builtin-SwiftPerFileCompile ViewStackAxisReader.swift
SwiftCompile normal arm64_32 /Users/admin/builder/spi-builder-workspace/.dependencies/checkouts/Engine/Sources/Engine/Sources/ViewStyle.swift (in target 'Engine' from project 'Engine')
    cd /Users/admin/builder/spi-builder-workspace/.swiftpm/xcode
    builtin-SwiftPerFileCompile ViewStyle.swift
SwiftCompile normal arm64_32 /Users/admin/builder/spi-builder-workspace/.dependencies/checkouts/Engine/Sources/Engine/Sources/ViewTraitKey.swift (in target 'Engine' from project 'Engine')
    cd /Users/admin/builder/spi-builder-workspace/.swiftpm/xcode
    builtin-SwiftPerFileCompile ViewTraitKey.swift
SwiftCompile normal arm64_32 /Users/admin/builder/spi-builder-workspace/.dependencies/checkouts/Engine/Sources/Engine/Sources/ViewTraitKeyVisitor.swift (in target 'Engine' from project 'Engine')
    cd /Users/admin/builder/spi-builder-workspace/.swiftpm/xcode
    builtin-SwiftPerFileCompile ViewTraitKeyVisitor.swift
SwiftCompile normal arm64_32 /Users/admin/builder/spi-builder-workspace/.dependencies/checkouts/Engine/Sources/Engine/Sources/ViewUpdateDebug.swift (in target 'Engine' from project 'Engine')
    cd /Users/admin/builder/spi-builder-workspace/.swiftpm/xcode
    builtin-SwiftPerFileCompile ViewUpdateDebug.swift
SwiftCompile normal arm64_32 /Users/admin/builder/spi-builder-workspace/.dependencies/checkouts/Engine/Sources/Engine/Sources/ViewVisitor.swift (in target 'Engine' from project 'Engine')
    cd /Users/admin/builder/spi-builder-workspace/.swiftpm/xcode
    builtin-SwiftPerFileCompile ViewVisitor.swift
SwiftCompile normal arm64_32 /Users/admin/builder/spi-builder-workspace/.dependencies/checkouts/Engine/Sources/Engine/Sources/WeakState.swift (in target 'Engine' from project 'Engine')
    cd /Users/admin/builder/spi-builder-workspace/.swiftpm/xcode
    builtin-SwiftPerFileCompile WeakState.swift
SwiftCompile normal arm64_32 /Users/admin/builder/spi-builder-workspace/.dependencies/checkouts/Engine/Sources/Engine/module.swift (in target 'Engine' from project 'Engine')
    cd /Users/admin/builder/spi-builder-workspace/.swiftpm/xcode
    builtin-SwiftPerFileCompile module.swift
SwiftDriverJobDiscovery normal arm64_32 Compiling Binding+Extensions.swift, BindingTransform.swift, Button+Extensions.swift, CGFloat+Extensions.swift, CapsuleRoundedRectangle.swift, Color+Extensions.swift, ColorMatrix.swift, ConditionalContent.swift, ConditionalLayout.swift, ConditionalShape.swift, ConditionalView.swift, Constant.swift, DatePicker+Extensions.swift, DeallocationTracker.swift, DebugModifier.swift, EdgeInsets+Extensions.swift (in target 'Engine' from project 'Engine')
SwiftCompile normal arm64_32 Compiling\ PrimitiveView.swift,\ PrimitiveViewModifier.swift,\ PropertyList.swift,\ ProposedSize.swift,\ PublishedState.swift,\ PublishedStateOrBinding.swift,\ PublishedStateReader.swift,\ RedactedReasons+Extensions.swift,\ RotationEffect.swift,\ RoundedCornersRectangle.swift,\ SafeAreaInsetsModifier.swift,\ ScaleEffect.swift,\ SectionView.swift,\ ShapeAdapter.swift,\ ShapeBuilder.swift /Users/admin/builder/spi-builder-workspace/.dependencies/checkouts/Engine/Sources/Engine/Sources/PrimitiveView.swift /Users/admin/builder/spi-builder-workspace/.dependencies/checkouts/Engine/Sources/Engine/Sources/PrimitiveViewModifier.swift /Users/admin/builder/spi-builder-workspace/.dependencies/checkouts/Engine/Sources/Engine/Sources/PropertyList.swift /Users/admin/builder/spi-builder-workspace/.dependencies/checkouts/Engine/Sources/Engine/Sources/ProposedSize.swift /Users/admin/builder/spi-builder-workspace/.dependencies/checkouts/Engine/Sources/Engine/Sources/PublishedState.swift /Users/admin/builder/spi-builder-workspace/.dependencies/checkouts/Engine/Sources/Engine/Sources/PublishedStateOrBinding.swift /Users/admin/builder/spi-builder-workspace/.dependencies/checkouts/Engine/Sources/Engine/Sources/PublishedStateReader.swift /Users/admin/builder/spi-builder-workspace/.dependencies/checkouts/Engine/Sources/Engine/Sources/RedactedReasons+Extensions.swift /Users/admin/builder/spi-builder-workspace/.dependencies/checkouts/Engine/Sources/Engine/Sources/RotationEffect.swift /Users/admin/builder/spi-builder-workspace/.dependencies/checkouts/Engine/Sources/Engine/Sources/RoundedCornersRectangle.swift /Users/admin/builder/spi-builder-workspace/.dependencies/checkouts/Engine/Sources/Engine/Sources/SafeAreaInsetsModifier.swift /Users/admin/builder/spi-builder-workspace/.dependencies/checkouts/Engine/Sources/Engine/Sources/ScaleEffect.swift /Users/admin/builder/spi-builder-workspace/.dependencies/checkouts/Engine/Sources/Engine/Sources/SectionView.swift /Users/admin/builder/spi-builder-workspace/.dependencies/checkouts/Engine/Sources/Engine/Sources/ShapeAdapter.swift /Users/admin/builder/spi-builder-workspace/.dependencies/checkouts/Engine/Sources/Engine/Sources/ShapeBuilder.swift (in target 'Engine' from project 'Engine')
SwiftCompile normal arm64_32 /Users/admin/builder/spi-builder-workspace/.dependencies/checkouts/Engine/Sources/Engine/Sources/PrimitiveView.swift (in target 'Engine' from project 'Engine')
    cd /Users/admin/builder/spi-builder-workspace/.swiftpm/xcode
    builtin-SwiftPerFileCompile PrimitiveView.swift
SwiftCompile normal arm64_32 /Users/admin/builder/spi-builder-workspace/.dependencies/checkouts/Engine/Sources/Engine/Sources/PrimitiveViewModifier.swift (in target 'Engine' from project 'Engine')
    cd /Users/admin/builder/spi-builder-workspace/.swiftpm/xcode
    builtin-SwiftPerFileCompile PrimitiveViewModifier.swift
SwiftCompile normal arm64_32 /Users/admin/builder/spi-builder-workspace/.dependencies/checkouts/Engine/Sources/Engine/Sources/PropertyList.swift (in target 'Engine' from project 'Engine')
    cd /Users/admin/builder/spi-builder-workspace/.swiftpm/xcode
    builtin-SwiftPerFileCompile PropertyList.swift
SwiftCompile normal arm64_32 /Users/admin/builder/spi-builder-workspace/.dependencies/checkouts/Engine/Sources/Engine/Sources/ProposedSize.swift (in target 'Engine' from project 'Engine')
    cd /Users/admin/builder/spi-builder-workspace/.swiftpm/xcode
    builtin-SwiftPerFileCompile ProposedSize.swift
SwiftCompile normal arm64_32 /Users/admin/builder/spi-builder-workspace/.dependencies/checkouts/Engine/Sources/Engine/Sources/PublishedState.swift (in target 'Engine' from project 'Engine')
    cd /Users/admin/builder/spi-builder-workspace/.swiftpm/xcode
    builtin-SwiftPerFileCompile PublishedState.swift
SwiftCompile normal arm64_32 /Users/admin/builder/spi-builder-workspace/.dependencies/checkouts/Engine/Sources/Engine/Sources/PublishedStateOrBinding.swift (in target 'Engine' from project 'Engine')
    cd /Users/admin/builder/spi-builder-workspace/.swiftpm/xcode
    builtin-SwiftPerFileCompile PublishedStateOrBinding.swift
SwiftCompile normal arm64_32 /Users/admin/builder/spi-builder-workspace/.dependencies/checkouts/Engine/Sources/Engine/Sources/PublishedStateReader.swift (in target 'Engine' from project 'Engine')
    cd /Users/admin/builder/spi-builder-workspace/.swiftpm/xcode
    builtin-SwiftPerFileCompile PublishedStateReader.swift
SwiftCompile normal arm64_32 /Users/admin/builder/spi-builder-workspace/.dependencies/checkouts/Engine/Sources/Engine/Sources/RedactedReasons+Extensions.swift (in target 'Engine' from project 'Engine')
    cd /Users/admin/builder/spi-builder-workspace/.swiftpm/xcode
    builtin-SwiftPerFileCompile RedactedReasons+Extensions.swift
SwiftCompile normal arm64_32 /Users/admin/builder/spi-builder-workspace/.dependencies/checkouts/Engine/Sources/Engine/Sources/RotationEffect.swift (in target 'Engine' from project 'Engine')
    cd /Users/admin/builder/spi-builder-workspace/.swiftpm/xcode
    builtin-SwiftPerFileCompile RotationEffect.swift
SwiftCompile normal arm64_32 /Users/admin/builder/spi-builder-workspace/.dependencies/checkouts/Engine/Sources/Engine/Sources/RoundedCornersRectangle.swift (in target 'Engine' from project 'Engine')
    cd /Users/admin/builder/spi-builder-workspace/.swiftpm/xcode
    builtin-SwiftPerFileCompile RoundedCornersRectangle.swift
SwiftCompile normal arm64_32 /Users/admin/builder/spi-builder-workspace/.dependencies/checkouts/Engine/Sources/Engine/Sources/SafeAreaInsetsModifier.swift (in target 'Engine' from project 'Engine')
    cd /Users/admin/builder/spi-builder-workspace/.swiftpm/xcode
    builtin-SwiftPerFileCompile SafeAreaInsetsModifier.swift
SwiftCompile normal arm64_32 /Users/admin/builder/spi-builder-workspace/.dependencies/checkouts/Engine/Sources/Engine/Sources/ScaleEffect.swift (in target 'Engine' from project 'Engine')
    cd /Users/admin/builder/spi-builder-workspace/.swiftpm/xcode
    builtin-SwiftPerFileCompile ScaleEffect.swift
SwiftCompile normal arm64_32 /Users/admin/builder/spi-builder-workspace/.dependencies/checkouts/Engine/Sources/Engine/Sources/SectionView.swift (in target 'Engine' from project 'Engine')
    cd /Users/admin/builder/spi-builder-workspace/.swiftpm/xcode
    builtin-SwiftPerFileCompile SectionView.swift
SwiftCompile normal arm64_32 /Users/admin/builder/spi-builder-workspace/.dependencies/checkouts/Engine/Sources/Engine/Sources/ShapeAdapter.swift (in target 'Engine' from project 'Engine')
    cd /Users/admin/builder/spi-builder-workspace/.swiftpm/xcode
    builtin-SwiftPerFileCompile ShapeAdapter.swift
SwiftCompile normal arm64_32 /Users/admin/builder/spi-builder-workspace/.dependencies/checkouts/Engine/Sources/Engine/Sources/ShapeBuilder.swift (in target 'Engine' from project 'Engine')
    cd /Users/admin/builder/spi-builder-workspace/.swiftpm/xcode
    builtin-SwiftPerFileCompile ShapeBuilder.swift
SwiftDriverJobDiscovery normal arm64 Compiling ViewInputsCondition.swift, ViewInputsVisitor.swift, ViewModifierBuilder.swift, ViewModifierContent.swift, ViewModifierVisitor.swift, ViewOutputAlias.swift, ViewOutputKey.swift, ViewStackAxisReader.swift, ViewStyle.swift, ViewTraitKey.swift, ViewTraitKeyVisitor.swift, ViewUpdateDebug.swift, ViewVisitor.swift, WeakState.swift, module.swift (in target 'Engine' from project 'Engine')
SwiftDriverJobDiscovery normal arm64_32 Compiling VariadicViewElementModifier.swift, VariadicViewHostingControllers.swift, VariadicViewSubviewModifier.swift, VersionedDynamicProperty.swift, VersionedView.swift, VersionedViewInput.swift, VersionedViewModifier.swift, View+Extensions.swift, ViewAdapter.swift, ViewAlias.swift, ViewControllerAdapter.swift, ViewInputConditionalContent.swift, ViewInputConditionalModifier.swift, ViewInputKey.swift, ViewInputs.swift (in target 'Engine' from project 'Engine')
SwiftDriver Ignition normal arm64_32 com.apple.xcode.tools.swift.compiler (in target 'Ignition' from project 'Ignition')
    cd /Users/admin/builder/spi-builder-workspace/.swiftpm/xcode
    builtin-SwiftDriver -- /Applications/Xcode-27.0.0-Release.Candidate.app/Contents/Developer/Toolchains/XcodeDefault.xctoolchain/usr/bin/swiftc -parse-as-library -module-name Ignition -Onone @/Users/admin/builder/spi-builder-workspace/.derivedData/Build/Intermediates.noindex/Ignition.build/Debug-watchos/Ignition-t.build/Objects-normal/arm64_32/Ignition.SwiftFileList -DSWIFT_PACKAGE -DDEBUG -DSWIFT_MODULE_RESOURCE_BUNDLE_UNAVAILABLE -Xcc -fmodule-map-file\=/Users/admin/builder/spi-builder-workspace/.derivedData/Build/Intermediates.noindex/GeneratedModuleMaps-watchos/EngineCoreC.modulemap -DXcode -plugin-path /Applications/Xcode-27.0.0-Release.Candidate.app/Contents/Developer/Toolchains/XcodeDefault.xctoolchain/usr/lib/swift/host/plugins/testing -enable-experimental-feature DebugDescriptionMacro -sdk /Applications/Xcode-27.0.0-Release.Candidate.app/Contents/Developer/Platforms/WatchOS.platform/Developer/SDKs/WatchOS27.0.sdk -target arm64_32-apple-watchos9.0 -g -module-cache-path /Users/admin/builder/spi-builder-workspace/.derivedData/ModuleCache.noindex -Xfrontend -serialize-debugging-options -enable-testing -index-store-path /Users/admin/builder/spi-builder-workspace/.derivedData/Index.noindex/DataStore -Xcc -D_LIBCPP_HARDENING_MODE\=_LIBCPP_HARDENING_MODE_DEBUG -swift-version 6 -I /Users/admin/builder/spi-builder-workspace/.derivedData/Build/Products/Debug-watchos -Isystem /Applications/Xcode-27.0.0-Release.Candidate.app/Contents/Developer/Platforms/WatchOS.platform/Developer/usr/lib -F /Users/admin/builder/spi-builder-workspace/.derivedData/Build/Products/Debug-watchos/PackageFrameworks -F /Users/admin/builder/spi-builder-workspace/.derivedData/Build/Products/Debug-watchos -F /Applications/Xcode-27.0.0-Release.Candidate.app/Contents/Developer/Platforms/WatchOS.platform/Developer/Library/Frameworks -F /Applications/Xcode-27.0.0-Release.Candidate.app/Contents/Developer/Platforms/WatchOS.platform/Developer/SDKs/WatchOS27.0.sdk/Developer/Library/Frameworks -c -j10 -enable-batch-mode -incremental -Xcc -ivfsstatcache -Xcc /Users/admin/builder/spi-builder-workspace/.derivedData/SDKStatCaches.noindex/watchos27.0-24R360-e829b21a6f8c9b70876ba0858053c04477534ef55a1706bf4c1112bbb242f0a2.sdkstatcache -output-file-map /Users/admin/builder/spi-builder-workspace/.derivedData/Build/Intermediates.noindex/Ignition.build/Debug-watchos/Ignition-t.build/Objects-normal/arm64_32/Ignition-OutputFileMap.json -save-temps -no-color-diagnostics -explicit-module-build -module-cache-path /Users/admin/builder/spi-builder-workspace/.derivedData/Build/Intermediates.noindex/SwiftExplicitPrecompiledModules -clang-scanner-module-cache-path /Users/admin/builder/spi-builder-workspace/.derivedData/ModuleCache.noindex -sdk-module-cache-path /Users/admin/builder/spi-builder-workspace/.derivedData/SDKExplicitPrecompiledModules -emit-dependencies -emit-module -emit-module-path /Users/admin/builder/spi-builder-workspace/.derivedData/Build/Intermediates.noindex/Ignition.build/Debug-watchos/Ignition-t.build/Objects-normal/arm64_32/Ignition.swiftmodule -serialize-diagnostics -dependency-scan-serialize-diagnostics-path /Users/admin/builder/spi-builder-workspace/.derivedData/Build/Intermediates.noindex/Ignition.build/Debug-watchos/Ignition-t.build/Objects-normal/arm64_32/Ignition-dependency-scan.dia -validate-clang-modules-once -clang-build-session-file /Users/admin/builder/spi-builder-workspace/.derivedData/ModuleCache.noindex/Session.modulevalidation -Xcc -fmodules-prune-interval\=86400 -Xcc -fmodules-prune-after\=345600 -package-name spi_builder_workspace -emit-const-values -const-gather-protocols-list /Users/admin/builder/spi-builder-workspace/.derivedData/Build/Intermediates.noindex/Ignition.build/Debug-watchos/Ignition-t.build/Objects-normal/arm64_32/Ignition_const_extract_protocols.json -Xcc -I/Users/admin/builder/spi-builder-workspace/.dependencies/checkouts/Engine/Sources/EngineCoreC/include -Xcc -I/Users/admin/builder/spi-builder-workspace/.derivedData/Build/Products/Debug-watchos/include -Xcc -I/Users/admin/builder/spi-builder-workspace/.derivedData/Build/Intermediates.noindex/Ignition.build/Debug-watchos/Ignition-t.build/DerivedSources-normal/arm64_32 -Xcc -I/Users/admin/builder/spi-builder-workspace/.derivedData/Build/Intermediates.noindex/Ignition.build/Debug-watchos/Ignition-t.build/DerivedSources/arm64_32 -Xcc -I/Users/admin/builder/spi-builder-workspace/.derivedData/Build/Intermediates.noindex/Ignition.build/Debug-watchos/Ignition-t.build/DerivedSources -Xcc -DSWIFT_PACKAGE -Xcc -DDEBUG\=1 -emit-objc-header -emit-objc-header-path /Users/admin/builder/spi-builder-workspace/.derivedData/Build/Intermediates.noindex/Ignition.build/Debug-watchos/Ignition-t.build/Objects-normal/arm64_32/Ignition-Swift.h -working-directory /Users/admin/builder/spi-builder-workspace/.swiftpm/xcode -experimental-emit-module-separately -disable-cmo
SwiftDriver Ignition normal arm64 com.apple.xcode.tools.swift.compiler (in target 'Ignition' from project 'Ignition')
    cd /Users/admin/builder/spi-builder-workspace/.swiftpm/xcode
    builtin-SwiftDriver -- /Applications/Xcode-27.0.0-Release.Candidate.app/Contents/Developer/Toolchains/XcodeDefault.xctoolchain/usr/bin/swiftc -parse-as-library -module-name Ignition -Onone @/Users/admin/builder/spi-builder-workspace/.derivedData/Build/Intermediates.noindex/Ignition.build/Debug-watchos/Ignition-t.build/Objects-normal/arm64/Ignition.SwiftFileList -DSWIFT_PACKAGE -DDEBUG -DSWIFT_MODULE_RESOURCE_BUNDLE_UNAVAILABLE -Xcc -fmodule-map-file\=/Users/admin/builder/spi-builder-workspace/.derivedData/Build/Intermediates.noindex/GeneratedModuleMaps-watchos/EngineCoreC.modulemap -DXcode -plugin-path /Applications/Xcode-27.0.0-Release.Candidate.app/Contents/Developer/Toolchains/XcodeDefault.xctoolchain/usr/lib/swift/host/plugins/testing -enable-experimental-feature DebugDescriptionMacro -sdk /Applications/Xcode-27.0.0-Release.Candidate.app/Contents/Developer/Platforms/WatchOS.platform/Developer/SDKs/WatchOS27.0.sdk -target arm64-apple-watchos9.0 -g -module-cache-path /Users/admin/builder/spi-builder-workspace/.derivedData/ModuleCache.noindex -Xfrontend -serialize-debugging-options -enable-testing -index-store-path /Users/admin/builder/spi-builder-workspace/.derivedData/Index.noindex/DataStore -Xcc -D_LIBCPP_HARDENING_MODE\=_LIBCPP_HARDENING_MODE_DEBUG -swift-version 6 -I /Users/admin/builder/spi-builder-workspace/.derivedData/Build/Products/Debug-watchos -Isystem /Applications/Xcode-27.0.0-Release.Candidate.app/Contents/Developer/Platforms/WatchOS.platform/Developer/usr/lib -F /Users/admin/builder/spi-builder-workspace/.derivedData/Build/Products/Debug-watchos/PackageFrameworks -F /Users/admin/builder/spi-builder-workspace/.derivedData/Build/Products/Debug-watchos -F /Applications/Xcode-27.0.0-Release.Candidate.app/Contents/Developer/Platforms/WatchOS.platform/Developer/Library/Frameworks -F /Applications/Xcode-27.0.0-Release.Candidate.app/Contents/Developer/Platforms/WatchOS.platform/Developer/SDKs/WatchOS27.0.sdk/Developer/Library/Frameworks -c -j10 -enable-batch-mode -incremental -Xcc -ivfsstatcache -Xcc /Users/admin/builder/spi-builder-workspace/.derivedData/SDKStatCaches.noindex/watchos27.0-24R360-e829b21a6f8c9b70876ba0858053c04477534ef55a1706bf4c1112bbb242f0a2.sdkstatcache -output-file-map /Users/admin/builder/spi-builder-workspace/.derivedData/Build/Intermediates.noindex/Ignition.build/Debug-watchos/Ignition-t.build/Objects-normal/arm64/Ignition-OutputFileMap.json -save-temps -no-color-diagnostics -explicit-module-build -module-cache-path /Users/admin/builder/spi-builder-workspace/.derivedData/Build/Intermediates.noindex/SwiftExplicitPrecompiledModules -clang-scanner-module-cache-path /Users/admin/builder/spi-builder-workspace/.derivedData/ModuleCache.noindex -sdk-module-cache-path /Users/admin/builder/spi-builder-workspace/.derivedData/SDKExplicitPrecompiledModules -emit-dependencies -emit-module -emit-module-path /Users/admin/builder/spi-builder-workspace/.derivedData/Build/Intermediates.noindex/Ignition.build/Debug-watchos/Ignition-t.build/Objects-normal/arm64/Ignition.swiftmodule -serialize-diagnostics -dependency-scan-serialize-diagnostics-path /Users/admin/builder/spi-builder-workspace/.derivedData/Build/Intermediates.noindex/Ignition.build/Debug-watchos/Ignition-t.build/Objects-normal/arm64/Ignition-dependency-scan.dia -validate-clang-modules-once -clang-build-session-file /Users/admin/builder/spi-builder-workspace/.derivedData/ModuleCache.noindex/Session.modulevalidation -Xcc -fmodules-prune-interval\=86400 -Xcc -fmodules-prune-after\=345600 -package-name spi_builder_workspace -emit-const-values -const-gather-protocols-list /Users/admin/builder/spi-builder-workspace/.derivedData/Build/Intermediates.noindex/Ignition.build/Debug-watchos/Ignition-t.build/Objects-normal/arm64/Ignition_const_extract_protocols.json -Xcc -I/Users/admin/builder/spi-builder-workspace/.dependencies/checkouts/Engine/Sources/EngineCoreC/include -Xcc -I/Users/admin/builder/spi-builder-workspace/.derivedData/Build/Products/Debug-watchos/include -Xcc -I/Users/admin/builder/spi-builder-workspace/.derivedData/Build/Intermediates.noindex/Ignition.build/Debug-watchos/Ignition-t.build/DerivedSources-normal/arm64 -Xcc -I/Users/admin/builder/spi-builder-workspace/.derivedData/Build/Intermediates.noindex/Ignition.build/Debug-watchos/Ignition-t.build/DerivedSources/arm64 -Xcc -I/Users/admin/builder/spi-builder-workspace/.derivedData/Build/Intermediates.noindex/Ignition.build/Debug-watchos/Ignition-t.build/DerivedSources -Xcc -DSWIFT_PACKAGE -Xcc -DDEBUG\=1 -emit-objc-header -emit-objc-header-path /Users/admin/builder/spi-builder-workspace/.derivedData/Build/Intermediates.noindex/Ignition.build/Debug-watchos/Ignition-t.build/Objects-normal/arm64/Ignition-Swift.h -working-directory /Users/admin/builder/spi-builder-workspace/.swiftpm/xcode -experimental-emit-module-separately -disable-cmo
SwiftDriverJobDiscovery normal arm64_32 Compiling Group.swift, HostingController.swift, HostingRootView.swift, HostingView.swift, HostingViewRepresentable.swift, Image+Extensions.swift, ImageRendererAdapter.swift, InsetShape.swift, InvertedColorSchemeModifier.swift, InvertedMask.swift, Label+Extensions.swift, LabelBuilder.swift, LayoutAdapter.swift, LayoutBuilder.swift, LayoutSubview+Extensions.swift, LayoutThatFits.swift (in target 'Engine' from project 'Engine')
SwiftDriverJobDiscovery normal arm64_32 Compiling EmptyShape.swift, Environment+Extensions.swift, EnvironmentKeyVisitor.swift, EnvironmentKeyWritingModifier.swift, EnvironmentOrValue.swift, EnvironmentValueReader.swift, EnvironmentValuesVisitor.swift, FirstTextMidlineAlignment.swift, Font+Extensions.swift, ForEach+Extensions.swift, ForEachSubview.swift, ForegroundStyleModifier.swift, FormatTransform.swift, GeometryGroupModifier.swift, GraphInputs.swift, GraphValue+Extensions.swift (in target 'Engine' from project 'Engine')
SwiftDriverJobDiscovery normal arm64_32 Compiling TextRenderer+Extensions.swift, TextRendererViewModifier.swift, Toggle+Extensions.swift, TraitValueKey.swift, Transaction.swift, TransactionModifier.swift, Transition+Extensions.swift, UnaryViewAdaptor.swift, UnaryViewModifier.swift, UnitPoint+Extensions.swift, UpdatePhase.swift, UserInterfaceIdiomContent.swift, UserInterfaceIdiomModifier.swift, VariadicAlignmentID.swift, VariadicView.swift (in target 'Engine' from project 'Engine')
SwiftCompile normal arm64 Compiling\ OffsetEffect.swift,\ OnChangeViewEffectModifier.swift /Users/admin/builder/spi-builder-workspace/Sources/Ignition/OffsetEffect.swift /Users/admin/builder/spi-builder-workspace/Sources/Ignition/OnChangeViewEffectModifier.swift (in target 'Ignition' from project 'Ignition')
macro expansion @_StatePropertyWrapperStorage:13:5: error: function has wrong linkage to be called from init(effect:value:animation:isEnabled:)
`- /Users/admin/builder/spi-builder-workspace/Sources/Ignition/OnChangeViewEffectModifier.swift:22:36: note: expanded code originates here
 20 |     public var isEnabled: Bool
 21 |
 22 |     @State private var id: UInt = 0
    |     `- note: in expansion of macro 'State' on property 'id' here
    +--- macro expansion @State ----------------------------------------
    | 4 |         }))
    | 5 |
    | 6 | @SwiftUICore._StatePropertyWrapperStorage(initialValue: "JHM4SWduaXRpb24yNk9uQ2hhbmdlVmlld0VmZmVjdE1vZGlmaWVyVjJpZDMzXzFFOEUxRjJDNUU5RUZGOTdCNDk1ODJGREY3Mjc4MkNBTEw1U3RhdGVmTXBfMjBfaW5pdGlhbFN0b3JlZFZhbHVlX2ZNdV8=")
    |   | `- note: in expansion of macro '_StatePropertyWrapperStorage' on property '_id' here
    | 7 | private var _id: SwiftUICore.State<_>! = SwiftUICore._stateNil(of: {
    | 8 |         SwiftUICore.State<UInt>(initialValue: 0)
    | 9 |     })
    |   +--- macro expansion @_StatePropertyWrapperStorage -------------
    |   |11 |         SwiftUICore.State(initialValue: __id.wrappedValue)
    |   |12 |     }
    |   |13 |     set {
    |   |   |     `- error: function has wrong linkage to be called from init(effect:value:animation:isEnabled:)
    |   |14 |         if newValue != nil {
    |   |15 |             __id = SwiftUICore.State._makeStorage(initialValue: newValue.wrappedValue)
    |   +---------------------------------------------------------------
    |10 |
    |11 | @SwiftUICore._StateProjectedValue
    +-------------------------------------------------------------------
 23 |     @State private var isActive = false
 24 |
Failed frontend command:
/Applications/Xcode-27.0.0-Release.Candidate.app/Contents/Developer/Toolchains/XcodeDefault.xctoolchain/usr/bin/swift-frontend -frontend -c /Users/admin/builder/spi-builder-workspace/Sources/Ignition/BackgroundEffect.swift /Users/admin/builder/spi-builder-workspace/Sources/Ignition/BlurEffect.swift /Users/admin/builder/spi-builder-workspace/Sources/Ignition/ChangeEffectButtonStyle.swift /Users/admin/builder/spi-builder-workspace/Sources/Ignition/ConcatenatedEffect.swift -primary-file /Users/admin/builder/spi-builder-workspace/Sources/Ignition/OffsetEffect.swift -primary-file /Users/admin/builder/spi-builder-workspace/Sources/Ignition/OnChangeViewEffectModifier.swift /Users/admin/builder/spi-builder-workspace/Sources/Ignition/OpacityEffect.swift /Users/admin/builder/spi-builder-workspace/Sources/Ignition/OverlayEffect.swift /Users/admin/builder/spi-builder-workspace/Sources/Ignition/RotationEffect.swift /Users/admin/builder/spi-builder-workspace/Sources/Ignition/ScaleEffect.swift /Users/admin/builder/spi-builder-workspace/Sources/Ignition/ScheduledViewEffectModifier.swift /Users/admin/builder/spi-builder-workspace/Sources/Ignition/ViewEffect.swift /Users/admin/builder/spi-builder-workspace/Sources/Ignition/ViewEffectAnimation.swift /Users/admin/builder/spi-builder-workspace/Sources/Ignition/ViewEffectModifier.swift -emit-dependencies-path /Users/admin/builder/spi-builder-workspace/.derivedData/Build/Intermediates.noindex/Ignition.build/Debug-watchos/Ignition-t.build/Objects-normal/arm64/OffsetEffect.d -emit-const-values-path /Users/admin/builder/spi-builder-workspace/.derivedData/Build/Intermediates.noindex/Ignition.build/Debug-watchos/Ignition-t.build/Objects-normal/arm64/OffsetEffect.swiftconstvalues -emit-reference-dependencies-path /Users/admin/builder/spi-builder-workspace/.derivedData/Build/Intermediates.noindex/Ignition.build/Debug-watchos/Ignition-t.build/Objects-normal/arm64/OffsetEffect.swiftdeps -serialize-diagnostics-path /Users/admin/builder/spi-builder-workspace/.derivedData/Build/Intermediates.noindex/Ignition.build/Debug-watchos/Ignition-t.build/Objects-normal/arm64/OffsetEffect.dia -emit-dependencies-path /Users/admin/builder/spi-builder-workspace/.derivedData/Build/Intermediates.noindex/Ignition.build/Debug-watchos/Ignition-t.build/Objects-normal/arm64/OnChangeViewEffectModifier.d -emit-const-values-path /Users/admin/builder/spi-builder-workspace/.derivedData/Build/Intermediates.noindex/Ignition.build/Debug-watchos/Ignition-t.build/Objects-normal/arm64/OnChangeViewEffectModifier.swiftconstvalues -emit-reference-dependencies-path /Users/admin/builder/spi-builder-workspace/.derivedData/Build/Intermediates.noindex/Ignition.build/Debug-watchos/Ignition-t.build/Objects-normal/arm64/OnChangeViewEffectModifier.swiftdeps -serialize-diagnostics-path /Users/admin/builder/spi-builder-workspace/.derivedData/Build/Intermediates.noindex/Ignition.build/Debug-watchos/Ignition-t.build/Objects-normal/arm64/OnChangeViewEffectModifier.dia -target arm64-apple-watchos9.0 -disable-cross-import-overlay-search -load-resolved-plugin /Applications/Xcode-27.0.0-Release.Candidate.app/Contents/Developer/Platforms/WatchOS.platform/Developer/usr/lib/swift/host/plugins/libFoundationMacros.dylib\#/Applications/Xcode-27.0.0-Release.Candidate.app/Contents/Developer/Platforms/WatchOS.platform/Developer/usr/bin/swift-plugin-server\#FoundationMacros -load-resolved-plugin /Applications/Xcode-27.0.0-Release.Candidate.app/Contents/Developer/Platforms/WatchOS.platform/Developer/usr/lib/swift/host/plugins/libObservationMacros.dylib\#/Applications/Xcode-27.0.0-Release.Candidate.app/Contents/Developer/Platforms/WatchOS.platform/Developer/usr/bin/swift-plugin-server\#ObservationMacros -load-resolved-plugin /Applications/Xcode-27.0.0-Release.Candidate.app/Contents/Developer/Platforms/WatchOS.platform/Developer/usr/lib/swift/host/plugins/libPreviewsMacros.dylib\#/Applications/Xcode-27.0.0-Release.Candidate.app/Contents/Developer/Platforms/WatchOS.platform/Developer/usr/bin/swift-plugin-server\#PreviewsMacros -load-resolved-plugin /Applications/Xcode-27.0.0-Release.Candidate.app/Contents/Developer/Platforms/WatchOS.platform/Developer/usr/lib/swift/host/plugins/libSwiftMacros.dylib\#/Applications/Xcode-27.0.0-Release.Candidate.app/Contents/Developer/Platforms/WatchOS.platform/Developer/usr/bin/swift-plugin-server\#SwiftMacros -load-resolved-plugin /Applications/Xcode-27.0.0-Release.Candidate.app/Contents/Developer/Platforms/WatchOS.platform/Developer/usr/lib/swift/host/plugins/libSwiftUIMacros.dylib\#/Applications/Xcode-27.0.0-Release.Candidate.app/Contents/Developer/Platforms/WatchOS.platform/Developer/usr/bin/swift-plugin-server\#SwiftUIMacros -disable-implicit-swift-modules -Xcc -fno-implicit-modules -Xcc -fno-implicit-module-maps -explicit-swift-module-map-file /Users/admin/builder/spi-builder-workspace/.derivedData/Build/Intermediates.noindex/Ignition.build/Debug-watchos/Ignition-t.build/Objects-normal/arm64/Ignition-dependencies-1.json -Xllvm -aarch64-use-tbi -enable-objc-interop -stack-check -sdk /Applications/Xcode-27.0.0-Release.Candidate.app/Contents/Developer/Platforms/WatchOS.platform/Developer/SDKs/WatchOS27.0.sdk -I /Users/admin/builder/spi-builder-workspace/.derivedData/Build/Products/Debug-watchos -Isystem /Applications/Xcode-27.0.0-Release.Candidate.app/Contents/Developer/Platforms/WatchOS.platform/Developer/usr/lib -F /Users/admin/builder/spi-builder-workspace/.derivedData/Build/Products/Debug-watchos/PackageFrameworks -F /Users/admin/builder/spi-builder-workspace/.derivedData/Build/Products/Debug-watchos -F /Applications/Xcode-27.0.0-Release.Candidate.app/Contents/Developer/Platforms/WatchOS.platform/Developer/Library/Frameworks -F /Applications/Xcode-27.0.0-Release.Candidate.app/Contents/Developer/Platforms/WatchOS.platform/Developer/SDKs/WatchOS27.0.sdk/Developer/Library/Frameworks -module-cache-path /Users/admin/builder/spi-builder-workspace/.derivedData/Build/Intermediates.noindex/SwiftExplicitPrecompiledModules -no-color-diagnostics -Xcc -fno-color-diagnostics -enable-testing -g -debug-info-format\=dwarf -dwarf-version\=4 -swift-version 6 -Onone -D SWIFT_PACKAGE -D DEBUG -D SWIFT_MODULE_RESOURCE_BUNDLE_UNAVAILABLE -D Xcode -serialize-debugging-options -enable-experimental-feature DebugDescriptionMacro -empty-abi-descriptor -validate-clang-modules-once -clang-build-session-file /Users/admin/builder/spi-builder-workspace/.derivedData/ModuleCache.noindex/Session.modulevalidation -Xcc -working-directory -Xcc /Users/admin/builder/spi-builder-workspace/.swiftpm/xcode -enable-anonymous-context-mangled-names -file-compilation-dir /Users/admin/builder/spi-builder-workspace/.swiftpm/xcode -Xcc -fmodule-map-file\=/Users/admin/builder/spi-builder-workspace/.derivedData/Build/Intermediates.noindex/GeneratedModuleMaps-watchos/EngineCoreC.modulemap -Xcc -D_LIBCPP_HARDENING_MODE\=_LIBCPP_HARDENING_MODE_DEBUG -Xcc -ivfsstatcache -Xcc /Users/admin/builder/spi-builder-workspace/.derivedData/SDKStatCaches.noindex/watchos27.0-24R360-e829b21a6f8c9b70876ba0858053c04477534ef55a1706bf4c1112bbb242f0a2.sdkstatcache -Xcc -fmodules-prune-interval\=86400 -Xcc -fmodules-prune-after\=345600 -Xcc -I/Users/admin/builder/spi-builder-workspace/.dependencies/checkouts/Engine/Sources/EngineCoreC/include -Xcc -I/Users/admin/builder/spi-builder-workspace/.derivedData/Build/Products/Debug-watchos/include -Xcc -I/Users/admin/builder/spi-builder-workspace/.derivedData/Build/Intermediates.noindex/Ignition.build/Debug-watchos/Ignition-t.build/DerivedSources-normal/arm64 -Xcc -I/Users/admin/builder/spi-builder-workspace/.derivedData/Build/Intermediates.noindex/Ignition.build/Debug-watchos/Ignition-t.build/DerivedSources/arm64 -Xcc -I/Users/admin/builder/spi-builder-workspace/.derivedData/Build/Intermediates.noindex/Ignition.build/Debug-watchos/Ignition-t.build/DerivedSources -Xcc -DSWIFT_PACKAGE -Xcc -DDEBUG\=1 -no-auto-bridging-header-chaining -module-name Ignition -package-name spi_builder_workspace -const-gather-protocols-file /Users/admin/builder/spi-builder-workspace/.derivedData/Build/Intermediates.noindex/Ignition.build/Debug-watchos/Ignition-t.build/Objects-normal/arm64/Ignition_const_extract_protocols.json -disable-clang-spi -clang-target arm64-apple-watchos27.0 -target-sdk-version 27.0 -target-sdk-name watchos27.0 -in-process-plugin-server-path /Applications/Xcode-27.0.0-Release.Candidate.app/Contents/Developer/Toolchains/XcodeDefault.xctoolchain/usr/lib/swift/host/libSwiftInProcPluginServer.dylib -parse-as-library -o /Users/admin/builder/spi-builder-workspace/.derivedData/Build/Intermediates.noindex/Ignition.build/Debug-watchos/Ignition-t.build/Objects-normal/arm64/OffsetEffect.o -o /Users/admin/builder/spi-builder-workspace/.derivedData/Build/Intermediates.noindex/Ignition.build/Debug-watchos/Ignition-t.build/Objects-normal/arm64/OnChangeViewEffectModifier.o -debug-module-path /Users/admin/builder/spi-builder-workspace/.derivedData/Build/Intermediates.noindex/Ignition.build/Debug-watchos/Ignition-t.build/Objects-normal/arm64/Ignition.swiftmodule -index-unit-output-path /Ignition.build/Debug-watchos/Ignition-t.build/Objects-normal/arm64/OffsetEffect.o -index-unit-output-path /Ignition.build/Debug-watchos/Ignition-t.build/Objects-normal/arm64/OnChangeViewEffectModifier.o -index-store-path /Users/admin/builder/spi-builder-workspace/.derivedData/Index.noindex/DataStore -index-system-modules
SwiftCompile normal arm64 /Users/admin/builder/spi-builder-workspace/Sources/Ignition/OffsetEffect.swift (in target 'Ignition' from project 'Ignition')
    cd /Users/admin/builder/spi-builder-workspace/.swiftpm/xcode
    builtin-SwiftPerFileCompile OffsetEffect.swift
SwiftCompile normal arm64 /Users/admin/builder/spi-builder-workspace/Sources/Ignition/OnChangeViewEffectModifier.swift (in target 'Ignition' from project 'Ignition')
    cd /Users/admin/builder/spi-builder-workspace/.swiftpm/xcode
    builtin-SwiftPerFileCompile OnChangeViewEffectModifier.swift
SwiftCompile normal arm64 Compiling\ BackgroundEffect.swift,\ BlurEffect.swift /Users/admin/builder/spi-builder-workspace/Sources/Ignition/BackgroundEffect.swift /Users/admin/builder/spi-builder-workspace/Sources/Ignition/BlurEffect.swift (in target 'Ignition' from project 'Ignition')
SwiftCompile normal arm64 /Users/admin/builder/spi-builder-workspace/Sources/Ignition/BackgroundEffect.swift (in target 'Ignition' from project 'Ignition')
    cd /Users/admin/builder/spi-builder-workspace/.swiftpm/xcode
    builtin-SwiftPerFileCompile BackgroundEffect.swift
SwiftCompile normal arm64 /Users/admin/builder/spi-builder-workspace/Sources/Ignition/BlurEffect.swift (in target 'Ignition' from project 'Ignition')
    cd /Users/admin/builder/spi-builder-workspace/.swiftpm/xcode
    builtin-SwiftPerFileCompile BlurEffect.swift
SwiftEmitModule normal arm64 Emitting\ module\ for\ Ignition (in target 'Ignition' from project 'Ignition')
SwiftCompile normal arm64 (in target 'Ignition' from project 'Ignition')
    cd /Users/admin/builder/spi-builder-workspace/.swiftpm/xcode

SwiftCompile normal arm64 Compiling\ RotationEffect.swift /Users/admin/builder/spi-builder-workspace/Sources/Ignition/RotationEffect.swift (in target 'Ignition' from project 'Ignition')
SwiftCompile normal arm64 /Users/admin/builder/spi-builder-workspace/Sources/Ignition/RotationEffect.swift (in target 'Ignition' from project 'Ignition')
    cd /Users/admin/builder/spi-builder-workspace/.swiftpm/xcode
    builtin-SwiftPerFileCompile RotationEffect.swift
SwiftCompile normal arm64 Compiling\ ViewEffectAnimation.swift /Users/admin/builder/spi-builder-workspace/Sources/Ignition/ViewEffectAnimation.swift (in target 'Ignition' from project 'Ignition')
SwiftCompile normal arm64 /Users/admin/builder/spi-builder-workspace/Sources/Ignition/ViewEffectAnimation.swift (in target 'Ignition' from project 'Ignition')
    cd /Users/admin/builder/spi-builder-workspace/.swiftpm/xcode
    builtin-SwiftPerFileCompile ViewEffectAnimation.swift
SwiftEmitModule normal arm64_32 Emitting\ module\ for\ Ignition (in target 'Ignition' from project 'Ignition')
SwiftCompile normal arm64_32 (in target 'Ignition' from project 'Ignition')
    cd /Users/admin/builder/spi-builder-workspace/.swiftpm/xcode

SwiftDriverJobDiscovery normal arm64_32 Compiling AlignmentGuide+Extensions.swift, AlignmentGuideOffsetModifier.swift, AllowedDynamicTypeSizeRangeModifier.swift, AnchoredPoint.swift, Angle+Extensions.swift, Animation+Extensions.swift, Animation+Resolved.swift, AnimationModifier.swift, AnyAnimatableData.swift, AnyShape.swift, AnyShapeStyle+Extensions.swift, AnyView.swift, AnyViewModifier.swift, AttributedString+Extensions.swift, AttributedStringReader.swift, AttributedText.swift (in target 'Engine' from project 'Engine')
SwiftCompile normal arm64_32 Compiling\ ViewEffectModifier.swift /Users/admin/builder/spi-builder-workspace/Sources/Ignition/ViewEffectModifier.swift (in target 'Ignition' from project 'Ignition')
SwiftCompile normal arm64_32 /Users/admin/builder/spi-builder-workspace/Sources/Ignition/ViewEffectModifier.swift (in target 'Ignition' from project 'Ignition')
    cd /Users/admin/builder/spi-builder-workspace/.swiftpm/xcode
    builtin-SwiftPerFileCompile ViewEffectModifier.swift
SwiftDriverJobDiscovery normal arm64 Compiling ViewEffectAnimation.swift (in target 'Ignition' from project 'Ignition')
SwiftCompile normal arm64_32 Compiling\ ChangeEffectButtonStyle.swift,\ ConcatenatedEffect.swift /Users/admin/builder/spi-builder-workspace/Sources/Ignition/ChangeEffectButtonStyle.swift /Users/admin/builder/spi-builder-workspace/Sources/Ignition/ConcatenatedEffect.swift (in target 'Ignition' from project 'Ignition')
SwiftCompile normal arm64_32 /Users/admin/builder/spi-builder-workspace/Sources/Ignition/ChangeEffectButtonStyle.swift (in target 'Ignition' from project 'Ignition')
    cd /Users/admin/builder/spi-builder-workspace/.swiftpm/xcode
    builtin-SwiftPerFileCompile ChangeEffectButtonStyle.swift
SwiftCompile normal arm64_32 /Users/admin/builder/spi-builder-workspace/Sources/Ignition/ConcatenatedEffect.swift (in target 'Ignition' from project 'Ignition')
    cd /Users/admin/builder/spi-builder-workspace/.swiftpm/xcode
    builtin-SwiftPerFileCompile ConcatenatedEffect.swift
SwiftDriverJobDiscovery normal arm64_32 Compiling StateAdapter.swift, StateOrBinding.swift, StaticCondition.swift, StaticConditionalContent.swift, StaticConditionalModifier.swift, StaticContent.swift, StaticModifier.swift, StyleContext.swift, StyleInputCondition.swift, SymmetricallyScaledText.swift, Text+Extensions.swift, TextAttachment.swift, TextAttachmentAdapter.swift, TextBuilder.swift, TextReader.swift (in target 'Engine' from project 'Engine')
SwiftCompile normal arm64_32 Compiling\ OpacityEffect.swift,\ OverlayEffect.swift /Users/admin/builder/spi-builder-workspace/Sources/Ignition/OpacityEffect.swift /Users/admin/builder/spi-builder-workspace/Sources/Ignition/OverlayEffect.swift (in target 'Ignition' from project 'Ignition')
SwiftCompile normal arm64_32 /Users/admin/builder/spi-builder-workspace/Sources/Ignition/OpacityEffect.swift (in target 'Ignition' from project 'Ignition')
    cd /Users/admin/builder/spi-builder-workspace/.swiftpm/xcode
    builtin-SwiftPerFileCompile OpacityEffect.swift
SwiftCompile normal arm64_32 /Users/admin/builder/spi-builder-workspace/Sources/Ignition/OverlayEffect.swift (in target 'Ignition' from project 'Ignition')
    cd /Users/admin/builder/spi-builder-workspace/.swiftpm/xcode
    builtin-SwiftPerFileCompile OverlayEffect.swift
SwiftDriverJobDiscovery normal arm64 Compiling RotationEffect.swift (in target 'Ignition' from project 'Ignition')
SwiftCompile normal arm64_32 Compiling\ OffsetEffect.swift,\ OnChangeViewEffectModifier.swift /Users/admin/builder/spi-builder-workspace/Sources/Ignition/OffsetEffect.swift /Users/admin/builder/spi-builder-workspace/Sources/Ignition/OnChangeViewEffectModifier.swift (in target 'Ignition' from project 'Ignition')
SwiftCompile normal arm64_32 /Users/admin/builder/spi-builder-workspace/Sources/Ignition/OffsetEffect.swift (in target 'Ignition' from project 'Ignition')
    cd /Users/admin/builder/spi-builder-workspace/.swiftpm/xcode
    builtin-SwiftPerFileCompile OffsetEffect.swift
SwiftCompile normal arm64_32 /Users/admin/builder/spi-builder-workspace/Sources/Ignition/OnChangeViewEffectModifier.swift (in target 'Ignition' from project 'Ignition')
    cd /Users/admin/builder/spi-builder-workspace/.swiftpm/xcode
    builtin-SwiftPerFileCompile OnChangeViewEffectModifier.swift
SwiftDriverJobDiscovery normal arm64 Compiling BackgroundEffect.swift, BlurEffect.swift (in target 'Ignition' from project 'Ignition')
SwiftCompile normal arm64 Compiling\ ScheduledViewEffectModifier.swift /Users/admin/builder/spi-builder-workspace/Sources/Ignition/ScheduledViewEffectModifier.swift (in target 'Ignition' from project 'Ignition')
SwiftCompile normal arm64 /Users/admin/builder/spi-builder-workspace/Sources/Ignition/ScheduledViewEffectModifier.swift (in target 'Ignition' from project 'Ignition')
    cd /Users/admin/builder/spi-builder-workspace/.swiftpm/xcode
    builtin-SwiftPerFileCompile ScheduledViewEffectModifier.swift
SwiftDriverJobDiscovery normal arm64_32 Compiling ViewEffectModifier.swift (in target 'Ignition' from project 'Ignition')
SwiftCompile normal arm64 Compiling\ OpacityEffect.swift,\ OverlayEffect.swift /Users/admin/builder/spi-builder-workspace/Sources/Ignition/OpacityEffect.swift /Users/admin/builder/spi-builder-workspace/Sources/Ignition/OverlayEffect.swift (in target 'Ignition' from project 'Ignition')
SwiftCompile normal arm64 /Users/admin/builder/spi-builder-workspace/Sources/Ignition/OpacityEffect.swift (in target 'Ignition' from project 'Ignition')
    cd /Users/admin/builder/spi-builder-workspace/.swiftpm/xcode
    builtin-SwiftPerFileCompile OpacityEffect.swift
SwiftCompile normal arm64 /Users/admin/builder/spi-builder-workspace/Sources/Ignition/OverlayEffect.swift (in target 'Ignition' from project 'Ignition')
    cd /Users/admin/builder/spi-builder-workspace/.swiftpm/xcode
    builtin-SwiftPerFileCompile OverlayEffect.swift
SwiftDriverJobDiscovery normal arm64 Emitting module for Ignition (in target 'Ignition' from project 'Ignition')
SwiftDriver\ Compilation\ Requirements Ignition normal arm64 com.apple.xcode.tools.swift.compiler (in target 'Ignition' from project 'Ignition')
    cd /Users/admin/builder/spi-builder-workspace/.swiftpm/xcode
    builtin-Swift-Compilation-Requirements -- /Applications/Xcode-27.0.0-Release.Candidate.app/Contents/Developer/Toolchains/XcodeDefault.xctoolchain/usr/bin/swiftc -parse-as-library -module-name Ignition -Onone @/Users/admin/builder/spi-builder-workspace/.derivedData/Build/Intermediates.noindex/Ignition.build/Debug-watchos/Ignition-t.build/Objects-normal/arm64/Ignition.SwiftFileList -DSWIFT_PACKAGE -DDEBUG -DSWIFT_MODULE_RESOURCE_BUNDLE_UNAVAILABLE -Xcc -fmodule-map-file\=/Users/admin/builder/spi-builder-workspace/.derivedData/Build/Intermediates.noindex/GeneratedModuleMaps-watchos/EngineCoreC.modulemap -DXcode -plugin-path /Applications/Xcode-27.0.0-Release.Candidate.app/Contents/Developer/Toolchains/XcodeDefault.xctoolchain/usr/lib/swift/host/plugins/testing -enable-experimental-feature DebugDescriptionMacro -sdk /Applications/Xcode-27.0.0-Release.Candidate.app/Contents/Developer/Platforms/WatchOS.platform/Developer/SDKs/WatchOS27.0.sdk -target arm64-apple-watchos9.0 -g -module-cache-path /Users/admin/builder/spi-builder-workspace/.derivedData/ModuleCache.noindex -Xfrontend -serialize-debugging-options -enable-testing -index-store-path /Users/admin/builder/spi-builder-workspace/.derivedData/Index.noindex/DataStore -Xcc -D_LIBCPP_HARDENING_MODE\=_LIBCPP_HARDENING_MODE_DEBUG -swift-version 6 -I /Users/admin/builder/spi-builder-workspace/.derivedData/Build/Products/Debug-watchos -Isystem /Applications/Xcode-27.0.0-Release.Candidate.app/Contents/Developer/Platforms/WatchOS.platform/Developer/usr/lib -F /Users/admin/builder/spi-builder-workspace/.derivedData/Build/Products/Debug-watchos/PackageFrameworks -F /Users/admin/builder/spi-builder-workspace/.derivedData/Build/Products/Debug-watchos -F /Applications/Xcode-27.0.0-Release.Candidate.app/Contents/Developer/Platforms/WatchOS.platform/Developer/Library/Frameworks -F /Applications/Xcode-27.0.0-Release.Candidate.app/Contents/Developer/Platforms/WatchOS.platform/Developer/SDKs/WatchOS27.0.sdk/Developer/Library/Frameworks -c -j10 -enable-batch-mode -incremental -Xcc -ivfsstatcache -Xcc /Users/admin/builder/spi-builder-workspace/.derivedData/SDKStatCaches.noindex/watchos27.0-24R360-e829b21a6f8c9b70876ba0858053c04477534ef55a1706bf4c1112bbb242f0a2.sdkstatcache -output-file-map /Users/admin/builder/spi-builder-workspace/.derivedData/Build/Intermediates.noindex/Ignition.build/Debug-watchos/Ignition-t.build/Objects-normal/arm64/Ignition-OutputFileMap.json -save-temps -no-color-diagnostics -explicit-module-build -module-cache-path /Users/admin/builder/spi-builder-workspace/.derivedData/Build/Intermediates.noindex/SwiftExplicitPrecompiledModules -clang-scanner-module-cache-path /Users/admin/builder/spi-builder-workspace/.derivedData/ModuleCache.noindex -sdk-module-cache-path /Users/admin/builder/spi-builder-workspace/.derivedData/SDKExplicitPrecompiledModules -emit-dependencies -emit-module -emit-module-path /Users/admin/builder/spi-builder-workspace/.derivedData/Build/Intermediates.noindex/Ignition.build/Debug-watchos/Ignition-t.build/Objects-normal/arm64/Ignition.swiftmodule -serialize-diagnostics -dependency-scan-serialize-diagnostics-path /Users/admin/builder/spi-builder-workspace/.derivedData/Build/Intermediates.noindex/Ignition.build/Debug-watchos/Ignition-t.build/Objects-normal/arm64/Ignition-dependency-scan.dia -validate-clang-modules-once -clang-build-session-file /Users/admin/builder/spi-builder-workspace/.derivedData/ModuleCache.noindex/Session.modulevalidation -Xcc -fmodules-prune-interval\=86400 -Xcc -fmodules-prune-after\=345600 -package-name spi_builder_workspace -emit-const-values -const-gather-protocols-list /Users/admin/builder/spi-builder-workspace/.derivedData/Build/Intermediates.noindex/Ignition.build/Debug-watchos/Ignition-t.build/Objects-normal/arm64/Ignition_const_extract_protocols.json -Xcc -I/Users/admin/builder/spi-builder-workspace/.dependencies/checkouts/Engine/Sources/EngineCoreC/include -Xcc -I/Users/admin/builder/spi-builder-workspace/.derivedData/Build/Products/Debug-watchos/include -Xcc -I/Users/admin/builder/spi-builder-workspace/.derivedData/Build/Intermediates.noindex/Ignition.build/Debug-watchos/Ignition-t.build/DerivedSources-normal/arm64 -Xcc -I/Users/admin/builder/spi-builder-workspace/.derivedData/Build/Intermediates.noindex/Ignition.build/Debug-watchos/Ignition-t.build/DerivedSources/arm64 -Xcc -I/Users/admin/builder/spi-builder-workspace/.derivedData/Build/Intermediates.noindex/Ignition.build/Debug-watchos/Ignition-t.build/DerivedSources -Xcc -DSWIFT_PACKAGE -Xcc -DDEBUG\=1 -emit-objc-header -emit-objc-header-path /Users/admin/builder/spi-builder-workspace/.derivedData/Build/Intermediates.noindex/Ignition.build/Debug-watchos/Ignition-t.build/Objects-normal/arm64/Ignition-Swift.h -working-directory /Users/admin/builder/spi-builder-workspace/.swiftpm/xcode -experimental-emit-module-separately -disable-cmo
PruneExplicitPrecompiledModules /Users/admin/builder/spi-builder-workspace/.derivedData/Build/Intermediates.noindex/ExplicitPrecompiledModules
PruneExplicitPrecompiledModules /Users/admin/builder/spi-builder-workspace/.derivedData/Build/Intermediates.noindex/SwiftExplicitPrecompiledModules
PruneExplicitPrecompiledModules /Users/admin/builder/spi-builder-workspace/.derivedData/SDKExplicitPrecompiledModules
2026-09-22 16:00:39.372 xcodebuild[730:4509] [MT] IDERunDestination: Supported platforms for the buildables in the current scheme is empty.
** BUILD FAILED **
The following build commands failed:
	SwiftCompile normal arm64 Compiling\ OffsetEffect.swift,\ OnChangeViewEffectModifier.swift /Users/admin/builder/spi-builder-workspace/Sources/Ignition/OffsetEffect.swift /Users/admin/builder/spi-builder-workspace/Sources/Ignition/OnChangeViewEffectModifier.swift (in target 'Ignition' from project 'Ignition')
	SwiftCompile normal arm64 /Users/admin/builder/spi-builder-workspace/Sources/Ignition/OffsetEffect.swift (in target 'Ignition' from project 'Ignition')
	SwiftCompile normal arm64 /Users/admin/builder/spi-builder-workspace/Sources/Ignition/OnChangeViewEffectModifier.swift (in target 'Ignition' from project 'Ignition')
	Building workspace Ignition with scheme Ignition
(4 failures)
Command line invocation:
    /Applications/Xcode-27.0.0-Release.Candidate.app/Contents/Developer/usr/bin/xcodebuild -IDEClonedSourcePackagesDirPathOverride=/Users/admin/builder/spi-builder-workspace/.dependencies -resolvePackageDependencies
Resolve Package Graph
Resolved source packages:
  Ignition: /Users/admin/builder/spi-builder-workspace
  Engine: https://github.com/nathantannar4/Engine @ 2.18.0
  swift-syntax: https://github.com/swiftlang/swift-syntax @ 604.0.0
resolved source packages: Ignition, Engine, swift-syntax
2026-09-22 16:00:57.207 xcodebuild[991:6030] [MT] IDERunDestination: Supported platforms for the buildables in the current scheme is empty.
{
  "dependencies" : [
    {
      "identity" : "engine",
      "requirement" : {
        "range" : [
          {
            "lower_bound" : "2.2.1",
            "upper_bound" : "3.0.0"
          }
        ]
      },
      "type" : "sourceControl",
      "url" : "https://github.com/nathantannar4/Engine"
    }
  ],
  "manifest_display_name" : "Ignition",
  "name" : "Ignition",
  "path" : "/Users/admin/builder/spi-builder-workspace",
  "platforms" : [
    {
      "name" : "ios",
      "version" : "13.0"
    },
    {
      "name" : "macos",
      "version" : "10.15"
    },
    {
      "name" : "maccatalyst",
      "version" : "13.0"
    },
    {
      "name" : "tvos",
      "version" : "13.0"
    },
    {
      "name" : "watchos",
      "version" : "6.0"
    },
    {
      "name" : "visionos",
      "version" : "1.0"
    }
  ],
  "products" : [
    {
      "name" : "Ignition",
      "targets" : [
        "Ignition"
      ],
      "type" : {
        "library" : [
          "automatic"
        ]
      }
    }
  ],
  "targets" : [
    {
      "c99name" : "Ignition",
      "module_type" : "SwiftTarget",
      "name" : "Ignition",
      "path" : "Sources/Ignition",
      "product_dependencies" : [
        "Engine"
      ],
      "product_memberships" : [
        "Ignition"
      ],
      "sources" : [
        "BackgroundEffect.swift",
        "BlurEffect.swift",
        "ChangeEffectButtonStyle.swift",
        "ConcatenatedEffect.swift",
        "OffsetEffect.swift",
        "OnChangeViewEffectModifier.swift",
        "OpacityEffect.swift",
        "OverlayEffect.swift",
        "RotationEffect.swift",
        "ScaleEffect.swift",
        "ScheduledViewEffectModifier.swift",
        "ViewEffect.swift",
        "ViewEffectAnimation.swift",
        "ViewEffectModifier.swift"
      ],
      "type" : "library"
    }
  ],
  "tools_version" : "6.0"
}
{
  "workspace" : {
    "name" : "Ignition",
    "schemes" : [
      "Ignition"
    ]
  }
}
2026-09-22 16:00:58.842 xcodebuild[1000:6106] [MT] IDERunDestination: Supported platforms for the buildables in the current scheme is empty.
Running build ...
env DEVELOPER_DIR=/Applications/Xcode-27.0.0-Release.Candidate.app xcrun xcodebuild -IDEClonedSourcePackagesDirPathOverride=$PWD/.dependencies -skipMacroValidation -skipPackagePluginValidation -derivedDataPath $PWD/.derivedData build -scheme Ignition -destination generic/platform=watchOS
Command line invocation:
    /Applications/Xcode-27.0.0-Release.Candidate.app/Contents/Developer/usr/bin/xcodebuild -IDEClonedSourcePackagesDirPathOverride=/Users/admin/builder/spi-builder-workspace/.dependencies -skipMacroValidation -skipPackagePluginValidation -derivedDataPath /Users/admin/builder/spi-builder-workspace/.derivedData build -scheme Ignition -destination generic/platform=watchOS
Resolve Package Graph
Resolved source packages:
  swift-syntax: https://github.com/swiftlang/swift-syntax @ 604.0.0
  Engine: https://github.com/nathantannar4/Engine @ 2.18.0
  Ignition: /Users/admin/builder/spi-builder-workspace
ComputePackagePrebuildTargetDependencyGraph
Prepare packages
CreateBuildRequest
SendProjectDescription
CreateBuildOperation
ComputeTargetDependencyGraph
note: Building targets in dependency order
note: Target dependency graph (6 targets)
    Target 'Ignition-product' in project 'Ignition'
        ➜ Explicit dependency on target 'Ignition' in project 'Ignition'
        ➜ Explicit dependency on target 'Engine-product' in project 'Engine'
    Target 'Ignition' in project 'Ignition'
        ➜ Explicit dependency on target 'Engine-product' in project 'Engine'
    Target 'Engine-product' in project 'Engine'
        ➜ Explicit dependency on target 'Engine' in project 'Engine'
        ➜ Explicit dependency on target 'EngineCoreC' in project 'Engine'
        ➜ Explicit dependency on target 'EngineCore' in project 'Engine'
    Target 'Engine' in project 'Engine'
        ➜ Explicit dependency on target 'EngineCoreC' in project 'Engine'
        ➜ Explicit dependency on target 'EngineCore' in project 'Engine'
    Target 'EngineCore' in project 'Engine'
        ➜ Explicit dependency on target 'EngineCoreC' in project 'Engine'
    Target 'EngineCoreC' in project 'Engine' (no dependencies)
GatherProvisioningInputs
CreateBuildDescription
ClangStatCache /Applications/Xcode-27.0.0-Release.Candidate.app/Contents/Developer/Toolchains/XcodeDefault.xctoolchain/usr/bin/clang-stat-cache /Applications/Xcode-27.0.0-Release.Candidate.app/Contents/Developer/Platforms/WatchOS.platform/Developer/SDKs/WatchOS27.0.sdk /Users/admin/builder/spi-builder-workspace/.derivedData/SDKStatCaches.noindex/watchos27.0-24R360-e829b21a6f8c9b70876ba0858053c04477534ef55a1706bf4c1112bbb242f0a2.sdkstatcache
    cd /Users/admin/builder/spi-builder-workspace/.swiftpm/xcode
    /Applications/Xcode-27.0.0-Release.Candidate.app/Contents/Developer/Toolchains/XcodeDefault.xctoolchain/usr/bin/clang-stat-cache /Applications/Xcode-27.0.0-Release.Candidate.app/Contents/Developer/Platforms/WatchOS.platform/Developer/SDKs/WatchOS27.0.sdk -o /Users/admin/builder/spi-builder-workspace/.derivedData/SDKStatCaches.noindex/watchos27.0-24R360-e829b21a6f8c9b70876ba0858053c04477534ef55a1706bf4c1112bbb242f0a2.sdkstatcache
SwiftDriver Ignition normal arm64_32 com.apple.xcode.tools.swift.compiler (in target 'Ignition' from project 'Ignition')
    cd /Users/admin/builder/spi-builder-workspace/.swiftpm/xcode
    builtin-SwiftDriver -- /Applications/Xcode-27.0.0-Release.Candidate.app/Contents/Developer/Toolchains/XcodeDefault.xctoolchain/usr/bin/swiftc -parse-as-library -module-name Ignition -Onone @/Users/admin/builder/spi-builder-workspace/.derivedData/Build/Intermediates.noindex/Ignition.build/Debug-watchos/Ignition-t.build/Objects-normal/arm64_32/Ignition.SwiftFileList -DSWIFT_PACKAGE -DDEBUG -DSWIFT_MODULE_RESOURCE_BUNDLE_UNAVAILABLE -Xcc -fmodule-map-file\=/Users/admin/builder/spi-builder-workspace/.derivedData/Build/Intermediates.noindex/GeneratedModuleMaps-watchos/EngineCoreC.modulemap -DXcode -plugin-path /Applications/Xcode-27.0.0-Release.Candidate.app/Contents/Developer/Toolchains/XcodeDefault.xctoolchain/usr/lib/swift/host/plugins/testing -enable-experimental-feature DebugDescriptionMacro -sdk /Applications/Xcode-27.0.0-Release.Candidate.app/Contents/Developer/Platforms/WatchOS.platform/Developer/SDKs/WatchOS27.0.sdk -target arm64_32-apple-watchos9.0 -g -module-cache-path /Users/admin/builder/spi-builder-workspace/.derivedData/ModuleCache.noindex -Xfrontend -serialize-debugging-options -enable-testing -index-store-path /Users/admin/builder/spi-builder-workspace/.derivedData/Index.noindex/DataStore -Xcc -D_LIBCPP_HARDENING_MODE\=_LIBCPP_HARDENING_MODE_DEBUG -swift-version 6 -I /Users/admin/builder/spi-builder-workspace/.derivedData/Build/Products/Debug-watchos -Isystem /Applications/Xcode-27.0.0-Release.Candidate.app/Contents/Developer/Platforms/WatchOS.platform/Developer/usr/lib -F /Users/admin/builder/spi-builder-workspace/.derivedData/Build/Products/Debug-watchos/PackageFrameworks -F /Users/admin/builder/spi-builder-workspace/.derivedData/Build/Products/Debug-watchos -F /Applications/Xcode-27.0.0-Release.Candidate.app/Contents/Developer/Platforms/WatchOS.platform/Developer/Library/Frameworks -F /Applications/Xcode-27.0.0-Release.Candidate.app/Contents/Developer/Platforms/WatchOS.platform/Developer/SDKs/WatchOS27.0.sdk/Developer/Library/Frameworks -c -j10 -enable-batch-mode -incremental -Xcc -ivfsstatcache -Xcc /Users/admin/builder/spi-builder-workspace/.derivedData/SDKStatCaches.noindex/watchos27.0-24R360-e829b21a6f8c9b70876ba0858053c04477534ef55a1706bf4c1112bbb242f0a2.sdkstatcache -output-file-map /Users/admin/builder/spi-builder-workspace/.derivedData/Build/Intermediates.noindex/Ignition.build/Debug-watchos/Ignition-t.build/Objects-normal/arm64_32/Ignition-OutputFileMap.json -save-temps -no-color-diagnostics -explicit-module-build -module-cache-path /Users/admin/builder/spi-builder-workspace/.derivedData/Build/Intermediates.noindex/SwiftExplicitPrecompiledModules -clang-scanner-module-cache-path /Users/admin/builder/spi-builder-workspace/.derivedData/ModuleCache.noindex -sdk-module-cache-path /Users/admin/builder/spi-builder-workspace/.derivedData/SDKExplicitPrecompiledModules -emit-dependencies -emit-module -emit-module-path /Users/admin/builder/spi-builder-workspace/.derivedData/Build/Intermediates.noindex/Ignition.build/Debug-watchos/Ignition-t.build/Objects-normal/arm64_32/Ignition.swiftmodule -serialize-diagnostics -dependency-scan-serialize-diagnostics-path /Users/admin/builder/spi-builder-workspace/.derivedData/Build/Intermediates.noindex/Ignition.build/Debug-watchos/Ignition-t.build/Objects-normal/arm64_32/Ignition-dependency-scan.dia -validate-clang-modules-once -clang-build-session-file /Users/admin/builder/spi-builder-workspace/.derivedData/ModuleCache.noindex/Session.modulevalidation -Xcc -fmodules-prune-interval\=86400 -Xcc -fmodules-prune-after\=345600 -package-name spi_builder_workspace -emit-const-values -const-gather-protocols-list /Users/admin/builder/spi-builder-workspace/.derivedData/Build/Intermediates.noindex/Ignition.build/Debug-watchos/Ignition-t.build/Objects-normal/arm64_32/Ignition_const_extract_protocols.json -Xcc -I/Users/admin/builder/spi-builder-workspace/.dependencies/checkouts/Engine/Sources/EngineCoreC/include -Xcc -I/Users/admin/builder/spi-builder-workspace/.derivedData/Build/Products/Debug-watchos/include -Xcc -I/Users/admin/builder/spi-builder-workspace/.derivedData/Build/Intermediates.noindex/Ignition.build/Debug-watchos/Ignition-t.build/DerivedSources-normal/arm64_32 -Xcc -I/Users/admin/builder/spi-builder-workspace/.derivedData/Build/Intermediates.noindex/Ignition.build/Debug-watchos/Ignition-t.build/DerivedSources/arm64_32 -Xcc -I/Users/admin/builder/spi-builder-workspace/.derivedData/Build/Intermediates.noindex/Ignition.build/Debug-watchos/Ignition-t.build/DerivedSources -Xcc -DSWIFT_PACKAGE -Xcc -DDEBUG\=1 -emit-objc-header -emit-objc-header-path /Users/admin/builder/spi-builder-workspace/.derivedData/Build/Intermediates.noindex/Ignition.build/Debug-watchos/Ignition-t.build/Objects-normal/arm64_32/Ignition-Swift.h -working-directory /Users/admin/builder/spi-builder-workspace/.swiftpm/xcode -experimental-emit-module-separately -disable-cmo
SwiftDriver Engine normal arm64_32 com.apple.xcode.tools.swift.compiler (in target 'Engine' from project 'Engine')
    cd /Users/admin/builder/spi-builder-workspace/.swiftpm/xcode
    builtin-SwiftDriver -- /Applications/Xcode-27.0.0-Release.Candidate.app/Contents/Developer/Toolchains/XcodeDefault.xctoolchain/usr/bin/swiftc -parse-as-library -module-name Engine -Onone @/Users/admin/builder/spi-builder-workspace/.derivedData/Build/Intermediates.noindex/Engine.build/Debug-watchos/Engine-t.build/Objects-normal/arm64_32/Engine.SwiftFileList -DSWIFT_PACKAGE -DDEBUG -DSWIFT_MODULE_RESOURCE_BUNDLE_UNAVAILABLE -Xcc -fmodule-map-file\=/Users/admin/builder/spi-builder-workspace/.derivedData/Build/Intermediates.noindex/GeneratedModuleMaps-watchos/EngineCoreC.modulemap -DXcode -plugin-path /Applications/Xcode-27.0.0-Release.Candidate.app/Contents/Developer/Toolchains/XcodeDefault.xctoolchain/usr/lib/swift/host/plugins/testing -enable-experimental-feature DebugDescriptionMacro -sdk /Applications/Xcode-27.0.0-Release.Candidate.app/Contents/Developer/Platforms/WatchOS.platform/Developer/SDKs/WatchOS27.0.sdk -target arm64_32-apple-watchos9.0 -g -module-cache-path /Users/admin/builder/spi-builder-workspace/.derivedData/ModuleCache.noindex -Xfrontend -serialize-debugging-options -enable-testing -suppress-warnings -index-store-path /Users/admin/builder/spi-builder-workspace/.derivedData/Index.noindex/DataStore -Xcc -D_LIBCPP_HARDENING_MODE\=_LIBCPP_HARDENING_MODE_DEBUG -swift-version 6 -I /Users/admin/builder/spi-builder-workspace/.derivedData/Build/Products/Debug-watchos -Isystem /Applications/Xcode-27.0.0-Release.Candidate.app/Contents/Developer/Platforms/WatchOS.platform/Developer/usr/lib -F /Users/admin/builder/spi-builder-workspace/.derivedData/Build/Products/Debug-watchos/PackageFrameworks -F /Users/admin/builder/spi-builder-workspace/.derivedData/Build/Products/Debug-watchos -F /Applications/Xcode-27.0.0-Release.Candidate.app/Contents/Developer/Platforms/WatchOS.platform/Developer/Library/Frameworks -F /Applications/Xcode-27.0.0-Release.Candidate.app/Contents/Developer/Platforms/WatchOS.platform/Developer/SDKs/WatchOS27.0.sdk/Developer/Library/Frameworks -c -j10 -enable-batch-mode -incremental -Xcc -ivfsstatcache -Xcc /Users/admin/builder/spi-builder-workspace/.derivedData/SDKStatCaches.noindex/watchos27.0-24R360-e829b21a6f8c9b70876ba0858053c04477534ef55a1706bf4c1112bbb242f0a2.sdkstatcache -output-file-map /Users/admin/builder/spi-builder-workspace/.derivedData/Build/Intermediates.noindex/Engine.build/Debug-watchos/Engine-t.build/Objects-normal/arm64_32/Engine-OutputFileMap.json -save-temps -no-color-diagnostics -explicit-module-build -module-cache-path /Users/admin/builder/spi-builder-workspace/.derivedData/Build/Intermediates.noindex/SwiftExplicitPrecompiledModules -clang-scanner-module-cache-path /Users/admin/builder/spi-builder-workspace/.derivedData/ModuleCache.noindex -sdk-module-cache-path /Users/admin/builder/spi-builder-workspace/.derivedData/SDKExplicitPrecompiledModules -emit-dependencies -emit-module -emit-module-path /Users/admin/builder/spi-builder-workspace/.derivedData/Build/Intermediates.noindex/Engine.build/Debug-watchos/Engine-t.build/Objects-normal/arm64_32/Engine.swiftmodule -serialize-diagnostics -dependency-scan-serialize-diagnostics-path /Users/admin/builder/spi-builder-workspace/.derivedData/Build/Intermediates.noindex/Engine.build/Debug-watchos/Engine-t.build/Objects-normal/arm64_32/Engine-dependency-scan.dia -user-module-version 2.18.0 -validate-clang-modules-once -clang-build-session-file /Users/admin/builder/spi-builder-workspace/.derivedData/ModuleCache.noindex/Session.modulevalidation -Xcc -fmodules-prune-interval\=86400 -Xcc -fmodules-prune-after\=345600 -package-name engine -emit-const-values -const-gather-protocols-list /Users/admin/builder/spi-builder-workspace/.derivedData/Build/Intermediates.noindex/Engine.build/Debug-watchos/Engine-t.build/Objects-normal/arm64_32/Engine_const_extract_protocols.json -Xcc -I/Users/admin/builder/spi-builder-workspace/.dependencies/checkouts/Engine/Sources/EngineCoreC/include -Xcc -I/Users/admin/builder/spi-builder-workspace/.derivedData/Build/Products/Debug-watchos/include -Xcc -I/Users/admin/builder/spi-builder-workspace/.derivedData/Build/Intermediates.noindex/Engine.build/Debug-watchos/Engine-t.build/DerivedSources-normal/arm64_32 -Xcc -I/Users/admin/builder/spi-builder-workspace/.derivedData/Build/Intermediates.noindex/Engine.build/Debug-watchos/Engine-t.build/DerivedSources/arm64_32 -Xcc -I/Users/admin/builder/spi-builder-workspace/.derivedData/Build/Intermediates.noindex/Engine.build/Debug-watchos/Engine-t.build/DerivedSources -Xcc -DSWIFT_PACKAGE -Xcc -DDEBUG\=1 -emit-objc-header -emit-objc-header-path /Users/admin/builder/spi-builder-workspace/.derivedData/Build/Intermediates.noindex/Engine.build/Debug-watchos/Engine-t.build/Objects-normal/arm64_32/Engine-Swift.h -working-directory /Users/admin/builder/spi-builder-workspace/.swiftpm/xcode -experimental-emit-module-separately -disable-cmo
SwiftDriver Ignition normal arm64 com.apple.xcode.tools.swift.compiler (in target 'Ignition' from project 'Ignition')
    cd /Users/admin/builder/spi-builder-workspace/.swiftpm/xcode
    builtin-SwiftDriver -- /Applications/Xcode-27.0.0-Release.Candidate.app/Contents/Developer/Toolchains/XcodeDefault.xctoolchain/usr/bin/swiftc -parse-as-library -module-name Ignition -Onone @/Users/admin/builder/spi-builder-workspace/.derivedData/Build/Intermediates.noindex/Ignition.build/Debug-watchos/Ignition-t.build/Objects-normal/arm64/Ignition.SwiftFileList -DSWIFT_PACKAGE -DDEBUG -DSWIFT_MODULE_RESOURCE_BUNDLE_UNAVAILABLE -Xcc -fmodule-map-file\=/Users/admin/builder/spi-builder-workspace/.derivedData/Build/Intermediates.noindex/GeneratedModuleMaps-watchos/EngineCoreC.modulemap -DXcode -plugin-path /Applications/Xcode-27.0.0-Release.Candidate.app/Contents/Developer/Toolchains/XcodeDefault.xctoolchain/usr/lib/swift/host/plugins/testing -enable-experimental-feature DebugDescriptionMacro -sdk /Applications/Xcode-27.0.0-Release.Candidate.app/Contents/Developer/Platforms/WatchOS.platform/Developer/SDKs/WatchOS27.0.sdk -target arm64-apple-watchos9.0 -g -module-cache-path /Users/admin/builder/spi-builder-workspace/.derivedData/ModuleCache.noindex -Xfrontend -serialize-debugging-options -enable-testing -index-store-path /Users/admin/builder/spi-builder-workspace/.derivedData/Index.noindex/DataStore -Xcc -D_LIBCPP_HARDENING_MODE\=_LIBCPP_HARDENING_MODE_DEBUG -swift-version 6 -I /Users/admin/builder/spi-builder-workspace/.derivedData/Build/Products/Debug-watchos -Isystem /Applications/Xcode-27.0.0-Release.Candidate.app/Contents/Developer/Platforms/WatchOS.platform/Developer/usr/lib -F /Users/admin/builder/spi-builder-workspace/.derivedData/Build/Products/Debug-watchos/PackageFrameworks -F /Users/admin/builder/spi-builder-workspace/.derivedData/Build/Products/Debug-watchos -F /Applications/Xcode-27.0.0-Release.Candidate.app/Contents/Developer/Platforms/WatchOS.platform/Developer/Library/Frameworks -F /Applications/Xcode-27.0.0-Release.Candidate.app/Contents/Developer/Platforms/WatchOS.platform/Developer/SDKs/WatchOS27.0.sdk/Developer/Library/Frameworks -c -j10 -enable-batch-mode -incremental -Xcc -ivfsstatcache -Xcc /Users/admin/builder/spi-builder-workspace/.derivedData/SDKStatCaches.noindex/watchos27.0-24R360-e829b21a6f8c9b70876ba0858053c04477534ef55a1706bf4c1112bbb242f0a2.sdkstatcache -output-file-map /Users/admin/builder/spi-builder-workspace/.derivedData/Build/Intermediates.noindex/Ignition.build/Debug-watchos/Ignition-t.build/Objects-normal/arm64/Ignition-OutputFileMap.json -save-temps -no-color-diagnostics -explicit-module-build -module-cache-path /Users/admin/builder/spi-builder-workspace/.derivedData/Build/Intermediates.noindex/SwiftExplicitPrecompiledModules -clang-scanner-module-cache-path /Users/admin/builder/spi-builder-workspace/.derivedData/ModuleCache.noindex -sdk-module-cache-path /Users/admin/builder/spi-builder-workspace/.derivedData/SDKExplicitPrecompiledModules -emit-dependencies -emit-module -emit-module-path /Users/admin/builder/spi-builder-workspace/.derivedData/Build/Intermediates.noindex/Ignition.build/Debug-watchos/Ignition-t.build/Objects-normal/arm64/Ignition.swiftmodule -serialize-diagnostics -dependency-scan-serialize-diagnostics-path /Users/admin/builder/spi-builder-workspace/.derivedData/Build/Intermediates.noindex/Ignition.build/Debug-watchos/Ignition-t.build/Objects-normal/arm64/Ignition-dependency-scan.dia -validate-clang-modules-once -clang-build-session-file /Users/admin/builder/spi-builder-workspace/.derivedData/ModuleCache.noindex/Session.modulevalidation -Xcc -fmodules-prune-interval\=86400 -Xcc -fmodules-prune-after\=345600 -package-name spi_builder_workspace -emit-const-values -const-gather-protocols-list /Users/admin/builder/spi-builder-workspace/.derivedData/Build/Intermediates.noindex/Ignition.build/Debug-watchos/Ignition-t.build/Objects-normal/arm64/Ignition_const_extract_protocols.json -Xcc -I/Users/admin/builder/spi-builder-workspace/.dependencies/checkouts/Engine/Sources/EngineCoreC/include -Xcc -I/Users/admin/builder/spi-builder-workspace/.derivedData/Build/Products/Debug-watchos/include -Xcc -I/Users/admin/builder/spi-builder-workspace/.derivedData/Build/Intermediates.noindex/Ignition.build/Debug-watchos/Ignition-t.build/DerivedSources-normal/arm64 -Xcc -I/Users/admin/builder/spi-builder-workspace/.derivedData/Build/Intermediates.noindex/Ignition.build/Debug-watchos/Ignition-t.build/DerivedSources/arm64 -Xcc -I/Users/admin/builder/spi-builder-workspace/.derivedData/Build/Intermediates.noindex/Ignition.build/Debug-watchos/Ignition-t.build/DerivedSources -Xcc -DSWIFT_PACKAGE -Xcc -DDEBUG\=1 -emit-objc-header -emit-objc-header-path /Users/admin/builder/spi-builder-workspace/.derivedData/Build/Intermediates.noindex/Ignition.build/Debug-watchos/Ignition-t.build/Objects-normal/arm64/Ignition-Swift.h -working-directory /Users/admin/builder/spi-builder-workspace/.swiftpm/xcode -experimental-emit-module-separately -disable-cmo
SwiftDriver Engine normal arm64 com.apple.xcode.tools.swift.compiler (in target 'Engine' from project 'Engine')
    cd /Users/admin/builder/spi-builder-workspace/.swiftpm/xcode
    builtin-SwiftDriver -- /Applications/Xcode-27.0.0-Release.Candidate.app/Contents/Developer/Toolchains/XcodeDefault.xctoolchain/usr/bin/swiftc -parse-as-library -module-name Engine -Onone @/Users/admin/builder/spi-builder-workspace/.derivedData/Build/Intermediates.noindex/Engine.build/Debug-watchos/Engine-t.build/Objects-normal/arm64/Engine.SwiftFileList -DSWIFT_PACKAGE -DDEBUG -DSWIFT_MODULE_RESOURCE_BUNDLE_UNAVAILABLE -Xcc -fmodule-map-file\=/Users/admin/builder/spi-builder-workspace/.derivedData/Build/Intermediates.noindex/GeneratedModuleMaps-watchos/EngineCoreC.modulemap -DXcode -plugin-path /Applications/Xcode-27.0.0-Release.Candidate.app/Contents/Developer/Toolchains/XcodeDefault.xctoolchain/usr/lib/swift/host/plugins/testing -enable-experimental-feature DebugDescriptionMacro -sdk /Applications/Xcode-27.0.0-Release.Candidate.app/Contents/Developer/Platforms/WatchOS.platform/Developer/SDKs/WatchOS27.0.sdk -target arm64-apple-watchos9.0 -g -module-cache-path /Users/admin/builder/spi-builder-workspace/.derivedData/ModuleCache.noindex -Xfrontend -serialize-debugging-options -enable-testing -suppress-warnings -index-store-path /Users/admin/builder/spi-builder-workspace/.derivedData/Index.noindex/DataStore -Xcc -D_LIBCPP_HARDENING_MODE\=_LIBCPP_HARDENING_MODE_DEBUG -swift-version 6 -I /Users/admin/builder/spi-builder-workspace/.derivedData/Build/Products/Debug-watchos -Isystem /Applications/Xcode-27.0.0-Release.Candidate.app/Contents/Developer/Platforms/WatchOS.platform/Developer/usr/lib -F /Users/admin/builder/spi-builder-workspace/.derivedData/Build/Products/Debug-watchos/PackageFrameworks -F /Users/admin/builder/spi-builder-workspace/.derivedData/Build/Products/Debug-watchos -F /Applications/Xcode-27.0.0-Release.Candidate.app/Contents/Developer/Platforms/WatchOS.platform/Developer/Library/Frameworks -F /Applications/Xcode-27.0.0-Release.Candidate.app/Contents/Developer/Platforms/WatchOS.platform/Developer/SDKs/WatchOS27.0.sdk/Developer/Library/Frameworks -c -j10 -enable-batch-mode -incremental -Xcc -ivfsstatcache -Xcc /Users/admin/builder/spi-builder-workspace/.derivedData/SDKStatCaches.noindex/watchos27.0-24R360-e829b21a6f8c9b70876ba0858053c04477534ef55a1706bf4c1112bbb242f0a2.sdkstatcache -output-file-map /Users/admin/builder/spi-builder-workspace/.derivedData/Build/Intermediates.noindex/Engine.build/Debug-watchos/Engine-t.build/Objects-normal/arm64/Engine-OutputFileMap.json -save-temps -no-color-diagnostics -explicit-module-build -module-cache-path /Users/admin/builder/spi-builder-workspace/.derivedData/Build/Intermediates.noindex/SwiftExplicitPrecompiledModules -clang-scanner-module-cache-path /Users/admin/builder/spi-builder-workspace/.derivedData/ModuleCache.noindex -sdk-module-cache-path /Users/admin/builder/spi-builder-workspace/.derivedData/SDKExplicitPrecompiledModules -emit-dependencies -emit-module -emit-module-path /Users/admin/builder/spi-builder-workspace/.derivedData/Build/Intermediates.noindex/Engine.build/Debug-watchos/Engine-t.build/Objects-normal/arm64/Engine.swiftmodule -serialize-diagnostics -dependency-scan-serialize-diagnostics-path /Users/admin/builder/spi-builder-workspace/.derivedData/Build/Intermediates.noindex/Engine.build/Debug-watchos/Engine-t.build/Objects-normal/arm64/Engine-dependency-scan.dia -user-module-version 2.18.0 -validate-clang-modules-once -clang-build-session-file /Users/admin/builder/spi-builder-workspace/.derivedData/ModuleCache.noindex/Session.modulevalidation -Xcc -fmodules-prune-interval\=86400 -Xcc -fmodules-prune-after\=345600 -package-name engine -emit-const-values -const-gather-protocols-list /Users/admin/builder/spi-builder-workspace/.derivedData/Build/Intermediates.noindex/Engine.build/Debug-watchos/Engine-t.build/Objects-normal/arm64/Engine_const_extract_protocols.json -Xcc -I/Users/admin/builder/spi-builder-workspace/.dependencies/checkouts/Engine/Sources/EngineCoreC/include -Xcc -I/Users/admin/builder/spi-builder-workspace/.derivedData/Build/Products/Debug-watchos/include -Xcc -I/Users/admin/builder/spi-builder-workspace/.derivedData/Build/Intermediates.noindex/Engine.build/Debug-watchos/Engine-t.build/DerivedSources-normal/arm64 -Xcc -I/Users/admin/builder/spi-builder-workspace/.derivedData/Build/Intermediates.noindex/Engine.build/Debug-watchos/Engine-t.build/DerivedSources/arm64 -Xcc -I/Users/admin/builder/spi-builder-workspace/.derivedData/Build/Intermediates.noindex/Engine.build/Debug-watchos/Engine-t.build/DerivedSources -Xcc -DSWIFT_PACKAGE -Xcc -DDEBUG\=1 -emit-objc-header -emit-objc-header-path /Users/admin/builder/spi-builder-workspace/.derivedData/Build/Intermediates.noindex/Engine.build/Debug-watchos/Engine-t.build/Objects-normal/arm64/Engine-Swift.h -working-directory /Users/admin/builder/spi-builder-workspace/.swiftpm/xcode -experimental-emit-module-separately -disable-cmo
SwiftCompile normal arm64 Compiling\ AlignmentGuide+Extensions.swift,\ AlignmentGuideOffsetModifier.swift,\ AllowedDynamicTypeSizeRangeModifier.swift,\ AnchoredPoint.swift,\ Angle+Extensions.swift,\ Animation+Extensions.swift,\ Animation+Resolved.swift,\ AnimationModifier.swift,\ AnyAnimatableData.swift,\ AnyShape.swift,\ AnyShapeStyle+Extensions.swift,\ AnyView.swift,\ AnyViewModifier.swift,\ AttributedString+Extensions.swift,\ AttributedStringReader.swift,\ AttributedText.swift /Users/admin/builder/spi-builder-workspace/.dependencies/checkouts/Engine/Sources/Engine/Sources/AlignmentGuide+Extensions.swift /Users/admin/builder/spi-builder-workspace/.dependencies/checkouts/Engine/Sources/Engine/Sources/AlignmentGuideOffsetModifier.swift /Users/admin/builder/spi-builder-workspace/.dependencies/checkouts/Engine/Sources/Engine/Sources/AllowedDynamicTypeSizeRangeModifier.swift /Users/admin/builder/spi-builder-workspace/.dependencies/checkouts/Engine/Sources/Engine/Sources/AnchoredPoint.swift /Users/admin/builder/spi-builder-workspace/.dependencies/checkouts/Engine/Sources/Engine/Sources/Angle+Extensions.swift /Users/admin/builder/spi-builder-workspace/.dependencies/checkouts/Engine/Sources/Engine/Sources/Animation+Extensions.swift /Users/admin/builder/spi-builder-workspace/.dependencies/checkouts/Engine/Sources/Engine/Sources/Animation+Resolved.swift /Users/admin/builder/spi-builder-workspace/.dependencies/checkouts/Engine/Sources/Engine/Sources/AnimationModifier.swift /Users/admin/builder/spi-builder-workspace/.dependencies/checkouts/Engine/Sources/Engine/Sources/AnyAnimatableData.swift /Users/admin/builder/spi-builder-workspace/.dependencies/checkouts/Engine/Sources/Engine/Sources/AnyShape.swift /Users/admin/builder/spi-builder-workspace/.dependencies/checkouts/Engine/Sources/Engine/Sources/AnyShapeStyle+Extensions.swift /Users/admin/builder/spi-builder-workspace/.dependencies/checkouts/Engine/Sources/Engine/Sources/AnyView.swift /Users/admin/builder/spi-builder-workspace/.dependencies/checkouts/Engine/Sources/Engine/Sources/AnyViewModifier.swift /Users/admin/builder/spi-builder-workspace/.dependencies/checkouts/Engine/Sources/Engine/Sources/AttributedString+Extensions.swift /Users/admin/builder/spi-builder-workspace/.dependencies/checkouts/Engine/Sources/Engine/Sources/AttributedStringReader.swift /Users/admin/builder/spi-builder-workspace/.dependencies/checkouts/Engine/Sources/Engine/Sources/AttributedText.swift (in target 'Engine' from project 'Engine')
SwiftCompile normal arm64 /Users/admin/builder/spi-builder-workspace/.dependencies/checkouts/Engine/Sources/Engine/Sources/AlignmentGuide+Extensions.swift (in target 'Engine' from project 'Engine')
    cd /Users/admin/builder/spi-builder-workspace/.swiftpm/xcode
    builtin-SwiftPerFileCompile AlignmentGuide+Extensions.swift
SwiftCompile normal arm64 /Users/admin/builder/spi-builder-workspace/.dependencies/checkouts/Engine/Sources/Engine/Sources/AlignmentGuideOffsetModifier.swift (in target 'Engine' from project 'Engine')
    cd /Users/admin/builder/spi-builder-workspace/.swiftpm/xcode
    builtin-SwiftPerFileCompile AlignmentGuideOffsetModifier.swift
SwiftCompile normal arm64 /Users/admin/builder/spi-builder-workspace/.dependencies/checkouts/Engine/Sources/Engine/Sources/AllowedDynamicTypeSizeRangeModifier.swift (in target 'Engine' from project 'Engine')
    cd /Users/admin/builder/spi-builder-workspace/.swiftpm/xcode
    builtin-SwiftPerFileCompile AllowedDynamicTypeSizeRangeModifier.swift
SwiftCompile normal arm64 /Users/admin/builder/spi-builder-workspace/.dependencies/checkouts/Engine/Sources/Engine/Sources/AnchoredPoint.swift (in target 'Engine' from project 'Engine')
    cd /Users/admin/builder/spi-builder-workspace/.swiftpm/xcode
    builtin-SwiftPerFileCompile AnchoredPoint.swift
SwiftCompile normal arm64 /Users/admin/builder/spi-builder-workspace/.dependencies/checkouts/Engine/Sources/Engine/Sources/Angle+Extensions.swift (in target 'Engine' from project 'Engine')
    cd /Users/admin/builder/spi-builder-workspace/.swiftpm/xcode
    builtin-SwiftPerFileCompile Angle+Extensions.swift
SwiftCompile normal arm64 /Users/admin/builder/spi-builder-workspace/.dependencies/checkouts/Engine/Sources/Engine/Sources/Animation+Extensions.swift (in target 'Engine' from project 'Engine')
    cd /Users/admin/builder/spi-builder-workspace/.swiftpm/xcode
    builtin-SwiftPerFileCompile Animation+Extensions.swift
SwiftCompile normal arm64 /Users/admin/builder/spi-builder-workspace/.dependencies/checkouts/Engine/Sources/Engine/Sources/Animation+Resolved.swift (in target 'Engine' from project 'Engine')
    cd /Users/admin/builder/spi-builder-workspace/.swiftpm/xcode
    builtin-SwiftPerFileCompile Animation+Resolved.swift
SwiftCompile normal arm64 /Users/admin/builder/spi-builder-workspace/.dependencies/checkouts/Engine/Sources/Engine/Sources/AnimationModifier.swift (in target 'Engine' from project 'Engine')
    cd /Users/admin/builder/spi-builder-workspace/.swiftpm/xcode
    builtin-SwiftPerFileCompile AnimationModifier.swift
SwiftCompile normal arm64 /Users/admin/builder/spi-builder-workspace/.dependencies/checkouts/Engine/Sources/Engine/Sources/AnyAnimatableData.swift (in target 'Engine' from project 'Engine')
    cd /Users/admin/builder/spi-builder-workspace/.swiftpm/xcode
    builtin-SwiftPerFileCompile AnyAnimatableData.swift
SwiftCompile normal arm64 /Users/admin/builder/spi-builder-workspace/.dependencies/checkouts/Engine/Sources/Engine/Sources/AnyShape.swift (in target 'Engine' from project 'Engine')
    cd /Users/admin/builder/spi-builder-workspace/.swiftpm/xcode
    builtin-SwiftPerFileCompile AnyShape.swift
SwiftCompile normal arm64 /Users/admin/builder/spi-builder-workspace/.dependencies/checkouts/Engine/Sources/Engine/Sources/AnyShapeStyle+Extensions.swift (in target 'Engine' from project 'Engine')
    cd /Users/admin/builder/spi-builder-workspace/.swiftpm/xcode
    builtin-SwiftPerFileCompile AnyShapeStyle+Extensions.swift
SwiftCompile normal arm64 /Users/admin/builder/spi-builder-workspace/.dependencies/checkouts/Engine/Sources/Engine/Sources/AnyView.swift (in target 'Engine' from project 'Engine')
    cd /Users/admin/builder/spi-builder-workspace/.swiftpm/xcode
    builtin-SwiftPerFileCompile AnyView.swift
SwiftCompile normal arm64 /Users/admin/builder/spi-builder-workspace/.dependencies/checkouts/Engine/Sources/Engine/Sources/AnyViewModifier.swift (in target 'Engine' from project 'Engine')
    cd /Users/admin/builder/spi-builder-workspace/.swiftpm/xcode
    builtin-SwiftPerFileCompile AnyViewModifier.swift
SwiftCompile normal arm64 /Users/admin/builder/spi-builder-workspace/.dependencies/checkouts/Engine/Sources/Engine/Sources/AttributedString+Extensions.swift (in target 'Engine' from project 'Engine')
    cd /Users/admin/builder/spi-builder-workspace/.swiftpm/xcode
    builtin-SwiftPerFileCompile AttributedString+Extensions.swift
SwiftCompile normal arm64 /Users/admin/builder/spi-builder-workspace/.dependencies/checkouts/Engine/Sources/Engine/Sources/AttributedStringReader.swift (in target 'Engine' from project 'Engine')
    cd /Users/admin/builder/spi-builder-workspace/.swiftpm/xcode
    builtin-SwiftPerFileCompile AttributedStringReader.swift
SwiftCompile normal arm64 /Users/admin/builder/spi-builder-workspace/.dependencies/checkouts/Engine/Sources/Engine/Sources/AttributedText.swift (in target 'Engine' from project 'Engine')
    cd /Users/admin/builder/spi-builder-workspace/.swiftpm/xcode
    builtin-SwiftPerFileCompile AttributedText.swift
SwiftCompile normal arm64 Compiling\ Group.swift,\ HostingController.swift,\ HostingRootView.swift,\ HostingView.swift,\ HostingViewRepresentable.swift,\ Image+Extensions.swift,\ ImageRendererAdapter.swift,\ InsetShape.swift,\ InvertedColorSchemeModifier.swift,\ InvertedMask.swift,\ Label+Extensions.swift,\ LabelBuilder.swift,\ LayoutAdapter.swift,\ LayoutBuilder.swift,\ LayoutSubview+Extensions.swift,\ LayoutThatFits.swift /Users/admin/builder/spi-builder-workspace/.dependencies/checkouts/Engine/Sources/Engine/Sources/Group.swift /Users/admin/builder/spi-builder-workspace/.dependencies/checkouts/Engine/Sources/Engine/Sources/HostingController.swift /Users/admin/builder/spi-builder-workspace/.dependencies/checkouts/Engine/Sources/Engine/Sources/HostingRootView.swift /Users/admin/builder/spi-builder-workspace/.dependencies/checkouts/Engine/Sources/Engine/Sources/HostingView.swift /Users/admin/builder/spi-builder-workspace/.dependencies/checkouts/Engine/Sources/Engine/Sources/HostingViewRepresentable.swift /Users/admin/builder/spi-builder-workspace/.dependencies/checkouts/Engine/Sources/Engine/Sources/Image+Extensions.swift /Users/admin/builder/spi-builder-workspace/.dependencies/checkouts/Engine/Sources/Engine/Sources/ImageRendererAdapter.swift /Users/admin/builder/spi-builder-workspace/.dependencies/checkouts/Engine/Sources/Engine/Sources/InsetShape.swift /Users/admin/builder/spi-builder-workspace/.dependencies/checkouts/Engine/Sources/Engine/Sources/InvertedColorSchemeModifier.swift /Users/admin/builder/spi-builder-workspace/.dependencies/checkouts/Engine/Sources/Engine/Sources/InvertedMask.swift /Users/admin/builder/spi-builder-workspace/.dependencies/checkouts/Engine/Sources/Engine/Sources/Label+Extensions.swift /Users/admin/builder/spi-builder-workspace/.dependencies/checkouts/Engine/Sources/Engine/Sources/LabelBuilder.swift /Users/admin/builder/spi-builder-workspace/.dependencies/checkouts/Engine/Sources/Engine/Sources/LayoutAdapter.swift /Users/admin/builder/spi-builder-workspace/.dependencies/checkouts/Engine/Sources/Engine/Sources/LayoutBuilder.swift /Users/admin/builder/spi-builder-workspace/.dependencies/checkouts/Engine/Sources/Engine/Sources/LayoutSubview+Extensions.swift /Users/admin/builder/spi-builder-workspace/.dependencies/checkouts/Engine/Sources/Engine/Sources/LayoutThatFits.swift (in target 'Engine' from project 'Engine')
SwiftCompile normal arm64 /Users/admin/builder/spi-builder-workspace/.dependencies/checkouts/Engine/Sources/Engine/Sources/Group.swift (in target 'Engine' from project 'Engine')
    cd /Users/admin/builder/spi-builder-workspace/.swiftpm/xcode
    builtin-SwiftPerFileCompile Group.swift
SwiftCompile normal arm64 /Users/admin/builder/spi-builder-workspace/.dependencies/checkouts/Engine/Sources/Engine/Sources/HostingController.swift (in target 'Engine' from project 'Engine')
    cd /Users/admin/builder/spi-builder-workspace/.swiftpm/xcode
    builtin-SwiftPerFileCompile HostingController.swift
SwiftCompile normal arm64 /Users/admin/builder/spi-builder-workspace/.dependencies/checkouts/Engine/Sources/Engine/Sources/HostingRootView.swift (in target 'Engine' from project 'Engine')
    cd /Users/admin/builder/spi-builder-workspace/.swiftpm/xcode
    builtin-SwiftPerFileCompile HostingRootView.swift
SwiftCompile normal arm64 /Users/admin/builder/spi-builder-workspace/.dependencies/checkouts/Engine/Sources/Engine/Sources/HostingView.swift (in target 'Engine' from project 'Engine')
    cd /Users/admin/builder/spi-builder-workspace/.swiftpm/xcode
    builtin-SwiftPerFileCompile HostingView.swift
SwiftCompile normal arm64 /Users/admin/builder/spi-builder-workspace/.dependencies/checkouts/Engine/Sources/Engine/Sources/HostingViewRepresentable.swift (in target 'Engine' from project 'Engine')
    cd /Users/admin/builder/spi-builder-workspace/.swiftpm/xcode
    builtin-SwiftPerFileCompile HostingViewRepresentable.swift
SwiftCompile normal arm64 /Users/admin/builder/spi-builder-workspace/.dependencies/checkouts/Engine/Sources/Engine/Sources/Image+Extensions.swift (in target 'Engine' from project 'Engine')
    cd /Users/admin/builder/spi-builder-workspace/.swiftpm/xcode
    builtin-SwiftPerFileCompile Image+Extensions.swift
SwiftCompile normal arm64 /Users/admin/builder/spi-builder-workspace/.dependencies/checkouts/Engine/Sources/Engine/Sources/ImageRendererAdapter.swift (in target 'Engine' from project 'Engine')
    cd /Users/admin/builder/spi-builder-workspace/.swiftpm/xcode
    builtin-SwiftPerFileCompile ImageRendererAdapter.swift
SwiftCompile normal arm64 /Users/admin/builder/spi-builder-workspace/.dependencies/checkouts/Engine/Sources/Engine/Sources/InsetShape.swift (in target 'Engine' from project 'Engine')
    cd /Users/admin/builder/spi-builder-workspace/.swiftpm/xcode
    builtin-SwiftPerFileCompile InsetShape.swift
SwiftCompile normal arm64 /Users/admin/builder/spi-builder-workspace/.dependencies/checkouts/Engine/Sources/Engine/Sources/InvertedColorSchemeModifier.swift (in target 'Engine' from project 'Engine')
    cd /Users/admin/builder/spi-builder-workspace/.swiftpm/xcode
    builtin-SwiftPerFileCompile InvertedColorSchemeModifier.swift
SwiftCompile normal arm64 /Users/admin/builder/spi-builder-workspace/.dependencies/checkouts/Engine/Sources/Engine/Sources/InvertedMask.swift (in target 'Engine' from project 'Engine')
    cd /Users/admin/builder/spi-builder-workspace/.swiftpm/xcode
    builtin-SwiftPerFileCompile InvertedMask.swift
SwiftCompile normal arm64 /Users/admin/builder/spi-builder-workspace/.dependencies/checkouts/Engine/Sources/Engine/Sources/Label+Extensions.swift (in target 'Engine' from project 'Engine')
    cd /Users/admin/builder/spi-builder-workspace/.swiftpm/xcode
    builtin-SwiftPerFileCompile Label+Extensions.swift
SwiftCompile normal arm64 /Users/admin/builder/spi-builder-workspace/.dependencies/checkouts/Engine/Sources/Engine/Sources/LabelBuilder.swift (in target 'Engine' from project 'Engine')
    cd /Users/admin/builder/spi-builder-workspace/.swiftpm/xcode
    builtin-SwiftPerFileCompile LabelBuilder.swift
SwiftCompile normal arm64 /Users/admin/builder/spi-builder-workspace/.dependencies/checkouts/Engine/Sources/Engine/Sources/LayoutAdapter.swift (in target 'Engine' from project 'Engine')
    cd /Users/admin/builder/spi-builder-workspace/.swiftpm/xcode
    builtin-SwiftPerFileCompile LayoutAdapter.swift
SwiftCompile normal arm64 /Users/admin/builder/spi-builder-workspace/.dependencies/checkouts/Engine/Sources/Engine/Sources/LayoutBuilder.swift (in target 'Engine' from project 'Engine')
    cd /Users/admin/builder/spi-builder-workspace/.swiftpm/xcode
    builtin-SwiftPerFileCompile LayoutBuilder.swift
SwiftCompile normal arm64 /Users/admin/builder/spi-builder-workspace/.dependencies/checkouts/Engine/Sources/Engine/Sources/LayoutSubview+Extensions.swift (in target 'Engine' from project 'Engine')
    cd /Users/admin/builder/spi-builder-workspace/.swiftpm/xcode
    builtin-SwiftPerFileCompile LayoutSubview+Extensions.swift
SwiftCompile normal arm64 /Users/admin/builder/spi-builder-workspace/.dependencies/checkouts/Engine/Sources/Engine/Sources/LayoutThatFits.swift (in target 'Engine' from project 'Engine')
    cd /Users/admin/builder/spi-builder-workspace/.swiftpm/xcode
    builtin-SwiftPerFileCompile LayoutThatFits.swift
SwiftEmitModule normal arm64 Emitting\ module\ for\ Engine (in target 'Engine' from project 'Engine')
SwiftCompile normal arm64 (in target 'Engine' from project 'Engine')
    cd /Users/admin/builder/spi-builder-workspace/.swiftpm/xcode

SwiftCompile normal arm64 Compiling\ ViewInputsCondition.swift,\ ViewInputsVisitor.swift,\ ViewModifierBuilder.swift,\ ViewModifierContent.swift,\ ViewModifierVisitor.swift,\ ViewOutputAlias.swift,\ ViewOutputKey.swift,\ ViewStackAxisReader.swift,\ ViewStyle.swift,\ ViewTraitKey.swift,\ ViewTraitKeyVisitor.swift,\ ViewUpdateDebug.swift,\ ViewVisitor.swift,\ WeakState.swift,\ module.swift /Users/admin/builder/spi-builder-workspace/.dependencies/checkouts/Engine/Sources/Engine/Sources/ViewInputsCondition.swift /Users/admin/builder/spi-builder-workspace/.dependencies/checkouts/Engine/Sources/Engine/Sources/ViewInputsVisitor.swift /Users/admin/builder/spi-builder-workspace/.dependencies/checkouts/Engine/Sources/Engine/Sources/ViewModifierBuilder.swift /Users/admin/builder/spi-builder-workspace/.dependencies/checkouts/Engine/Sources/Engine/Sources/ViewModifierContent.swift /Users/admin/builder/spi-builder-workspace/.dependencies/checkouts/Engine/Sources/Engine/Sources/ViewModifierVisitor.swift /Users/admin/builder/spi-builder-workspace/.dependencies/checkouts/Engine/Sources/Engine/Sources/ViewOutputAlias.swift /Users/admin/builder/spi-builder-workspace/.dependencies/checkouts/Engine/Sources/Engine/Sources/ViewOutputKey.swift /Users/admin/builder/spi-builder-workspace/.dependencies/checkouts/Engine/Sources/Engine/Sources/ViewStackAxisReader.swift /Users/admin/builder/spi-builder-workspace/.dependencies/checkouts/Engine/Sources/Engine/Sources/ViewStyle.swift /Users/admin/builder/spi-builder-workspace/.dependencies/checkouts/Engine/Sources/Engine/Sources/ViewTraitKey.swift /Users/admin/builder/spi-builder-workspace/.dependencies/checkouts/Engine/Sources/Engine/Sources/ViewTraitKeyVisitor.swift /Users/admin/builder/spi-builder-workspace/.dependencies/checkouts/Engine/Sources/Engine/Sources/ViewUpdateDebug.swift /Users/admin/builder/spi-builder-workspace/.dependencies/checkouts/Engine/Sources/Engine/Sources/ViewVisitor.swift /Users/admin/builder/spi-builder-workspace/.dependencies/checkouts/Engine/Sources/Engine/Sources/WeakState.swift /Users/admin/builder/spi-builder-workspace/.dependencies/checkouts/Engine/Sources/Engine/module.swift (in target 'Engine' from project 'Engine')
SwiftCompile normal arm64 /Users/admin/builder/spi-builder-workspace/.dependencies/checkouts/Engine/Sources/Engine/Sources/ViewInputsCondition.swift (in target 'Engine' from project 'Engine')
    cd /Users/admin/builder/spi-builder-workspace/.swiftpm/xcode
    builtin-SwiftPerFileCompile ViewInputsCondition.swift
SwiftCompile normal arm64 /Users/admin/builder/spi-builder-workspace/.dependencies/checkouts/Engine/Sources/Engine/Sources/ViewInputsVisitor.swift (in target 'Engine' from project 'Engine')
    cd /Users/admin/builder/spi-builder-workspace/.swiftpm/xcode
    builtin-SwiftPerFileCompile ViewInputsVisitor.swift
SwiftCompile normal arm64 /Users/admin/builder/spi-builder-workspace/.dependencies/checkouts/Engine/Sources/Engine/Sources/ViewModifierBuilder.swift (in target 'Engine' from project 'Engine')
    cd /Users/admin/builder/spi-builder-workspace/.swiftpm/xcode
    builtin-SwiftPerFileCompile ViewModifierBuilder.swift
SwiftCompile normal arm64 /Users/admin/builder/spi-builder-workspace/.dependencies/checkouts/Engine/Sources/Engine/Sources/ViewModifierContent.swift (in target 'Engine' from project 'Engine')
    cd /Users/admin/builder/spi-builder-workspace/.swiftpm/xcode
    builtin-SwiftPerFileCompile ViewModifierContent.swift
SwiftCompile normal arm64 /Users/admin/builder/spi-builder-workspace/.dependencies/checkouts/Engine/Sources/Engine/Sources/ViewModifierVisitor.swift (in target 'Engine' from project 'Engine')
    cd /Users/admin/builder/spi-builder-workspace/.swiftpm/xcode
    builtin-SwiftPerFileCompile ViewModifierVisitor.swift
SwiftCompile normal arm64 /Users/admin/builder/spi-builder-workspace/.dependencies/checkouts/Engine/Sources/Engine/Sources/ViewOutputAlias.swift (in target 'Engine' from project 'Engine')
    cd /Users/admin/builder/spi-builder-workspace/.swiftpm/xcode
    builtin-SwiftPerFileCompile ViewOutputAlias.swift
SwiftCompile normal arm64 /Users/admin/builder/spi-builder-workspace/.dependencies/checkouts/Engine/Sources/Engine/Sources/ViewOutputKey.swift (in target 'Engine' from project 'Engine')
    cd /Users/admin/builder/spi-builder-workspace/.swiftpm/xcode
    builtin-SwiftPerFileCompile ViewOutputKey.swift
SwiftCompile normal arm64 /Users/admin/builder/spi-builder-workspace/.dependencies/checkouts/Engine/Sources/Engine/Sources/ViewStackAxisReader.swift (in target 'Engine' from project 'Engine')
    cd /Users/admin/builder/spi-builder-workspace/.swiftpm/xcode
    builtin-SwiftPerFileCompile ViewStackAxisReader.swift
SwiftCompile normal arm64 /Users/admin/builder/spi-builder-workspace/.dependencies/checkouts/Engine/Sources/Engine/Sources/ViewStyle.swift (in target 'Engine' from project 'Engine')
    cd /Users/admin/builder/spi-builder-workspace/.swiftpm/xcode
    builtin-SwiftPerFileCompile ViewStyle.swift
SwiftCompile normal arm64 /Users/admin/builder/spi-builder-workspace/.dependencies/checkouts/Engine/Sources/Engine/Sources/ViewTraitKey.swift (in target 'Engine' from project 'Engine')
    cd /Users/admin/builder/spi-builder-workspace/.swiftpm/xcode
    builtin-SwiftPerFileCompile ViewTraitKey.swift
SwiftCompile normal arm64 /Users/admin/builder/spi-builder-workspace/.dependencies/checkouts/Engine/Sources/Engine/Sources/ViewTraitKeyVisitor.swift (in target 'Engine' from project 'Engine')
    cd /Users/admin/builder/spi-builder-workspace/.swiftpm/xcode
    builtin-SwiftPerFileCompile ViewTraitKeyVisitor.swift
SwiftCompile normal arm64 /Users/admin/builder/spi-builder-workspace/.dependencies/checkouts/Engine/Sources/Engine/Sources/ViewUpdateDebug.swift (in target 'Engine' from project 'Engine')
    cd /Users/admin/builder/spi-builder-workspace/.swiftpm/xcode
    builtin-SwiftPerFileCompile ViewUpdateDebug.swift
SwiftCompile normal arm64 /Users/admin/builder/spi-builder-workspace/.dependencies/checkouts/Engine/Sources/Engine/Sources/ViewVisitor.swift (in target 'Engine' from project 'Engine')
    cd /Users/admin/builder/spi-builder-workspace/.swiftpm/xcode
    builtin-SwiftPerFileCompile ViewVisitor.swift
SwiftCompile normal arm64 /Users/admin/builder/spi-builder-workspace/.dependencies/checkouts/Engine/Sources/Engine/Sources/WeakState.swift (in target 'Engine' from project 'Engine')
    cd /Users/admin/builder/spi-builder-workspace/.swiftpm/xcode
    builtin-SwiftPerFileCompile WeakState.swift
SwiftCompile normal arm64 /Users/admin/builder/spi-builder-workspace/.dependencies/checkouts/Engine/Sources/Engine/module.swift (in target 'Engine' from project 'Engine')
    cd /Users/admin/builder/spi-builder-workspace/.swiftpm/xcode
    builtin-SwiftPerFileCompile module.swift
SwiftCompile normal arm64 Compiling\ TextRenderer+Extensions.swift,\ TextRendererViewModifier.swift,\ Toggle+Extensions.swift,\ TraitValueKey.swift,\ Transaction.swift,\ TransactionModifier.swift,\ Transition+Extensions.swift,\ UnaryViewAdaptor.swift,\ UnaryViewModifier.swift,\ UnitPoint+Extensions.swift,\ UpdatePhase.swift,\ UserInterfaceIdiomContent.swift,\ UserInterfaceIdiomModifier.swift,\ VariadicAlignmentID.swift,\ VariadicView.swift /Users/admin/builder/spi-builder-workspace/.dependencies/checkouts/Engine/Sources/Engine/Sources/TextRenderer+Extensions.swift /Users/admin/builder/spi-builder-workspace/.dependencies/checkouts/Engine/Sources/Engine/Sources/TextRendererViewModifier.swift /Users/admin/builder/spi-builder-workspace/.dependencies/checkouts/Engine/Sources/Engine/Sources/Toggle+Extensions.swift /Users/admin/builder/spi-builder-workspace/.dependencies/checkouts/Engine/Sources/Engine/Sources/TraitValueKey.swift /Users/admin/builder/spi-builder-workspace/.dependencies/checkouts/Engine/Sources/Engine/Sources/Transaction.swift /Users/admin/builder/spi-builder-workspace/.dependencies/checkouts/Engine/Sources/Engine/Sources/TransactionModifier.swift /Users/admin/builder/spi-builder-workspace/.dependencies/checkouts/Engine/Sources/Engine/Sources/Transition+Extensions.swift /Users/admin/builder/spi-builder-workspace/.dependencies/checkouts/Engine/Sources/Engine/Sources/UnaryViewAdaptor.swift /Users/admin/builder/spi-builder-workspace/.dependencies/checkouts/Engine/Sources/Engine/Sources/UnaryViewModifier.swift /Users/admin/builder/spi-builder-workspace/.dependencies/checkouts/Engine/Sources/Engine/Sources/UnitPoint+Extensions.swift /Users/admin/builder/spi-builder-workspace/.dependencies/checkouts/Engine/Sources/Engine/Sources/UpdatePhase.swift /Users/admin/builder/spi-builder-workspace/.dependencies/checkouts/Engine/Sources/Engine/Sources/UserInterfaceIdiomContent.swift /Users/admin/builder/spi-builder-workspace/.dependencies/checkouts/Engine/Sources/Engine/Sources/UserInterfaceIdiomModifier.swift /Users/admin/builder/spi-builder-workspace/.dependencies/checkouts/Engine/Sources/Engine/Sources/VariadicAlignmentID.swift /Users/admin/builder/spi-builder-workspace/.dependencies/checkouts/Engine/Sources/Engine/Sources/VariadicView.swift (in target 'Engine' from project 'Engine')
SwiftCompile normal arm64 /Users/admin/builder/spi-builder-workspace/.dependencies/checkouts/Engine/Sources/Engine/Sources/TextRenderer+Extensions.swift (in target 'Engine' from project 'Engine')
    cd /Users/admin/builder/spi-builder-workspace/.swiftpm/xcode
    builtin-SwiftPerFileCompile TextRenderer+Extensions.swift
SwiftCompile normal arm64 /Users/admin/builder/spi-builder-workspace/.dependencies/checkouts/Engine/Sources/Engine/Sources/TextRendererViewModifier.swift (in target 'Engine' from project 'Engine')
    cd /Users/admin/builder/spi-builder-workspace/.swiftpm/xcode
    builtin-SwiftPerFileCompile TextRendererViewModifier.swift
SwiftCompile normal arm64 /Users/admin/builder/spi-builder-workspace/.dependencies/checkouts/Engine/Sources/Engine/Sources/Toggle+Extensions.swift (in target 'Engine' from project 'Engine')
    cd /Users/admin/builder/spi-builder-workspace/.swiftpm/xcode
    builtin-SwiftPerFileCompile Toggle+Extensions.swift
SwiftCompile normal arm64 /Users/admin/builder/spi-builder-workspace/.dependencies/checkouts/Engine/Sources/Engine/Sources/TraitValueKey.swift (in target 'Engine' from project 'Engine')
    cd /Users/admin/builder/spi-builder-workspace/.swiftpm/xcode
    builtin-SwiftPerFileCompile TraitValueKey.swift
SwiftCompile normal arm64 /Users/admin/builder/spi-builder-workspace/.dependencies/checkouts/Engine/Sources/Engine/Sources/Transaction.swift (in target 'Engine' from project 'Engine')
    cd /Users/admin/builder/spi-builder-workspace/.swiftpm/xcode
    builtin-SwiftPerFileCompile Transaction.swift
SwiftCompile normal arm64 /Users/admin/builder/spi-builder-workspace/.dependencies/checkouts/Engine/Sources/Engine/Sources/TransactionModifier.swift (in target 'Engine' from project 'Engine')
    cd /Users/admin/builder/spi-builder-workspace/.swiftpm/xcode
    builtin-SwiftPerFileCompile TransactionModifier.swift
SwiftCompile normal arm64 /Users/admin/builder/spi-builder-workspace/.dependencies/checkouts/Engine/Sources/Engine/Sources/Transition+Extensions.swift (in target 'Engine' from project 'Engine')
    cd /Users/admin/builder/spi-builder-workspace/.swiftpm/xcode
    builtin-SwiftPerFileCompile Transition+Extensions.swift
SwiftCompile normal arm64 /Users/admin/builder/spi-builder-workspace/.dependencies/checkouts/Engine/Sources/Engine/Sources/UnaryViewAdaptor.swift (in target 'Engine' from project 'Engine')
    cd /Users/admin/builder/spi-builder-workspace/.swiftpm/xcode
    builtin-SwiftPerFileCompile UnaryViewAdaptor.swift
SwiftCompile normal arm64 /Users/admin/builder/spi-builder-workspace/.dependencies/checkouts/Engine/Sources/Engine/Sources/UnaryViewModifier.swift (in target 'Engine' from project 'Engine')
    cd /Users/admin/builder/spi-builder-workspace/.swiftpm/xcode
    builtin-SwiftPerFileCompile UnaryViewModifier.swift
SwiftCompile normal arm64 /Users/admin/builder/spi-builder-workspace/.dependencies/checkouts/Engine/Sources/Engine/Sources/UnitPoint+Extensions.swift (in target 'Engine' from project 'Engine')
    cd /Users/admin/builder/spi-builder-workspace/.swiftpm/xcode
    builtin-SwiftPerFileCompile UnitPoint+Extensions.swift
SwiftCompile normal arm64 /Users/admin/builder/spi-builder-workspace/.dependencies/checkouts/Engine/Sources/Engine/Sources/UpdatePhase.swift (in target 'Engine' from project 'Engine')
    cd /Users/admin/builder/spi-builder-workspace/.swiftpm/xcode
    builtin-SwiftPerFileCompile UpdatePhase.swift
SwiftCompile normal arm64 /Users/admin/builder/spi-builder-workspace/.dependencies/checkouts/Engine/Sources/Engine/Sources/UserInterfaceIdiomContent.swift (in target 'Engine' from project 'Engine')
    cd /Users/admin/builder/spi-builder-workspace/.swiftpm/xcode
    builtin-SwiftPerFileCompile UserInterfaceIdiomContent.swift
SwiftCompile normal arm64 /Users/admin/builder/spi-builder-workspace/.dependencies/checkouts/Engine/Sources/Engine/Sources/UserInterfaceIdiomModifier.swift (in target 'Engine' from project 'Engine')
    cd /Users/admin/builder/spi-builder-workspace/.swiftpm/xcode
    builtin-SwiftPerFileCompile UserInterfaceIdiomModifier.swift
SwiftCompile normal arm64 /Users/admin/builder/spi-builder-workspace/.dependencies/checkouts/Engine/Sources/Engine/Sources/VariadicAlignmentID.swift (in target 'Engine' from project 'Engine')
    cd /Users/admin/builder/spi-builder-workspace/.swiftpm/xcode
    builtin-SwiftPerFileCompile VariadicAlignmentID.swift
SwiftCompile normal arm64 /Users/admin/builder/spi-builder-workspace/.dependencies/checkouts/Engine/Sources/Engine/Sources/VariadicView.swift (in target 'Engine' from project 'Engine')
    cd /Users/admin/builder/spi-builder-workspace/.swiftpm/xcode
    builtin-SwiftPerFileCompile VariadicView.swift
SwiftCompile normal arm64 Compiling\ PrimitiveView.swift,\ PrimitiveViewModifier.swift,\ PropertyList.swift,\ ProposedSize.swift,\ PublishedState.swift,\ PublishedStateOrBinding.swift,\ PublishedStateReader.swift,\ RedactedReasons+Extensions.swift,\ RotationEffect.swift,\ RoundedCornersRectangle.swift,\ SafeAreaInsetsModifier.swift,\ ScaleEffect.swift,\ SectionView.swift,\ ShapeAdapter.swift,\ ShapeBuilder.swift /Users/admin/builder/spi-builder-workspace/.dependencies/checkouts/Engine/Sources/Engine/Sources/PrimitiveView.swift /Users/admin/builder/spi-builder-workspace/.dependencies/checkouts/Engine/Sources/Engine/Sources/PrimitiveViewModifier.swift /Users/admin/builder/spi-builder-workspace/.dependencies/checkouts/Engine/Sources/Engine/Sources/PropertyList.swift /Users/admin/builder/spi-builder-workspace/.dependencies/checkouts/Engine/Sources/Engine/Sources/ProposedSize.swift /Users/admin/builder/spi-builder-workspace/.dependencies/checkouts/Engine/Sources/Engine/Sources/PublishedState.swift /Users/admin/builder/spi-builder-workspace/.dependencies/checkouts/Engine/Sources/Engine/Sources/PublishedStateOrBinding.swift /Users/admin/builder/spi-builder-workspace/.dependencies/checkouts/Engine/Sources/Engine/Sources/PublishedStateReader.swift /Users/admin/builder/spi-builder-workspace/.dependencies/checkouts/Engine/Sources/Engine/Sources/RedactedReasons+Extensions.swift /Users/admin/builder/spi-builder-workspace/.dependencies/checkouts/Engine/Sources/Engine/Sources/RotationEffect.swift /Users/admin/builder/spi-builder-workspace/.dependencies/checkouts/Engine/Sources/Engine/Sources/RoundedCornersRectangle.swift /Users/admin/builder/spi-builder-workspace/.dependencies/checkouts/Engine/Sources/Engine/Sources/SafeAreaInsetsModifier.swift /Users/admin/builder/spi-builder-workspace/.dependencies/checkouts/Engine/Sources/Engine/Sources/ScaleEffect.swift /Users/admin/builder/spi-builder-workspace/.dependencies/checkouts/Engine/Sources/Engine/Sources/SectionView.swift /Users/admin/builder/spi-builder-workspace/.dependencies/checkouts/Engine/Sources/Engine/Sources/ShapeAdapter.swift /Users/admin/builder/spi-builder-workspace/.dependencies/checkouts/Engine/Sources/Engine/Sources/ShapeBuilder.swift (in target 'Engine' from project 'Engine')
SwiftCompile normal arm64 /Users/admin/builder/spi-builder-workspace/.dependencies/checkouts/Engine/Sources/Engine/Sources/PrimitiveView.swift (in target 'Engine' from project 'Engine')
    cd /Users/admin/builder/spi-builder-workspace/.swiftpm/xcode
    builtin-SwiftPerFileCompile PrimitiveView.swift
SwiftCompile normal arm64 /Users/admin/builder/spi-builder-workspace/.dependencies/checkouts/Engine/Sources/Engine/Sources/PrimitiveViewModifier.swift (in target 'Engine' from project 'Engine')
    cd /Users/admin/builder/spi-builder-workspace/.swiftpm/xcode
    builtin-SwiftPerFileCompile PrimitiveViewModifier.swift
SwiftCompile normal arm64 /Users/admin/builder/spi-builder-workspace/.dependencies/checkouts/Engine/Sources/Engine/Sources/PropertyList.swift (in target 'Engine' from project 'Engine')
    cd /Users/admin/builder/spi-builder-workspace/.swiftpm/xcode
    builtin-SwiftPerFileCompile PropertyList.swift
SwiftCompile normal arm64 /Users/admin/builder/spi-builder-workspace/.dependencies/checkouts/Engine/Sources/Engine/Sources/ProposedSize.swift (in target 'Engine' from project 'Engine')
    cd /Users/admin/builder/spi-builder-workspace/.swiftpm/xcode
    builtin-SwiftPerFileCompile ProposedSize.swift
SwiftCompile normal arm64 /Users/admin/builder/spi-builder-workspace/.dependencies/checkouts/Engine/Sources/Engine/Sources/PublishedState.swift (in target 'Engine' from project 'Engine')
    cd /Users/admin/builder/spi-builder-workspace/.swiftpm/xcode
    builtin-SwiftPerFileCompile PublishedState.swift
SwiftCompile normal arm64 /Users/admin/builder/spi-builder-workspace/.dependencies/checkouts/Engine/Sources/Engine/Sources/PublishedStateOrBinding.swift (in target 'Engine' from project 'Engine')
    cd /Users/admin/builder/spi-builder-workspace/.swiftpm/xcode
    builtin-SwiftPerFileCompile PublishedStateOrBinding.swift
SwiftCompile normal arm64 /Users/admin/builder/spi-builder-workspace/.dependencies/checkouts/Engine/Sources/Engine/Sources/PublishedStateReader.swift (in target 'Engine' from project 'Engine')
    cd /Users/admin/builder/spi-builder-workspace/.swiftpm/xcode
    builtin-SwiftPerFileCompile PublishedStateReader.swift
SwiftCompile normal arm64 /Users/admin/builder/spi-builder-workspace/.dependencies/checkouts/Engine/Sources/Engine/Sources/RedactedReasons+Extensions.swift (in target 'Engine' from project 'Engine')
    cd /Users/admin/builder/spi-builder-workspace/.swiftpm/xcode
    builtin-SwiftPerFileCompile RedactedReasons+Extensions.swift
SwiftCompile normal arm64 /Users/admin/builder/spi-builder-workspace/.dependencies/checkouts/Engine/Sources/Engine/Sources/RotationEffect.swift (in target 'Engine' from project 'Engine')
    cd /Users/admin/builder/spi-builder-workspace/.swiftpm/xcode
    builtin-SwiftPerFileCompile RotationEffect.swift
SwiftCompile normal arm64 /Users/admin/builder/spi-builder-workspace/.dependencies/checkouts/Engine/Sources/Engine/Sources/RoundedCornersRectangle.swift (in target 'Engine' from project 'Engine')
    cd /Users/admin/builder/spi-builder-workspace/.swiftpm/xcode
    builtin-SwiftPerFileCompile RoundedCornersRectangle.swift
SwiftCompile normal arm64 /Users/admin/builder/spi-builder-workspace/.dependencies/checkouts/Engine/Sources/Engine/Sources/SafeAreaInsetsModifier.swift (in target 'Engine' from project 'Engine')
    cd /Users/admin/builder/spi-builder-workspace/.swiftpm/xcode
    builtin-SwiftPerFileCompile SafeAreaInsetsModifier.swift
SwiftCompile normal arm64 /Users/admin/builder/spi-builder-workspace/.dependencies/checkouts/Engine/Sources/Engine/Sources/ScaleEffect.swift (in target 'Engine' from project 'Engine')
    cd /Users/admin/builder/spi-builder-workspace/.swiftpm/xcode
    builtin-SwiftPerFileCompile ScaleEffect.swift
SwiftCompile normal arm64 /Users/admin/builder/spi-builder-workspace/.dependencies/checkouts/Engine/Sources/Engine/Sources/SectionView.swift (in target 'Engine' from project 'Engine')
    cd /Users/admin/builder/spi-builder-workspace/.swiftpm/xcode
    builtin-SwiftPerFileCompile SectionView.swift
SwiftCompile normal arm64 /Users/admin/builder/spi-builder-workspace/.dependencies/checkouts/Engine/Sources/Engine/Sources/ShapeAdapter.swift (in target 'Engine' from project 'Engine')
    cd /Users/admin/builder/spi-builder-workspace/.swiftpm/xcode
    builtin-SwiftPerFileCompile ShapeAdapter.swift
SwiftCompile normal arm64 /Users/admin/builder/spi-builder-workspace/.dependencies/checkouts/Engine/Sources/Engine/Sources/ShapeBuilder.swift (in target 'Engine' from project 'Engine')
    cd /Users/admin/builder/spi-builder-workspace/.swiftpm/xcode
    builtin-SwiftPerFileCompile ShapeBuilder.swift
SwiftCompile normal arm64 Compiling\ VariadicViewElementModifier.swift,\ VariadicViewHostingControllers.swift,\ VariadicViewSubviewModifier.swift,\ VersionedDynamicProperty.swift,\ VersionedView.swift,\ VersionedViewInput.swift,\ VersionedViewModifier.swift,\ View+Extensions.swift,\ ViewAdapter.swift,\ ViewAlias.swift,\ ViewControllerAdapter.swift,\ ViewInputConditionalContent.swift,\ ViewInputConditionalModifier.swift,\ ViewInputKey.swift,\ ViewInputs.swift /Users/admin/builder/spi-builder-workspace/.dependencies/checkouts/Engine/Sources/Engine/Sources/VariadicViewElementModifier.swift /Users/admin/builder/spi-builder-workspace/.dependencies/checkouts/Engine/Sources/Engine/Sources/VariadicViewHostingControllers.swift /Users/admin/builder/spi-builder-workspace/.dependencies/checkouts/Engine/Sources/Engine/Sources/VariadicViewSubviewModifier.swift /Users/admin/builder/spi-builder-workspace/.dependencies/checkouts/Engine/Sources/Engine/Sources/VersionedDynamicProperty.swift /Users/admin/builder/spi-builder-workspace/.dependencies/checkouts/Engine/Sources/Engine/Sources/VersionedView.swift /Users/admin/builder/spi-builder-workspace/.dependencies/checkouts/Engine/Sources/Engine/Sources/VersionedViewInput.swift /Users/admin/builder/spi-builder-workspace/.dependencies/checkouts/Engine/Sources/Engine/Sources/VersionedViewModifier.swift /Users/admin/builder/spi-builder-workspace/.dependencies/checkouts/Engine/Sources/Engine/Sources/View+Extensions.swift /Users/admin/builder/spi-builder-workspace/.dependencies/checkouts/Engine/Sources/Engine/Sources/ViewAdapter.swift /Users/admin/builder/spi-builder-workspace/.dependencies/checkouts/Engine/Sources/Engine/Sources/ViewAlias.swift /Users/admin/builder/spi-builder-workspace/.dependencies/checkouts/Engine/Sources/Engine/Sources/ViewControllerAdapter.swift /Users/admin/builder/spi-builder-workspace/.dependencies/checkouts/Engine/Sources/Engine/Sources/ViewInputConditionalContent.swift /Users/admin/builder/spi-builder-workspace/.dependencies/checkouts/Engine/Sources/Engine/Sources/ViewInputConditionalModifier.swift /Users/admin/builder/spi-builder-workspace/.dependencies/checkouts/Engine/Sources/Engine/Sources/ViewInputKey.swift /Users/admin/builder/spi-builder-workspace/.dependencies/checkouts/Engine/Sources/Engine/Sources/ViewInputs.swift (in target 'Engine' from project 'Engine')
SwiftCompile normal arm64 /Users/admin/builder/spi-builder-workspace/.dependencies/checkouts/Engine/Sources/Engine/Sources/VariadicViewElementModifier.swift (in target 'Engine' from project 'Engine')
    cd /Users/admin/builder/spi-builder-workspace/.swiftpm/xcode
    builtin-SwiftPerFileCompile VariadicViewElementModifier.swift
SwiftCompile normal arm64 /Users/admin/builder/spi-builder-workspace/.dependencies/checkouts/Engine/Sources/Engine/Sources/VariadicViewHostingControllers.swift (in target 'Engine' from project 'Engine')
    cd /Users/admin/builder/spi-builder-workspace/.swiftpm/xcode
    builtin-SwiftPerFileCompile VariadicViewHostingControllers.swift
SwiftCompile normal arm64 /Users/admin/builder/spi-builder-workspace/.dependencies/checkouts/Engine/Sources/Engine/Sources/VariadicViewSubviewModifier.swift (in target 'Engine' from project 'Engine')
    cd /Users/admin/builder/spi-builder-workspace/.swiftpm/xcode
    builtin-SwiftPerFileCompile VariadicViewSubviewModifier.swift
SwiftCompile normal arm64 /Users/admin/builder/spi-builder-workspace/.dependencies/checkouts/Engine/Sources/Engine/Sources/VersionedDynamicProperty.swift (in target 'Engine' from project 'Engine')
    cd /Users/admin/builder/spi-builder-workspace/.swiftpm/xcode
    builtin-SwiftPerFileCompile VersionedDynamicProperty.swift
SwiftCompile normal arm64 /Users/admin/builder/spi-builder-workspace/.dependencies/checkouts/Engine/Sources/Engine/Sources/VersionedView.swift (in target 'Engine' from project 'Engine')
    cd /Users/admin/builder/spi-builder-workspace/.swiftpm/xcode
    builtin-SwiftPerFileCompile VersionedView.swift
SwiftCompile normal arm64 /Users/admin/builder/spi-builder-workspace/.dependencies/checkouts/Engine/Sources/Engine/Sources/VersionedViewInput.swift (in target 'Engine' from project 'Engine')
    cd /Users/admin/builder/spi-builder-workspace/.swiftpm/xcode
    builtin-SwiftPerFileCompile VersionedViewInput.swift
SwiftCompile normal arm64 /Users/admin/builder/spi-builder-workspace/.dependencies/checkouts/Engine/Sources/Engine/Sources/VersionedViewModifier.swift (in target 'Engine' from project 'Engine')
    cd /Users/admin/builder/spi-builder-workspace/.swiftpm/xcode
    builtin-SwiftPerFileCompile VersionedViewModifier.swift
SwiftCompile normal arm64 /Users/admin/builder/spi-builder-workspace/.dependencies/checkouts/Engine/Sources/Engine/Sources/View+Extensions.swift (in target 'Engine' from project 'Engine')
    cd /Users/admin/builder/spi-builder-workspace/.swiftpm/xcode
    builtin-SwiftPerFileCompile View+Extensions.swift
SwiftCompile normal arm64 /Users/admin/builder/spi-builder-workspace/.dependencies/checkouts/Engine/Sources/Engine/Sources/ViewAdapter.swift (in target 'Engine' from project 'Engine')
    cd /Users/admin/builder/spi-builder-workspace/.swiftpm/xcode
    builtin-SwiftPerFileCompile ViewAdapter.swift
SwiftCompile normal arm64 /Users/admin/builder/spi-builder-workspace/.dependencies/checkouts/Engine/Sources/Engine/Sources/ViewAlias.swift (in target 'Engine' from project 'Engine')
    cd /Users/admin/builder/spi-builder-workspace/.swiftpm/xcode
    builtin-SwiftPerFileCompile ViewAlias.swift
SwiftCompile normal arm64 /Users/admin/builder/spi-builder-workspace/.dependencies/checkouts/Engine/Sources/Engine/Sources/ViewControllerAdapter.swift (in target 'Engine' from project 'Engine')
    cd /Users/admin/builder/spi-builder-workspace/.swiftpm/xcode
    builtin-SwiftPerFileCompile ViewControllerAdapter.swift
SwiftCompile normal arm64 /Users/admin/builder/spi-builder-workspace/.dependencies/checkouts/Engine/Sources/Engine/Sources/ViewInputConditionalContent.swift (in target 'Engine' from project 'Engine')
    cd /Users/admin/builder/spi-builder-workspace/.swiftpm/xcode
    builtin-SwiftPerFileCompile ViewInputConditionalContent.swift
SwiftCompile normal arm64 /Users/admin/builder/spi-builder-workspace/.dependencies/checkouts/Engine/Sources/Engine/Sources/ViewInputConditionalModifier.swift (in target 'Engine' from project 'Engine')
    cd /Users/admin/builder/spi-builder-workspace/.swiftpm/xcode
    builtin-SwiftPerFileCompile ViewInputConditionalModifier.swift
SwiftCompile normal arm64 /Users/admin/builder/spi-builder-workspace/.dependencies/checkouts/Engine/Sources/Engine/Sources/ViewInputKey.swift (in target 'Engine' from project 'Engine')
    cd /Users/admin/builder/spi-builder-workspace/.swiftpm/xcode
    builtin-SwiftPerFileCompile ViewInputKey.swift
SwiftCompile normal arm64 /Users/admin/builder/spi-builder-workspace/.dependencies/checkouts/Engine/Sources/Engine/Sources/ViewInputs.swift (in target 'Engine' from project 'Engine')
    cd /Users/admin/builder/spi-builder-workspace/.swiftpm/xcode
    builtin-SwiftPerFileCompile ViewInputs.swift
SwiftCompile normal arm64 Compiling\ LazyState.swift,\ Line.swift,\ Menu+Extensions.swift,\ MultiViewAdapter.swift,\ MultiViewVisitor.swift,\ Never.swift,\ OffsetEffect.swift,\ Optional+Extensions.swift,\ OptionalAdapter.swift,\ OptionalObservedObject.swift,\ OptionalShape.swift,\ OptionalStateObject.swift,\ Picker+Extensions.swift,\ PlatformTypealias.swift,\ PreferenceKeyReader.swift,\ PreferenceKeyWritingModifier.swift /Users/admin/builder/spi-builder-workspace/.dependencies/checkouts/Engine/Sources/Engine/Sources/LazyState.swift /Users/admin/builder/spi-builder-workspace/.dependencies/checkouts/Engine/Sources/Engine/Sources/Line.swift /Users/admin/builder/spi-builder-workspace/.dependencies/checkouts/Engine/Sources/Engine/Sources/Menu+Extensions.swift /Users/admin/builder/spi-builder-workspace/.dependencies/checkouts/Engine/Sources/Engine/Sources/MultiViewAdapter.swift /Users/admin/builder/spi-builder-workspace/.dependencies/checkouts/Engine/Sources/Engine/Sources/MultiViewVisitor.swift /Users/admin/builder/spi-builder-workspace/.dependencies/checkouts/Engine/Sources/Engine/Sources/Never.swift /Users/admin/builder/spi-builder-workspace/.dependencies/checkouts/Engine/Sources/Engine/Sources/OffsetEffect.swift /Users/admin/builder/spi-builder-workspace/.dependencies/checkouts/Engine/Sources/Engine/Sources/Optional+Extensions.swift /Users/admin/builder/spi-builder-workspace/.dependencies/checkouts/Engine/Sources/Engine/Sources/OptionalAdapter.swift /Users/admin/builder/spi-builder-workspace/.dependencies/checkouts/Engine/Sources/Engine/Sources/OptionalObservedObject.swift /Users/admin/builder/spi-builder-workspace/.dependencies/checkouts/Engine/Sources/Engine/Sources/OptionalShape.swift /Users/admin/builder/spi-builder-workspace/.dependencies/checkouts/Engine/Sources/Engine/Sources/OptionalStateObject.swift /Users/admin/builder/spi-builder-workspace/.dependencies/checkouts/Engine/Sources/Engine/Sources/Picker+Extensions.swift /Users/admin/builder/spi-builder-workspace/.dependencies/checkouts/Engine/Sources/Engine/Sources/PlatformTypealias.swift /Users/admin/builder/spi-builder-workspace/.dependencies/checkouts/Engine/Sources/Engine/Sources/PreferenceKeyReader.swift /Users/admin/builder/spi-builder-workspace/.dependencies/checkouts/Engine/Sources/Engine/Sources/PreferenceKeyWritingModifier.swift (in target 'Engine' from project 'Engine')
SwiftCompile normal arm64 /Users/admin/builder/spi-builder-workspace/.dependencies/checkouts/Engine/Sources/Engine/Sources/LazyState.swift (in target 'Engine' from project 'Engine')
    cd /Users/admin/builder/spi-builder-workspace/.swiftpm/xcode
    builtin-SwiftPerFileCompile LazyState.swift
SwiftCompile normal arm64 /Users/admin/builder/spi-builder-workspace/.dependencies/checkouts/Engine/Sources/Engine/Sources/Line.swift (in target 'Engine' from project 'Engine')
    cd /Users/admin/builder/spi-builder-workspace/.swiftpm/xcode
    builtin-SwiftPerFileCompile Line.swift
SwiftCompile normal arm64 /Users/admin/builder/spi-builder-workspace/.dependencies/checkouts/Engine/Sources/Engine/Sources/Menu+Extensions.swift (in target 'Engine' from project 'Engine')
    cd /Users/admin/builder/spi-builder-workspace/.swiftpm/xcode
    builtin-SwiftPerFileCompile Menu+Extensions.swift
SwiftCompile normal arm64 /Users/admin/builder/spi-builder-workspace/.dependencies/checkouts/Engine/Sources/Engine/Sources/MultiViewAdapter.swift (in target 'Engine' from project 'Engine')
    cd /Users/admin/builder/spi-builder-workspace/.swiftpm/xcode
    builtin-SwiftPerFileCompile MultiViewAdapter.swift
SwiftCompile normal arm64 /Users/admin/builder/spi-builder-workspace/.dependencies/checkouts/Engine/Sources/Engine/Sources/MultiViewVisitor.swift (in target 'Engine' from project 'Engine')
    cd /Users/admin/builder/spi-builder-workspace/.swiftpm/xcode
    builtin-SwiftPerFileCompile MultiViewVisitor.swift
SwiftCompile normal arm64 /Users/admin/builder/spi-builder-workspace/.dependencies/checkouts/Engine/Sources/Engine/Sources/Never.swift (in target 'Engine' from project 'Engine')
    cd /Users/admin/builder/spi-builder-workspace/.swiftpm/xcode
    builtin-SwiftPerFileCompile Never.swift
SwiftCompile normal arm64 /Users/admin/builder/spi-builder-workspace/.dependencies/checkouts/Engine/Sources/Engine/Sources/OffsetEffect.swift (in target 'Engine' from project 'Engine')
    cd /Users/admin/builder/spi-builder-workspace/.swiftpm/xcode
    builtin-SwiftPerFileCompile OffsetEffect.swift
SwiftCompile normal arm64 /Users/admin/builder/spi-builder-workspace/.dependencies/checkouts/Engine/Sources/Engine/Sources/Optional+Extensions.swift (in target 'Engine' from project 'Engine')
    cd /Users/admin/builder/spi-builder-workspace/.swiftpm/xcode
    builtin-SwiftPerFileCompile Optional+Extensions.swift
SwiftCompile normal arm64 /Users/admin/builder/spi-builder-workspace/.dependencies/checkouts/Engine/Sources/Engine/Sources/OptionalAdapter.swift (in target 'Engine' from project 'Engine')
    cd /Users/admin/builder/spi-builder-workspace/.swiftpm/xcode
    builtin-SwiftPerFileCompile OptionalAdapter.swift
SwiftCompile normal arm64 /Users/admin/builder/spi-builder-workspace/.dependencies/checkouts/Engine/Sources/Engine/Sources/OptionalObservedObject.swift (in target 'Engine' from project 'Engine')
    cd /Users/admin/builder/spi-builder-workspace/.swiftpm/xcode
    builtin-SwiftPerFileCompile OptionalObservedObject.swift
SwiftCompile normal arm64 /Users/admin/builder/spi-builder-workspace/.dependencies/checkouts/Engine/Sources/Engine/Sources/OptionalShape.swift (in target 'Engine' from project 'Engine')
    cd /Users/admin/builder/spi-builder-workspace/.swiftpm/xcode
    builtin-SwiftPerFileCompile OptionalShape.swift
SwiftCompile normal arm64 /Users/admin/builder/spi-builder-workspace/.dependencies/checkouts/Engine/Sources/Engine/Sources/OptionalStateObject.swift (in target 'Engine' from project 'Engine')
    cd /Users/admin/builder/spi-builder-workspace/.swiftpm/xcode
    builtin-SwiftPerFileCompile OptionalStateObject.swift
SwiftCompile normal arm64 /Users/admin/builder/spi-builder-workspace/.dependencies/checkouts/Engine/Sources/Engine/Sources/Picker+Extensions.swift (in target 'Engine' from project 'Engine')
    cd /Users/admin/builder/spi-builder-workspace/.swiftpm/xcode
    builtin-SwiftPerFileCompile Picker+Extensions.swift
SwiftCompile normal arm64 /Users/admin/builder/spi-builder-workspace/.dependencies/checkouts/Engine/Sources/Engine/Sources/PlatformTypealias.swift (in target 'Engine' from project 'Engine')
    cd /Users/admin/builder/spi-builder-workspace/.swiftpm/xcode
    builtin-SwiftPerFileCompile PlatformTypealias.swift
SwiftCompile normal arm64 /Users/admin/builder/spi-builder-workspace/.dependencies/checkouts/Engine/Sources/Engine/Sources/PreferenceKeyReader.swift (in target 'Engine' from project 'Engine')
    cd /Users/admin/builder/spi-builder-workspace/.swiftpm/xcode
    builtin-SwiftPerFileCompile PreferenceKeyReader.swift
SwiftCompile normal arm64 /Users/admin/builder/spi-builder-workspace/.dependencies/checkouts/Engine/Sources/Engine/Sources/PreferenceKeyWritingModifier.swift (in target 'Engine' from project 'Engine')
    cd /Users/admin/builder/spi-builder-workspace/.swiftpm/xcode
    builtin-SwiftPerFileCompile PreferenceKeyWritingModifier.swift
SwiftEmitModule normal arm64_32 Emitting\ module\ for\ Ignition (in target 'Ignition' from project 'Ignition')
SwiftCompile normal arm64_32 (in target 'Ignition' from project 'Ignition')
    cd /Users/admin/builder/spi-builder-workspace/.swiftpm/xcode

SwiftEmitModule normal arm64 Emitting\ module\ for\ Ignition (in target 'Ignition' from project 'Ignition')
SwiftCompile normal arm64 (in target 'Ignition' from project 'Ignition')
    cd /Users/admin/builder/spi-builder-workspace/.swiftpm/xcode

SwiftEmitModule normal arm64_32 Emitting\ module\ for\ Engine (in target 'Engine' from project 'Engine')
SwiftCompile normal arm64_32 (in target 'Engine' from project 'Engine')
    cd /Users/admin/builder/spi-builder-workspace/.swiftpm/xcode

SwiftDriverJobDiscovery normal arm64_32 Emitting module for Ignition (in target 'Ignition' from project 'Ignition')
SwiftDriver\ Compilation\ Requirements Ignition normal arm64_32 com.apple.xcode.tools.swift.compiler (in target 'Ignition' from project 'Ignition')
    cd /Users/admin/builder/spi-builder-workspace/.swiftpm/xcode
    builtin-Swift-Compilation-Requirements -- /Applications/Xcode-27.0.0-Release.Candidate.app/Contents/Developer/Toolchains/XcodeDefault.xctoolchain/usr/bin/swiftc -parse-as-library -module-name Ignition -Onone @/Users/admin/builder/spi-builder-workspace/.derivedData/Build/Intermediates.noindex/Ignition.build/Debug-watchos/Ignition-t.build/Objects-normal/arm64_32/Ignition.SwiftFileList -DSWIFT_PACKAGE -DDEBUG -DSWIFT_MODULE_RESOURCE_BUNDLE_UNAVAILABLE -Xcc -fmodule-map-file\=/Users/admin/builder/spi-builder-workspace/.derivedData/Build/Intermediates.noindex/GeneratedModuleMaps-watchos/EngineCoreC.modulemap -DXcode -plugin-path /Applications/Xcode-27.0.0-Release.Candidate.app/Contents/Developer/Toolchains/XcodeDefault.xctoolchain/usr/lib/swift/host/plugins/testing -enable-experimental-feature DebugDescriptionMacro -sdk /Applications/Xcode-27.0.0-Release.Candidate.app/Contents/Developer/Platforms/WatchOS.platform/Developer/SDKs/WatchOS27.0.sdk -target arm64_32-apple-watchos9.0 -g -module-cache-path /Users/admin/builder/spi-builder-workspace/.derivedData/ModuleCache.noindex -Xfrontend -serialize-debugging-options -enable-testing -index-store-path /Users/admin/builder/spi-builder-workspace/.derivedData/Index.noindex/DataStore -Xcc -D_LIBCPP_HARDENING_MODE\=_LIBCPP_HARDENING_MODE_DEBUG -swift-version 6 -I /Users/admin/builder/spi-builder-workspace/.derivedData/Build/Products/Debug-watchos -Isystem /Applications/Xcode-27.0.0-Release.Candidate.app/Contents/Developer/Platforms/WatchOS.platform/Developer/usr/lib -F /Users/admin/builder/spi-builder-workspace/.derivedData/Build/Products/Debug-watchos/PackageFrameworks -F /Users/admin/builder/spi-builder-workspace/.derivedData/Build/Products/Debug-watchos -F /Applications/Xcode-27.0.0-Release.Candidate.app/Contents/Developer/Platforms/WatchOS.platform/Developer/Library/Frameworks -F /Applications/Xcode-27.0.0-Release.Candidate.app/Contents/Developer/Platforms/WatchOS.platform/Developer/SDKs/WatchOS27.0.sdk/Developer/Library/Frameworks -c -j10 -enable-batch-mode -incremental -Xcc -ivfsstatcache -Xcc /Users/admin/builder/spi-builder-workspace/.derivedData/SDKStatCaches.noindex/watchos27.0-24R360-e829b21a6f8c9b70876ba0858053c04477534ef55a1706bf4c1112bbb242f0a2.sdkstatcache -output-file-map /Users/admin/builder/spi-builder-workspace/.derivedData/Build/Intermediates.noindex/Ignition.build/Debug-watchos/Ignition-t.build/Objects-normal/arm64_32/Ignition-OutputFileMap.json -save-temps -no-color-diagnostics -explicit-module-build -module-cache-path /Users/admin/builder/spi-builder-workspace/.derivedData/Build/Intermediates.noindex/SwiftExplicitPrecompiledModules -clang-scanner-module-cache-path /Users/admin/builder/spi-builder-workspace/.derivedData/ModuleCache.noindex -sdk-module-cache-path /Users/admin/builder/spi-builder-workspace/.derivedData/SDKExplicitPrecompiledModules -emit-dependencies -emit-module -emit-module-path /Users/admin/builder/spi-builder-workspace/.derivedData/Build/Intermediates.noindex/Ignition.build/Debug-watchos/Ignition-t.build/Objects-normal/arm64_32/Ignition.swiftmodule -serialize-diagnostics -dependency-scan-serialize-diagnostics-path /Users/admin/builder/spi-builder-workspace/.derivedData/Build/Intermediates.noindex/Ignition.build/Debug-watchos/Ignition-t.build/Objects-normal/arm64_32/Ignition-dependency-scan.dia -validate-clang-modules-once -clang-build-session-file /Users/admin/builder/spi-builder-workspace/.derivedData/ModuleCache.noindex/Session.modulevalidation -Xcc -fmodules-prune-interval\=86400 -Xcc -fmodules-prune-after\=345600 -package-name spi_builder_workspace -emit-const-values -const-gather-protocols-list /Users/admin/builder/spi-builder-workspace/.derivedData/Build/Intermediates.noindex/Ignition.build/Debug-watchos/Ignition-t.build/Objects-normal/arm64_32/Ignition_const_extract_protocols.json -Xcc -I/Users/admin/builder/spi-builder-workspace/.dependencies/checkouts/Engine/Sources/EngineCoreC/include -Xcc -I/Users/admin/builder/spi-builder-workspace/.derivedData/Build/Products/Debug-watchos/include -Xcc -I/Users/admin/builder/spi-builder-workspace/.derivedData/Build/Intermediates.noindex/Ignition.build/Debug-watchos/Ignition-t.build/DerivedSources-normal/arm64_32 -Xcc -I/Users/admin/builder/spi-builder-workspace/.derivedData/Build/Intermediates.noindex/Ignition.build/Debug-watchos/Ignition-t.build/DerivedSources/arm64_32 -Xcc -I/Users/admin/builder/spi-builder-workspace/.derivedData/Build/Intermediates.noindex/Ignition.build/Debug-watchos/Ignition-t.build/DerivedSources -Xcc -DSWIFT_PACKAGE -Xcc -DDEBUG\=1 -emit-objc-header -emit-objc-header-path /Users/admin/builder/spi-builder-workspace/.derivedData/Build/Intermediates.noindex/Ignition.build/Debug-watchos/Ignition-t.build/Objects-normal/arm64_32/Ignition-Swift.h -working-directory /Users/admin/builder/spi-builder-workspace/.swiftpm/xcode -experimental-emit-module-separately -disable-cmo
SwiftDriverJobDiscovery normal arm64 Emitting module for Ignition (in target 'Ignition' from project 'Ignition')
SwiftDriver\ Compilation\ Requirements Ignition normal arm64 com.apple.xcode.tools.swift.compiler (in target 'Ignition' from project 'Ignition')
    cd /Users/admin/builder/spi-builder-workspace/.swiftpm/xcode
    builtin-Swift-Compilation-Requirements -- /Applications/Xcode-27.0.0-Release.Candidate.app/Contents/Developer/Toolchains/XcodeDefault.xctoolchain/usr/bin/swiftc -parse-as-library -module-name Ignition -Onone @/Users/admin/builder/spi-builder-workspace/.derivedData/Build/Intermediates.noindex/Ignition.build/Debug-watchos/Ignition-t.build/Objects-normal/arm64/Ignition.SwiftFileList -DSWIFT_PACKAGE -DDEBUG -DSWIFT_MODULE_RESOURCE_BUNDLE_UNAVAILABLE -Xcc -fmodule-map-file\=/Users/admin/builder/spi-builder-workspace/.derivedData/Build/Intermediates.noindex/GeneratedModuleMaps-watchos/EngineCoreC.modulemap -DXcode -plugin-path /Applications/Xcode-27.0.0-Release.Candidate.app/Contents/Developer/Toolchains/XcodeDefault.xctoolchain/usr/lib/swift/host/plugins/testing -enable-experimental-feature DebugDescriptionMacro -sdk /Applications/Xcode-27.0.0-Release.Candidate.app/Contents/Developer/Platforms/WatchOS.platform/Developer/SDKs/WatchOS27.0.sdk -target arm64-apple-watchos9.0 -g -module-cache-path /Users/admin/builder/spi-builder-workspace/.derivedData/ModuleCache.noindex -Xfrontend -serialize-debugging-options -enable-testing -index-store-path /Users/admin/builder/spi-builder-workspace/.derivedData/Index.noindex/DataStore -Xcc -D_LIBCPP_HARDENING_MODE\=_LIBCPP_HARDENING_MODE_DEBUG -swift-version 6 -I /Users/admin/builder/spi-builder-workspace/.derivedData/Build/Products/Debug-watchos -Isystem /Applications/Xcode-27.0.0-Release.Candidate.app/Contents/Developer/Platforms/WatchOS.platform/Developer/usr/lib -F /Users/admin/builder/spi-builder-workspace/.derivedData/Build/Products/Debug-watchos/PackageFrameworks -F /Users/admin/builder/spi-builder-workspace/.derivedData/Build/Products/Debug-watchos -F /Applications/Xcode-27.0.0-Release.Candidate.app/Contents/Developer/Platforms/WatchOS.platform/Developer/Library/Frameworks -F /Applications/Xcode-27.0.0-Release.Candidate.app/Contents/Developer/Platforms/WatchOS.platform/Developer/SDKs/WatchOS27.0.sdk/Developer/Library/Frameworks -c -j10 -enable-batch-mode -incremental -Xcc -ivfsstatcache -Xcc /Users/admin/builder/spi-builder-workspace/.derivedData/SDKStatCaches.noindex/watchos27.0-24R360-e829b21a6f8c9b70876ba0858053c04477534ef55a1706bf4c1112bbb242f0a2.sdkstatcache -output-file-map /Users/admin/builder/spi-builder-workspace/.derivedData/Build/Intermediates.noindex/Ignition.build/Debug-watchos/Ignition-t.build/Objects-normal/arm64/Ignition-OutputFileMap.json -save-temps -no-color-diagnostics -explicit-module-build -module-cache-path /Users/admin/builder/spi-builder-workspace/.derivedData/Build/Intermediates.noindex/SwiftExplicitPrecompiledModules -clang-scanner-module-cache-path /Users/admin/builder/spi-builder-workspace/.derivedData/ModuleCache.noindex -sdk-module-cache-path /Users/admin/builder/spi-builder-workspace/.derivedData/SDKExplicitPrecompiledModules -emit-dependencies -emit-module -emit-module-path /Users/admin/builder/spi-builder-workspace/.derivedData/Build/Intermediates.noindex/Ignition.build/Debug-watchos/Ignition-t.build/Objects-normal/arm64/Ignition.swiftmodule -serialize-diagnostics -dependency-scan-serialize-diagnostics-path /Users/admin/builder/spi-builder-workspace/.derivedData/Build/Intermediates.noindex/Ignition.build/Debug-watchos/Ignition-t.build/Objects-normal/arm64/Ignition-dependency-scan.dia -validate-clang-modules-once -clang-build-session-file /Users/admin/builder/spi-builder-workspace/.derivedData/ModuleCache.noindex/Session.modulevalidation -Xcc -fmodules-prune-interval\=86400 -Xcc -fmodules-prune-after\=345600 -package-name spi_builder_workspace -emit-const-values -const-gather-protocols-list /Users/admin/builder/spi-builder-workspace/.derivedData/Build/Intermediates.noindex/Ignition.build/Debug-watchos/Ignition-t.build/Objects-normal/arm64/Ignition_const_extract_protocols.json -Xcc -I/Users/admin/builder/spi-builder-workspace/.dependencies/checkouts/Engine/Sources/EngineCoreC/include -Xcc -I/Users/admin/builder/spi-builder-workspace/.derivedData/Build/Products/Debug-watchos/include -Xcc -I/Users/admin/builder/spi-builder-workspace/.derivedData/Build/Intermediates.noindex/Ignition.build/Debug-watchos/Ignition-t.build/DerivedSources-normal/arm64 -Xcc -I/Users/admin/builder/spi-builder-workspace/.derivedData/Build/Intermediates.noindex/Ignition.build/Debug-watchos/Ignition-t.build/DerivedSources/arm64 -Xcc -I/Users/admin/builder/spi-builder-workspace/.derivedData/Build/Intermediates.noindex/Ignition.build/Debug-watchos/Ignition-t.build/DerivedSources -Xcc -DSWIFT_PACKAGE -Xcc -DDEBUG\=1 -emit-objc-header -emit-objc-header-path /Users/admin/builder/spi-builder-workspace/.derivedData/Build/Intermediates.noindex/Ignition.build/Debug-watchos/Ignition-t.build/Objects-normal/arm64/Ignition-Swift.h -working-directory /Users/admin/builder/spi-builder-workspace/.swiftpm/xcode -experimental-emit-module-separately -disable-cmo
Copy /Users/admin/builder/spi-builder-workspace/.derivedData/Build/Products/Debug-watchos/Ignition.swiftmodule/arm64_32-apple-watchos.swiftmodule /Users/admin/builder/spi-builder-workspace/.derivedData/Build/Intermediates.noindex/Ignition.build/Debug-watchos/Ignition-t.build/Objects-normal/arm64_32/Ignition.swiftmodule (in target 'Ignition' from project 'Ignition')
    cd /Users/admin/builder/spi-builder-workspace
    builtin-copy -exclude .DS_Store -exclude CVS -exclude .svn -exclude .git -exclude .hg -resolve-src-symlinks -rename /Users/admin/builder/spi-builder-workspace/.derivedData/Build/Intermediates.noindex/Ignition.build/Debug-watchos/Ignition-t.build/Objects-normal/arm64_32/Ignition.swiftmodule /Users/admin/builder/spi-builder-workspace/.derivedData/Build/Products/Debug-watchos/Ignition.swiftmodule/arm64_32-apple-watchos.swiftmodule
SwiftMergeGeneratedHeaders /Users/admin/builder/spi-builder-workspace/.derivedData/Build/Intermediates.noindex/GeneratedModuleMaps-watchos/Ignition-Swift.h /Users/admin/builder/spi-builder-workspace/.derivedData/Build/Intermediates.noindex/Ignition.build/Debug-watchos/Ignition-t.build/Objects-normal/arm64/Ignition-Swift.h /Users/admin/builder/spi-builder-workspace/.derivedData/Build/Intermediates.noindex/Ignition.build/Debug-watchos/Ignition-t.build/Objects-normal/arm64_32/Ignition-Swift.h (in target 'Ignition' from project 'Ignition')
    cd /Users/admin/builder/spi-builder-workspace
    builtin-swiftHeaderTool -arch arm64 /Users/admin/builder/spi-builder-workspace/.derivedData/Build/Intermediates.noindex/Ignition.build/Debug-watchos/Ignition-t.build/Objects-normal/arm64/Ignition-Swift.h -arch arm64_32 /Users/admin/builder/spi-builder-workspace/.derivedData/Build/Intermediates.noindex/Ignition.build/Debug-watchos/Ignition-t.build/Objects-normal/arm64_32/Ignition-Swift.h -o /Users/admin/builder/spi-builder-workspace/.derivedData/Build/Intermediates.noindex/GeneratedModuleMaps-watchos/Ignition-Swift.h
Copy /Users/admin/builder/spi-builder-workspace/.derivedData/Build/Products/Debug-watchos/Ignition.swiftmodule/arm64_32-apple-watchos.swiftdoc /Users/admin/builder/spi-builder-workspace/.derivedData/Build/Intermediates.noindex/Ignition.build/Debug-watchos/Ignition-t.build/Objects-normal/arm64_32/Ignition.swiftdoc (in target 'Ignition' from project 'Ignition')
    cd /Users/admin/builder/spi-builder-workspace
    builtin-copy -exclude .DS_Store -exclude CVS -exclude .svn -exclude .git -exclude .hg -resolve-src-symlinks -rename /Users/admin/builder/spi-builder-workspace/.derivedData/Build/Intermediates.noindex/Ignition.build/Debug-watchos/Ignition-t.build/Objects-normal/arm64_32/Ignition.swiftdoc /Users/admin/builder/spi-builder-workspace/.derivedData/Build/Products/Debug-watchos/Ignition.swiftmodule/arm64_32-apple-watchos.swiftdoc
Copy /Users/admin/builder/spi-builder-workspace/.derivedData/Build/Products/Debug-watchos/Ignition.swiftmodule/arm64_32-apple-watchos.abi.json /Users/admin/builder/spi-builder-workspace/.derivedData/Build/Intermediates.noindex/Ignition.build/Debug-watchos/Ignition-t.build/Objects-normal/arm64_32/Ignition.abi.json (in target 'Ignition' from project 'Ignition')
    cd /Users/admin/builder/spi-builder-workspace
    builtin-copy -exclude .DS_Store -exclude CVS -exclude .svn -exclude .git -exclude .hg -resolve-src-symlinks -rename /Users/admin/builder/spi-builder-workspace/.derivedData/Build/Intermediates.noindex/Ignition.build/Debug-watchos/Ignition-t.build/Objects-normal/arm64_32/Ignition.abi.json /Users/admin/builder/spi-builder-workspace/.derivedData/Build/Products/Debug-watchos/Ignition.swiftmodule/arm64_32-apple-watchos.abi.json
Copy /Users/admin/builder/spi-builder-workspace/.derivedData/Build/Products/Debug-watchos/Ignition.swiftmodule/arm64-apple-watchos.swiftmodule /Users/admin/builder/spi-builder-workspace/.derivedData/Build/Intermediates.noindex/Ignition.build/Debug-watchos/Ignition-t.build/Objects-normal/arm64/Ignition.swiftmodule (in target 'Ignition' from project 'Ignition')
    cd /Users/admin/builder/spi-builder-workspace
    builtin-copy -exclude .DS_Store -exclude CVS -exclude .svn -exclude .git -exclude .hg -resolve-src-symlinks -rename /Users/admin/builder/spi-builder-workspace/.derivedData/Build/Intermediates.noindex/Ignition.build/Debug-watchos/Ignition-t.build/Objects-normal/arm64/Ignition.swiftmodule /Users/admin/builder/spi-builder-workspace/.derivedData/Build/Products/Debug-watchos/Ignition.swiftmodule/arm64-apple-watchos.swiftmodule
Copy /Users/admin/builder/spi-builder-workspace/.derivedData/Build/Products/Debug-watchos/Ignition.swiftmodule/arm64-apple-watchos.swiftdoc /Users/admin/builder/spi-builder-workspace/.derivedData/Build/Intermediates.noindex/Ignition.build/Debug-watchos/Ignition-t.build/Objects-normal/arm64/Ignition.swiftdoc (in target 'Ignition' from project 'Ignition')
    cd /Users/admin/builder/spi-builder-workspace
    builtin-copy -exclude .DS_Store -exclude CVS -exclude .svn -exclude .git -exclude .hg -resolve-src-symlinks -rename /Users/admin/builder/spi-builder-workspace/.derivedData/Build/Intermediates.noindex/Ignition.build/Debug-watchos/Ignition-t.build/Objects-normal/arm64/Ignition.swiftdoc /Users/admin/builder/spi-builder-workspace/.derivedData/Build/Products/Debug-watchos/Ignition.swiftmodule/arm64-apple-watchos.swiftdoc
Copy /Users/admin/builder/spi-builder-workspace/.derivedData/Build/Products/Debug-watchos/Ignition.swiftmodule/arm64-apple-watchos.abi.json /Users/admin/builder/spi-builder-workspace/.derivedData/Build/Intermediates.noindex/Ignition.build/Debug-watchos/Ignition-t.build/Objects-normal/arm64/Ignition.abi.json (in target 'Ignition' from project 'Ignition')
    cd /Users/admin/builder/spi-builder-workspace
    builtin-copy -exclude .DS_Store -exclude CVS -exclude .svn -exclude .git -exclude .hg -resolve-src-symlinks -rename /Users/admin/builder/spi-builder-workspace/.derivedData/Build/Intermediates.noindex/Ignition.build/Debug-watchos/Ignition-t.build/Objects-normal/arm64/Ignition.abi.json /Users/admin/builder/spi-builder-workspace/.derivedData/Build/Products/Debug-watchos/Ignition.swiftmodule/arm64-apple-watchos.abi.json
Copy /Users/admin/builder/spi-builder-workspace/.derivedData/Build/Products/Debug-watchos/Ignition.swiftmodule/Project/arm64_32-apple-watchos.swiftsourceinfo /Users/admin/builder/spi-builder-workspace/.derivedData/Build/Intermediates.noindex/Ignition.build/Debug-watchos/Ignition-t.build/Objects-normal/arm64_32/Ignition.swiftsourceinfo (in target 'Ignition' from project 'Ignition')
    cd /Users/admin/builder/spi-builder-workspace
    builtin-copy -exclude .DS_Store -exclude CVS -exclude .svn -exclude .git -exclude .hg -resolve-src-symlinks -rename /Users/admin/builder/spi-builder-workspace/.derivedData/Build/Intermediates.noindex/Ignition.build/Debug-watchos/Ignition-t.build/Objects-normal/arm64_32/Ignition.swiftsourceinfo /Users/admin/builder/spi-builder-workspace/.derivedData/Build/Products/Debug-watchos/Ignition.swiftmodule/Project/arm64_32-apple-watchos.swiftsourceinfo
Copy /Users/admin/builder/spi-builder-workspace/.derivedData/Build/Products/Debug-watchos/Ignition.swiftmodule/Project/arm64-apple-watchos.swiftsourceinfo /Users/admin/builder/spi-builder-workspace/.derivedData/Build/Intermediates.noindex/Ignition.build/Debug-watchos/Ignition-t.build/Objects-normal/arm64/Ignition.swiftsourceinfo (in target 'Ignition' from project 'Ignition')
    cd /Users/admin/builder/spi-builder-workspace
    builtin-copy -exclude .DS_Store -exclude CVS -exclude .svn -exclude .git -exclude .hg -resolve-src-symlinks -rename /Users/admin/builder/spi-builder-workspace/.derivedData/Build/Intermediates.noindex/Ignition.build/Debug-watchos/Ignition-t.build/Objects-normal/arm64/Ignition.swiftsourceinfo /Users/admin/builder/spi-builder-workspace/.derivedData/Build/Products/Debug-watchos/Ignition.swiftmodule/Project/arm64-apple-watchos.swiftsourceinfo
SwiftCompile normal arm64 Compiling\ ViewEffectModifier.swift /Users/admin/builder/spi-builder-workspace/Sources/Ignition/ViewEffectModifier.swift (in target 'Ignition' from project 'Ignition')
SwiftCompile normal arm64 /Users/admin/builder/spi-builder-workspace/Sources/Ignition/ViewEffectModifier.swift (in target 'Ignition' from project 'Ignition')
    cd /Users/admin/builder/spi-builder-workspace/.swiftpm/xcode
    builtin-SwiftPerFileCompile ViewEffectModifier.swift
SwiftCompile normal arm64 Compiling\ OnChangeViewEffectModifier.swift /Users/admin/builder/spi-builder-workspace/Sources/Ignition/OnChangeViewEffectModifier.swift (in target 'Ignition' from project 'Ignition')
macro expansion @_StatePropertyWrapperStorage:13:5: error: function has wrong linkage to be called from init(effect:value:animation:isEnabled:)
`- /Users/admin/builder/spi-builder-workspace/Sources/Ignition/OnChangeViewEffectModifier.swift:22:36: note: expanded code originates here
 20 |     public var isEnabled: Bool
 21 |
 22 |     @State private var id: UInt = 0
    |     `- note: in expansion of macro 'State' on property 'id' here
    +--- macro expansion @State ----------------------------------------
    | 4 |         }))
    | 5 |
    | 6 | @SwiftUICore._StatePropertyWrapperStorage(initialValue: "JHM4SWduaXRpb24yNk9uQ2hhbmdlVmlld0VmZmVjdE1vZGlmaWVyVjJpZDMzXzFFOEUxRjJDNUU5RUZGOTdCNDk1ODJGREY3Mjc4MkNBTEw1U3RhdGVmTXBfMjBfaW5pdGlhbFN0b3JlZFZhbHVlX2ZNdV8=")
    |   | `- note: in expansion of macro '_StatePropertyWrapperStorage' on property '_id' here
    | 7 | private var _id: SwiftUICore.State<_>! = SwiftUICore._stateNil(of: {
    | 8 |         SwiftUICore.State<UInt>(initialValue: 0)
    | 9 |     })
    |   +--- macro expansion @_StatePropertyWrapperStorage -------------
    |   |11 |         SwiftUICore.State(initialValue: __id.wrappedValue)
    |   |12 |     }
    |   |13 |     set {
    |   |   |     `- error: function has wrong linkage to be called from init(effect:value:animation:isEnabled:)
    |   |14 |         if newValue != nil {
    |   |15 |             __id = SwiftUICore.State._makeStorage(initialValue: newValue.wrappedValue)
    |   +---------------------------------------------------------------
    |10 |
    |11 | @SwiftUICore._StateProjectedValue
    +-------------------------------------------------------------------
 23 |     @State private var isActive = false
 24 |
Failed frontend command:
/Applications/Xcode-27.0.0-Release.Candidate.app/Contents/Developer/Toolchains/XcodeDefault.xctoolchain/usr/bin/swift-frontend -frontend -c /Users/admin/builder/spi-builder-workspace/Sources/Ignition/BackgroundEffect.swift /Users/admin/builder/spi-builder-workspace/Sources/Ignition/BlurEffect.swift /Users/admin/builder/spi-builder-workspace/Sources/Ignition/ChangeEffectButtonStyle.swift /Users/admin/builder/spi-builder-workspace/Sources/Ignition/ConcatenatedEffect.swift /Users/admin/builder/spi-builder-workspace/Sources/Ignition/OffsetEffect.swift -primary-file /Users/admin/builder/spi-builder-workspace/Sources/Ignition/OnChangeViewEffectModifier.swift /Users/admin/builder/spi-builder-workspace/Sources/Ignition/OpacityEffect.swift /Users/admin/builder/spi-builder-workspace/Sources/Ignition/OverlayEffect.swift /Users/admin/builder/spi-builder-workspace/Sources/Ignition/RotationEffect.swift /Users/admin/builder/spi-builder-workspace/Sources/Ignition/ScaleEffect.swift /Users/admin/builder/spi-builder-workspace/Sources/Ignition/ScheduledViewEffectModifier.swift /Users/admin/builder/spi-builder-workspace/Sources/Ignition/ViewEffect.swift /Users/admin/builder/spi-builder-workspace/Sources/Ignition/ViewEffectAnimation.swift /Users/admin/builder/spi-builder-workspace/Sources/Ignition/ViewEffectModifier.swift -emit-dependencies-path /Users/admin/builder/spi-builder-workspace/.derivedData/Build/Intermediates.noindex/Ignition.build/Debug-watchos/Ignition-t.build/Objects-normal/arm64/OnChangeViewEffectModifier.d -emit-const-values-path /Users/admin/builder/spi-builder-workspace/.derivedData/Build/Intermediates.noindex/Ignition.build/Debug-watchos/Ignition-t.build/Objects-normal/arm64/OnChangeViewEffectModifier.swiftconstvalues -emit-reference-dependencies-path /Users/admin/builder/spi-builder-workspace/.derivedData/Build/Intermediates.noindex/Ignition.build/Debug-watchos/Ignition-t.build/Objects-normal/arm64/OnChangeViewEffectModifier.swiftdeps -serialize-diagnostics-path /Users/admin/builder/spi-builder-workspace/.derivedData/Build/Intermediates.noindex/Ignition.build/Debug-watchos/Ignition-t.build/Objects-normal/arm64/OnChangeViewEffectModifier.dia -target arm64-apple-watchos9.0 -disable-cross-import-overlay-search -load-resolved-plugin /Applications/Xcode-27.0.0-Release.Candidate.app/Contents/Developer/Platforms/WatchOS.platform/Developer/usr/lib/swift/host/plugins/libFoundationMacros.dylib\#/Applications/Xcode-27.0.0-Release.Candidate.app/Contents/Developer/Platforms/WatchOS.platform/Developer/usr/bin/swift-plugin-server\#FoundationMacros -load-resolved-plugin /Applications/Xcode-27.0.0-Release.Candidate.app/Contents/Developer/Platforms/WatchOS.platform/Developer/usr/lib/swift/host/plugins/libObservationMacros.dylib\#/Applications/Xcode-27.0.0-Release.Candidate.app/Contents/Developer/Platforms/WatchOS.platform/Developer/usr/bin/swift-plugin-server\#ObservationMacros -load-resolved-plugin /Applications/Xcode-27.0.0-Release.Candidate.app/Contents/Developer/Platforms/WatchOS.platform/Developer/usr/lib/swift/host/plugins/libPreviewsMacros.dylib\#/Applications/Xcode-27.0.0-Release.Candidate.app/Contents/Developer/Platforms/WatchOS.platform/Developer/usr/bin/swift-plugin-server\#PreviewsMacros -load-resolved-plugin /Applications/Xcode-27.0.0-Release.Candidate.app/Contents/Developer/Platforms/WatchOS.platform/Developer/usr/lib/swift/host/plugins/libSwiftMacros.dylib\#/Applications/Xcode-27.0.0-Release.Candidate.app/Contents/Developer/Platforms/WatchOS.platform/Developer/usr/bin/swift-plugin-server\#SwiftMacros -load-resolved-plugin /Applications/Xcode-27.0.0-Release.Candidate.app/Contents/Developer/Platforms/WatchOS.platform/Developer/usr/lib/swift/host/plugins/libSwiftUIMacros.dylib\#/Applications/Xcode-27.0.0-Release.Candidate.app/Contents/Developer/Platforms/WatchOS.platform/Developer/usr/bin/swift-plugin-server\#SwiftUIMacros -disable-implicit-swift-modules -Xcc -fno-implicit-modules -Xcc -fno-implicit-module-maps -explicit-swift-module-map-file /Users/admin/builder/spi-builder-workspace/.derivedData/Build/Intermediates.noindex/Ignition.build/Debug-watchos/Ignition-t.build/Objects-normal/arm64/Ignition-dependencies-2.json -Xllvm -aarch64-use-tbi -enable-objc-interop -stack-check -sdk /Applications/Xcode-27.0.0-Release.Candidate.app/Contents/Developer/Platforms/WatchOS.platform/Developer/SDKs/WatchOS27.0.sdk -I /Users/admin/builder/spi-builder-workspace/.derivedData/Build/Products/Debug-watchos -Isystem /Applications/Xcode-27.0.0-Release.Candidate.app/Contents/Developer/Platforms/WatchOS.platform/Developer/usr/lib -F /Users/admin/builder/spi-builder-workspace/.derivedData/Build/Products/Debug-watchos/PackageFrameworks -F /Users/admin/builder/spi-builder-workspace/.derivedData/Build/Products/Debug-watchos -F /Applications/Xcode-27.0.0-Release.Candidate.app/Contents/Developer/Platforms/WatchOS.platform/Developer/Library/Frameworks -F /Applications/Xcode-27.0.0-Release.Candidate.app/Contents/Developer/Platforms/WatchOS.platform/Developer/SDKs/WatchOS27.0.sdk/Developer/Library/Frameworks -module-cache-path /Users/admin/builder/spi-builder-workspace/.derivedData/Build/Intermediates.noindex/SwiftExplicitPrecompiledModules -no-color-diagnostics -Xcc -fno-color-diagnostics -enable-testing -g -debug-info-format\=dwarf -dwarf-version\=4 -swift-version 6 -Onone -D SWIFT_PACKAGE -D DEBUG -D SWIFT_MODULE_RESOURCE_BUNDLE_UNAVAILABLE -D Xcode -serialize-debugging-options -enable-experimental-feature DebugDescriptionMacro -empty-abi-descriptor -validate-clang-modules-once -clang-build-session-file /Users/admin/builder/spi-builder-workspace/.derivedData/ModuleCache.noindex/Session.modulevalidation -Xcc -working-directory -Xcc /Users/admin/builder/spi-builder-workspace/.swiftpm/xcode -enable-anonymous-context-mangled-names -file-compilation-dir /Users/admin/builder/spi-builder-workspace/.swiftpm/xcode -Xcc -fmodule-map-file\=/Users/admin/builder/spi-builder-workspace/.derivedData/Build/Intermediates.noindex/GeneratedModuleMaps-watchos/EngineCoreC.modulemap -Xcc -D_LIBCPP_HARDENING_MODE\=_LIBCPP_HARDENING_MODE_DEBUG -Xcc -ivfsstatcache -Xcc /Users/admin/builder/spi-builder-workspace/.derivedData/SDKStatCaches.noindex/watchos27.0-24R360-e829b21a6f8c9b70876ba0858053c04477534ef55a1706bf4c1112bbb242f0a2.sdkstatcache -Xcc -fmodules-prune-interval\=86400 -Xcc -fmodules-prune-after\=345600 -Xcc -I/Users/admin/builder/spi-builder-workspace/.dependencies/checkouts/Engine/Sources/EngineCoreC/include -Xcc -I/Users/admin/builder/spi-builder-workspace/.derivedData/Build/Products/Debug-watchos/include -Xcc -I/Users/admin/builder/spi-builder-workspace/.derivedData/Build/Intermediates.noindex/Ignition.build/Debug-watchos/Ignition-t.build/DerivedSources-normal/arm64 -Xcc -I/Users/admin/builder/spi-builder-workspace/.derivedData/Build/Intermediates.noindex/Ignition.build/Debug-watchos/Ignition-t.build/DerivedSources/arm64 -Xcc -I/Users/admin/builder/spi-builder-workspace/.derivedData/Build/Intermediates.noindex/Ignition.build/Debug-watchos/Ignition-t.build/DerivedSources -Xcc -DSWIFT_PACKAGE -Xcc -DDEBUG\=1 -no-auto-bridging-header-chaining -module-name Ignition -package-name spi_builder_workspace -const-gather-protocols-file /Users/admin/builder/spi-builder-workspace/.derivedData/Build/Intermediates.noindex/Ignition.build/Debug-watchos/Ignition-t.build/Objects-normal/arm64/Ignition_const_extract_protocols.json -disable-clang-spi -clang-target arm64-apple-watchos27.0 -target-sdk-version 27.0 -target-sdk-name watchos27.0 -in-process-plugin-server-path /Applications/Xcode-27.0.0-Release.Candidate.app/Contents/Developer/Toolchains/XcodeDefault.xctoolchain/usr/lib/swift/host/libSwiftInProcPluginServer.dylib -parse-as-library -o /Users/admin/builder/spi-builder-workspace/.derivedData/Build/Intermediates.noindex/Ignition.build/Debug-watchos/Ignition-t.build/Objects-normal/arm64/OnChangeViewEffectModifier.o -debug-module-path /Users/admin/builder/spi-builder-workspace/.derivedData/Build/Intermediates.noindex/Ignition.build/Debug-watchos/Ignition-t.build/Objects-normal/arm64/Ignition.swiftmodule -index-unit-output-path /Ignition.build/Debug-watchos/Ignition-t.build/Objects-normal/arm64/OnChangeViewEffectModifier.o -index-store-path /Users/admin/builder/spi-builder-workspace/.derivedData/Index.noindex/DataStore -index-system-modules
SwiftCompile normal arm64 /Users/admin/builder/spi-builder-workspace/Sources/Ignition/OnChangeViewEffectModifier.swift (in target 'Ignition' from project 'Ignition')
    cd /Users/admin/builder/spi-builder-workspace/.swiftpm/xcode
    builtin-SwiftPerFileCompile OnChangeViewEffectModifier.swift
SwiftDriverJobDiscovery normal arm64 Compiling ViewEffectModifier.swift (in target 'Ignition' from project 'Ignition')
SwiftCompile normal arm64 Compiling\ ChangeEffectButtonStyle.swift /Users/admin/builder/spi-builder-workspace/Sources/Ignition/ChangeEffectButtonStyle.swift (in target 'Ignition' from project 'Ignition')
SwiftCompile normal arm64 /Users/admin/builder/spi-builder-workspace/Sources/Ignition/ChangeEffectButtonStyle.swift (in target 'Ignition' from project 'Ignition')
    cd /Users/admin/builder/spi-builder-workspace/.swiftpm/xcode
    builtin-SwiftPerFileCompile ChangeEffectButtonStyle.swift
PruneExplicitPrecompiledModules /Users/admin/builder/spi-builder-workspace/.derivedData/Build/Intermediates.noindex/SwiftExplicitPrecompiledModules
PruneExplicitPrecompiledModules /Users/admin/builder/spi-builder-workspace/.derivedData/SDKExplicitPrecompiledModules
PruneExplicitPrecompiledModules /Users/admin/builder/spi-builder-workspace/.derivedData/Build/Intermediates.noindex/ExplicitPrecompiledModules
2026-09-22 16:01:00.169 xcodebuild[1002:6135] [MT] IDERunDestination: Supported platforms for the buildables in the current scheme is empty.
** BUILD FAILED **
The following build commands failed:
	SwiftCompile normal arm64 Compiling\ OnChangeViewEffectModifier.swift /Users/admin/builder/spi-builder-workspace/Sources/Ignition/OnChangeViewEffectModifier.swift (in target 'Ignition' from project 'Ignition')
	SwiftCompile normal arm64 /Users/admin/builder/spi-builder-workspace/Sources/Ignition/OnChangeViewEffectModifier.swift (in target 'Ignition' from project 'Ignition')
	Building workspace Ignition with scheme Ignition
(3 failures)
BUILD FAILURE 6.4 watchOS