Build Information
Failed to build VDTransition, reference main (0f3933), with Swift 6.1 for watchOS using Xcode 16.3 on 3 Oct 2026 15:20:48 UTC.
Build Command
env DEVELOPER_DIR=/Applications/Xcode-16.3.0.app xcrun xcodebuild -IDEClonedSourcePackagesDirPathOverride=$PWD/.dependencies -skipMacroValidation -skipPackagePluginValidation -derivedDataPath $PWD/.derivedData build -scheme VDTransition -destination generic/platform=watchOSBuild Log
========================================
RunAll
========================================
Builder version: 5.1.1
Interrupt handler set up.
========================================
Checkout
========================================
Clone URL: https://github.com/dankinsoid/VDTransition.git
Reference: main
Initialized empty Git repository in /Users/admin/builder/spi-builder-workspace/.git/
From https://github.com/dankinsoid/VDTransition
* branch main -> FETCH_HEAD
* [new branch] main -> origin/main
HEAD is now at 0f39339 Save work in progress before handing over the machine
Cloned https://github.com/dankinsoid/VDTransition.git
Revision (git rev-parse @):
0f393394b93c44d2443b7fe96df07ad705ef060c
SPI manifest file found: $PWD/.spi.yml
SUCCESS checkout https://github.com/dankinsoid/VDTransition.git at main
========================================
Build
========================================
Selected platform: watchOS
Swift version: 6.1
Building package at path: $PWD
https://github.com/dankinsoid/VDTransition.git
https://github.com/dankinsoid/VDTransition.git
{
"dependencies" : [
{
"identity" : "swift-docc-plugin",
"requirement" : {
"range" : [
{
"lower_bound" : "1.0.0",
"upper_bound" : "2.0.0"
}
]
},
"type" : "sourceControl",
"url" : "https://github.com/apple/swift-docc-plugin"
}
],
"manifest_display_name" : "VDTransition",
"name" : "VDTransition",
"path" : "/Users/admin/builder/spi-builder-workspace",
"platforms" : [
{
"name" : "macos",
"version" : "10.15"
},
{
"name" : "ios",
"version" : "13.0"
}
],
"products" : [
{
"name" : "VDTransition",
"targets" : [
"VDTransition"
],
"type" : {
"library" : [
"automatic"
]
}
}
],
"targets" : [
{
"c99name" : "VDTransitionTests",
"module_type" : "SwiftTarget",
"name" : "VDTransitionTests",
"path" : "Tests/VDTransitionTests",
"sources" : [
"UITransitionTests.swift"
],
"target_dependencies" : [
"VDTransition"
],
"type" : "test"
},
{
"c99name" : "VDTransition",
"module_type" : "SwiftTarget",
"name" : "VDTransition",
"path" : "Sources/VDTransition",
"product_memberships" : [
"VDTransition"
],
"sources" : [
"PropertyAccessor.swift",
"RelationValue.swift",
"Transformable.swift",
"Transition+Color.swift",
"TransitionDirection.swift",
"UIKitAnimation.swift",
"UITransition+UIStackView.swift",
"UITransition+UIView.swift",
"UITransition+match.swift",
"UITransition+static.swift",
"UITransition.swift",
"UITransitionProgress.swift"
],
"type" : "library"
}
],
"tools_version" : "5.6"
}
Command line invocation:
/Applications/Xcode-16.3.0.app/Contents/Developer/usr/bin/xcodebuild -IDEClonedSourcePackagesDirPathOverride=/Users/admin/builder/spi-builder-workspace/.dependencies -resolvePackageDependencies
Resolve Package Graph
Fetching from https://github.com/apple/swift-docc-plugin
Fetching from https://github.com/swiftlang/swift-docc-symbolkit (cached)
Creating working copy of package ‘swift-docc-symbolkit’
Checking out 1.0.0 of package ‘swift-docc-symbolkit’
Creating working copy of package ‘swift-docc-plugin’
Checking out 1.5.0 of package ‘swift-docc-plugin’
Resolve Package Graph
Resolved source packages:
SwiftDocCPlugin: https://github.com/apple/swift-docc-plugin @ 1.5.0
VDTransition: /Users/admin/builder/spi-builder-workspace
SymbolKit: https://github.com/swiftlang/swift-docc-symbolkit @ 1.0.0
resolved source packages: SwiftDocCPlugin, VDTransition, SymbolKit
{
"dependencies" : [
{
"identity" : "swift-docc-plugin",
"requirement" : {
"range" : [
{
"lower_bound" : "1.0.0",
"upper_bound" : "2.0.0"
}
]
},
"type" : "sourceControl",
"url" : "https://github.com/apple/swift-docc-plugin"
}
],
"manifest_display_name" : "VDTransition",
"name" : "VDTransition",
"path" : "/Users/admin/builder/spi-builder-workspace",
"platforms" : [
{
"name" : "macos",
"version" : "10.15"
},
{
"name" : "ios",
"version" : "13.0"
}
],
"products" : [
{
"name" : "VDTransition",
"targets" : [
"VDTransition"
],
"type" : {
"library" : [
"automatic"
]
}
}
],
"targets" : [
{
"c99name" : "VDTransitionTests",
"module_type" : "SwiftTarget",
"name" : "VDTransitionTests",
"path" : "Tests/VDTransitionTests",
"sources" : [
"UITransitionTests.swift"
],
"target_dependencies" : [
"VDTransition"
],
"type" : "test"
},
{
"c99name" : "VDTransition",
"module_type" : "SwiftTarget",
"name" : "VDTransition",
"path" : "Sources/VDTransition",
"product_memberships" : [
"VDTransition"
],
"sources" : [
"PropertyAccessor.swift",
"RelationValue.swift",
"Transformable.swift",
"Transition+Color.swift",
"TransitionDirection.swift",
"UIKitAnimation.swift",
"UITransition+UIStackView.swift",
"UITransition+UIView.swift",
"UITransition+match.swift",
"UITransition+static.swift",
"UITransition.swift",
"UITransitionProgress.swift"
],
"type" : "library"
}
],
"tools_version" : "5.6"
}
{
"workspace" : {
"name" : "spi-builder-workspace",
"schemes" : [
"VDTransition"
]
}
}
Running build ...
env DEVELOPER_DIR=/Applications/Xcode-16.3.0.app xcrun xcodebuild -IDEClonedSourcePackagesDirPathOverride=$PWD/.dependencies -skipMacroValidation -skipPackagePluginValidation -derivedDataPath $PWD/.derivedData build -scheme VDTransition -destination generic/platform=watchOS OTHER_SWIFT_FLAGS=-stats-output-dir .stats -strict-concurrency=complete -enable-upcoming-feature StrictConcurrency -enable-upcoming-feature DisableOutwardActorInference -enable-upcoming-feature GlobalActorIsolatedTypesUsability -enable-upcoming-feature InferSendableFromCaptures
Command line invocation:
/Applications/Xcode-16.3.0.app/Contents/Developer/usr/bin/xcodebuild -IDEClonedSourcePackagesDirPathOverride=/Users/admin/builder/spi-builder-workspace/.dependencies -skipMacroValidation -skipPackagePluginValidation -derivedDataPath /Users/admin/builder/spi-builder-workspace/.derivedData build -scheme VDTransition -destination generic/platform=watchOS "OTHER_SWIFT_FLAGS=-stats-output-dir .stats -strict-concurrency=complete -enable-upcoming-feature StrictConcurrency -enable-upcoming-feature DisableOutwardActorInference -enable-upcoming-feature GlobalActorIsolatedTypesUsability -enable-upcoming-feature InferSendableFromCaptures"
Build settings from command line:
OTHER_SWIFT_FLAGS = -stats-output-dir .stats -strict-concurrency=complete -enable-upcoming-feature StrictConcurrency -enable-upcoming-feature DisableOutwardActorInference -enable-upcoming-feature GlobalActorIsolatedTypesUsability -enable-upcoming-feature InferSendableFromCaptures
Resolve Package Graph
Resolve Package Graph
Resolved source packages:
VDTransition: /Users/admin/builder/spi-builder-workspace
SwiftDocCPlugin: https://github.com/apple/swift-docc-plugin @ 1.5.0
SymbolKit: https://github.com/swiftlang/swift-docc-symbolkit @ 1.0.0
ComputePackagePrebuildTargetDependencyGraph
Prepare packages
CreateBuildRequest
SendProjectDescription
CreateBuildOperation
ComputeTargetDependencyGraph
note: Building targets in dependency order
note: Target dependency graph (2 targets)
Target 'VDTransition' in project 'VDTransition'
➜ Explicit dependency on target 'VDTransition' in project 'VDTransition'
Target 'VDTransition' in project 'VDTransition' (no dependencies)
GatherProvisioningInputs
CreateBuildDescription
ExecuteExternalTool /Applications/Xcode-16.3.0.app/Contents/Developer/Toolchains/XcodeDefault.xctoolchain/usr/bin/clang -v -E -dM -isysroot /Applications/Xcode-16.3.0.app/Contents/Developer/Platforms/WatchOS.platform/Developer/SDKs/WatchOS11.4.sdk -x c -c /dev/null
ExecuteExternalTool /Applications/Xcode-16.3.0.app/Contents/Developer/Toolchains/XcodeDefault.xctoolchain/usr/bin/swiftc --version
ExecuteExternalTool /Applications/Xcode-16.3.0.app/Contents/Developer/Toolchains/XcodeDefault.xctoolchain/usr/bin/ld -version_details
ReadFileContents /Applications/Xcode-16.3.0.app/Contents/Developer/Toolchains/XcodeDefault.xctoolchain/usr/share/docc/features.json
Build description signature: f897f951e01bdac7128ddffe1fc8ca07
Build description path: /Users/admin/builder/spi-builder-workspace/.derivedData/Build/Intermediates.noindex/XCBuildData/f897f951e01bdac7128ddffe1fc8ca07.xcbuilddata
ClangStatCache /Applications/Xcode-16.3.0.app/Contents/Developer/Toolchains/XcodeDefault.xctoolchain/usr/bin/clang-stat-cache /Applications/Xcode-16.3.0.app/Contents/Developer/Platforms/WatchOS.platform/Developer/SDKs/WatchOS11.4.sdk /Users/admin/builder/spi-builder-workspace/.derivedData/SDKStatCaches.noindex/watchos11.4-22T246-43efb940ff07ba2497b70ec94253f576.sdkstatcache
cd /Users/admin/builder/spi-builder-workspace/.swiftpm/xcode
/Applications/Xcode-16.3.0.app/Contents/Developer/Toolchains/XcodeDefault.xctoolchain/usr/bin/clang-stat-cache /Applications/Xcode-16.3.0.app/Contents/Developer/Platforms/WatchOS.platform/Developer/SDKs/WatchOS11.4.sdk -o /Users/admin/builder/spi-builder-workspace/.derivedData/SDKStatCaches.noindex/watchos11.4-22T246-43efb940ff07ba2497b70ec94253f576.sdkstatcache
CreateBuildDirectory /Users/admin/builder/spi-builder-workspace/.derivedData/Build/Products
cd /Users/admin/builder/spi-builder-workspace/.swiftpm/xcode
builtin-create-build-directory /Users/admin/builder/spi-builder-workspace/.derivedData/Build/Products
CreateBuildDirectory /Users/admin/builder/spi-builder-workspace/.derivedData/Build/Intermediates.noindex
cd /Users/admin/builder/spi-builder-workspace/.swiftpm/xcode
builtin-create-build-directory /Users/admin/builder/spi-builder-workspace/.derivedData/Build/Intermediates.noindex
CreateBuildDirectory /Users/admin/builder/spi-builder-workspace/.derivedData/Build/Intermediates.noindex/EagerLinkingTBDs/Debug-watchos
cd /Users/admin/builder/spi-builder-workspace/.swiftpm/xcode
builtin-create-build-directory /Users/admin/builder/spi-builder-workspace/.derivedData/Build/Intermediates.noindex/EagerLinkingTBDs/Debug-watchos
CreateBuildDirectory /Users/admin/builder/spi-builder-workspace/.derivedData/Build/Products/Debug-watchos
cd /Users/admin/builder/spi-builder-workspace/.swiftpm/xcode
builtin-create-build-directory /Users/admin/builder/spi-builder-workspace/.derivedData/Build/Products/Debug-watchos
CreateBuildDirectory /Users/admin/builder/spi-builder-workspace/.derivedData/Build/Products/Debug-watchos/PackageFrameworks
cd /Users/admin/builder/spi-builder-workspace/.swiftpm/xcode
builtin-create-build-directory /Users/admin/builder/spi-builder-workspace/.derivedData/Build/Products/Debug-watchos/PackageFrameworks
WriteAuxiliaryFile /Users/admin/builder/spi-builder-workspace/.derivedData/Build/Intermediates.noindex/VDTransition.build/Debug-watchos/VDTransition.build/VDTransition.modulemap (in target 'VDTransition' from project 'VDTransition')
cd /Users/admin/builder/spi-builder-workspace
write-file /Users/admin/builder/spi-builder-workspace/.derivedData/Build/Intermediates.noindex/VDTransition.build/Debug-watchos/VDTransition.build/VDTransition.modulemap
WriteAuxiliaryFile /Users/admin/builder/spi-builder-workspace/.derivedData/Build/Intermediates.noindex/VDTransition.build/Debug-watchos/VDTransition.build/VDTransition.DependencyMetadataFileList (in target 'VDTransition' from project 'VDTransition')
cd /Users/admin/builder/spi-builder-workspace
write-file /Users/admin/builder/spi-builder-workspace/.derivedData/Build/Intermediates.noindex/VDTransition.build/Debug-watchos/VDTransition.build/VDTransition.DependencyMetadataFileList
WriteAuxiliaryFile /Users/admin/builder/spi-builder-workspace/.derivedData/Build/Intermediates.noindex/VDTransition.build/Debug-watchos/VDTransition.build/VDTransition.DependencyStaticMetadataFileList (in target 'VDTransition' from project 'VDTransition')
cd /Users/admin/builder/spi-builder-workspace
write-file /Users/admin/builder/spi-builder-workspace/.derivedData/Build/Intermediates.noindex/VDTransition.build/Debug-watchos/VDTransition.build/VDTransition.DependencyStaticMetadataFileList
WriteAuxiliaryFile /Users/admin/builder/spi-builder-workspace/.derivedData/Build/Intermediates.noindex/VDTransition.build/Debug-watchos/VDTransition.build/Objects-normal/armv7k/VDTransition.SwiftConstValuesFileList (in target 'VDTransition' from project 'VDTransition')
cd /Users/admin/builder/spi-builder-workspace
write-file /Users/admin/builder/spi-builder-workspace/.derivedData/Build/Intermediates.noindex/VDTransition.build/Debug-watchos/VDTransition.build/Objects-normal/armv7k/VDTransition.SwiftConstValuesFileList
WriteAuxiliaryFile /Users/admin/builder/spi-builder-workspace/.derivedData/Build/Intermediates.noindex/VDTransition.build/Debug-watchos/VDTransition.build/Objects-normal/armv7k/VDTransition.SwiftFileList (in target 'VDTransition' from project 'VDTransition')
cd /Users/admin/builder/spi-builder-workspace
write-file /Users/admin/builder/spi-builder-workspace/.derivedData/Build/Intermediates.noindex/VDTransition.build/Debug-watchos/VDTransition.build/Objects-normal/armv7k/VDTransition.SwiftFileList
WriteAuxiliaryFile /Users/admin/builder/spi-builder-workspace/.derivedData/Build/Intermediates.noindex/VDTransition.build/Debug-watchos/VDTransition.build/Objects-normal/armv7k/VDTransition.LinkFileList (in target 'VDTransition' from project 'VDTransition')
cd /Users/admin/builder/spi-builder-workspace
write-file /Users/admin/builder/spi-builder-workspace/.derivedData/Build/Intermediates.noindex/VDTransition.build/Debug-watchos/VDTransition.build/Objects-normal/armv7k/VDTransition.LinkFileList
WriteAuxiliaryFile /Users/admin/builder/spi-builder-workspace/.derivedData/Build/Intermediates.noindex/VDTransition.build/Debug-watchos/VDTransition.build/Objects-normal/armv7k/VDTransition-OutputFileMap.json (in target 'VDTransition' from project 'VDTransition')
cd /Users/admin/builder/spi-builder-workspace
write-file /Users/admin/builder/spi-builder-workspace/.derivedData/Build/Intermediates.noindex/VDTransition.build/Debug-watchos/VDTransition.build/Objects-normal/armv7k/VDTransition-OutputFileMap.json
WriteAuxiliaryFile /Users/admin/builder/spi-builder-workspace/.derivedData/Build/Intermediates.noindex/VDTransition.build/Debug-watchos/VDTransition.build/Objects-normal/armv7k/VDTransition_const_extract_protocols.json (in target 'VDTransition' from project 'VDTransition')
cd /Users/admin/builder/spi-builder-workspace
write-file /Users/admin/builder/spi-builder-workspace/.derivedData/Build/Intermediates.noindex/VDTransition.build/Debug-watchos/VDTransition.build/Objects-normal/armv7k/VDTransition_const_extract_protocols.json
WriteAuxiliaryFile /Users/admin/builder/spi-builder-workspace/.derivedData/Build/Intermediates.noindex/VDTransition.build/Debug-watchos/VDTransition.build/Objects-normal/arm64_32/VDTransition_const_extract_protocols.json (in target 'VDTransition' from project 'VDTransition')
cd /Users/admin/builder/spi-builder-workspace
write-file /Users/admin/builder/spi-builder-workspace/.derivedData/Build/Intermediates.noindex/VDTransition.build/Debug-watchos/VDTransition.build/Objects-normal/arm64_32/VDTransition_const_extract_protocols.json
WriteAuxiliaryFile /Users/admin/builder/spi-builder-workspace/.derivedData/Build/Intermediates.noindex/VDTransition.build/Debug-watchos/VDTransition.build/Objects-normal/arm64_32/VDTransition.SwiftFileList (in target 'VDTransition' from project 'VDTransition')
cd /Users/admin/builder/spi-builder-workspace
write-file /Users/admin/builder/spi-builder-workspace/.derivedData/Build/Intermediates.noindex/VDTransition.build/Debug-watchos/VDTransition.build/Objects-normal/arm64_32/VDTransition.SwiftFileList
WriteAuxiliaryFile /Users/admin/builder/spi-builder-workspace/.derivedData/Build/Intermediates.noindex/VDTransition.build/Debug-watchos/VDTransition.build/Objects-normal/arm64_32/VDTransition.SwiftConstValuesFileList (in target 'VDTransition' from project 'VDTransition')
cd /Users/admin/builder/spi-builder-workspace
write-file /Users/admin/builder/spi-builder-workspace/.derivedData/Build/Intermediates.noindex/VDTransition.build/Debug-watchos/VDTransition.build/Objects-normal/arm64_32/VDTransition.SwiftConstValuesFileList
WriteAuxiliaryFile /Users/admin/builder/spi-builder-workspace/.derivedData/Build/Intermediates.noindex/VDTransition.build/Debug-watchos/VDTransition.build/Objects-normal/arm64_32/VDTransition.LinkFileList (in target 'VDTransition' from project 'VDTransition')
cd /Users/admin/builder/spi-builder-workspace
write-file /Users/admin/builder/spi-builder-workspace/.derivedData/Build/Intermediates.noindex/VDTransition.build/Debug-watchos/VDTransition.build/Objects-normal/arm64_32/VDTransition.LinkFileList
WriteAuxiliaryFile /Users/admin/builder/spi-builder-workspace/.derivedData/Build/Intermediates.noindex/VDTransition.build/Debug-watchos/VDTransition.build/Objects-normal/arm64_32/VDTransition-OutputFileMap.json (in target 'VDTransition' from project 'VDTransition')
cd /Users/admin/builder/spi-builder-workspace
write-file /Users/admin/builder/spi-builder-workspace/.derivedData/Build/Intermediates.noindex/VDTransition.build/Debug-watchos/VDTransition.build/Objects-normal/arm64_32/VDTransition-OutputFileMap.json
WriteAuxiliaryFile /Users/admin/builder/spi-builder-workspace/.derivedData/Build/Intermediates.noindex/VDTransition.build/Debug-watchos/VDTransition.build/Objects-normal/arm64/VDTransition.SwiftConstValuesFileList (in target 'VDTransition' from project 'VDTransition')
cd /Users/admin/builder/spi-builder-workspace
write-file /Users/admin/builder/spi-builder-workspace/.derivedData/Build/Intermediates.noindex/VDTransition.build/Debug-watchos/VDTransition.build/Objects-normal/arm64/VDTransition.SwiftConstValuesFileList
WriteAuxiliaryFile /Users/admin/builder/spi-builder-workspace/.derivedData/Build/Intermediates.noindex/VDTransition.build/Debug-watchos/VDTransition.build/Objects-normal/arm64/VDTransition_const_extract_protocols.json (in target 'VDTransition' from project 'VDTransition')
cd /Users/admin/builder/spi-builder-workspace
write-file /Users/admin/builder/spi-builder-workspace/.derivedData/Build/Intermediates.noindex/VDTransition.build/Debug-watchos/VDTransition.build/Objects-normal/arm64/VDTransition_const_extract_protocols.json
WriteAuxiliaryFile /Users/admin/builder/spi-builder-workspace/.derivedData/Build/Intermediates.noindex/VDTransition.build/Debug-watchos/VDTransition.build/Objects-normal/arm64/VDTransition.SwiftFileList (in target 'VDTransition' from project 'VDTransition')
cd /Users/admin/builder/spi-builder-workspace
write-file /Users/admin/builder/spi-builder-workspace/.derivedData/Build/Intermediates.noindex/VDTransition.build/Debug-watchos/VDTransition.build/Objects-normal/arm64/VDTransition.SwiftFileList
WriteAuxiliaryFile /Users/admin/builder/spi-builder-workspace/.derivedData/Build/Intermediates.noindex/VDTransition.build/Debug-watchos/VDTransition.build/Objects-normal/arm64/VDTransition.LinkFileList (in target 'VDTransition' from project 'VDTransition')
cd /Users/admin/builder/spi-builder-workspace
write-file /Users/admin/builder/spi-builder-workspace/.derivedData/Build/Intermediates.noindex/VDTransition.build/Debug-watchos/VDTransition.build/Objects-normal/arm64/VDTransition.LinkFileList
WriteAuxiliaryFile /Users/admin/builder/spi-builder-workspace/.derivedData/Build/Intermediates.noindex/VDTransition.build/Debug-watchos/VDTransition.build/Objects-normal/arm64/VDTransition-OutputFileMap.json (in target 'VDTransition' from project 'VDTransition')
cd /Users/admin/builder/spi-builder-workspace
write-file /Users/admin/builder/spi-builder-workspace/.derivedData/Build/Intermediates.noindex/VDTransition.build/Debug-watchos/VDTransition.build/Objects-normal/arm64/VDTransition-OutputFileMap.json
Copy /Users/admin/builder/spi-builder-workspace/.derivedData/Build/Intermediates.noindex/GeneratedModuleMaps-watchos/VDTransition.modulemap /Users/admin/builder/spi-builder-workspace/.derivedData/Build/Intermediates.noindex/VDTransition.build/Debug-watchos/VDTransition.build/VDTransition.modulemap (in target 'VDTransition' from project 'VDTransition')
cd /Users/admin/builder/spi-builder-workspace
builtin-copy -exclude .DS_Store -exclude CVS -exclude .svn -exclude .git -exclude .hg -resolve-src-symlinks /Users/admin/builder/spi-builder-workspace/.derivedData/Build/Intermediates.noindex/VDTransition.build/Debug-watchos/VDTransition.build/VDTransition.modulemap /Users/admin/builder/spi-builder-workspace/.derivedData/Build/Intermediates.noindex/GeneratedModuleMaps-watchos
SwiftDriver VDTransition normal armv7k com.apple.xcode.tools.swift.compiler (in target 'VDTransition' from project 'VDTransition')
cd /Users/admin/builder/spi-builder-workspace/.swiftpm/xcode
builtin-SwiftDriver -- /Applications/Xcode-16.3.0.app/Contents/Developer/Toolchains/XcodeDefault.xctoolchain/usr/bin/swiftc -module-name VDTransition -Onone -enforce-exclusivity\=checked @/Users/admin/builder/spi-builder-workspace/.derivedData/Build/Intermediates.noindex/VDTransition.build/Debug-watchos/VDTransition.build/Objects-normal/armv7k/VDTransition.SwiftFileList -DSWIFT_PACKAGE -DDEBUG -stats-output-dir .stats -strict-concurrency\=complete -enable-upcoming-feature StrictConcurrency -enable-upcoming-feature DisableOutwardActorInference -enable-upcoming-feature GlobalActorIsolatedTypesUsability -enable-upcoming-feature InferSendableFromCaptures -plugin-path /Applications/Xcode-16.3.0.app/Contents/Developer/Toolchains/XcodeDefault.xctoolchain/usr/lib/swift/host/plugins/testing -enable-experimental-feature DebugDescriptionMacro -sdk /Applications/Xcode-16.3.0.app/Contents/Developer/Platforms/WatchOS.platform/Developer/SDKs/WatchOS11.4.sdk -target armv7k-apple-watchos6.0 -g -module-cache-path /Users/admin/builder/spi-builder-workspace/.derivedData/ModuleCache.noindex -Xfrontend -serialize-debugging-options -profile-coverage-mapping -profile-generate -enable-testing -index-store-path /Users/admin/builder/spi-builder-workspace/.derivedData/Index.noindex/DataStore -swift-version 5 -I /Users/admin/builder/spi-builder-workspace/.derivedData/Build/Products/Debug-watchos -I /Applications/Xcode-16.3.0.app/Contents/Developer/Platforms/WatchOS.platform/Developer/usr/lib -F /Users/admin/builder/spi-builder-workspace/.derivedData/Build/Products/Debug-watchos -F /Applications/Xcode-16.3.0.app/Contents/Developer/Platforms/WatchOS.platform/Developer/Library/Frameworks -F /Applications/Xcode-16.3.0.app/Contents/Developer/Platforms/WatchOS.platform/Developer/SDKs/WatchOS11.4.sdk/Developer/Library/Frameworks -c -j10 -enable-batch-mode -incremental -Xcc -ivfsstatcache -Xcc /Users/admin/builder/spi-builder-workspace/.derivedData/SDKStatCaches.noindex/watchos11.4-22T246-43efb940ff07ba2497b70ec94253f576.sdkstatcache -output-file-map /Users/admin/builder/spi-builder-workspace/.derivedData/Build/Intermediates.noindex/VDTransition.build/Debug-watchos/VDTransition.build/Objects-normal/armv7k/VDTransition-OutputFileMap.json -use-frontend-parseable-output -save-temps -no-color-diagnostics -serialize-diagnostics -emit-dependencies -emit-module -emit-module-path /Users/admin/builder/spi-builder-workspace/.derivedData/Build/Intermediates.noindex/VDTransition.build/Debug-watchos/VDTransition.build/Objects-normal/armv7k/VDTransition.swiftmodule -validate-clang-modules-once -clang-build-session-file /Users/admin/builder/spi-builder-workspace/.derivedData/ModuleCache.noindex/Session.modulevalidation -Xcc -I/Users/admin/builder/spi-builder-workspace/.derivedData/Build/Intermediates.noindex/VDTransition.build/Debug-watchos/VDTransition.build/swift-overrides.hmap -emit-const-values -Xfrontend -const-gather-protocols-file -Xfrontend /Users/admin/builder/spi-builder-workspace/.derivedData/Build/Intermediates.noindex/VDTransition.build/Debug-watchos/VDTransition.build/Objects-normal/armv7k/VDTransition_const_extract_protocols.json -Xcc -I/Users/admin/builder/spi-builder-workspace/.derivedData/Build/Products/Debug-watchos/include -Xcc -I/Users/admin/builder/spi-builder-workspace/.derivedData/Build/Intermediates.noindex/VDTransition.build/Debug-watchos/VDTransition.build/DerivedSources-normal/armv7k -Xcc -I/Users/admin/builder/spi-builder-workspace/.derivedData/Build/Intermediates.noindex/VDTransition.build/Debug-watchos/VDTransition.build/DerivedSources/armv7k -Xcc -I/Users/admin/builder/spi-builder-workspace/.derivedData/Build/Intermediates.noindex/VDTransition.build/Debug-watchos/VDTransition.build/DerivedSources -Xcc -DSWIFT_PACKAGE -Xcc -DDEBUG\=1 -emit-objc-header -emit-objc-header-path /Users/admin/builder/spi-builder-workspace/.derivedData/Build/Intermediates.noindex/VDTransition.build/Debug-watchos/VDTransition.build/Objects-normal/armv7k/VDTransition-Swift.h -working-directory /Users/admin/builder/spi-builder-workspace/.swiftpm/xcode -experimental-emit-module-separately -disable-cmo
SwiftDriver VDTransition normal arm64 com.apple.xcode.tools.swift.compiler (in target 'VDTransition' from project 'VDTransition')
cd /Users/admin/builder/spi-builder-workspace/.swiftpm/xcode
builtin-SwiftDriver -- /Applications/Xcode-16.3.0.app/Contents/Developer/Toolchains/XcodeDefault.xctoolchain/usr/bin/swiftc -module-name VDTransition -Onone -enforce-exclusivity\=checked @/Users/admin/builder/spi-builder-workspace/.derivedData/Build/Intermediates.noindex/VDTransition.build/Debug-watchos/VDTransition.build/Objects-normal/arm64/VDTransition.SwiftFileList -DSWIFT_PACKAGE -DDEBUG -stats-output-dir .stats -strict-concurrency\=complete -enable-upcoming-feature StrictConcurrency -enable-upcoming-feature DisableOutwardActorInference -enable-upcoming-feature GlobalActorIsolatedTypesUsability -enable-upcoming-feature InferSendableFromCaptures -plugin-path /Applications/Xcode-16.3.0.app/Contents/Developer/Toolchains/XcodeDefault.xctoolchain/usr/lib/swift/host/plugins/testing -enable-experimental-feature DebugDescriptionMacro -sdk /Applications/Xcode-16.3.0.app/Contents/Developer/Platforms/WatchOS.platform/Developer/SDKs/WatchOS11.4.sdk -target arm64-apple-watchos6.0 -g -module-cache-path /Users/admin/builder/spi-builder-workspace/.derivedData/ModuleCache.noindex -Xfrontend -serialize-debugging-options -profile-coverage-mapping -profile-generate -enable-testing -index-store-path /Users/admin/builder/spi-builder-workspace/.derivedData/Index.noindex/DataStore -swift-version 5 -I /Users/admin/builder/spi-builder-workspace/.derivedData/Build/Products/Debug-watchos -I /Applications/Xcode-16.3.0.app/Contents/Developer/Platforms/WatchOS.platform/Developer/usr/lib -F /Users/admin/builder/spi-builder-workspace/.derivedData/Build/Products/Debug-watchos -F /Applications/Xcode-16.3.0.app/Contents/Developer/Platforms/WatchOS.platform/Developer/Library/Frameworks -F /Applications/Xcode-16.3.0.app/Contents/Developer/Platforms/WatchOS.platform/Developer/SDKs/WatchOS11.4.sdk/Developer/Library/Frameworks -c -j10 -enable-batch-mode -incremental -Xcc -ivfsstatcache -Xcc /Users/admin/builder/spi-builder-workspace/.derivedData/SDKStatCaches.noindex/watchos11.4-22T246-43efb940ff07ba2497b70ec94253f576.sdkstatcache -output-file-map /Users/admin/builder/spi-builder-workspace/.derivedData/Build/Intermediates.noindex/VDTransition.build/Debug-watchos/VDTransition.build/Objects-normal/arm64/VDTransition-OutputFileMap.json -use-frontend-parseable-output -save-temps -no-color-diagnostics -serialize-diagnostics -emit-dependencies -emit-module -emit-module-path /Users/admin/builder/spi-builder-workspace/.derivedData/Build/Intermediates.noindex/VDTransition.build/Debug-watchos/VDTransition.build/Objects-normal/arm64/VDTransition.swiftmodule -validate-clang-modules-once -clang-build-session-file /Users/admin/builder/spi-builder-workspace/.derivedData/ModuleCache.noindex/Session.modulevalidation -Xcc -I/Users/admin/builder/spi-builder-workspace/.derivedData/Build/Intermediates.noindex/VDTransition.build/Debug-watchos/VDTransition.build/swift-overrides.hmap -emit-const-values -Xfrontend -const-gather-protocols-file -Xfrontend /Users/admin/builder/spi-builder-workspace/.derivedData/Build/Intermediates.noindex/VDTransition.build/Debug-watchos/VDTransition.build/Objects-normal/arm64/VDTransition_const_extract_protocols.json -Xcc -I/Users/admin/builder/spi-builder-workspace/.derivedData/Build/Products/Debug-watchos/include -Xcc -I/Users/admin/builder/spi-builder-workspace/.derivedData/Build/Intermediates.noindex/VDTransition.build/Debug-watchos/VDTransition.build/DerivedSources-normal/arm64 -Xcc -I/Users/admin/builder/spi-builder-workspace/.derivedData/Build/Intermediates.noindex/VDTransition.build/Debug-watchos/VDTransition.build/DerivedSources/arm64 -Xcc -I/Users/admin/builder/spi-builder-workspace/.derivedData/Build/Intermediates.noindex/VDTransition.build/Debug-watchos/VDTransition.build/DerivedSources -Xcc -DSWIFT_PACKAGE -Xcc -DDEBUG\=1 -emit-objc-header -emit-objc-header-path /Users/admin/builder/spi-builder-workspace/.derivedData/Build/Intermediates.noindex/VDTransition.build/Debug-watchos/VDTransition.build/Objects-normal/arm64/VDTransition-Swift.h -working-directory /Users/admin/builder/spi-builder-workspace/.swiftpm/xcode -experimental-emit-module-separately -disable-cmo
SwiftDriver VDTransition normal arm64_32 com.apple.xcode.tools.swift.compiler (in target 'VDTransition' from project 'VDTransition')
cd /Users/admin/builder/spi-builder-workspace/.swiftpm/xcode
builtin-SwiftDriver -- /Applications/Xcode-16.3.0.app/Contents/Developer/Toolchains/XcodeDefault.xctoolchain/usr/bin/swiftc -module-name VDTransition -Onone -enforce-exclusivity\=checked @/Users/admin/builder/spi-builder-workspace/.derivedData/Build/Intermediates.noindex/VDTransition.build/Debug-watchos/VDTransition.build/Objects-normal/arm64_32/VDTransition.SwiftFileList -DSWIFT_PACKAGE -DDEBUG -stats-output-dir .stats -strict-concurrency\=complete -enable-upcoming-feature StrictConcurrency -enable-upcoming-feature DisableOutwardActorInference -enable-upcoming-feature GlobalActorIsolatedTypesUsability -enable-upcoming-feature InferSendableFromCaptures -plugin-path /Applications/Xcode-16.3.0.app/Contents/Developer/Toolchains/XcodeDefault.xctoolchain/usr/lib/swift/host/plugins/testing -enable-experimental-feature DebugDescriptionMacro -sdk /Applications/Xcode-16.3.0.app/Contents/Developer/Platforms/WatchOS.platform/Developer/SDKs/WatchOS11.4.sdk -target arm64_32-apple-watchos6.0 -g -module-cache-path /Users/admin/builder/spi-builder-workspace/.derivedData/ModuleCache.noindex -Xfrontend -serialize-debugging-options -profile-coverage-mapping -profile-generate -enable-testing -index-store-path /Users/admin/builder/spi-builder-workspace/.derivedData/Index.noindex/DataStore -swift-version 5 -I /Users/admin/builder/spi-builder-workspace/.derivedData/Build/Products/Debug-watchos -I /Applications/Xcode-16.3.0.app/Contents/Developer/Platforms/WatchOS.platform/Developer/usr/lib -F /Users/admin/builder/spi-builder-workspace/.derivedData/Build/Products/Debug-watchos -F /Applications/Xcode-16.3.0.app/Contents/Developer/Platforms/WatchOS.platform/Developer/Library/Frameworks -F /Applications/Xcode-16.3.0.app/Contents/Developer/Platforms/WatchOS.platform/Developer/SDKs/WatchOS11.4.sdk/Developer/Library/Frameworks -c -j10 -enable-batch-mode -incremental -Xcc -ivfsstatcache -Xcc /Users/admin/builder/spi-builder-workspace/.derivedData/SDKStatCaches.noindex/watchos11.4-22T246-43efb940ff07ba2497b70ec94253f576.sdkstatcache -output-file-map /Users/admin/builder/spi-builder-workspace/.derivedData/Build/Intermediates.noindex/VDTransition.build/Debug-watchos/VDTransition.build/Objects-normal/arm64_32/VDTransition-OutputFileMap.json -use-frontend-parseable-output -save-temps -no-color-diagnostics -serialize-diagnostics -emit-dependencies -emit-module -emit-module-path /Users/admin/builder/spi-builder-workspace/.derivedData/Build/Intermediates.noindex/VDTransition.build/Debug-watchos/VDTransition.build/Objects-normal/arm64_32/VDTransition.swiftmodule -validate-clang-modules-once -clang-build-session-file /Users/admin/builder/spi-builder-workspace/.derivedData/ModuleCache.noindex/Session.modulevalidation -Xcc -I/Users/admin/builder/spi-builder-workspace/.derivedData/Build/Intermediates.noindex/VDTransition.build/Debug-watchos/VDTransition.build/swift-overrides.hmap -emit-const-values -Xfrontend -const-gather-protocols-file -Xfrontend /Users/admin/builder/spi-builder-workspace/.derivedData/Build/Intermediates.noindex/VDTransition.build/Debug-watchos/VDTransition.build/Objects-normal/arm64_32/VDTransition_const_extract_protocols.json -Xcc -I/Users/admin/builder/spi-builder-workspace/.derivedData/Build/Products/Debug-watchos/include -Xcc -I/Users/admin/builder/spi-builder-workspace/.derivedData/Build/Intermediates.noindex/VDTransition.build/Debug-watchos/VDTransition.build/DerivedSources-normal/arm64_32 -Xcc -I/Users/admin/builder/spi-builder-workspace/.derivedData/Build/Intermediates.noindex/VDTransition.build/Debug-watchos/VDTransition.build/DerivedSources/arm64_32 -Xcc -I/Users/admin/builder/spi-builder-workspace/.derivedData/Build/Intermediates.noindex/VDTransition.build/Debug-watchos/VDTransition.build/DerivedSources -Xcc -DSWIFT_PACKAGE -Xcc -DDEBUG\=1 -emit-objc-header -emit-objc-header-path /Users/admin/builder/spi-builder-workspace/.derivedData/Build/Intermediates.noindex/VDTransition.build/Debug-watchos/VDTransition.build/Objects-normal/arm64_32/VDTransition-Swift.h -working-directory /Users/admin/builder/spi-builder-workspace/.swiftpm/xcode -experimental-emit-module-separately -disable-cmo
SwiftCompile normal arm64 Compiling\ Transformable.swift,\ Transition+Color.swift /Users/admin/builder/spi-builder-workspace/Sources/VDTransition/Transformable.swift /Users/admin/builder/spi-builder-workspace/Sources/VDTransition/Transition+Color.swift (in target 'VDTransition' from project 'VDTransition')
SwiftCompile normal arm64 /Users/admin/builder/spi-builder-workspace/Sources/VDTransition/Transformable.swift (in target 'VDTransition' from project 'VDTransition')
cd /Users/admin/builder/spi-builder-workspace/.swiftpm/xcode
SwiftCompile normal arm64 /Users/admin/builder/spi-builder-workspace/Sources/VDTransition/Transition+Color.swift (in target 'VDTransition' from project 'VDTransition')
cd /Users/admin/builder/spi-builder-workspace/.swiftpm/xcode
SwiftCompile normal arm64 Compiling\ PropertyAccessor.swift,\ RelationValue.swift /Users/admin/builder/spi-builder-workspace/Sources/VDTransition/PropertyAccessor.swift /Users/admin/builder/spi-builder-workspace/Sources/VDTransition/RelationValue.swift (in target 'VDTransition' from project 'VDTransition')
SwiftCompile normal arm64 /Users/admin/builder/spi-builder-workspace/Sources/VDTransition/PropertyAccessor.swift (in target 'VDTransition' from project 'VDTransition')
cd /Users/admin/builder/spi-builder-workspace/.swiftpm/xcode
SwiftCompile normal arm64 /Users/admin/builder/spi-builder-workspace/Sources/VDTransition/RelationValue.swift (in target 'VDTransition' from project 'VDTransition')
cd /Users/admin/builder/spi-builder-workspace/.swiftpm/xcode
SwiftCompile normal arm64 Compiling\ TransitionDirection.swift /Users/admin/builder/spi-builder-workspace/Sources/VDTransition/TransitionDirection.swift (in target 'VDTransition' from project 'VDTransition')
SwiftCompile normal arm64 /Users/admin/builder/spi-builder-workspace/Sources/VDTransition/TransitionDirection.swift (in target 'VDTransition' from project 'VDTransition')
cd /Users/admin/builder/spi-builder-workspace/.swiftpm/xcode
SwiftCompile normal arm64 Compiling\ UITransition+match.swift /Users/admin/builder/spi-builder-workspace/Sources/VDTransition/UITransition+match.swift (in target 'VDTransition' from project 'VDTransition')
SwiftCompile normal arm64 /Users/admin/builder/spi-builder-workspace/Sources/VDTransition/UITransition+match.swift (in target 'VDTransition' from project 'VDTransition')
cd /Users/admin/builder/spi-builder-workspace/.swiftpm/xcode
SwiftCompile normal arm64 Compiling\ UIKitAnimation.swift /Users/admin/builder/spi-builder-workspace/Sources/VDTransition/UIKitAnimation.swift (in target 'VDTransition' from project 'VDTransition')
SwiftCompile normal arm64 /Users/admin/builder/spi-builder-workspace/Sources/VDTransition/UIKitAnimation.swift (in target 'VDTransition' from project 'VDTransition')
cd /Users/admin/builder/spi-builder-workspace/.swiftpm/xcode
SwiftCompile normal arm64 Compiling\ UITransition+UIView.swift /Users/admin/builder/spi-builder-workspace/Sources/VDTransition/UITransition+UIView.swift (in target 'VDTransition' from project 'VDTransition')
SwiftCompile normal arm64 /Users/admin/builder/spi-builder-workspace/Sources/VDTransition/UITransition+UIView.swift (in target 'VDTransition' from project 'VDTransition')
cd /Users/admin/builder/spi-builder-workspace/.swiftpm/xcode
SwiftCompile normal arm64 Compiling\ UITransition+UIStackView.swift /Users/admin/builder/spi-builder-workspace/Sources/VDTransition/UITransition+UIStackView.swift (in target 'VDTransition' from project 'VDTransition')
SwiftCompile normal arm64 /Users/admin/builder/spi-builder-workspace/Sources/VDTransition/UITransition+UIStackView.swift (in target 'VDTransition' from project 'VDTransition')
cd /Users/admin/builder/spi-builder-workspace/.swiftpm/xcode
SwiftCompile normal arm64 Compiling\ UITransition+static.swift /Users/admin/builder/spi-builder-workspace/Sources/VDTransition/UITransition+static.swift (in target 'VDTransition' from project 'VDTransition')
SwiftCompile normal arm64 /Users/admin/builder/spi-builder-workspace/Sources/VDTransition/UITransition+static.swift (in target 'VDTransition' from project 'VDTransition')
cd /Users/admin/builder/spi-builder-workspace/.swiftpm/xcode
SwiftEmitModule normal arm64 Emitting\ module\ for\ VDTransition (in target 'VDTransition' from project 'VDTransition')
Failed frontend command:
/Applications/Xcode-16.3.0.app/Contents/Developer/Toolchains/XcodeDefault.xctoolchain/usr/bin/swift-frontend -frontend -emit-module -experimental-skip-non-inlinable-function-bodies-without-types /Users/admin/builder/spi-builder-workspace/Sources/VDTransition/PropertyAccessor.swift /Users/admin/builder/spi-builder-workspace/Sources/VDTransition/RelationValue.swift /Users/admin/builder/spi-builder-workspace/Sources/VDTransition/Transformable.swift /Users/admin/builder/spi-builder-workspace/Sources/VDTransition/Transition+Color.swift /Users/admin/builder/spi-builder-workspace/Sources/VDTransition/TransitionDirection.swift /Users/admin/builder/spi-builder-workspace/Sources/VDTransition/UIKitAnimation.swift /Users/admin/builder/spi-builder-workspace/Sources/VDTransition/UITransition+UIStackView.swift /Users/admin/builder/spi-builder-workspace/Sources/VDTransition/UITransition+UIView.swift /Users/admin/builder/spi-builder-workspace/Sources/VDTransition/UITransition+match.swift /Users/admin/builder/spi-builder-workspace/Sources/VDTransition/UITransition+static.swift /Users/admin/builder/spi-builder-workspace/Sources/VDTransition/UITransition.swift /Users/admin/builder/spi-builder-workspace/Sources/VDTransition/UITransitionProgress.swift -target arm64-apple-watchos6.0 -Xllvm -aarch64-use-tbi -enable-objc-interop -stack-check -sdk /Applications/Xcode-16.3.0.app/Contents/Developer/Platforms/WatchOS.platform/Developer/SDKs/WatchOS11.4.sdk -I /Users/admin/builder/spi-builder-workspace/.derivedData/Build/Products/Debug-watchos -I /Applications/Xcode-16.3.0.app/Contents/Developer/Platforms/WatchOS.platform/Developer/usr/lib -F /Users/admin/builder/spi-builder-workspace/.derivedData/Build/Products/Debug-watchos -F /Applications/Xcode-16.3.0.app/Contents/Developer/Platforms/WatchOS.platform/Developer/Library/Frameworks -F /Applications/Xcode-16.3.0.app/Contents/Developer/Platforms/WatchOS.platform/Developer/SDKs/WatchOS11.4.sdk/Developer/Library/Frameworks -no-color-diagnostics -enable-testing -g -debug-info-format\=dwarf -dwarf-version\=4 -module-cache-path /Users/admin/builder/spi-builder-workspace/.derivedData/ModuleCache.noindex -profile-generate -profile-coverage-mapping -swift-version 5 -enforce-exclusivity\=checked -stats-output-dir /Users/admin/builder/spi-builder-workspace/.swiftpm/xcode/.stats -Onone -D SWIFT_PACKAGE -D DEBUG -serialize-debugging-options -const-gather-protocols-file /Users/admin/builder/spi-builder-workspace/.derivedData/Build/Intermediates.noindex/VDTransition.build/Debug-watchos/VDTransition.build/Objects-normal/arm64/VDTransition_const_extract_protocols.json -enable-upcoming-feature StrictConcurrency -enable-upcoming-feature DisableOutwardActorInference -enable-upcoming-feature GlobalActorIsolatedTypesUsability -enable-upcoming-feature InferSendableFromCaptures -enable-experimental-feature DebugDescriptionMacro -strict-concurrency\=complete -empty-abi-descriptor -plugin-path /Applications/Xcode-16.3.0.app/Contents/Developer/Toolchains/XcodeDefault.xctoolchain/usr/lib/swift/host/plugins/testing -validate-clang-modules-once -clang-build-session-file /Users/admin/builder/spi-builder-workspace/.derivedData/ModuleCache.noindex/Session.modulevalidation -Xcc -working-directory -Xcc /Users/admin/builder/spi-builder-workspace/.swiftpm/xcode -resource-dir /Applications/Xcode-16.3.0.app/Contents/Developer/Toolchains/XcodeDefault.xctoolchain/usr/lib/swift -enable-anonymous-context-mangled-names -file-compilation-dir /Users/admin/builder/spi-builder-workspace/.swiftpm/xcode -Xcc -ivfsstatcache -Xcc /Users/admin/builder/spi-builder-workspace/.derivedData/SDKStatCaches.noindex/watchos11.4-22T246-43efb940ff07ba2497b70ec94253f576.sdkstatcache -Xcc -I/Users/admin/builder/spi-builder-workspace/.derivedData/Build/Intermediates.noindex/VDTransition.build/Debug-watchos/VDTransition.build/swift-overrides.hmap -Xcc -I/Users/admin/builder/spi-builder-workspace/.derivedData/Build/Products/Debug-watchos/include -Xcc -I/Users/admin/builder/spi-builder-workspace/.derivedData/Build/Intermediates.noindex/VDTransition.build/Debug-watchos/VDTransition.build/DerivedSources-normal/arm64 -Xcc -I/Users/admin/builder/spi-builder-workspace/.derivedData/Build/Intermediates.noindex/VDTransition.build/Debug-watchos/VDTransition.build/DerivedSources/arm64 -Xcc -I/Users/admin/builder/spi-builder-workspace/.derivedData/Build/Intermediates.noindex/VDTransition.build/Debug-watchos/VDTransition.build/DerivedSources -Xcc -DSWIFT_PACKAGE -Xcc -DDEBUG\=1 -module-name VDTransition -frontend-parseable-output -disable-clang-spi -target-sdk-version 11.4 -target-sdk-name watchos11.4 -external-plugin-path /Applications/Xcode-16.3.0.app/Contents/Developer/Platforms/WatchOS.platform/Developer/usr/lib/swift/host/plugins\#/Applications/Xcode-16.3.0.app/Contents/Developer/Platforms/WatchOS.platform/Developer/usr/bin/swift-plugin-server -external-plugin-path /Applications/Xcode-16.3.0.app/Contents/Developer/Platforms/WatchOS.platform/Developer/usr/local/lib/swift/host/plugins\#/Applications/Xcode-16.3.0.app/Contents/Developer/Platforms/WatchOS.platform/Developer/usr/bin/swift-plugin-server -in-process-plugin-server-path /Applications/Xcode-16.3.0.app/Contents/Developer/Toolchains/XcodeDefault.xctoolchain/usr/lib/swift/host/libSwiftInProcPluginServer.dylib -plugin-path /Applications/Xcode-16.3.0.app/Contents/Developer/Toolchains/XcodeDefault.xctoolchain/usr/lib/swift/host/plugins -plugin-path /Applications/Xcode-16.3.0.app/Contents/Developer/Toolchains/XcodeDefault.xctoolchain/usr/local/lib/swift/host/plugins -emit-module-doc-path /Users/admin/builder/spi-builder-workspace/.derivedData/Build/Intermediates.noindex/VDTransition.build/Debug-watchos/VDTransition.build/Objects-normal/arm64/VDTransition.swiftdoc -emit-module-source-info-path /Users/admin/builder/spi-builder-workspace/.derivedData/Build/Intermediates.noindex/VDTransition.build/Debug-watchos/VDTransition.build/Objects-normal/arm64/VDTransition.swiftsourceinfo -emit-objc-header-path /Users/admin/builder/spi-builder-workspace/.derivedData/Build/Intermediates.noindex/VDTransition.build/Debug-watchos/VDTransition.build/Objects-normal/arm64/VDTransition-Swift.h -serialize-diagnostics-path /Users/admin/builder/spi-builder-workspace/.derivedData/Build/Intermediates.noindex/VDTransition.build/Debug-watchos/VDTransition.build/Objects-normal/arm64/VDTransition-master-emit-module.dia -emit-dependencies-path /Users/admin/builder/spi-builder-workspace/.derivedData/Build/Intermediates.noindex/VDTransition.build/Debug-watchos/VDTransition.build/Objects-normal/arm64/VDTransition-master-emit-module.d -o /Users/admin/builder/spi-builder-workspace/.derivedData/Build/Intermediates.noindex/VDTransition.build/Debug-watchos/VDTransition.build/Objects-normal/arm64/VDTransition.swiftmodule -emit-abi-descriptor-path /Users/admin/builder/spi-builder-workspace/.derivedData/Build/Intermediates.noindex/VDTransition.build/Debug-watchos/VDTransition.build/Objects-normal/arm64/VDTransition.abi.json
EmitSwiftModule normal arm64 (in target 'VDTransition' from project 'VDTransition')
cd /Users/admin/builder/spi-builder-workspace/.swiftpm/xcode
/Users/admin/builder/spi-builder-workspace/Sources/VDTransition/Transformable.swift:25:11: error: cannot find type 'UIView' in scope
extension UIView: Transformable {
^~~~~~
/Applications/Xcode-16.3.0.app/Contents/Developer/Platforms/WatchOS.platform/Developer/SDKs/WatchOS11.4.sdk/System/Library/Frameworks/UIKit.framework/Headers/NSTextAttachment.h:23:1: note: interface 'UIView' forward declared here
@class UIView;
^
/Users/admin/builder/spi-builder-workspace/Sources/VDTransition/UIKitAnimation.swift:7:32: error: cannot find type 'UIView' in scope
public typealias Options = UIView.AnimationOptions
^~~~~~
/Applications/Xcode-16.3.0.app/Contents/Developer/Platforms/WatchOS.platform/Developer/SDKs/WatchOS11.4.sdk/System/Library/Frameworks/UIKit.framework/Headers/NSTextAttachment.h:23:1: note: interface 'UIView' forward declared here
@class UIView;
^
/Users/admin/builder/spi-builder-workspace/Sources/VDTransition/UIKitAnimation.swift:9:23: warning: static property 'defaultDuration' is not concurrency-safe because it is nonisolated global shared mutable state; this is an error in the Swift 6 language mode
public static var defaultDuration: Double = 0.25
^
/Users/admin/builder/spi-builder-workspace/Sources/VDTransition/UIKitAnimation.swift:9:23: note: convert 'defaultDuration' to a 'let' constant to make 'Sendable' shared state immutable
public static var defaultDuration: Double = 0.25
~~~ ^
let
/Users/admin/builder/spi-builder-workspace/Sources/VDTransition/UIKitAnimation.swift:9:23: note: add '@MainActor' to make static property 'defaultDuration' part of global actor 'MainActor'
public static var defaultDuration: Double = 0.25
^
@MainActor
/Users/admin/builder/spi-builder-workspace/Sources/VDTransition/UIKitAnimation.swift:9:23: note: disable concurrency-safety checks if accesses are protected by an external synchronization mechanism
public static var defaultDuration: Double = 0.25
^
nonisolated(unsafe)
/Users/admin/builder/spi-builder-workspace/Sources/VDTransition/UIKitAnimation.swift:10:23: warning: static property 'defaultDamping' is not concurrency-safe because it is nonisolated global shared mutable state; this is an error in the Swift 6 language mode
public static var defaultDamping: CGFloat = 0.825
^
/Users/admin/builder/spi-builder-workspace/Sources/VDTransition/UIKitAnimation.swift:10:23: note: convert 'defaultDamping' to a 'let' constant to make 'Sendable' shared state immutable
public static var defaultDamping: CGFloat = 0.825
~~~ ^
let
/Users/admin/builder/spi-builder-workspace/Sources/VDTransition/UIKitAnimation.swift:10:23: note: add '@MainActor' to make static property 'defaultDamping' part of global actor 'MainActor'
public static var defaultDamping: CGFloat = 0.825
^
@MainActor
/Users/admin/builder/spi-builder-workspace/Sources/VDTransition/UIKitAnimation.swift:10:23: note: disable concurrency-safety checks if accesses are protected by an external synchronization mechanism
public static var defaultDamping: CGFloat = 0.825
^
nonisolated(unsafe)
/Users/admin/builder/spi-builder-workspace/Sources/VDTransition/UIKitAnimation.swift:5:15: error: type 'UIKitAnimation' does not conform to protocol 'ExpressibleByArrayLiteral'
public struct UIKitAnimation: ExpressibleByArrayLiteral, Equatable {
^
/Users/admin/builder/spi-builder-workspace/Sources/VDTransition/UIKitAnimation.swift:5:15: error: type 'UIKitAnimation' does not conform to protocol 'Equatable'
public struct UIKitAnimation: ExpressibleByArrayLiteral, Equatable {
^
/Users/admin/builder/spi-builder-workspace/Sources/VDTransition/UIKitAnimation.swift:15:16: note: stored property type '<<error type>>' does not conform to protocol 'Equatable', preventing synthesized conformance of 'UIKitAnimation' to 'Equatable'
public var options: Options
^
Swift.==:1:24: note: candidate would match if 'UIKitAnimation' conformed to 'RawRepresentable'
@inlinable public func == <T>(lhs: T, rhs: T) -> Bool where T : RawRepresentable, T.RawValue : Equatable
^
Swift.FloatingPoint.==:2:20: note: candidate would match if 'UIKitAnimation' conformed to 'FloatingPoint'
public static func == (lhs: Self, rhs: Self) -> Bool}
^
Swift.BinaryInteger.==:2:20: note: candidate would match if 'UIKitAnimation' conformed to 'BinaryInteger'
public static func == <Other>(lhs: Self, rhs: Other) -> Bool where Other : BinaryInteger}
^
Swift._Pointer.==:2:20: note: candidate would match if 'UIKitAnimation' conformed to '_Pointer'
public static func == (lhs: Self, rhs: Self) -> Bool}
^
Swift._Pointer.==:2:31: note: candidate would match if 'UIKitAnimation' conformed to '_Pointer'
@inlinable public static func == <Other>(lhs: Self, rhs: Other) -> Bool where Other : _Pointer}
^
Swift.Strideable.==:2:31: note: candidate would match if 'UIKitAnimation' conformed to 'Strideable'
@inlinable public static func == (x: Self, y: Self) -> Bool}
^
Swift.StringProtocol.==:2:31: note: candidate would match if 'UIKitAnimation' conformed to 'StringProtocol'
@inlinable public static func == <RHS>(lhs: Self, rhs: RHS) -> Bool where RHS : StringProtocol}
^
Swift.SIMD.==:2:20: note: candidate would match if 'UIKitAnimation' conformed to 'SIMD'
public static func == (a: Self, b: Self) -> Bool}
^
CoreFoundation._CFObject.==:2:20: note: candidate would match if 'UIKitAnimation' conformed to '_CFObject'
public static func == (left: Self, right: Self) -> Bool}
^
Foundation.AttributedStringProtocol.==:2:20: note: candidate would match if 'UIKitAnimation' conformed to 'AttributedStringProtocol'
public static func == <RHS>(lhs: Self, rhs: RHS) -> Bool where RHS : AttributedStringProtocol}
^
Foundation._BridgedStoredNSError.==:2:20: note: candidate would match if 'UIKitAnimation' conformed to '_BridgedStoredNSError'
public static func == (lhs: Self, rhs: Self) -> Bool}
^
/Users/admin/builder/spi-builder-workspace/Sources/VDTransition/UIKitAnimation.swift:5:15: note: add stubs for conformance
public struct UIKitAnimation: ExpressibleByArrayLiteral, Equatable {
^
Swift.ExpressibleByArrayLiteral.ArrayLiteralElement:2:16: note: protocol requires nested type 'ArrayLiteralElement'
associatedtype ArrayLiteralElement}
^
Swift.Equatable.==:2:13: note: protocol requires function '==' with type '(UIKitAnimation, UIKitAnimation) -> Bool'
static func == (lhs: Self, rhs: Self) -> Bool}
^
/Users/admin/builder/spi-builder-workspace/Sources/VDTransition/UIKitAnimation.swift:124:11: error: cannot find type 'UIView' in scope
extension UIView {
^~~~~~
/Applications/Xcode-16.3.0.app/Contents/Developer/Platforms/WatchOS.platform/Developer/SDKs/WatchOS11.4.sdk/System/Library/Frameworks/UIKit.framework/Headers/NSTextAttachment.h:23:1: note: interface 'UIView' forward declared here
@class UIView;
^
/Users/admin/builder/spi-builder-workspace/Sources/VDTransition/UITransition+UIStackView.swift:4:11: error: cannot find type 'UIStackView' in scope
extension UIStackView {
^~~~~~~~~~~
/Users/admin/builder/spi-builder-workspace/Sources/VDTransition/UITransition+UIView.swift:4:50: error: cannot find type 'UIView' in scope
public typealias UIViewTransition = UITransition<UIView>
^~~~~~
/Applications/Xcode-16.3.0.app/Contents/Developer/Platforms/WatchOS.platform/Developer/SDKs/WatchOS11.4.sdk/System/Library/Frameworks/UIKit.framework/Headers/NSTextAttachment.h:23:1: note: interface 'UIView' forward declared here
@class UIView;
^
/Users/admin/builder/spi-builder-workspace/Sources/VDTransition/UITransition+UIView.swift:6:11: error: cannot find type 'UIView' in scope
extension UIView {
^~~~~~
/Applications/Xcode-16.3.0.app/Contents/Developer/Platforms/WatchOS.platform/Developer/SDKs/WatchOS11.4.sdk/System/Library/Frameworks/UIKit.framework/Headers/NSTextAttachment.h:23:1: note: interface 'UIView' forward declared here
@class UIView;
^
/Users/admin/builder/spi-builder-workspace/Sources/VDTransition/UITransition+UIView.swift:133:11: error: cannot find type 'UIWindow' in scope
extension UIWindow {
^~~~~~~~
/Users/admin/builder/spi-builder-workspace/Sources/VDTransition/UITransition+static.swift:63:38: error: cannot find type 'UIView' in scope
extension UITransition where Base == UIView {
^~~~~~
/Applications/Xcode-16.3.0.app/Contents/Developer/Platforms/WatchOS.platform/Developer/SDKs/WatchOS11.4.sdk/System/Library/Frameworks/UIKit.framework/Headers/NSTextAttachment.h:23:1: note: interface 'UIView' forward declared here
@class UIView;
^
SwiftEmitModule normal arm64_32 Emitting\ module\ for\ VDTransition (in target 'VDTransition' from project 'VDTransition')
EmitSwiftModule normal arm64_32 (in target 'VDTransition' from project 'VDTransition')
cd /Users/admin/builder/spi-builder-workspace/.swiftpm/xcode
SwiftEmitModule normal armv7k Emitting\ module\ for\ VDTransition (in target 'VDTransition' from project 'VDTransition')
Command SwiftEmitModule failed with a nonzero exit code
** BUILD FAILED **
The following build commands failed:
SwiftEmitModule normal arm64 Emitting\ module\ for\ VDTransition (in target 'VDTransition' from project 'VDTransition')
EmitSwiftModule normal arm64 (in target 'VDTransition' from project 'VDTransition')
SwiftEmitModule normal armv7k Emitting\ module\ for\ VDTransition (in target 'VDTransition' from project 'VDTransition')
Building workspace spi-builder-workspace with scheme VDTransition
(4 failures)
Command line invocation:
/Applications/Xcode-16.3.0.app/Contents/Developer/usr/bin/xcodebuild -IDEClonedSourcePackagesDirPathOverride=/Users/admin/builder/spi-builder-workspace/.dependencies -resolvePackageDependencies
Resolve Package Graph
Resolved source packages:
SwiftDocCPlugin: https://github.com/apple/swift-docc-plugin @ 1.5.0
VDTransition: /Users/admin/builder/spi-builder-workspace
SymbolKit: https://github.com/swiftlang/swift-docc-symbolkit @ 1.0.0
resolved source packages: SwiftDocCPlugin, VDTransition, SymbolKit
{
"dependencies" : [
{
"identity" : "swift-docc-plugin",
"requirement" : {
"range" : [
{
"lower_bound" : "1.0.0",
"upper_bound" : "2.0.0"
}
]
},
"type" : "sourceControl",
"url" : "https://github.com/apple/swift-docc-plugin"
}
],
"manifest_display_name" : "VDTransition",
"name" : "VDTransition",
"path" : "/Users/admin/builder/spi-builder-workspace",
"platforms" : [
{
"name" : "macos",
"version" : "10.15"
},
{
"name" : "ios",
"version" : "13.0"
}
],
"products" : [
{
"name" : "VDTransition",
"targets" : [
"VDTransition"
],
"type" : {
"library" : [
"automatic"
]
}
}
],
"targets" : [
{
"c99name" : "VDTransitionTests",
"module_type" : "SwiftTarget",
"name" : "VDTransitionTests",
"path" : "Tests/VDTransitionTests",
"sources" : [
"UITransitionTests.swift"
],
"target_dependencies" : [
"VDTransition"
],
"type" : "test"
},
{
"c99name" : "VDTransition",
"module_type" : "SwiftTarget",
"name" : "VDTransition",
"path" : "Sources/VDTransition",
"product_memberships" : [
"VDTransition"
],
"sources" : [
"PropertyAccessor.swift",
"RelationValue.swift",
"Transformable.swift",
"Transition+Color.swift",
"TransitionDirection.swift",
"UIKitAnimation.swift",
"UITransition+UIStackView.swift",
"UITransition+UIView.swift",
"UITransition+match.swift",
"UITransition+static.swift",
"UITransition.swift",
"UITransitionProgress.swift"
],
"type" : "library"
}
],
"tools_version" : "5.6"
}
{
"workspace" : {
"name" : "spi-builder-workspace",
"schemes" : [
"VDTransition"
]
}
}
Running build ...
env DEVELOPER_DIR=/Applications/Xcode-16.3.0.app xcrun xcodebuild -IDEClonedSourcePackagesDirPathOverride=$PWD/.dependencies -skipMacroValidation -skipPackagePluginValidation -derivedDataPath $PWD/.derivedData build -scheme VDTransition -destination generic/platform=watchOS
Command line invocation:
/Applications/Xcode-16.3.0.app/Contents/Developer/usr/bin/xcodebuild -IDEClonedSourcePackagesDirPathOverride=/Users/admin/builder/spi-builder-workspace/.dependencies -skipMacroValidation -skipPackagePluginValidation -derivedDataPath /Users/admin/builder/spi-builder-workspace/.derivedData build -scheme VDTransition -destination generic/platform=watchOS
Resolve Package Graph
Resolved source packages:
VDTransition: /Users/admin/builder/spi-builder-workspace
SwiftDocCPlugin: https://github.com/apple/swift-docc-plugin @ 1.5.0
SymbolKit: https://github.com/swiftlang/swift-docc-symbolkit @ 1.0.0
ComputePackagePrebuildTargetDependencyGraph
Prepare packages
CreateBuildRequest
SendProjectDescription
CreateBuildOperation
ComputeTargetDependencyGraph
note: Building targets in dependency order
note: Target dependency graph (2 targets)
Target 'VDTransition' in project 'VDTransition'
➜ Explicit dependency on target 'VDTransition' in project 'VDTransition'
Target 'VDTransition' in project 'VDTransition' (no dependencies)
GatherProvisioningInputs
CreateBuildDescription
ExecuteExternalTool /Applications/Xcode-16.3.0.app/Contents/Developer/Toolchains/XcodeDefault.xctoolchain/usr/bin/clang -v -E -dM -isysroot /Applications/Xcode-16.3.0.app/Contents/Developer/Platforms/WatchOS.platform/Developer/SDKs/WatchOS11.4.sdk -x c -c /dev/null
ExecuteExternalTool /Applications/Xcode-16.3.0.app/Contents/Developer/Toolchains/XcodeDefault.xctoolchain/usr/bin/swiftc --version
ExecuteExternalTool /Applications/Xcode-16.3.0.app/Contents/Developer/Toolchains/XcodeDefault.xctoolchain/usr/bin/ld -version_details
ReadFileContents /Applications/Xcode-16.3.0.app/Contents/Developer/Toolchains/XcodeDefault.xctoolchain/usr/share/docc/features.json
Build description signature: d1a1f9bfcc1a2373f42cea77e6bc24ed
Build description path: /Users/admin/builder/spi-builder-workspace/.derivedData/Build/Intermediates.noindex/XCBuildData/d1a1f9bfcc1a2373f42cea77e6bc24ed.xcbuilddata
ClangStatCache /Applications/Xcode-16.3.0.app/Contents/Developer/Toolchains/XcodeDefault.xctoolchain/usr/bin/clang-stat-cache /Applications/Xcode-16.3.0.app/Contents/Developer/Platforms/WatchOS.platform/Developer/SDKs/WatchOS11.4.sdk /Users/admin/builder/spi-builder-workspace/.derivedData/SDKStatCaches.noindex/watchos11.4-22T246-43efb940ff07ba2497b70ec94253f576.sdkstatcache
cd /Users/admin/builder/spi-builder-workspace/.swiftpm/xcode
/Applications/Xcode-16.3.0.app/Contents/Developer/Toolchains/XcodeDefault.xctoolchain/usr/bin/clang-stat-cache /Applications/Xcode-16.3.0.app/Contents/Developer/Platforms/WatchOS.platform/Developer/SDKs/WatchOS11.4.sdk -o /Users/admin/builder/spi-builder-workspace/.derivedData/SDKStatCaches.noindex/watchos11.4-22T246-43efb940ff07ba2497b70ec94253f576.sdkstatcache
SwiftDriver VDTransition normal armv7k com.apple.xcode.tools.swift.compiler (in target 'VDTransition' from project 'VDTransition')
cd /Users/admin/builder/spi-builder-workspace/.swiftpm/xcode
builtin-SwiftDriver -- /Applications/Xcode-16.3.0.app/Contents/Developer/Toolchains/XcodeDefault.xctoolchain/usr/bin/swiftc -module-name VDTransition -Onone -enforce-exclusivity\=checked @/Users/admin/builder/spi-builder-workspace/.derivedData/Build/Intermediates.noindex/VDTransition.build/Debug-watchos/VDTransition.build/Objects-normal/armv7k/VDTransition.SwiftFileList -DSWIFT_PACKAGE -DDEBUG -DXcode -plugin-path /Applications/Xcode-16.3.0.app/Contents/Developer/Toolchains/XcodeDefault.xctoolchain/usr/lib/swift/host/plugins/testing -enable-experimental-feature DebugDescriptionMacro -sdk /Applications/Xcode-16.3.0.app/Contents/Developer/Platforms/WatchOS.platform/Developer/SDKs/WatchOS11.4.sdk -target armv7k-apple-watchos6.0 -g -module-cache-path /Users/admin/builder/spi-builder-workspace/.derivedData/ModuleCache.noindex -Xfrontend -serialize-debugging-options -profile-coverage-mapping -profile-generate -enable-testing -index-store-path /Users/admin/builder/spi-builder-workspace/.derivedData/Index.noindex/DataStore -swift-version 5 -I /Users/admin/builder/spi-builder-workspace/.derivedData/Build/Products/Debug-watchos -I /Applications/Xcode-16.3.0.app/Contents/Developer/Platforms/WatchOS.platform/Developer/usr/lib -F /Users/admin/builder/spi-builder-workspace/.derivedData/Build/Products/Debug-watchos -F /Applications/Xcode-16.3.0.app/Contents/Developer/Platforms/WatchOS.platform/Developer/Library/Frameworks -F /Applications/Xcode-16.3.0.app/Contents/Developer/Platforms/WatchOS.platform/Developer/SDKs/WatchOS11.4.sdk/Developer/Library/Frameworks -c -j10 -enable-batch-mode -incremental -Xcc -ivfsstatcache -Xcc /Users/admin/builder/spi-builder-workspace/.derivedData/SDKStatCaches.noindex/watchos11.4-22T246-43efb940ff07ba2497b70ec94253f576.sdkstatcache -output-file-map /Users/admin/builder/spi-builder-workspace/.derivedData/Build/Intermediates.noindex/VDTransition.build/Debug-watchos/VDTransition.build/Objects-normal/armv7k/VDTransition-OutputFileMap.json -use-frontend-parseable-output -save-temps -no-color-diagnostics -serialize-diagnostics -emit-dependencies -emit-module -emit-module-path /Users/admin/builder/spi-builder-workspace/.derivedData/Build/Intermediates.noindex/VDTransition.build/Debug-watchos/VDTransition.build/Objects-normal/armv7k/VDTransition.swiftmodule -validate-clang-modules-once -clang-build-session-file /Users/admin/builder/spi-builder-workspace/.derivedData/ModuleCache.noindex/Session.modulevalidation -Xcc -I/Users/admin/builder/spi-builder-workspace/.derivedData/Build/Intermediates.noindex/VDTransition.build/Debug-watchos/VDTransition.build/swift-overrides.hmap -emit-const-values -Xfrontend -const-gather-protocols-file -Xfrontend /Users/admin/builder/spi-builder-workspace/.derivedData/Build/Intermediates.noindex/VDTransition.build/Debug-watchos/VDTransition.build/Objects-normal/armv7k/VDTransition_const_extract_protocols.json -Xcc -I/Users/admin/builder/spi-builder-workspace/.derivedData/Build/Products/Debug-watchos/include -Xcc -I/Users/admin/builder/spi-builder-workspace/.derivedData/Build/Intermediates.noindex/VDTransition.build/Debug-watchos/VDTransition.build/DerivedSources-normal/armv7k -Xcc -I/Users/admin/builder/spi-builder-workspace/.derivedData/Build/Intermediates.noindex/VDTransition.build/Debug-watchos/VDTransition.build/DerivedSources/armv7k -Xcc -I/Users/admin/builder/spi-builder-workspace/.derivedData/Build/Intermediates.noindex/VDTransition.build/Debug-watchos/VDTransition.build/DerivedSources -Xcc -DSWIFT_PACKAGE -Xcc -DDEBUG\=1 -emit-objc-header -emit-objc-header-path /Users/admin/builder/spi-builder-workspace/.derivedData/Build/Intermediates.noindex/VDTransition.build/Debug-watchos/VDTransition.build/Objects-normal/armv7k/VDTransition-Swift.h -working-directory /Users/admin/builder/spi-builder-workspace/.swiftpm/xcode -experimental-emit-module-separately -disable-cmo
SwiftDriver VDTransition normal arm64_32 com.apple.xcode.tools.swift.compiler (in target 'VDTransition' from project 'VDTransition')
cd /Users/admin/builder/spi-builder-workspace/.swiftpm/xcode
builtin-SwiftDriver -- /Applications/Xcode-16.3.0.app/Contents/Developer/Toolchains/XcodeDefault.xctoolchain/usr/bin/swiftc -module-name VDTransition -Onone -enforce-exclusivity\=checked @/Users/admin/builder/spi-builder-workspace/.derivedData/Build/Intermediates.noindex/VDTransition.build/Debug-watchos/VDTransition.build/Objects-normal/arm64_32/VDTransition.SwiftFileList -DSWIFT_PACKAGE -DDEBUG -DXcode -plugin-path /Applications/Xcode-16.3.0.app/Contents/Developer/Toolchains/XcodeDefault.xctoolchain/usr/lib/swift/host/plugins/testing -enable-experimental-feature DebugDescriptionMacro -sdk /Applications/Xcode-16.3.0.app/Contents/Developer/Platforms/WatchOS.platform/Developer/SDKs/WatchOS11.4.sdk -target arm64_32-apple-watchos6.0 -g -module-cache-path /Users/admin/builder/spi-builder-workspace/.derivedData/ModuleCache.noindex -Xfrontend -serialize-debugging-options -profile-coverage-mapping -profile-generate -enable-testing -index-store-path /Users/admin/builder/spi-builder-workspace/.derivedData/Index.noindex/DataStore -swift-version 5 -I /Users/admin/builder/spi-builder-workspace/.derivedData/Build/Products/Debug-watchos -I /Applications/Xcode-16.3.0.app/Contents/Developer/Platforms/WatchOS.platform/Developer/usr/lib -F /Users/admin/builder/spi-builder-workspace/.derivedData/Build/Products/Debug-watchos -F /Applications/Xcode-16.3.0.app/Contents/Developer/Platforms/WatchOS.platform/Developer/Library/Frameworks -F /Applications/Xcode-16.3.0.app/Contents/Developer/Platforms/WatchOS.platform/Developer/SDKs/WatchOS11.4.sdk/Developer/Library/Frameworks -c -j10 -enable-batch-mode -incremental -Xcc -ivfsstatcache -Xcc /Users/admin/builder/spi-builder-workspace/.derivedData/SDKStatCaches.noindex/watchos11.4-22T246-43efb940ff07ba2497b70ec94253f576.sdkstatcache -output-file-map /Users/admin/builder/spi-builder-workspace/.derivedData/Build/Intermediates.noindex/VDTransition.build/Debug-watchos/VDTransition.build/Objects-normal/arm64_32/VDTransition-OutputFileMap.json -use-frontend-parseable-output -save-temps -no-color-diagnostics -serialize-diagnostics -emit-dependencies -emit-module -emit-module-path /Users/admin/builder/spi-builder-workspace/.derivedData/Build/Intermediates.noindex/VDTransition.build/Debug-watchos/VDTransition.build/Objects-normal/arm64_32/VDTransition.swiftmodule -validate-clang-modules-once -clang-build-session-file /Users/admin/builder/spi-builder-workspace/.derivedData/ModuleCache.noindex/Session.modulevalidation -Xcc -I/Users/admin/builder/spi-builder-workspace/.derivedData/Build/Intermediates.noindex/VDTransition.build/Debug-watchos/VDTransition.build/swift-overrides.hmap -emit-const-values -Xfrontend -const-gather-protocols-file -Xfrontend /Users/admin/builder/spi-builder-workspace/.derivedData/Build/Intermediates.noindex/VDTransition.build/Debug-watchos/VDTransition.build/Objects-normal/arm64_32/VDTransition_const_extract_protocols.json -Xcc -I/Users/admin/builder/spi-builder-workspace/.derivedData/Build/Products/Debug-watchos/include -Xcc -I/Users/admin/builder/spi-builder-workspace/.derivedData/Build/Intermediates.noindex/VDTransition.build/Debug-watchos/VDTransition.build/DerivedSources-normal/arm64_32 -Xcc -I/Users/admin/builder/spi-builder-workspace/.derivedData/Build/Intermediates.noindex/VDTransition.build/Debug-watchos/VDTransition.build/DerivedSources/arm64_32 -Xcc -I/Users/admin/builder/spi-builder-workspace/.derivedData/Build/Intermediates.noindex/VDTransition.build/Debug-watchos/VDTransition.build/DerivedSources -Xcc -DSWIFT_PACKAGE -Xcc -DDEBUG\=1 -emit-objc-header -emit-objc-header-path /Users/admin/builder/spi-builder-workspace/.derivedData/Build/Intermediates.noindex/VDTransition.build/Debug-watchos/VDTransition.build/Objects-normal/arm64_32/VDTransition-Swift.h -working-directory /Users/admin/builder/spi-builder-workspace/.swiftpm/xcode -experimental-emit-module-separately -disable-cmo
SwiftDriver VDTransition normal arm64 com.apple.xcode.tools.swift.compiler (in target 'VDTransition' from project 'VDTransition')
cd /Users/admin/builder/spi-builder-workspace/.swiftpm/xcode
builtin-SwiftDriver -- /Applications/Xcode-16.3.0.app/Contents/Developer/Toolchains/XcodeDefault.xctoolchain/usr/bin/swiftc -module-name VDTransition -Onone -enforce-exclusivity\=checked @/Users/admin/builder/spi-builder-workspace/.derivedData/Build/Intermediates.noindex/VDTransition.build/Debug-watchos/VDTransition.build/Objects-normal/arm64/VDTransition.SwiftFileList -DSWIFT_PACKAGE -DDEBUG -DXcode -plugin-path /Applications/Xcode-16.3.0.app/Contents/Developer/Toolchains/XcodeDefault.xctoolchain/usr/lib/swift/host/plugins/testing -enable-experimental-feature DebugDescriptionMacro -sdk /Applications/Xcode-16.3.0.app/Contents/Developer/Platforms/WatchOS.platform/Developer/SDKs/WatchOS11.4.sdk -target arm64-apple-watchos6.0 -g -module-cache-path /Users/admin/builder/spi-builder-workspace/.derivedData/ModuleCache.noindex -Xfrontend -serialize-debugging-options -profile-coverage-mapping -profile-generate -enable-testing -index-store-path /Users/admin/builder/spi-builder-workspace/.derivedData/Index.noindex/DataStore -swift-version 5 -I /Users/admin/builder/spi-builder-workspace/.derivedData/Build/Products/Debug-watchos -I /Applications/Xcode-16.3.0.app/Contents/Developer/Platforms/WatchOS.platform/Developer/usr/lib -F /Users/admin/builder/spi-builder-workspace/.derivedData/Build/Products/Debug-watchos -F /Applications/Xcode-16.3.0.app/Contents/Developer/Platforms/WatchOS.platform/Developer/Library/Frameworks -F /Applications/Xcode-16.3.0.app/Contents/Developer/Platforms/WatchOS.platform/Developer/SDKs/WatchOS11.4.sdk/Developer/Library/Frameworks -c -j10 -enable-batch-mode -incremental -Xcc -ivfsstatcache -Xcc /Users/admin/builder/spi-builder-workspace/.derivedData/SDKStatCaches.noindex/watchos11.4-22T246-43efb940ff07ba2497b70ec94253f576.sdkstatcache -output-file-map /Users/admin/builder/spi-builder-workspace/.derivedData/Build/Intermediates.noindex/VDTransition.build/Debug-watchos/VDTransition.build/Objects-normal/arm64/VDTransition-OutputFileMap.json -use-frontend-parseable-output -save-temps -no-color-diagnostics -serialize-diagnostics -emit-dependencies -emit-module -emit-module-path /Users/admin/builder/spi-builder-workspace/.derivedData/Build/Intermediates.noindex/VDTransition.build/Debug-watchos/VDTransition.build/Objects-normal/arm64/VDTransition.swiftmodule -validate-clang-modules-once -clang-build-session-file /Users/admin/builder/spi-builder-workspace/.derivedData/ModuleCache.noindex/Session.modulevalidation -Xcc -I/Users/admin/builder/spi-builder-workspace/.derivedData/Build/Intermediates.noindex/VDTransition.build/Debug-watchos/VDTransition.build/swift-overrides.hmap -emit-const-values -Xfrontend -const-gather-protocols-file -Xfrontend /Users/admin/builder/spi-builder-workspace/.derivedData/Build/Intermediates.noindex/VDTransition.build/Debug-watchos/VDTransition.build/Objects-normal/arm64/VDTransition_const_extract_protocols.json -Xcc -I/Users/admin/builder/spi-builder-workspace/.derivedData/Build/Products/Debug-watchos/include -Xcc -I/Users/admin/builder/spi-builder-workspace/.derivedData/Build/Intermediates.noindex/VDTransition.build/Debug-watchos/VDTransition.build/DerivedSources-normal/arm64 -Xcc -I/Users/admin/builder/spi-builder-workspace/.derivedData/Build/Intermediates.noindex/VDTransition.build/Debug-watchos/VDTransition.build/DerivedSources/arm64 -Xcc -I/Users/admin/builder/spi-builder-workspace/.derivedData/Build/Intermediates.noindex/VDTransition.build/Debug-watchos/VDTransition.build/DerivedSources -Xcc -DSWIFT_PACKAGE -Xcc -DDEBUG\=1 -emit-objc-header -emit-objc-header-path /Users/admin/builder/spi-builder-workspace/.derivedData/Build/Intermediates.noindex/VDTransition.build/Debug-watchos/VDTransition.build/Objects-normal/arm64/VDTransition-Swift.h -working-directory /Users/admin/builder/spi-builder-workspace/.swiftpm/xcode -experimental-emit-module-separately -disable-cmo
SwiftEmitModule normal armv7k Emitting\ module\ for\ VDTransition (in target 'VDTransition' from project 'VDTransition')
EmitSwiftModule normal armv7k (in target 'VDTransition' from project 'VDTransition')
cd /Users/admin/builder/spi-builder-workspace/.swiftpm/xcode
SwiftCompile normal armv7k Compiling\ Transformable.swift,\ Transition+Color.swift /Users/admin/builder/spi-builder-workspace/Sources/VDTransition/Transformable.swift /Users/admin/builder/spi-builder-workspace/Sources/VDTransition/Transition+Color.swift (in target 'VDTransition' from project 'VDTransition')
SwiftCompile normal armv7k /Users/admin/builder/spi-builder-workspace/Sources/VDTransition/Transformable.swift (in target 'VDTransition' from project 'VDTransition')
cd /Users/admin/builder/spi-builder-workspace/.swiftpm/xcode
SwiftCompile normal armv7k /Users/admin/builder/spi-builder-workspace/Sources/VDTransition/Transition+Color.swift (in target 'VDTransition' from project 'VDTransition')
cd /Users/admin/builder/spi-builder-workspace/.swiftpm/xcode
SwiftCompile normal armv7k Compiling\ UIKitAnimation.swift /Users/admin/builder/spi-builder-workspace/Sources/VDTransition/UIKitAnimation.swift (in target 'VDTransition' from project 'VDTransition')
SwiftCompile normal armv7k /Users/admin/builder/spi-builder-workspace/Sources/VDTransition/UIKitAnimation.swift (in target 'VDTransition' from project 'VDTransition')
cd /Users/admin/builder/spi-builder-workspace/.swiftpm/xcode
SwiftCompile normal armv7k Compiling\ PropertyAccessor.swift,\ RelationValue.swift /Users/admin/builder/spi-builder-workspace/Sources/VDTransition/PropertyAccessor.swift /Users/admin/builder/spi-builder-workspace/Sources/VDTransition/RelationValue.swift (in target 'VDTransition' from project 'VDTransition')
SwiftCompile normal armv7k /Users/admin/builder/spi-builder-workspace/Sources/VDTransition/PropertyAccessor.swift (in target 'VDTransition' from project 'VDTransition')
cd /Users/admin/builder/spi-builder-workspace/.swiftpm/xcode
SwiftCompile normal armv7k /Users/admin/builder/spi-builder-workspace/Sources/VDTransition/RelationValue.swift (in target 'VDTransition' from project 'VDTransition')
cd /Users/admin/builder/spi-builder-workspace/.swiftpm/xcode
SwiftCompile normal armv7k Compiling\ UITransition+UIStackView.swift /Users/admin/builder/spi-builder-workspace/Sources/VDTransition/UITransition+UIStackView.swift (in target 'VDTransition' from project 'VDTransition')
SwiftCompile normal armv7k /Users/admin/builder/spi-builder-workspace/Sources/VDTransition/UITransition+UIStackView.swift (in target 'VDTransition' from project 'VDTransition')
cd /Users/admin/builder/spi-builder-workspace/.swiftpm/xcode
SwiftCompile normal armv7k Compiling\ TransitionDirection.swift /Users/admin/builder/spi-builder-workspace/Sources/VDTransition/TransitionDirection.swift (in target 'VDTransition' from project 'VDTransition')
SwiftCompile normal armv7k /Users/admin/builder/spi-builder-workspace/Sources/VDTransition/TransitionDirection.swift (in target 'VDTransition' from project 'VDTransition')
cd /Users/admin/builder/spi-builder-workspace/.swiftpm/xcode
SwiftCompile normal armv7k Compiling\ UITransition+match.swift /Users/admin/builder/spi-builder-workspace/Sources/VDTransition/UITransition+match.swift (in target 'VDTransition' from project 'VDTransition')
SwiftCompile normal armv7k /Users/admin/builder/spi-builder-workspace/Sources/VDTransition/UITransition+match.swift (in target 'VDTransition' from project 'VDTransition')
cd /Users/admin/builder/spi-builder-workspace/.swiftpm/xcode
SwiftCompile normal armv7k Compiling\ UITransition+static.swift /Users/admin/builder/spi-builder-workspace/Sources/VDTransition/UITransition+static.swift (in target 'VDTransition' from project 'VDTransition')
SwiftCompile normal armv7k /Users/admin/builder/spi-builder-workspace/Sources/VDTransition/UITransition+static.swift (in target 'VDTransition' from project 'VDTransition')
cd /Users/admin/builder/spi-builder-workspace/.swiftpm/xcode
SwiftCompile normal armv7k Compiling\ UITransition.swift /Users/admin/builder/spi-builder-workspace/Sources/VDTransition/UITransition.swift (in target 'VDTransition' from project 'VDTransition')
SwiftCompile normal armv7k /Users/admin/builder/spi-builder-workspace/Sources/VDTransition/UITransition.swift (in target 'VDTransition' from project 'VDTransition')
cd /Users/admin/builder/spi-builder-workspace/.swiftpm/xcode
SwiftEmitModule normal arm64_32 Emitting\ module\ for\ VDTransition (in target 'VDTransition' from project 'VDTransition')
Failed frontend command:
/Applications/Xcode-16.3.0.app/Contents/Developer/Toolchains/XcodeDefault.xctoolchain/usr/bin/swift-frontend -frontend -emit-module -experimental-skip-non-inlinable-function-bodies-without-types /Users/admin/builder/spi-builder-workspace/Sources/VDTransition/PropertyAccessor.swift /Users/admin/builder/spi-builder-workspace/Sources/VDTransition/RelationValue.swift /Users/admin/builder/spi-builder-workspace/Sources/VDTransition/Transformable.swift /Users/admin/builder/spi-builder-workspace/Sources/VDTransition/Transition+Color.swift /Users/admin/builder/spi-builder-workspace/Sources/VDTransition/TransitionDirection.swift /Users/admin/builder/spi-builder-workspace/Sources/VDTransition/UIKitAnimation.swift /Users/admin/builder/spi-builder-workspace/Sources/VDTransition/UITransition+UIStackView.swift /Users/admin/builder/spi-builder-workspace/Sources/VDTransition/UITransition+UIView.swift /Users/admin/builder/spi-builder-workspace/Sources/VDTransition/UITransition+match.swift /Users/admin/builder/spi-builder-workspace/Sources/VDTransition/UITransition+static.swift /Users/admin/builder/spi-builder-workspace/Sources/VDTransition/UITransition.swift /Users/admin/builder/spi-builder-workspace/Sources/VDTransition/UITransitionProgress.swift -target arm64_32-apple-watchos6.0 -enable-objc-interop -sdk /Applications/Xcode-16.3.0.app/Contents/Developer/Platforms/WatchOS.platform/Developer/SDKs/WatchOS11.4.sdk -I /Users/admin/builder/spi-builder-workspace/.derivedData/Build/Products/Debug-watchos -I /Applications/Xcode-16.3.0.app/Contents/Developer/Platforms/WatchOS.platform/Developer/usr/lib -F /Users/admin/builder/spi-builder-workspace/.derivedData/Build/Products/Debug-watchos -F /Applications/Xcode-16.3.0.app/Contents/Developer/Platforms/WatchOS.platform/Developer/Library/Frameworks -F /Applications/Xcode-16.3.0.app/Contents/Developer/Platforms/WatchOS.platform/Developer/SDKs/WatchOS11.4.sdk/Developer/Library/Frameworks -no-color-diagnostics -enable-testing -g -debug-info-format\=dwarf -dwarf-version\=4 -module-cache-path /Users/admin/builder/spi-builder-workspace/.derivedData/ModuleCache.noindex -profile-generate -profile-coverage-mapping -swift-version 5 -enforce-exclusivity\=checked -Onone -D SWIFT_PACKAGE -D DEBUG -D Xcode -serialize-debugging-options -const-gather-protocols-file /Users/admin/builder/spi-builder-workspace/.derivedData/Build/Intermediates.noindex/VDTransition.build/Debug-watchos/VDTransition.build/Objects-normal/arm64_32/VDTransition_const_extract_protocols.json -enable-experimental-feature DebugDescriptionMacro -empty-abi-descriptor -plugin-path /Applications/Xcode-16.3.0.app/Contents/Developer/Toolchains/XcodeDefault.xctoolchain/usr/lib/swift/host/plugins/testing -validate-clang-modules-once -clang-build-session-file /Users/admin/builder/spi-builder-workspace/.derivedData/ModuleCache.noindex/Session.modulevalidation -Xcc -working-directory -Xcc /Users/admin/builder/spi-builder-workspace/.swiftpm/xcode -resource-dir /Applications/Xcode-16.3.0.app/Contents/Developer/Toolchains/XcodeDefault.xctoolchain/usr/lib/swift -enable-anonymous-context-mangled-names -file-compilation-dir /Users/admin/builder/spi-builder-workspace/.swiftpm/xcode -Xcc -ivfsstatcache -Xcc /Users/admin/builder/spi-builder-workspace/.derivedData/SDKStatCaches.noindex/watchos11.4-22T246-43efb940ff07ba2497b70ec94253f576.sdkstatcache -Xcc -I/Users/admin/builder/spi-builder-workspace/.derivedData/Build/Intermediates.noindex/VDTransition.build/Debug-watchos/VDTransition.build/swift-overrides.hmap -Xcc -I/Users/admin/builder/spi-builder-workspace/.derivedData/Build/Products/Debug-watchos/include -Xcc -I/Users/admin/builder/spi-builder-workspace/.derivedData/Build/Intermediates.noindex/VDTransition.build/Debug-watchos/VDTransition.build/DerivedSources-normal/arm64_32 -Xcc -I/Users/admin/builder/spi-builder-workspace/.derivedData/Build/Intermediates.noindex/VDTransition.build/Debug-watchos/VDTransition.build/DerivedSources/arm64_32 -Xcc -I/Users/admin/builder/spi-builder-workspace/.derivedData/Build/Intermediates.noindex/VDTransition.build/Debug-watchos/VDTransition.build/DerivedSources -Xcc -DSWIFT_PACKAGE -Xcc -DDEBUG\=1 -module-name VDTransition -frontend-parseable-output -disable-clang-spi -target-sdk-version 11.4 -target-sdk-name watchos11.4 -external-plugin-path /Applications/Xcode-16.3.0.app/Contents/Developer/Platforms/WatchOS.platform/Developer/usr/lib/swift/host/plugins\#/Applications/Xcode-16.3.0.app/Contents/Developer/Platforms/WatchOS.platform/Developer/usr/bin/swift-plugin-server -external-plugin-path /Applications/Xcode-16.3.0.app/Contents/Developer/Platforms/WatchOS.platform/Developer/usr/local/lib/swift/host/plugins\#/Applications/Xcode-16.3.0.app/Contents/Developer/Platforms/WatchOS.platform/Developer/usr/bin/swift-plugin-server -in-process-plugin-server-path /Applications/Xcode-16.3.0.app/Contents/Developer/Toolchains/XcodeDefault.xctoolchain/usr/lib/swift/host/libSwiftInProcPluginServer.dylib -plugin-path /Applications/Xcode-16.3.0.app/Contents/Developer/Toolchains/XcodeDefault.xctoolchain/usr/lib/swift/host/plugins -plugin-path /Applications/Xcode-16.3.0.app/Contents/Developer/Toolchains/XcodeDefault.xctoolchain/usr/local/lib/swift/host/plugins -emit-module-doc-path /Users/admin/builder/spi-builder-workspace/.derivedData/Build/Intermediates.noindex/VDTransition.build/Debug-watchos/VDTransition.build/Objects-normal/arm64_32/VDTransition.swiftdoc -emit-module-source-info-path /Users/admin/builder/spi-builder-workspace/.derivedData/Build/Intermediates.noindex/VDTransition.build/Debug-watchos/VDTransition.build/Objects-normal/arm64_32/VDTransition.swiftsourceinfo -emit-objc-header-path /Users/admin/builder/spi-builder-workspace/.derivedData/Build/Intermediates.noindex/VDTransition.build/Debug-watchos/VDTransition.build/Objects-normal/arm64_32/VDTransition-Swift.h -serialize-diagnostics-path /Users/admin/builder/spi-builder-workspace/.derivedData/Build/Intermediates.noindex/VDTransition.build/Debug-watchos/VDTransition.build/Objects-normal/arm64_32/VDTransition-master-emit-module.dia -emit-dependencies-path /Users/admin/builder/spi-builder-workspace/.derivedData/Build/Intermediates.noindex/VDTransition.build/Debug-watchos/VDTransition.build/Objects-normal/arm64_32/VDTransition-master-emit-module.d -o /Users/admin/builder/spi-builder-workspace/.derivedData/Build/Intermediates.noindex/VDTransition.build/Debug-watchos/VDTransition.build/Objects-normal/arm64_32/VDTransition.swiftmodule -emit-abi-descriptor-path /Users/admin/builder/spi-builder-workspace/.derivedData/Build/Intermediates.noindex/VDTransition.build/Debug-watchos/VDTransition.build/Objects-normal/arm64_32/VDTransition.abi.json
EmitSwiftModule normal arm64_32 (in target 'VDTransition' from project 'VDTransition')
cd /Users/admin/builder/spi-builder-workspace/.swiftpm/xcode
/Users/admin/builder/spi-builder-workspace/Sources/VDTransition/Transformable.swift:25:11: error: cannot find type 'UIView' in scope
extension UIView: Transformable {
^~~~~~
/Applications/Xcode-16.3.0.app/Contents/Developer/Platforms/WatchOS.platform/Developer/SDKs/WatchOS11.4.sdk/System/Library/Frameworks/UIKit.framework/Headers/NSTextAttachment.h:23:1: note: interface 'UIView' forward declared here
@class UIView;
^
/Users/admin/builder/spi-builder-workspace/Sources/VDTransition/UIKitAnimation.swift:7:32: error: cannot find type 'UIView' in scope
public typealias Options = UIView.AnimationOptions
^~~~~~
/Applications/Xcode-16.3.0.app/Contents/Developer/Platforms/WatchOS.platform/Developer/SDKs/WatchOS11.4.sdk/System/Library/Frameworks/UIKit.framework/Headers/NSTextAttachment.h:23:1: note: interface 'UIView' forward declared here
@class UIView;
^
/Users/admin/builder/spi-builder-workspace/Sources/VDTransition/UIKitAnimation.swift:5:15: error: type 'UIKitAnimation' does not conform to protocol 'ExpressibleByArrayLiteral'
public struct UIKitAnimation: ExpressibleByArrayLiteral, Equatable {
^
/Users/admin/builder/spi-builder-workspace/Sources/VDTransition/UIKitAnimation.swift:5:15: error: type 'UIKitAnimation' does not conform to protocol 'Equatable'
public struct UIKitAnimation: ExpressibleByArrayLiteral, Equatable {
^
/Users/admin/builder/spi-builder-workspace/Sources/VDTransition/UIKitAnimation.swift:15:16: note: stored property type '<<error type>>' does not conform to protocol 'Equatable', preventing synthesized conformance of 'UIKitAnimation' to 'Equatable'
public var options: Options
^
Swift.==:1:24: note: candidate would match if 'UIKitAnimation' conformed to 'RawRepresentable'
@inlinable public func == <T>(lhs: T, rhs: T) -> Bool where T : RawRepresentable, T.RawValue : Equatable
^
Swift.FloatingPoint.==:2:20: note: candidate would match if 'UIKitAnimation' conformed to 'FloatingPoint'
public static func == (lhs: Self, rhs: Self) -> Bool}
^
Swift.BinaryInteger.==:2:20: note: candidate would match if 'UIKitAnimation' conformed to 'BinaryInteger'
public static func == <Other>(lhs: Self, rhs: Other) -> Bool where Other : BinaryInteger}
^
Swift._Pointer.==:2:20: note: candidate would match if 'UIKitAnimation' conformed to '_Pointer'
public static func == (lhs: Self, rhs: Self) -> Bool}
^
Swift._Pointer.==:2:31: note: candidate would match if 'UIKitAnimation' conformed to '_Pointer'
@inlinable public static func == <Other>(lhs: Self, rhs: Other) -> Bool where Other : _Pointer}
^
Swift.Strideable.==:2:31: note: candidate would match if 'UIKitAnimation' conformed to 'Strideable'
@inlinable public static func == (x: Self, y: Self) -> Bool}
^
Swift.StringProtocol.==:2:31: note: candidate would match if 'UIKitAnimation' conformed to 'StringProtocol'
@inlinable public static func == <RHS>(lhs: Self, rhs: RHS) -> Bool where RHS : StringProtocol}
^
Swift.SIMD.==:2:20: note: candidate would match if 'UIKitAnimation' conformed to 'SIMD'
public static func == (a: Self, b: Self) -> Bool}
^
CoreFoundation._CFObject.==:2:20: note: candidate would match if 'UIKitAnimation' conformed to '_CFObject'
public static func == (left: Self, right: Self) -> Bool}
^
Foundation.AttributedStringProtocol.==:2:20: note: candidate would match if 'UIKitAnimation' conformed to 'AttributedStringProtocol'
public static func == <RHS>(lhs: Self, rhs: RHS) -> Bool where RHS : AttributedStringProtocol}
^
Foundation._BridgedStoredNSError.==:2:20: note: candidate would match if 'UIKitAnimation' conformed to '_BridgedStoredNSError'
public static func == (lhs: Self, rhs: Self) -> Bool}
^
/Users/admin/builder/spi-builder-workspace/Sources/VDTransition/UIKitAnimation.swift:5:15: note: add stubs for conformance
public struct UIKitAnimation: ExpressibleByArrayLiteral, Equatable {
^
Swift.ExpressibleByArrayLiteral.ArrayLiteralElement:2:16: note: protocol requires nested type 'ArrayLiteralElement'
associatedtype ArrayLiteralElement}
^
Swift.Equatable.==:2:13: note: protocol requires function '==' with type '(UIKitAnimation, UIKitAnimation) -> Bool'
static func == (lhs: Self, rhs: Self) -> Bool}
^
/Users/admin/builder/spi-builder-workspace/Sources/VDTransition/UIKitAnimation.swift:124:11: error: cannot find type 'UIView' in scope
extension UIView {
^~~~~~
/Applications/Xcode-16.3.0.app/Contents/Developer/Platforms/WatchOS.platform/Developer/SDKs/WatchOS11.4.sdk/System/Library/Frameworks/UIKit.framework/Headers/NSTextAttachment.h:23:1: note: interface 'UIView' forward declared here
@class UIView;
^
/Users/admin/builder/spi-builder-workspace/Sources/VDTransition/UITransition+UIStackView.swift:4:11: error: cannot find type 'UIStackView' in scope
extension UIStackView {
^~~~~~~~~~~
/Users/admin/builder/spi-builder-workspace/Sources/VDTransition/UITransition+UIView.swift:4:50: error: cannot find type 'UIView' in scope
public typealias UIViewTransition = UITransition<UIView>
^~~~~~
/Applications/Xcode-16.3.0.app/Contents/Developer/Platforms/WatchOS.platform/Developer/SDKs/WatchOS11.4.sdk/System/Library/Frameworks/UIKit.framework/Headers/NSTextAttachment.h:23:1: note: interface 'UIView' forward declared here
@class UIView;
^
/Users/admin/builder/spi-builder-workspace/Sources/VDTransition/UITransition+UIView.swift:6:11: error: cannot find type 'UIView' in scope
extension UIView {
^~~~~~
/Applications/Xcode-16.3.0.app/Contents/Developer/Platforms/WatchOS.platform/Developer/SDKs/WatchOS11.4.sdk/System/Library/Frameworks/UIKit.framework/Headers/NSTextAttachment.h:23:1: note: interface 'UIView' forward declared here
@class UIView;
^
/Users/admin/builder/spi-builder-workspace/Sources/VDTransition/UITransition+UIView.swift:133:11: error: cannot find type 'UIWindow' in scope
extension UIWindow {
^~~~~~~~
/Users/admin/builder/spi-builder-workspace/Sources/VDTransition/UITransition+static.swift:63:38: error: cannot find type 'UIView' in scope
extension UITransition where Base == UIView {
^~~~~~
/Applications/Xcode-16.3.0.app/Contents/Developer/Platforms/WatchOS.platform/Developer/SDKs/WatchOS11.4.sdk/System/Library/Frameworks/UIKit.framework/Headers/NSTextAttachment.h:23:1: note: interface 'UIView' forward declared here
@class UIView;
^
SwiftEmitModule normal arm64 Emitting\ module\ for\ VDTransition (in target 'VDTransition' from project 'VDTransition')
Command SwiftEmitModule failed with a nonzero exit code
** BUILD FAILED **
The following build commands failed:
SwiftEmitModule normal arm64_32 Emitting\ module\ for\ VDTransition (in target 'VDTransition' from project 'VDTransition')
EmitSwiftModule normal arm64_32 (in target 'VDTransition' from project 'VDTransition')
SwiftEmitModule normal arm64 Emitting\ module\ for\ VDTransition (in target 'VDTransition' from project 'VDTransition')
Building workspace spi-builder-workspace with scheme VDTransition
(4 failures)
BUILD FAILURE 6.1 watchOS