The Swift Package Index logo.Swift Package Index

Build Information

Failed to build GlassIntroKit, reference 0.1.0 (1160f4), with Swift 6.2 for visionOS using Xcode 26.3 on 18 Oct 2026 21:57:18 UTC.

Build Command

No build command. This typically means the build failed at an early stage where we determine the build command.

Build Log

========================================
RunAll
========================================
Builder version: 5.1.3
Interrupt handler set up.
========================================
Checkout
========================================
Clone URL: https://github.com/Jiaxu-Li/GlassIntroKit.git
Reference: 0.1.0
Initialized empty Git repository in /Users/admin/builder/spi-builder-workspace/.git/
From https://github.com/Jiaxu-Li/GlassIntroKit
 * tag               0.1.0      -> FETCH_HEAD
HEAD is now at 1160f4b GlassIntroKit 0.1.0
Cloned https://github.com/Jiaxu-Li/GlassIntroKit.git
Revision (git rev-parse @):
1160f4b76420f9bd851844ecfab55ff4387f9268
SPI manifest file found: $PWD/.spi.yml
SUCCESS checkout https://github.com/Jiaxu-Li/GlassIntroKit.git at 0.1.0
========================================
Build
========================================
Selected platform:         visionOS
Swift version:             6.2
Building package at path:  $PWD
https://github.com/Jiaxu-Li/GlassIntroKit.git
Command line invocation:
    /Applications/Xcode-26.3.0.app/Contents/Developer/usr/bin/xcodebuild -IDEClonedSourcePackagesDirPathOverride=/Users/admin/builder/spi-builder-workspace/.dependencies -resolvePackageDependencies
Resolve Package Graph
package 'spi-builder-workspace' is using Swift tools version 6.3.0 but the installed version is 6.2.4
Resolved source packages:
  spi-builder-workspace: (null)
2026-10-18 17:57:17.198 xcodebuild[539:3138] Writing error result bundle to /var/folders/xq/y_g06wb113726d38xsyx71_h0000gn/T/ResultBundle_2026-18-10_17-57-0017.xcresult
xcodebuild: error: Could not resolve package dependencies:
  package 'spi-builder-workspace' is using Swift tools version 6.3.0 but the installed version is 6.2.4
Command line invocation:
    /Applications/Xcode-26.3.0.app/Contents/Developer/usr/bin/xcodebuild -IDEClonedSourcePackagesDirPathOverride=/Users/admin/builder/spi-builder-workspace/.dependencies -resolvePackageDependencies
Resolve Package Graph
package 'spi-builder-workspace' is using Swift tools version 6.3.0 but the installed version is 6.2.4
Resolved source packages:
  spi-builder-workspace: (null)
2026-10-18 17:57:18.031 xcodebuild[601:3657] Writing error result bundle to /var/folders/xq/y_g06wb113726d38xsyx71_h0000gn/T/ResultBundle_2026-18-10_17-57-0018.xcresult
xcodebuild: error: Could not resolve package dependencies:
  package 'spi-builder-workspace' is using Swift tools version 6.3.0 but the installed version is 6.2.4
BUILD FAILURE 6.2 visionOS