The Swift Package Index logo.Swift Package Index

Build Information

Failed to build SwiftMetrics, reference 2.6.4 (a8460c), with Swift 6.4 for macOS (SPM) on 16 Sep 2026 02:28:15 UTC.

Build Command

env DEVELOPER_DIR=/Applications/Xcode-27.0.0-Release.Candidate.app xcrun swift build --arch arm64

Build Log

========================================
RunAll
========================================
Builder version: 5.1.0
Interrupt handler set up.
========================================
Checkout
========================================
Clone URL: https://github.com/runtimetools/swiftmetrics.git
Reference: 2.6.4
Initialized empty Git repository in /Users/admin/builder/spi-builder-workspace/.git/
From https://github.com/runtimetools/swiftmetrics
 * tag               2.6.4      -> FETCH_HEAD
HEAD is now at a8460c4 Support Swift 5.1 (#222)
Submodule path 'public/graphmetrics': checked out '39b73a3202cf7f564eb0e4c1d7e224180347a90c'
Submodule 'public/graphmetrics' (https://github.com/RuntimeTools/graphmetrics) registered for path 'public/graphmetrics'
Cloning into '/Users/admin/builder/spi-builder-workspace/public/graphmetrics'...
Cloned https://github.com/runtimetools/swiftmetrics.git
Revision (git rev-parse @):
a8460c44d91ee25e0931be7792fed5e5c8a494a4
SUCCESS checkout https://github.com/runtimetools/swiftmetrics.git at 2.6.4
========================================
Build
========================================
Selected platform:         macosSpm
Swift version:             6.4
Building package at path:  $PWD
https://github.com/runtimetools/swiftmetrics.git
Running build ...
env DEVELOPER_DIR=/Applications/Xcode-27.0.0-Release.Candidate.app xcrun swift build --arch arm64
Fetching https://github.com/IBM-Swift/Kitura.git
Fetching https://github.com/IBM-Swift/Kitura-WebSocket.git
Fetching https://github.com/IBM-Swift/Swift-cfenv.git
Fetching https://github.com/IBM-Swift/BlueCryptor.git
Fetching https://github.com/RuntimeTools/omr-agentcore
[1/1836] Fetching kitura-websocket
[20/3939] Fetching kitura-websocket, omr-agentcore
[451/5597] Fetching kitura-websocket, omr-agentcore, bluecryptor
Fetched https://github.com/IBM-Swift/Kitura-WebSocket.git (1.15s)
[3111/5365] Fetching omr-agentcore, bluecryptor, swift-cfenv
[5366/22283] Fetching omr-agentcore, bluecryptor, swift-cfenv, kitura
Fetched https://github.com/IBM-Swift/Swift-cfenv.git (2.71s)
Fetched https://github.com/IBM-Swift/BlueCryptor.git (2.71s)
Fetched https://github.com/RuntimeTools/omr-agentcore (2.71s)
Fetched https://github.com/IBM-Swift/Kitura.git (2.71s)
Computing version for https://github.com/IBM-Swift/Swift-cfenv.git
Computed https://github.com/IBM-Swift/Swift-cfenv.git at 6.0.200 (3.43s)
Fetching https://github.com/Kitura/Configuration.git
[1/1135] Fetching configuration
Fetched https://github.com/Kitura/Configuration.git (1.16s)
Computing version for https://github.com/Kitura/Configuration.git
Computed https://github.com/Kitura/Configuration.git at 3.1.0 (1.87s)
Fetching https://github.com/Kitura/FileKit.git
[1/298] Fetching filekit
Fetched https://github.com/Kitura/FileKit.git (1.59s)
Computing version for https://github.com/Kitura/FileKit.git
Computed https://github.com/Kitura/FileKit.git at 1.1.0 (2.30s)
Fetching https://github.com/Kitura/LoggerAPI.git
[1/784] Fetching loggerapi
Fetched https://github.com/Kitura/LoggerAPI.git (1.13s)
Computing version for https://github.com/Kitura/LoggerAPI.git
Computed https://github.com/Kitura/LoggerAPI.git at 2.1.0 (1.89s)
Fetching https://github.com/apple/swift-log.git
[1/8083] Fetching swift-log
Fetched https://github.com/apple/swift-log.git (1.37s)
Computing version for https://github.com/IBM-Swift/Kitura-WebSocket.git
Computed https://github.com/IBM-Swift/Kitura-WebSocket.git at 2.1.200 (2.07s)
Fetching https://github.com/IBM-Swift/Kitura-net.git
[1/9544] Fetching kitura-net
Fetched https://github.com/IBM-Swift/Kitura-net.git (1.86s)
Computing version for https://github.com/IBM-Swift/BlueCryptor.git
Computed https://github.com/IBM-Swift/BlueCryptor.git at 1.0.200 (2.56s)
Computing version for https://github.com/IBM-Swift/Kitura-net.git
Computed https://github.com/Kitura/LoggerAPI.git at 2.1.0 (0.00s)
Computed https://github.com/IBM-Swift/Kitura-WebSocket.git at 2.1.2 (0.66s)
error: Invalid manifest (compiled with: ["/Applications/Xcode-27.0.0-Release.Candidate.app/Contents/Developer/Toolchains/XcodeDefault.xctoolchain/usr/bin/swiftc", "-vfsoverlay", "/var/folders/xq/y_g06wb113726d38xsyx71_h0000gn/T/TemporaryDirectory.uXY9Bv/vfs.yaml", "-L", "/Applications/Xcode-27.0.0-Release.Candidate.app/Contents/Developer/Toolchains/XcodeDefault.xctoolchain/usr/lib/swift/pm/ManifestAPI", "-lPackageDescription", "-Xlinker", "-rpath", "-Xlinker", "/Applications/Xcode-27.0.0-Release.Candidate.app/Contents/Developer/Toolchains/XcodeDefault.xctoolchain/usr/lib/swift/pm/ManifestAPI", "-target", "arm64-apple-macosx14.0", "-plugin-path", "/Applications/Xcode-27.0.0-Release.Candidate.app/Contents/Developer/Toolchains/XcodeDefault.xctoolchain/usr/lib/swift/host/plugins/testing", "-sdk", "/Applications/Xcode-27.0.0-Release.Candidate.app/Contents/Developer/Platforms/MacOSX.platform/Developer/SDKs/MacOSX27.0.sdk", "-F", "/Applications/Xcode-27.0.0-Release.Candidate.app/Contents/Developer/Platforms/MacOSX.platform/Developer/Library/Frameworks", "-I", "/Applications/Xcode-27.0.0-Release.Candidate.app/Contents/Developer/Platforms/MacOSX.platform/Developer/usr/lib", "-L", "/Applications/Xcode-27.0.0-Release.Candidate.app/Contents/Developer/Platforms/MacOSX.platform/Developer/usr/lib", "-swift-version", "4", "-I", "/Applications/Xcode-27.0.0-Release.Candidate.app/Contents/Developer/Toolchains/XcodeDefault.xctoolchain/usr/lib/swift/pm/ManifestAPI", "-sdk", "/Applications/Xcode-27.0.0-Release.Candidate.app/Contents/Developer/Platforms/MacOSX.platform/Developer/SDKs/MacOSX27.0.sdk", "-package-description-version", "4.0.0", "/Package.swift", "-o", "/var/folders/xq/y_g06wb113726d38xsyx71_h0000gn/T/TemporaryDirectory.Arvmep/kitura-net-manifest"])
/Package.swift:30:36: error: missing argument for parameter 'condition' in call
28 |
29 | var kituraNetDependencies: [Target.Dependency] = [
30 |     .byNameItem(name: "CHTTPParser"),
   |                                    `- error: missing argument for parameter 'condition' in call
31 |     .byNameItem(name: "LoggerAPI"),
32 |     .byNameItem(name: "Socket"),
PackageDescription.Target.Dependency.byNameItem:3:6: note: 'byNameItem(name:condition:)' declared here
1 | class Target {
2 |   enum Dependency {
3 | case byNameItem(name: String, condition: TargetDependencyCondition?)  }
  |      `- note: 'byNameItem(name:condition:)' declared here
4 | }
5 |
/Package.swift:31:34: error: missing argument for parameter 'condition' in call
29 | var kituraNetDependencies: [Target.Dependency] = [
30 |     .byNameItem(name: "CHTTPParser"),
31 |     .byNameItem(name: "LoggerAPI"),
   |                                  `- error: missing argument for parameter 'condition' in call
32 |     .byNameItem(name: "Socket"),
33 |     .byNameItem(name: "CCurl"),
PackageDescription.Target.Dependency.byNameItem:3:6: note: 'byNameItem(name:condition:)' declared here
1 | class Target {
2 |   enum Dependency {
3 | case byNameItem(name: String, condition: TargetDependencyCondition?)  }
  |      `- note: 'byNameItem(name:condition:)' declared here
4 | }
5 |
/Package.swift:32:31: error: missing argument for parameter 'condition' in call
30 |     .byNameItem(name: "CHTTPParser"),
31 |     .byNameItem(name: "LoggerAPI"),
32 |     .byNameItem(name: "Socket"),
   |                               `- error: missing argument for parameter 'condition' in call
33 |     .byNameItem(name: "CCurl"),
34 |     .byNameItem(name: "SSLService")
PackageDescription.Target.Dependency.byNameItem:3:6: note: 'byNameItem(name:condition:)' declared here
1 | class Target {
2 |   enum Dependency {
3 | case byNameItem(name: String, condition: TargetDependencyCondition?)  }
  |      `- note: 'byNameItem(name:condition:)' declared here
4 | }
5 |
/Package.swift:33:30: error: missing argument for parameter 'condition' in call
31 |     .byNameItem(name: "LoggerAPI"),
32 |     .byNameItem(name: "Socket"),
33 |     .byNameItem(name: "CCurl"),
   |                              `- error: missing argument for parameter 'condition' in call
34 |     .byNameItem(name: "SSLService")
35 | ]
PackageDescription.Target.Dependency.byNameItem:3:6: note: 'byNameItem(name:condition:)' declared here
1 | class Target {
2 |   enum Dependency {
3 | case byNameItem(name: String, condition: TargetDependencyCondition?)  }
  |      `- note: 'byNameItem(name:condition:)' declared here
4 | }
5 |
/Package.swift:34:35: error: missing argument for parameter 'condition' in call
32 |     .byNameItem(name: "Socket"),
33 |     .byNameItem(name: "CCurl"),
34 |     .byNameItem(name: "SSLService")
   |                                   `- error: missing argument for parameter 'condition' in call
35 | ]
36 |
PackageDescription.Target.Dependency.byNameItem:3:6: note: 'byNameItem(name:condition:)' declared here
1 | class Target {
2 |   enum Dependency {
3 | case byNameItem(name: String, condition: TargetDependencyCondition?)  }
  |      `- note: 'byNameItem(name:condition:)' declared here
4 | }
5 | in https://github.com/IBM-Swift/Kitura-net.git
BUILD FAILURE 6.4 macosSpm