The Swift Package Index logo.Swift Package Index

Build Information

Failed to build LocMapper, reference 1.6.1 (0f8d35), with Swift 6.4 for Wasm on 23 Sep 2026 09:00:22 UTC.

Build Command

bash -c docker run --pull=always --rm -v "checkouts-53886770-1":/host -w "$PWD" -e JAVA_HOME="/root/.sdkman/candidates/java/current" -e SPI_BUILD="1" -e SPI_PROCESSING="1" registry.gitlab.com/saguaro1/spi-images:wasm-6.4-latest swift build --swift-sdk swift-6.4.x-DEVELOPMENT-SNAPSHOT-2026-09-04-a_wasm 2>&1

Build Log

========================================
RunAll
========================================
Builder version: 5.1.0
Interrupt handler set up.
========================================
Checkout
========================================
Clone URL: https://github.com/xcode-actions/LocMapper.git
Reference: 1.6.1
Initialized empty Git repository in /host/spi-builder-workspace/.git/
hint: Using 'master' as the name for the initial branch. This default branch name
hint: is subject to change. To configure the initial branch name to use in all
hint: of your new repositories, which will suppress this warning, call:
hint:
hint: 	git config --global init.defaultBranch <name>
hint:
hint: Names commonly chosen instead of 'master' are 'main', 'trunk' and
hint: 'development'. The just-created branch can be renamed via this command:
hint:
hint: 	git branch -m <name>
From https://github.com/xcode-actions/LocMapper
 * tag               1.6.1      -> FETCH_HEAD
HEAD is now at 0f8d350 Set marketing version to "1.3.1" with xct
Cloned https://github.com/xcode-actions/LocMapper.git
Revision (git rev-parse @):
0f8d35013df2cc73b3a567c70e9a46384dafb9ba
SUCCESS checkout https://github.com/xcode-actions/LocMapper.git at 1.6.1
========================================
Build
========================================
Selected platform:         wasm
Swift version:             6.4
Building package at path:  $PWD
https://github.com/xcode-actions/LocMapper.git
Running build ...
bash -c docker run --pull=always --rm -v "checkouts-53886770-1":/host -w "$PWD" -e JAVA_HOME="/root/.sdkman/candidates/java/current" -e SPI_BUILD="1" -e SPI_PROCESSING="1" registry.gitlab.com/saguaro1/spi-images:wasm-6.4-latest swift build --swift-sdk swift-6.4.x-DEVELOPMENT-SNAPSHOT-2026-09-04-a_wasm 2>&1
wasm-6.4-latest: Pulling from saguaro1/spi-images
Digest: sha256:4328fdb43c680d205c1d6761b1e3267aa38277eefdda9ddfb17b6a0f1a77857a
Status: Image is up to date for registry.gitlab.com/saguaro1/spi-images:wasm-6.4-latest
Fetching https://github.com/xcode-actions/clt-logger.git
Fetching https://github.com/apple/swift-log.git
Fetching https://github.com/apple/swift-argument-parser.git
Fetching https://github.com/Frizlab/XibLoc.git
[1/869] Fetching clt-logger
[558/3498] Fetching clt-logger, xibloc
Fetched https://github.com/xcode-actions/clt-logger.git (0.50s)
Fetched https://github.com/Frizlab/XibLoc.git (0.50s)
[1/18918] Fetching swift-argument-parser
Fetched https://github.com/apple/swift-argument-parser.git (0.83s)
[1/8154] Fetching swift-log
Fetched https://github.com/apple/swift-log.git (1.05s)
Computing version for https://github.com/xcode-actions/clt-logger.git
Computed https://github.com/xcode-actions/clt-logger.git at 1.0.0 (1.23s)
Computing version for https://github.com/apple/swift-argument-parser.git
Computed https://github.com/apple/swift-argument-parser.git at 1.8.2 (0.19s)
Computing version for https://github.com/apple/swift-log.git
Computed https://github.com/apple/swift-log.git at 1.15.1 (0.21s)
Computing version for https://github.com/Frizlab/XibLoc.git
Computed https://github.com/Frizlab/XibLoc.git at 2.0.0-beta.5 (0.17s)
Fetching https://github.com/Frizlab/GlobalConfModule.git
[1/677] Fetching globalconfmodule
Fetched https://github.com/Frizlab/GlobalConfModule.git (0.44s)
Computing version for https://github.com/Frizlab/GlobalConfModule.git
Computed https://github.com/Frizlab/GlobalConfModule.git at 0.4.5 (0.63s)
Fetching https://github.com/apple/swift-service-context.git
Fetching https://github.com/swiftlang/swift-syntax.git
[1/1364] Fetching swift-service-context
[1365/81378] Fetching swift-service-context, swift-syntax
Fetched https://github.com/apple/swift-service-context.git (3.71s)
Fetched https://github.com/swiftlang/swift-syntax.git (3.73s)
Computing version for https://github.com/apple/swift-service-context.git
Computed https://github.com/apple/swift-service-context.git at 1.3.0 (3.93s)
Computing version for https://github.com/swiftlang/swift-syntax.git
Computed https://github.com/swiftlang/swift-syntax.git at 603.0.2 (1.24s)
Creating working copy for https://github.com/apple/swift-log.git
Working copy of https://github.com/apple/swift-log.git resolved at 1.15.1
Creating working copy for https://github.com/apple/swift-service-context.git
Working copy of https://github.com/apple/swift-service-context.git resolved at 1.3.0
Creating working copy for https://github.com/swiftlang/swift-syntax.git
Working copy of https://github.com/swiftlang/swift-syntax.git resolved at 603.0.2
Creating working copy for https://github.com/xcode-actions/clt-logger.git
Working copy of https://github.com/xcode-actions/clt-logger.git resolved at 1.0.0
Creating working copy for https://github.com/apple/swift-argument-parser.git
Working copy of https://github.com/apple/swift-argument-parser.git resolved at 1.8.2
Creating working copy for https://github.com/Frizlab/XibLoc.git
Working copy of https://github.com/Frizlab/XibLoc.git resolved at 2.0.0-beta.5
Creating working copy for https://github.com/Frizlab/GlobalConfModule.git
Working copy of https://github.com/Frizlab/GlobalConfModule.git resolved at 0.4.5
Building for debugging...
[Computing dependencies]
[Pre-planning 1 / 888]
[Planning deferred tasks]
[Starting]
[151 / 365] GlobalConfModule
[189 / 387] SwiftSyntax603
[224 / 387] SwiftSyntax602
[234 / 391] ArgumentParserToolInfo
[241 / 404] SwiftSyntax510
[247 / 406] SwiftSyntax601
[256 / 407] ServiceContextModule
[265 / 407] Logging
[267 / 407] Logging
[268 / 409] SwiftSyntax
[270 / 417] SwiftSyntax
[270 / 417] Logging
[273 / 417] Logging
[280 / 417] SwiftSyntax
[281 / 418] SwiftSyntax
[282 / 419] SwiftSyntax
[282 / 419] Logging
[284 / 419] Logging-product
[289 / 420]
[290 / 429] SwiftSyntax600
[291 / 429] Logging
[293 / 429] ArgumentParser
[296 / 429] ArgumentParser
[300 / 429] ArgumentParser
[301 / 429] ArgumentParser-product
[302 / 429] ArgumentParser-product
[303 / 429] ArgumentParser-product
[305 / 439] ServiceContextModule-product
[307 / 439] CLTLogger
[308 / 440] CLTLogger
[313 / 440] CLTLogger
[315 / 440] CLTLogger
[317 / 440] CLTLogger-product
[319 / 440] ArgumentParser
[320 / 440]
[321 / 440] CLTLogger
[324 / 441] SwiftSyntax
[332 / 452] SwiftDiagnostics
[337 / 469] SwiftParser
[337 / 469] SwiftDiagnostics
[340 / 469] SwiftBasicFormat
[347 / 469] SwiftBasicFormat
[352 / 469] SwiftParser
[353 / 469] SwiftParser
[355 / 469] SwiftParser
[359 / 469] SwiftParser
[361 / 469] SwiftDiagnostics
[362 / 469] SwiftDiagnostics
[363 / 469] SwiftDiagnostics
[364 / 469] SwiftDiagnostics
[365 / 469] SwiftOperators
[367 / 470] SwiftParser
[368 / 470] SwiftParser
[370 / 470] SwiftDiagnostics
[373 / 470] SwiftParserDiagnostics
[374 / 471] SwiftBasicFormat
[377 / 472]
[378 / 481] SwiftBasicFormat
[380 / 481] SwiftParserDiagnostics
[381 / 481] SwiftParserDiagnostics
[382 / 481] SwiftParserDiagnostics
[383 / 481] SwiftBasicFormat
[385 / 482] SwiftParserDiagnostics
[386 / 482] SwiftParserDiagnostics
[387 / 482] SwiftParserDiagnostics
[393 / 483] SwiftOperators
[396 / 492] SwiftOperators
[397 / 492] SwiftOperators
[398 / 492] SwiftOperators
[399 / 492] SwiftOperators
[403 / 492] SwiftOperators
[408 / 492] SwiftOperators
[412 / 502] SwiftSyntaxBuilder
[412 / 502] SwiftOperators
[414 / 502] SwiftSyntaxBuilder
[415 / 503] SwiftSyntaxBuilder
[416 / 503] SwiftSyntaxBuilder
[419 / 503] SwiftSyntaxBuilder
[423 / 504] SwiftSyntaxBuilder
[426 / 504] SwiftIfConfig
[431 / 514] SwiftIfConfig
[433 / 514] SwiftIfConfig
[434 / 514] SwiftIfConfig
[436 / 514] SwiftIfConfig
[438 / 514] SwiftIfConfig
[445 / 524] SwiftSyntaxMacros
[446 / 524] SwiftSyntaxMacros
[449 / 524] SwiftSyntaxMacros
[455 / 525] SwiftSyntaxMacros
[458 / 525] SwiftSyntaxMacros-product
[463 / 535] SwiftSyntaxMacroExpansion
[466 / 536] SwiftSyntaxMacroExpansion
[467 / 536] SwiftSyntaxMacros
[468 / 537] SwiftSyntaxMacros
[469 / 537] SwiftSyntaxMacroExpansion
[472 / 537] SwiftIfConfig
[473 / 537] SwiftSyntaxMacroExpansion
[483 / 547] SwiftCompilerPluginMessageHandling
[484 / 547] SwiftCompilerPluginMessageHandling
[485 / 547] SwiftCompilerPluginMessageHandling
[486 / 547] SwiftCompilerPluginMessageHandling
[487 / 547] SwiftCompilerPluginMessageHandling
[491 / 548] SwiftCompilerPluginMessageHandling
[498 / 551] SwiftCompilerPlugin
[503 / 551] SwiftCompilerPlugin
[505 / 552] SwiftCompilerPluginMessageHandling
[507 / 553] SwiftSyntax
[510 / 554] SwiftSyntax
[517 / 554] SwiftIfConfig
[526 / 555] GlobalConfMacros
[535 / 564] GlobalConfMacros
[536 / 564] GlobalConfMacros
[540 / 565] GlobalConfMacros
[550 / 575] GlobalConfModule
[556 / 576] XibLoc
[562 / 585] XibLoc
[563 / 585] XibLoc
[565 / 586] XibLoc
[566 / 586] GlobalConfModule
[574 / 587] LocMapper
[574 / 588] LocMapper
error: SwiftCompile normal wasm32 /host/spi-builder-workspace/LocMapper/Mapping/Transformers/LocValueTransformerOrderedReplacementVariantPick.swift failed with a nonzero exit code. Command line:     cd /host
    builtin-SwiftPerFileCompile LocValueTransformerOrderedReplacementVariantPick.swift
error: SwiftCompile normal wasm32 /host/spi-builder-workspace/LocMapper/Mapping/Transformers/LocValueTransformerPluralVariantPick.swift failed with a nonzero exit code. Command line:     cd /host
    builtin-SwiftPerFileCompile LocValueTransformerPluralVariantPick.swift
error: SwiftCompile normal wasm32 /host/spi-builder-workspace/LocMapper/Mapping/Transformers/LocValueTransformerRegexReplacements.swift failed with a nonzero exit code. Command line:     cd /host
    builtin-SwiftPerFileCompile LocValueTransformerRegexReplacements.swift
error: SwiftCompile normal wasm32 /host/spi-builder-workspace/LocMapper/Mapping/Transformers/LocValueTransformerRegionDelimitersReplacement.swift failed with a nonzero exit code. Command line:     cd /host
    builtin-SwiftPerFileCompile LocValueTransformerRegionDelimitersReplacement.swift
error: SwiftCompile normal wasm32 /host/spi-builder-workspace/LocMapper/Mapping/Transformers/LocValueTransformerSimpleStringReplacements.swift failed with a nonzero exit code. Command line:     cd /host
    builtin-SwiftPerFileCompile LocValueTransformerSimpleStringReplacements.swift
error: SwiftCompile normal wasm32 /host/spi-builder-workspace/LocMapper/Mapping/Transformers/LocValueTransformerToUpper.swift failed with a nonzero exit code. Command line:     cd /host
    builtin-SwiftPerFileCompile LocValueTransformerToUpper.swift
<module-includes>:1:10: note: in file included from <module-includes>:1:
1 | #include "zlib.h"
  |          `- note: in file included from <module-includes>:1:
2 |
/host/spi-builder-workspace/CZlib/zlib.h:3:11: error: 'zlib.h' file not found with <angled> include; use "quotes" instead
1 | #ifndef __SWIFT_CZLIB__
2 | # define __SWIFT_CZLIB__
3 | # include <zlib.h>
  |           `- error: 'zlib.h' file not found with <angled> include; use "quotes" instead
4 | #endif /* __SWIFT_CZLIB__ */
5 |
/host/spi-builder-workspace/LocMapper/LocFile/LocFile+Serialization.swift:16:8: error: could not build C module 'CZlib'
 14 | import zlib
 15 | #else
 16 | import CZlib
    |        `- error: could not build C module 'CZlib'
 17 | #endif
 18 |
Failed frontend command:
/usr/bin/swift-frontend -frontend -c /host/spi-builder-workspace/LocMapper/Android\ Support/AndroidXMLLocFile.swift /host/spi-builder-workspace/LocMapper/Android\ Support/LocFile+Android.swift /host/spi-builder-workspace/LocMapper/LocFile/LocFile+EditingSupport.swift /host/spi-builder-workspace/LocMapper/LocFile/LocFile+LineKey.swift /host/spi-builder-workspace/LocMapper/LocFile/LocFile+LineValue.swift /host/spi-builder-workspace/LocMapper/LocFile/LocFile+LintSupport.swift /host/spi-builder-workspace/LocMapper/LocFile/LocFile+MetadataSupport.swift /host/spi-builder-workspace/LocMapper/LocFile/LocFile+MigrationsSupport.swift /host/spi-builder-workspace/LocMapper/LocFile/LocFile+QuerySupport.swift /host/spi-builder-workspace/LocMapper/LocFile/LocFile+Serialization.swift /host/spi-builder-workspace/LocMapper/LocFile/LocFile.swift /host/spi-builder-workspace/LocMapper/LocMapperConfig.swift /host/spi-builder-workspace/LocMapper/Mapping/Components/LocKeyMappingComponent.swift /host/spi-builder-workspace/LocMapper/Mapping/Components/LocKeyMappingComponentInvalid.swift /host/spi-builder-workspace/LocMapper/Mapping/Components/LocKeyMappingComponentStdToXibLoc.swift /host/spi-builder-workspace/LocMapper/Mapping/Components/LocKeyMappingComponentToConstant.swift /host/spi-builder-workspace/LocMapper/Mapping/Components/LocKeyMappingComponentValueTransforms.swift /host/spi-builder-workspace/LocMapper/Mapping/LocKeyMapping.swift /host/spi-builder-workspace/LocMapper/Mapping/Transformers/LocValueTransformer.swift /host/spi-builder-workspace/LocMapper/Mapping/Transformers/LocValueTransformerGenderVariantPick.swift /host/spi-builder-workspace/LocMapper/Mapping/Transformers/LocValueTransformerInvalid.swift -primary-file /host/spi-builder-workspace/LocMapper/Mapping/Transformers/LocValueTransformerOrderedReplacementVariantPick.swift -primary-file /host/spi-builder-workspace/LocMapper/Mapping/Transformers/LocValueTransformerPluralVariantPick.swift -primary-file /host/spi-builder-workspace/LocMapper/Mapping/Transformers/LocValueTransformerRegexReplacements.swift -primary-file /host/spi-builder-workspace/LocMapper/Mapping/Transformers/LocValueTransformerRegionDelimitersReplacement.swift -primary-file /host/spi-builder-workspace/LocMapper/Mapping/Transformers/LocValueTransformerSimpleStringReplacements.swift -primary-file /host/spi-builder-workspace/LocMapper/Mapping/Transformers/LocValueTransformerToUpper.swift /host/spi-builder-workspace/LocMapper/Mapping/Utils/MappingResolvingError.swift /host/spi-builder-workspace/LocMapper/RefLoc\ Support/StdRefLoc/LocFile+StdRefLoc.swift /host/spi-builder-workspace/LocMapper/RefLoc\ Support/StdRefLoc/Lokalise\ Model/LokaliseKey.swift /host/spi-builder-workspace/LocMapper/RefLoc\ Support/StdRefLoc/Lokalise\ Model/LokaliseKeysList.swift /host/spi-builder-workspace/LocMapper/RefLoc\ Support/StdRefLoc/Lokalise\ Model/LokalisePlural.swift /host/spi-builder-workspace/LocMapper/RefLoc\ Support/StdRefLoc/Lokalise\ Model/LokaliseTranslation.swift /host/spi-builder-workspace/LocMapper/RefLoc\ Support/StdRefLoc/StdRefLocFile.swift /host/spi-builder-workspace/LocMapper/RefLoc\ Support/Utilities/HappnXib2Lokalise.swift /host/spi-builder-workspace/LocMapper/RefLoc\ Support/Utilities/HappnXib2Std.swift /host/spi-builder-workspace/LocMapper/RefLoc\ Support/Utilities/Std2Xib.swift /host/spi-builder-workspace/LocMapper/RefLoc\ Support/XibRefLoc/LocFile+XibRefLoc.swift /host/spi-builder-workspace/LocMapper/RefLoc\ Support/XibRefLoc/XibRefLocFile.swift /host/spi-builder-workspace/LocMapper/Utilities/AppendedTagsStrings.swift /host/spi-builder-workspace/LocMapper/Utilities/CSVParser.swift /host/spi-builder-workspace/LocMapper/Utilities/FilteredDirectoryEnumerator.swift /host/spi-builder-workspace/LocMapper/Utilities/IOUtils.swift /host/spi-builder-workspace/LocMapper/Utilities/PrependedUserInfoStrings.swift /host/spi-builder-workspace/LocMapper/Utilities/Scanner+LinuxCompat.swift /host/spi-builder-workspace/LocMapper/Utilities/String+CSVUtils.swift /host/spi-builder-workspace/LocMapper/Utilities/TaggedObject.swift /host/spi-builder-workspace/LocMapper/Utilities/URLRequest+Utils.swift /host/spi-builder-workspace/LocMapper/Utilities/URLSession+Utils.swift /host/spi-builder-workspace/LocMapper/Xcode\ Strings\ Support/LocFile+Xcode.swift /host/spi-builder-workspace/LocMapper/Xcode\ Strings\ Support/XcodeStringsFile.swift -supplementary-output-file-map /host/spi-builder-workspace/.build/out/Intermediates.noindex/LocMapper.build/Debug-webassembly-wasm32/LocMapper-t.build/Objects-normal/wasm32/supplementaryOutputs-45 -target wasm32-unknown-wasip1 -disable-objc-interop -sdk /root/.swiftpm/swift-sdks/swift-6.4.x-DEVELOPMENT-SNAPSHOT-2026-09-04-a_wasm.artifactbundle/swift-6.4.x-DEVELOPMENT-SNAPSHOT-2026-09-04-a_wasm/wasm32-unknown-wasip1/WASI.sdk -sysroot /root/.swiftpm/swift-sdks/swift-6.4.x-DEVELOPMENT-SNAPSHOT-2026-09-04-a_wasm.artifactbundle/swift-6.4.x-DEVELOPMENT-SNAPSHOT-2026-09-04-a_wasm/wasm32-unknown-wasip1/WASI.sdk -I /host/spi-builder-workspace/.build/out/Products/Debug-webassembly-wasm32 -module-cache-path /host/spi-builder-workspace/.build/out/ModuleCache.noindex -color-diagnostics -Xcc -fcolor-diagnostics -enable-testing -g -debug-info-format\=dwarf -dwarf-version\=4 -swift-version 6 -Onone -D SWIFT_PACKAGE -D DEBUG -D SWIFT_MODULE_RESOURCE_BUNDLE_UNAVAILABLE -D Xcode -serialize-debugging-options -load-plugin-executable /host/spi-builder-workspace/.build/out/Products/Debug-linux-x86_64/GlobalConfMacros\#GlobalConfMacros -enable-experimental-feature DebugDescriptionMacro -empty-abi-descriptor -external-plugin-path /usr/lib/swift/host/plugins/testing\#/usr/bin/swift-plugin-server -validate-clang-modules-once -clang-build-session-file /host/spi-builder-workspace/.build/out/ModuleCache.noindex/Session.modulevalidation -Xcc -working-directory -Xcc /host -resource-dir /root/.swiftpm/swift-sdks/swift-6.4.x-DEVELOPMENT-SNAPSHOT-2026-09-04-a_wasm.artifactbundle/swift-6.4.x-DEVELOPMENT-SNAPSHOT-2026-09-04-a_wasm/wasm32-unknown-wasip1/swift.xctoolchain/usr/lib/swift_static -use-static-resource-dir -enable-anonymous-context-mangled-names -file-compilation-dir /host -Xcc -resource-dir -Xcc /root/.swiftpm/swift-sdks/swift-6.4.x-DEVELOPMENT-SNAPSHOT-2026-09-04-a_wasm.artifactbundle/swift-6.4.x-DEVELOPMENT-SNAPSHOT-2026-09-04-a_wasm/wasm32-unknown-wasip1/swift.xctoolchain/usr/lib/swift_static/clang -Xcc -fmodule-map-file\=/host/spi-builder-workspace/CZlib/module.modulemap -Xcc -D_LIBCPP_HARDENING_MODE\=_LIBCPP_HARDENING_MODE_DEBUG -Xcc -fmodules-prune-interval\=86400 -Xcc -fmodules-prune-after\=345600 -Xcc -I/host/spi-builder-workspace/.build/out/Products/Debug-webassembly-wasm32/include -Xcc -I/host/spi-builder-workspace/.build/out/Intermediates.noindex/LocMapper.build/Debug-webassembly-wasm32/LocMapper-t.build/DerivedSources-normal/wasm32 -Xcc -I/host/spi-builder-workspace/.build/out/Intermediates.noindex/LocMapper.build/Debug-webassembly-wasm32/LocMapper-t.build/DerivedSources/wasm32 -Xcc -I/host/spi-builder-workspace/.build/out/Intermediates.noindex/LocMapper.build/Debug-webassembly-wasm32/LocMapper-t.build/DerivedSources -Xcc -DSWIFT_PACKAGE -Xcc -DDEBUG\=1 -no-auto-bridging-header-chaining -module-name LocMapper -package-name spi_builder_workspace -const-gather-protocols-file /host/spi-builder-workspace/.build/out/Intermediates.noindex/LocMapper.build/Debug-webassembly-wasm32/LocMapper-t.build/Objects-normal/wasm32/LocMapper_const_extract_protocols.json -in-process-plugin-server-path /usr/lib/swift/host/libSwiftInProcPluginServer.so -plugin-path /usr/lib/swift/host/plugins -plugin-path /usr/local/lib/swift/host/plugins -parse-as-library -o /host/spi-builder-workspace/.build/out/Intermediates.noindex/LocMapper.build/Debug-webassembly-wasm32/LocMapper-t.build/Objects-normal/wasm32/LocValueTransformerOrderedReplacementVariantPick.o -o /host/spi-builder-workspace/.build/out/Intermediates.noindex/LocMapper.build/Debug-webassembly-wasm32/LocMapper-t.build/Objects-normal/wasm32/LocValueTransformerPluralVariantPick.o -o /host/spi-builder-workspace/.build/out/Intermediates.noindex/LocMapper.build/Debug-webassembly-wasm32/LocMapper-t.build/Objects-normal/wasm32/LocValueTransformerRegexReplacements.o -o /host/spi-builder-workspace/.build/out/Intermediates.noindex/LocMapper.build/Debug-webassembly-wasm32/LocMapper-t.build/Objects-normal/wasm32/LocValueTransformerRegionDelimitersReplacement.o -o /host/spi-builder-workspace/.build/out/Intermediates.noindex/LocMapper.build/Debug-webassembly-wasm32/LocMapper-t.build/Objects-normal/wasm32/LocValueTransformerSimpleStringReplacements.o -o /host/spi-builder-workspace/.build/out/Intermediates.noindex/LocMapper.build/Debug-webassembly-wasm32/LocMapper-t.build/Objects-normal/wasm32/LocValueTransformerToUpper.o -index-unit-output-path /LocMapper.build/Debug-webassembly-wasm32/LocMapper-t.build/Objects-normal/wasm32/LocValueTransformerOrderedReplacementVariantPick.o -index-unit-output-path /LocMapper.build/Debug-webassembly-wasm32/LocMapper-t.build/Objects-normal/wasm32/LocValueTransformerPluralVariantPick.o -index-unit-output-path /LocMapper.build/Debug-webassembly-wasm32/LocMapper-t.build/Objects-normal/wasm32/LocValueTransformerRegexReplacements.o -index-unit-output-path /LocMapper.build/Debug-webassembly-wasm32/LocMapper-t.build/Objects-normal/wasm32/LocValueTransformerRegionDelimitersReplacement.o -index-unit-output-path /LocMapper.build/Debug-webassembly-wasm32/LocMapper-t.build/Objects-normal/wasm32/LocValueTransformerSimpleStringReplacements.o -index-unit-output-path /LocMapper.build/Debug-webassembly-wasm32/LocMapper-t.build/Objects-normal/wasm32/LocValueTransformerToUpper.o -index-store-path /host/spi-builder-workspace/.build/out -index-system-modules
[579 / 596] LocMapper
error: Build failed
BUILD FAILURE 6.4 wasm