Build Information
Failed to build GCCountryPicker, reference 2.5.0 (80c6f1), with Swift 6.4 for macOS (Xcode) using Xcode 27.0 on 16 Sep 2026 12:05:20 UTC.
Build Command
No build command. This typically means the build failed at an early stage where we determine the build command.Build Log
========================================
RunAll
========================================
Builder version: 5.1.0
Interrupt handler set up.
========================================
Checkout
========================================
Clone URL: https://github.com/graycampbell/GCCountryPicker.git
Reference: 2.5.0
Initialized empty Git repository in /Users/admin/builder/spi-builder-workspace/.git/
From https://github.com/graycampbell/GCCountryPicker
* tag 2.5.0 -> FETCH_HEAD
HEAD is now at 80c6f13 Update CHANGELOG.md
Cloned https://github.com/graycampbell/GCCountryPicker.git
Revision (git rev-parse @):
80c6f130d60c8a26d313306bdae27a78bcf5d0a0
SUCCESS checkout https://github.com/graycampbell/GCCountryPicker.git at 2.5.0
========================================
Build
========================================
Selected platform: macosXcodebuild
Swift version: 6.4
Building package at path: $PWD
https://github.com/graycampbell/GCCountryPicker.git
Command line invocation:
/Applications/Xcode-27.0.0-Release.Candidate.app/Contents/Developer/usr/bin/xcodebuild -IDEClonedSourcePackagesDirPathOverride=/Users/admin/builder/spi-builder-workspace/.dependencies -resolvePackageDependencies
2026-09-16 08:05:19.576 xcodebuild[525:3021] Writing error result bundle to /var/folders/xq/y_g06wb113726d38xsyx71_h0000gn/T/ResultBundle_2026-16-09_08-05-0019.xcresult
xcodebuild: error: The directory /Users/admin/builder/spi-builder-workspace contains 2 projects, including multiple projects with the current extension (.xcodeproj). Specify the project to use with the -project option.
Command line invocation:
/Applications/Xcode-27.0.0-Release.Candidate.app/Contents/Developer/usr/bin/xcodebuild -IDEClonedSourcePackagesDirPathOverride=/Users/admin/builder/spi-builder-workspace/.dependencies -resolvePackageDependencies
2026-09-16 08:05:20.637 xcodebuild[535:3118] Writing error result bundle to /var/folders/xq/y_g06wb113726d38xsyx71_h0000gn/T/ResultBundle_2026-16-09_08-05-0020.xcresult
xcodebuild: error: The directory /Users/admin/builder/spi-builder-workspace contains 2 projects, including multiple projects with the current extension (.xcodeproj). Specify the project to use with the -project option.
BUILD FAILURE 6.4 macosXcodebuild