Build Information
Failed to build Phaze, reference 0.1.3 (4e2f0c), with Swift 6.1 for watchOS using Xcode 16.3 on 4 Oct 2026 02:21:40 UTC.
Build Command
env DEVELOPER_DIR=/Applications/Xcode-16.3.0.app xcrun xcodebuild -IDEClonedSourcePackagesDirPathOverride=$PWD/.dependencies -skipMacroValidation -skipPackagePluginValidation -derivedDataPath $PWD/.derivedData build -scheme Phaze-Package -destination generic/platform=watchOSBuild Log
========================================
RunAll
========================================
Builder version: 5.1.1
Interrupt handler set up.
========================================
Checkout
========================================
Clone URL: https://github.com/madenowhere/phaze-swift.git
Reference: 0.1.3
Initialized empty Git repository in /Users/admin/builder/spi-builder-workspace/.git/
From https://github.com/madenowhere/phaze-swift
* tag 0.1.3 -> FETCH_HEAD
HEAD is now at 4e2f0cc PhazeAuth: AppleSignIn asks the OS for an Apple ID's identity token
Cloned https://github.com/madenowhere/phaze-swift.git
Revision (git rev-parse @):
4e2f0cc6d7157a03e5fda2ae371bc1a558187c4e
SUCCESS checkout https://github.com/madenowhere/phaze-swift.git at 0.1.3
========================================
Build
========================================
Selected platform: watchOS
Swift version: 6.1
Building package at path: $PWD
https://github.com/madenowhere/phaze-swift.git
https://github.com/madenowhere/phaze-swift.git
{
"dependencies" : [
],
"manifest_display_name" : "Phaze",
"name" : "Phaze",
"path" : "/Users/admin/builder/spi-builder-workspace",
"platforms" : [
{
"name" : "macos",
"version" : "26.0"
}
],
"products" : [
{
"name" : "Phaze",
"targets" : [
"Phaze"
],
"type" : {
"library" : [
"automatic"
]
}
},
{
"name" : "PhazeAuth",
"targets" : [
"PhazeAuth"
],
"type" : {
"library" : [
"automatic"
]
}
}
],
"targets" : [
{
"c99name" : "PhazeAuth",
"module_type" : "SwiftTarget",
"name" : "PhazeAuth",
"path" : "Sources/PhazeAuth",
"product_memberships" : [
"PhazeAuth"
],
"sources" : [
"AppleSignIn.swift",
"Authenticator.swift",
"Enclave.swift",
"SystemPasskey.swift"
],
"type" : "library"
},
{
"c99name" : "Phaze",
"module_type" : "SwiftTarget",
"name" : "Phaze",
"path" : "Sources/Phaze",
"product_memberships" : [
"Phaze"
],
"sources" : [
"DragHandler.swift",
"PhazeEnv.swift",
"PhazeRouter.swift",
"Proxy.swift",
"RequestHandler.swift"
],
"type" : "library"
}
],
"tools_version" : "6.0"
}
Command line invocation:
/Applications/Xcode-16.3.0.app/Contents/Developer/usr/bin/xcodebuild -IDEClonedSourcePackagesDirPathOverride=/Users/admin/builder/spi-builder-workspace/.dependencies -resolvePackageDependencies
Resolve Package Graph
Resolve Package Graph
Resolved source packages:
Phaze: /Users/admin/builder/spi-builder-workspace
resolved source packages: Phaze
{
"dependencies" : [
],
"manifest_display_name" : "Phaze",
"name" : "Phaze",
"path" : "/Users/admin/builder/spi-builder-workspace",
"platforms" : [
{
"name" : "macos",
"version" : "26.0"
}
],
"products" : [
{
"name" : "Phaze",
"targets" : [
"Phaze"
],
"type" : {
"library" : [
"automatic"
]
}
},
{
"name" : "PhazeAuth",
"targets" : [
"PhazeAuth"
],
"type" : {
"library" : [
"automatic"
]
}
}
],
"targets" : [
{
"c99name" : "PhazeAuth",
"module_type" : "SwiftTarget",
"name" : "PhazeAuth",
"path" : "Sources/PhazeAuth",
"product_memberships" : [
"PhazeAuth"
],
"sources" : [
"AppleSignIn.swift",
"Authenticator.swift",
"Enclave.swift",
"SystemPasskey.swift"
],
"type" : "library"
},
{
"c99name" : "Phaze",
"module_type" : "SwiftTarget",
"name" : "Phaze",
"path" : "Sources/Phaze",
"product_memberships" : [
"Phaze"
],
"sources" : [
"DragHandler.swift",
"PhazeEnv.swift",
"PhazeRouter.swift",
"Proxy.swift",
"RequestHandler.swift"
],
"type" : "library"
}
],
"tools_version" : "6.0"
}
{
"workspace" : {
"name" : "spi-builder-workspace",
"schemes" : [
"Phaze",
"Phaze-Package",
"PhazeAuth"
]
}
}
Running build ...
env DEVELOPER_DIR=/Applications/Xcode-16.3.0.app xcrun xcodebuild -IDEClonedSourcePackagesDirPathOverride=$PWD/.dependencies -skipMacroValidation -skipPackagePluginValidation -derivedDataPath $PWD/.derivedData build -scheme Phaze-Package -destination generic/platform=watchOS OTHER_SWIFT_FLAGS=-stats-output-dir .stats
Command line invocation:
/Applications/Xcode-16.3.0.app/Contents/Developer/usr/bin/xcodebuild -IDEClonedSourcePackagesDirPathOverride=/Users/admin/builder/spi-builder-workspace/.dependencies -skipMacroValidation -skipPackagePluginValidation -derivedDataPath /Users/admin/builder/spi-builder-workspace/.derivedData build -scheme Phaze-Package -destination generic/platform=watchOS "OTHER_SWIFT_FLAGS=-stats-output-dir .stats"
Build settings from command line:
OTHER_SWIFT_FLAGS = -stats-output-dir .stats
Resolve Package Graph
Resolved source packages:
Phaze: /Users/admin/builder/spi-builder-workspace
ComputePackagePrebuildTargetDependencyGraph
Prepare packages
CreateBuildRequest
SendProjectDescription
CreateBuildOperation
ComputeTargetDependencyGraph
note: Building targets in dependency order
note: Target dependency graph (4 targets)
Target 'PhazeAuth' in project 'Phaze'
➜ Explicit dependency on target 'PhazeAuth' in project 'Phaze'
Target 'PhazeAuth' in project 'Phaze' (no dependencies)
Target 'Phaze' in project 'Phaze'
➜ Explicit dependency on target 'Phaze' in project 'Phaze'
Target 'Phaze' in project 'Phaze' (no dependencies)
GatherProvisioningInputs
CreateBuildDescription
ExecuteExternalTool /Applications/Xcode-16.3.0.app/Contents/Developer/Toolchains/XcodeDefault.xctoolchain/usr/bin/clang -v -E -dM -isysroot /Applications/Xcode-16.3.0.app/Contents/Developer/Platforms/WatchOS.platform/Developer/SDKs/WatchOS11.4.sdk -x c -c /dev/null
ExecuteExternalTool /Applications/Xcode-16.3.0.app/Contents/Developer/Toolchains/XcodeDefault.xctoolchain/usr/bin/swiftc --version
ExecuteExternalTool /Applications/Xcode-16.3.0.app/Contents/Developer/Toolchains/XcodeDefault.xctoolchain/usr/bin/ld -version_details
Build description signature: 37273c6af5bb606f451542a636803614
Build description path: /Users/admin/builder/spi-builder-workspace/.derivedData/Build/Intermediates.noindex/XCBuildData/37273c6af5bb606f451542a636803614.xcbuilddata
CreateBuildDirectory /Users/admin/builder/spi-builder-workspace/.derivedData/Build/Intermediates.noindex
cd /Users/admin/builder/spi-builder-workspace/.swiftpm/xcode
builtin-create-build-directory /Users/admin/builder/spi-builder-workspace/.derivedData/Build/Intermediates.noindex
CreateBuildDirectory /Users/admin/builder/spi-builder-workspace/.derivedData/Build/Products
cd /Users/admin/builder/spi-builder-workspace/.swiftpm/xcode
builtin-create-build-directory /Users/admin/builder/spi-builder-workspace/.derivedData/Build/Products
ClangStatCache /Applications/Xcode-16.3.0.app/Contents/Developer/Toolchains/XcodeDefault.xctoolchain/usr/bin/clang-stat-cache /Applications/Xcode-16.3.0.app/Contents/Developer/Platforms/WatchOS.platform/Developer/SDKs/WatchOS11.4.sdk /Users/admin/builder/spi-builder-workspace/.derivedData/SDKStatCaches.noindex/watchos11.4-22T246-43efb940ff07ba2497b70ec94253f576.sdkstatcache
cd /Users/admin/builder/spi-builder-workspace/.swiftpm/xcode
/Applications/Xcode-16.3.0.app/Contents/Developer/Toolchains/XcodeDefault.xctoolchain/usr/bin/clang-stat-cache /Applications/Xcode-16.3.0.app/Contents/Developer/Platforms/WatchOS.platform/Developer/SDKs/WatchOS11.4.sdk -o /Users/admin/builder/spi-builder-workspace/.derivedData/SDKStatCaches.noindex/watchos11.4-22T246-43efb940ff07ba2497b70ec94253f576.sdkstatcache
CreateBuildDirectory /Users/admin/builder/spi-builder-workspace/.derivedData/Build/Intermediates.noindex/EagerLinkingTBDs/Debug-watchos
cd /Users/admin/builder/spi-builder-workspace/.swiftpm/xcode
builtin-create-build-directory /Users/admin/builder/spi-builder-workspace/.derivedData/Build/Intermediates.noindex/EagerLinkingTBDs/Debug-watchos
CreateBuildDirectory /Users/admin/builder/spi-builder-workspace/.derivedData/Build/Products/Debug-watchos
cd /Users/admin/builder/spi-builder-workspace/.swiftpm/xcode
builtin-create-build-directory /Users/admin/builder/spi-builder-workspace/.derivedData/Build/Products/Debug-watchos
CreateBuildDirectory /Users/admin/builder/spi-builder-workspace/.derivedData/Build/Products/Debug-watchos/PackageFrameworks
cd /Users/admin/builder/spi-builder-workspace/.swiftpm/xcode
builtin-create-build-directory /Users/admin/builder/spi-builder-workspace/.derivedData/Build/Products/Debug-watchos/PackageFrameworks
WriteAuxiliaryFile /Users/admin/builder/spi-builder-workspace/.derivedData/Build/Intermediates.noindex/Phaze.build/Debug-watchos/PhazeAuth.build/PhazeAuth.modulemap (in target 'PhazeAuth' from project 'Phaze')
cd /Users/admin/builder/spi-builder-workspace
write-file /Users/admin/builder/spi-builder-workspace/.derivedData/Build/Intermediates.noindex/Phaze.build/Debug-watchos/PhazeAuth.build/PhazeAuth.modulemap
WriteAuxiliaryFile /Users/admin/builder/spi-builder-workspace/.derivedData/Build/Intermediates.noindex/Phaze.build/Debug-watchos/PhazeAuth.build/PhazeAuth.DependencyStaticMetadataFileList (in target 'PhazeAuth' from project 'Phaze')
cd /Users/admin/builder/spi-builder-workspace
write-file /Users/admin/builder/spi-builder-workspace/.derivedData/Build/Intermediates.noindex/Phaze.build/Debug-watchos/PhazeAuth.build/PhazeAuth.DependencyStaticMetadataFileList
WriteAuxiliaryFile /Users/admin/builder/spi-builder-workspace/.derivedData/Build/Intermediates.noindex/Phaze.build/Debug-watchos/PhazeAuth.build/PhazeAuth.DependencyMetadataFileList (in target 'PhazeAuth' from project 'Phaze')
cd /Users/admin/builder/spi-builder-workspace
write-file /Users/admin/builder/spi-builder-workspace/.derivedData/Build/Intermediates.noindex/Phaze.build/Debug-watchos/PhazeAuth.build/PhazeAuth.DependencyMetadataFileList
WriteAuxiliaryFile /Users/admin/builder/spi-builder-workspace/.derivedData/Build/Intermediates.noindex/Phaze.build/Debug-watchos/PhazeAuth.build/Objects-normal/armv7k/PhazeAuth-OutputFileMap.json (in target 'PhazeAuth' from project 'Phaze')
cd /Users/admin/builder/spi-builder-workspace
write-file /Users/admin/builder/spi-builder-workspace/.derivedData/Build/Intermediates.noindex/Phaze.build/Debug-watchos/PhazeAuth.build/Objects-normal/armv7k/PhazeAuth-OutputFileMap.json
WriteAuxiliaryFile /Users/admin/builder/spi-builder-workspace/.derivedData/Build/Intermediates.noindex/Phaze.build/Debug-watchos/PhazeAuth.build/Objects-normal/armv7k/PhazeAuth.SwiftFileList (in target 'PhazeAuth' from project 'Phaze')
cd /Users/admin/builder/spi-builder-workspace
write-file /Users/admin/builder/spi-builder-workspace/.derivedData/Build/Intermediates.noindex/Phaze.build/Debug-watchos/PhazeAuth.build/Objects-normal/armv7k/PhazeAuth.SwiftFileList
WriteAuxiliaryFile /Users/admin/builder/spi-builder-workspace/.derivedData/Build/Intermediates.noindex/Phaze.build/Debug-watchos/PhazeAuth.build/Objects-normal/armv7k/PhazeAuth.SwiftConstValuesFileList (in target 'PhazeAuth' from project 'Phaze')
cd /Users/admin/builder/spi-builder-workspace
write-file /Users/admin/builder/spi-builder-workspace/.derivedData/Build/Intermediates.noindex/Phaze.build/Debug-watchos/PhazeAuth.build/Objects-normal/armv7k/PhazeAuth.SwiftConstValuesFileList
WriteAuxiliaryFile /Users/admin/builder/spi-builder-workspace/.derivedData/Build/Intermediates.noindex/Phaze.build/Debug-watchos/PhazeAuth.build/Objects-normal/armv7k/PhazeAuth_const_extract_protocols.json (in target 'PhazeAuth' from project 'Phaze')
cd /Users/admin/builder/spi-builder-workspace
write-file /Users/admin/builder/spi-builder-workspace/.derivedData/Build/Intermediates.noindex/Phaze.build/Debug-watchos/PhazeAuth.build/Objects-normal/armv7k/PhazeAuth_const_extract_protocols.json
WriteAuxiliaryFile /Users/admin/builder/spi-builder-workspace/.derivedData/Build/Intermediates.noindex/Phaze.build/Debug-watchos/PhazeAuth.build/Objects-normal/arm64_32/PhazeAuth_const_extract_protocols.json (in target 'PhazeAuth' from project 'Phaze')
cd /Users/admin/builder/spi-builder-workspace
write-file /Users/admin/builder/spi-builder-workspace/.derivedData/Build/Intermediates.noindex/Phaze.build/Debug-watchos/PhazeAuth.build/Objects-normal/arm64_32/PhazeAuth_const_extract_protocols.json
WriteAuxiliaryFile /Users/admin/builder/spi-builder-workspace/.derivedData/Build/Intermediates.noindex/Phaze.build/Debug-watchos/PhazeAuth.build/Objects-normal/arm64_32/PhazeAuth-OutputFileMap.json (in target 'PhazeAuth' from project 'Phaze')
cd /Users/admin/builder/spi-builder-workspace
write-file /Users/admin/builder/spi-builder-workspace/.derivedData/Build/Intermediates.noindex/Phaze.build/Debug-watchos/PhazeAuth.build/Objects-normal/arm64_32/PhazeAuth-OutputFileMap.json
WriteAuxiliaryFile /Users/admin/builder/spi-builder-workspace/.derivedData/Build/Intermediates.noindex/Phaze.build/Debug-watchos/PhazeAuth.build/Objects-normal/armv7k/PhazeAuth.LinkFileList (in target 'PhazeAuth' from project 'Phaze')
cd /Users/admin/builder/spi-builder-workspace
write-file /Users/admin/builder/spi-builder-workspace/.derivedData/Build/Intermediates.noindex/Phaze.build/Debug-watchos/PhazeAuth.build/Objects-normal/armv7k/PhazeAuth.LinkFileList
WriteAuxiliaryFile /Users/admin/builder/spi-builder-workspace/.derivedData/Build/Intermediates.noindex/Phaze.build/Debug-watchos/PhazeAuth.build/Objects-normal/arm64_32/PhazeAuth.SwiftFileList (in target 'PhazeAuth' from project 'Phaze')
cd /Users/admin/builder/spi-builder-workspace
write-file /Users/admin/builder/spi-builder-workspace/.derivedData/Build/Intermediates.noindex/Phaze.build/Debug-watchos/PhazeAuth.build/Objects-normal/arm64_32/PhazeAuth.SwiftFileList
WriteAuxiliaryFile /Users/admin/builder/spi-builder-workspace/.derivedData/Build/Intermediates.noindex/Phaze.build/Debug-watchos/PhazeAuth.build/Objects-normal/arm64_32/PhazeAuth.SwiftConstValuesFileList (in target 'PhazeAuth' from project 'Phaze')
cd /Users/admin/builder/spi-builder-workspace
write-file /Users/admin/builder/spi-builder-workspace/.derivedData/Build/Intermediates.noindex/Phaze.build/Debug-watchos/PhazeAuth.build/Objects-normal/arm64_32/PhazeAuth.SwiftConstValuesFileList
WriteAuxiliaryFile /Users/admin/builder/spi-builder-workspace/.derivedData/Build/Intermediates.noindex/Phaze.build/Debug-watchos/PhazeAuth.build/Objects-normal/arm64_32/PhazeAuth.LinkFileList (in target 'PhazeAuth' from project 'Phaze')
cd /Users/admin/builder/spi-builder-workspace
write-file /Users/admin/builder/spi-builder-workspace/.derivedData/Build/Intermediates.noindex/Phaze.build/Debug-watchos/PhazeAuth.build/Objects-normal/arm64_32/PhazeAuth.LinkFileList
WriteAuxiliaryFile /Users/admin/builder/spi-builder-workspace/.derivedData/Build/Intermediates.noindex/Phaze.build/Debug-watchos/PhazeAuth.build/Objects-normal/arm64/PhazeAuth.SwiftFileList (in target 'PhazeAuth' from project 'Phaze')
cd /Users/admin/builder/spi-builder-workspace
write-file /Users/admin/builder/spi-builder-workspace/.derivedData/Build/Intermediates.noindex/Phaze.build/Debug-watchos/PhazeAuth.build/Objects-normal/arm64/PhazeAuth.SwiftFileList
WriteAuxiliaryFile /Users/admin/builder/spi-builder-workspace/.derivedData/Build/Intermediates.noindex/Phaze.build/Debug-watchos/PhazeAuth.build/Objects-normal/arm64/PhazeAuth_const_extract_protocols.json (in target 'PhazeAuth' from project 'Phaze')
cd /Users/admin/builder/spi-builder-workspace
write-file /Users/admin/builder/spi-builder-workspace/.derivedData/Build/Intermediates.noindex/Phaze.build/Debug-watchos/PhazeAuth.build/Objects-normal/arm64/PhazeAuth_const_extract_protocols.json
WriteAuxiliaryFile /Users/admin/builder/spi-builder-workspace/.derivedData/Build/Intermediates.noindex/Phaze.build/Debug-watchos/PhazeAuth.build/Objects-normal/arm64/PhazeAuth.SwiftConstValuesFileList (in target 'PhazeAuth' from project 'Phaze')
cd /Users/admin/builder/spi-builder-workspace
write-file /Users/admin/builder/spi-builder-workspace/.derivedData/Build/Intermediates.noindex/Phaze.build/Debug-watchos/PhazeAuth.build/Objects-normal/arm64/PhazeAuth.SwiftConstValuesFileList
WriteAuxiliaryFile /Users/admin/builder/spi-builder-workspace/.derivedData/Build/Intermediates.noindex/Phaze.build/Debug-watchos/PhazeAuth.build/Objects-normal/arm64/PhazeAuth.LinkFileList (in target 'PhazeAuth' from project 'Phaze')
cd /Users/admin/builder/spi-builder-workspace
write-file /Users/admin/builder/spi-builder-workspace/.derivedData/Build/Intermediates.noindex/Phaze.build/Debug-watchos/PhazeAuth.build/Objects-normal/arm64/PhazeAuth.LinkFileList
WriteAuxiliaryFile /Users/admin/builder/spi-builder-workspace/.derivedData/Build/Intermediates.noindex/Phaze.build/Debug-watchos/PhazeAuth.build/Objects-normal/arm64/PhazeAuth-OutputFileMap.json (in target 'PhazeAuth' from project 'Phaze')
cd /Users/admin/builder/spi-builder-workspace
write-file /Users/admin/builder/spi-builder-workspace/.derivedData/Build/Intermediates.noindex/Phaze.build/Debug-watchos/PhazeAuth.build/Objects-normal/arm64/PhazeAuth-OutputFileMap.json
Copy /Users/admin/builder/spi-builder-workspace/.derivedData/Build/Intermediates.noindex/GeneratedModuleMaps-watchos/PhazeAuth.modulemap /Users/admin/builder/spi-builder-workspace/.derivedData/Build/Intermediates.noindex/Phaze.build/Debug-watchos/PhazeAuth.build/PhazeAuth.modulemap (in target 'PhazeAuth' from project 'Phaze')
cd /Users/admin/builder/spi-builder-workspace
builtin-copy -exclude .DS_Store -exclude CVS -exclude .svn -exclude .git -exclude .hg -resolve-src-symlinks /Users/admin/builder/spi-builder-workspace/.derivedData/Build/Intermediates.noindex/Phaze.build/Debug-watchos/PhazeAuth.build/PhazeAuth.modulemap /Users/admin/builder/spi-builder-workspace/.derivedData/Build/Intermediates.noindex/GeneratedModuleMaps-watchos
WriteAuxiliaryFile /Users/admin/builder/spi-builder-workspace/.derivedData/Build/Intermediates.noindex/Phaze.build/Debug-watchos/Phaze.build/Phaze.DependencyStaticMetadataFileList (in target 'Phaze' from project 'Phaze')
cd /Users/admin/builder/spi-builder-workspace
write-file /Users/admin/builder/spi-builder-workspace/.derivedData/Build/Intermediates.noindex/Phaze.build/Debug-watchos/Phaze.build/Phaze.DependencyStaticMetadataFileList
WriteAuxiliaryFile /Users/admin/builder/spi-builder-workspace/.derivedData/Build/Intermediates.noindex/Phaze.build/Debug-watchos/Phaze.build/Phaze.modulemap (in target 'Phaze' from project 'Phaze')
cd /Users/admin/builder/spi-builder-workspace
write-file /Users/admin/builder/spi-builder-workspace/.derivedData/Build/Intermediates.noindex/Phaze.build/Debug-watchos/Phaze.build/Phaze.modulemap
WriteAuxiliaryFile /Users/admin/builder/spi-builder-workspace/.derivedData/Build/Intermediates.noindex/Phaze.build/Debug-watchos/Phaze.build/Phaze.DependencyMetadataFileList (in target 'Phaze' from project 'Phaze')
cd /Users/admin/builder/spi-builder-workspace
write-file /Users/admin/builder/spi-builder-workspace/.derivedData/Build/Intermediates.noindex/Phaze.build/Debug-watchos/Phaze.build/Phaze.DependencyMetadataFileList
WriteAuxiliaryFile /Users/admin/builder/spi-builder-workspace/.derivedData/Build/Intermediates.noindex/Phaze.build/Debug-watchos/Phaze.build/Objects-normal/armv7k/Phaze_const_extract_protocols.json (in target 'Phaze' from project 'Phaze')
cd /Users/admin/builder/spi-builder-workspace
write-file /Users/admin/builder/spi-builder-workspace/.derivedData/Build/Intermediates.noindex/Phaze.build/Debug-watchos/Phaze.build/Objects-normal/armv7k/Phaze_const_extract_protocols.json
WriteAuxiliaryFile /Users/admin/builder/spi-builder-workspace/.derivedData/Build/Intermediates.noindex/Phaze.build/Debug-watchos/Phaze.build/Objects-normal/armv7k/Phaze.SwiftFileList (in target 'Phaze' from project 'Phaze')
cd /Users/admin/builder/spi-builder-workspace
write-file /Users/admin/builder/spi-builder-workspace/.derivedData/Build/Intermediates.noindex/Phaze.build/Debug-watchos/Phaze.build/Objects-normal/armv7k/Phaze.SwiftFileList
WriteAuxiliaryFile /Users/admin/builder/spi-builder-workspace/.derivedData/Build/Intermediates.noindex/Phaze.build/Debug-watchos/Phaze.build/Objects-normal/armv7k/Phaze.SwiftConstValuesFileList (in target 'Phaze' from project 'Phaze')
cd /Users/admin/builder/spi-builder-workspace
write-file /Users/admin/builder/spi-builder-workspace/.derivedData/Build/Intermediates.noindex/Phaze.build/Debug-watchos/Phaze.build/Objects-normal/armv7k/Phaze.SwiftConstValuesFileList
WriteAuxiliaryFile /Users/admin/builder/spi-builder-workspace/.derivedData/Build/Intermediates.noindex/Phaze.build/Debug-watchos/Phaze.build/Objects-normal/armv7k/Phaze.LinkFileList (in target 'Phaze' from project 'Phaze')
cd /Users/admin/builder/spi-builder-workspace
write-file /Users/admin/builder/spi-builder-workspace/.derivedData/Build/Intermediates.noindex/Phaze.build/Debug-watchos/Phaze.build/Objects-normal/armv7k/Phaze.LinkFileList
WriteAuxiliaryFile /Users/admin/builder/spi-builder-workspace/.derivedData/Build/Intermediates.noindex/Phaze.build/Debug-watchos/Phaze.build/Objects-normal/armv7k/Phaze-OutputFileMap.json (in target 'Phaze' from project 'Phaze')
cd /Users/admin/builder/spi-builder-workspace
write-file /Users/admin/builder/spi-builder-workspace/.derivedData/Build/Intermediates.noindex/Phaze.build/Debug-watchos/Phaze.build/Objects-normal/armv7k/Phaze-OutputFileMap.json
WriteAuxiliaryFile /Users/admin/builder/spi-builder-workspace/.derivedData/Build/Intermediates.noindex/Phaze.build/Debug-watchos/Phaze.build/Objects-normal/arm64_32/Phaze.SwiftFileList (in target 'Phaze' from project 'Phaze')
cd /Users/admin/builder/spi-builder-workspace
write-file /Users/admin/builder/spi-builder-workspace/.derivedData/Build/Intermediates.noindex/Phaze.build/Debug-watchos/Phaze.build/Objects-normal/arm64_32/Phaze.SwiftFileList
WriteAuxiliaryFile /Users/admin/builder/spi-builder-workspace/.derivedData/Build/Intermediates.noindex/Phaze.build/Debug-watchos/Phaze.build/Objects-normal/arm64_32/Phaze_const_extract_protocols.json (in target 'Phaze' from project 'Phaze')
cd /Users/admin/builder/spi-builder-workspace
write-file /Users/admin/builder/spi-builder-workspace/.derivedData/Build/Intermediates.noindex/Phaze.build/Debug-watchos/Phaze.build/Objects-normal/arm64_32/Phaze_const_extract_protocols.json
WriteAuxiliaryFile /Users/admin/builder/spi-builder-workspace/.derivedData/Build/Intermediates.noindex/Phaze.build/Debug-watchos/Phaze.build/Objects-normal/arm64_32/Phaze.SwiftConstValuesFileList (in target 'Phaze' from project 'Phaze')
cd /Users/admin/builder/spi-builder-workspace
write-file /Users/admin/builder/spi-builder-workspace/.derivedData/Build/Intermediates.noindex/Phaze.build/Debug-watchos/Phaze.build/Objects-normal/arm64_32/Phaze.SwiftConstValuesFileList
WriteAuxiliaryFile /Users/admin/builder/spi-builder-workspace/.derivedData/Build/Intermediates.noindex/Phaze.build/Debug-watchos/Phaze.build/Objects-normal/arm64_32/Phaze.LinkFileList (in target 'Phaze' from project 'Phaze')
cd /Users/admin/builder/spi-builder-workspace
write-file /Users/admin/builder/spi-builder-workspace/.derivedData/Build/Intermediates.noindex/Phaze.build/Debug-watchos/Phaze.build/Objects-normal/arm64_32/Phaze.LinkFileList
WriteAuxiliaryFile /Users/admin/builder/spi-builder-workspace/.derivedData/Build/Intermediates.noindex/Phaze.build/Debug-watchos/Phaze.build/Objects-normal/arm64_32/Phaze-OutputFileMap.json (in target 'Phaze' from project 'Phaze')
cd /Users/admin/builder/spi-builder-workspace
write-file /Users/admin/builder/spi-builder-workspace/.derivedData/Build/Intermediates.noindex/Phaze.build/Debug-watchos/Phaze.build/Objects-normal/arm64_32/Phaze-OutputFileMap.json
WriteAuxiliaryFile /Users/admin/builder/spi-builder-workspace/.derivedData/Build/Intermediates.noindex/Phaze.build/Debug-watchos/Phaze.build/Objects-normal/arm64/Phaze.SwiftFileList (in target 'Phaze' from project 'Phaze')
cd /Users/admin/builder/spi-builder-workspace
write-file /Users/admin/builder/spi-builder-workspace/.derivedData/Build/Intermediates.noindex/Phaze.build/Debug-watchos/Phaze.build/Objects-normal/arm64/Phaze.SwiftFileList
WriteAuxiliaryFile /Users/admin/builder/spi-builder-workspace/.derivedData/Build/Intermediates.noindex/Phaze.build/Debug-watchos/Phaze.build/Objects-normal/arm64/Phaze_const_extract_protocols.json (in target 'Phaze' from project 'Phaze')
cd /Users/admin/builder/spi-builder-workspace
write-file /Users/admin/builder/spi-builder-workspace/.derivedData/Build/Intermediates.noindex/Phaze.build/Debug-watchos/Phaze.build/Objects-normal/arm64/Phaze_const_extract_protocols.json
WriteAuxiliaryFile /Users/admin/builder/spi-builder-workspace/.derivedData/Build/Intermediates.noindex/Phaze.build/Debug-watchos/Phaze.build/Objects-normal/arm64/Phaze.SwiftConstValuesFileList (in target 'Phaze' from project 'Phaze')
cd /Users/admin/builder/spi-builder-workspace
write-file /Users/admin/builder/spi-builder-workspace/.derivedData/Build/Intermediates.noindex/Phaze.build/Debug-watchos/Phaze.build/Objects-normal/arm64/Phaze.SwiftConstValuesFileList
WriteAuxiliaryFile /Users/admin/builder/spi-builder-workspace/.derivedData/Build/Intermediates.noindex/Phaze.build/Debug-watchos/Phaze.build/Objects-normal/arm64/Phaze.LinkFileList (in target 'Phaze' from project 'Phaze')
cd /Users/admin/builder/spi-builder-workspace
write-file /Users/admin/builder/spi-builder-workspace/.derivedData/Build/Intermediates.noindex/Phaze.build/Debug-watchos/Phaze.build/Objects-normal/arm64/Phaze.LinkFileList
WriteAuxiliaryFile /Users/admin/builder/spi-builder-workspace/.derivedData/Build/Intermediates.noindex/Phaze.build/Debug-watchos/Phaze.build/Objects-normal/arm64/Phaze-OutputFileMap.json (in target 'Phaze' from project 'Phaze')
cd /Users/admin/builder/spi-builder-workspace
write-file /Users/admin/builder/spi-builder-workspace/.derivedData/Build/Intermediates.noindex/Phaze.build/Debug-watchos/Phaze.build/Objects-normal/arm64/Phaze-OutputFileMap.json
Copy /Users/admin/builder/spi-builder-workspace/.derivedData/Build/Intermediates.noindex/GeneratedModuleMaps-watchos/Phaze.modulemap /Users/admin/builder/spi-builder-workspace/.derivedData/Build/Intermediates.noindex/Phaze.build/Debug-watchos/Phaze.build/Phaze.modulemap (in target 'Phaze' from project 'Phaze')
cd /Users/admin/builder/spi-builder-workspace
builtin-copy -exclude .DS_Store -exclude CVS -exclude .svn -exclude .git -exclude .hg -resolve-src-symlinks /Users/admin/builder/spi-builder-workspace/.derivedData/Build/Intermediates.noindex/Phaze.build/Debug-watchos/Phaze.build/Phaze.modulemap /Users/admin/builder/spi-builder-workspace/.derivedData/Build/Intermediates.noindex/GeneratedModuleMaps-watchos
SwiftDriver PhazeAuth normal arm64_32 com.apple.xcode.tools.swift.compiler (in target 'PhazeAuth' from project 'Phaze')
cd /Users/admin/builder/spi-builder-workspace/.swiftpm/xcode
builtin-SwiftDriver -- /Applications/Xcode-16.3.0.app/Contents/Developer/Toolchains/XcodeDefault.xctoolchain/usr/bin/swiftc -module-name PhazeAuth -Onone -enforce-exclusivity\=checked @/Users/admin/builder/spi-builder-workspace/.derivedData/Build/Intermediates.noindex/Phaze.build/Debug-watchos/PhazeAuth.build/Objects-normal/arm64_32/PhazeAuth.SwiftFileList -DSWIFT_PACKAGE -DDEBUG -stats-output-dir .stats -plugin-path /Applications/Xcode-16.3.0.app/Contents/Developer/Toolchains/XcodeDefault.xctoolchain/usr/lib/swift/host/plugins/testing -enable-experimental-feature DebugDescriptionMacro -sdk /Applications/Xcode-16.3.0.app/Contents/Developer/Platforms/WatchOS.platform/Developer/SDKs/WatchOS11.4.sdk -target arm64_32-apple-watchos5.0 -g -module-cache-path /Users/admin/builder/spi-builder-workspace/.derivedData/ModuleCache.noindex -Xfrontend -serialize-debugging-options -enable-testing -index-store-path /Users/admin/builder/spi-builder-workspace/.derivedData/Index.noindex/DataStore -swift-version 6 -I /Users/admin/builder/spi-builder-workspace/.derivedData/Build/Products/Debug-watchos -I /Applications/Xcode-16.3.0.app/Contents/Developer/Platforms/WatchOS.platform/Developer/usr/lib -F /Users/admin/builder/spi-builder-workspace/.derivedData/Build/Products/Debug-watchos -F /Applications/Xcode-16.3.0.app/Contents/Developer/Platforms/WatchOS.platform/Developer/Library/Frameworks -F /Applications/Xcode-16.3.0.app/Contents/Developer/Platforms/WatchOS.platform/Developer/SDKs/WatchOS11.4.sdk/Developer/Library/Frameworks -c -j10 -enable-batch-mode -incremental -Xcc -ivfsstatcache -Xcc /Users/admin/builder/spi-builder-workspace/.derivedData/SDKStatCaches.noindex/watchos11.4-22T246-43efb940ff07ba2497b70ec94253f576.sdkstatcache -output-file-map /Users/admin/builder/spi-builder-workspace/.derivedData/Build/Intermediates.noindex/Phaze.build/Debug-watchos/PhazeAuth.build/Objects-normal/arm64_32/PhazeAuth-OutputFileMap.json -use-frontend-parseable-output -save-temps -no-color-diagnostics -serialize-diagnostics -emit-dependencies -emit-module -emit-module-path /Users/admin/builder/spi-builder-workspace/.derivedData/Build/Intermediates.noindex/Phaze.build/Debug-watchos/PhazeAuth.build/Objects-normal/arm64_32/PhazeAuth.swiftmodule -validate-clang-modules-once -clang-build-session-file /Users/admin/builder/spi-builder-workspace/.derivedData/ModuleCache.noindex/Session.modulevalidation -package-name spi_builder_workspace -Xcc -I/Users/admin/builder/spi-builder-workspace/.derivedData/Build/Intermediates.noindex/Phaze.build/Debug-watchos/PhazeAuth.build/swift-overrides.hmap -emit-const-values -Xfrontend -const-gather-protocols-file -Xfrontend /Users/admin/builder/spi-builder-workspace/.derivedData/Build/Intermediates.noindex/Phaze.build/Debug-watchos/PhazeAuth.build/Objects-normal/arm64_32/PhazeAuth_const_extract_protocols.json -Xcc -I/Users/admin/builder/spi-builder-workspace/.derivedData/Build/Products/Debug-watchos/include -Xcc -I/Users/admin/builder/spi-builder-workspace/.derivedData/Build/Intermediates.noindex/Phaze.build/Debug-watchos/PhazeAuth.build/DerivedSources-normal/arm64_32 -Xcc -I/Users/admin/builder/spi-builder-workspace/.derivedData/Build/Intermediates.noindex/Phaze.build/Debug-watchos/PhazeAuth.build/DerivedSources/arm64_32 -Xcc -I/Users/admin/builder/spi-builder-workspace/.derivedData/Build/Intermediates.noindex/Phaze.build/Debug-watchos/PhazeAuth.build/DerivedSources -Xcc -DSWIFT_PACKAGE -Xcc -DDEBUG\=1 -emit-objc-header -emit-objc-header-path /Users/admin/builder/spi-builder-workspace/.derivedData/Build/Intermediates.noindex/Phaze.build/Debug-watchos/PhazeAuth.build/Objects-normal/arm64_32/PhazeAuth-Swift.h -working-directory /Users/admin/builder/spi-builder-workspace/.swiftpm/xcode -experimental-emit-module-separately -disable-cmo
SwiftDriver PhazeAuth normal arm64 com.apple.xcode.tools.swift.compiler (in target 'PhazeAuth' from project 'Phaze')
cd /Users/admin/builder/spi-builder-workspace/.swiftpm/xcode
builtin-SwiftDriver -- /Applications/Xcode-16.3.0.app/Contents/Developer/Toolchains/XcodeDefault.xctoolchain/usr/bin/swiftc -module-name PhazeAuth -Onone -enforce-exclusivity\=checked @/Users/admin/builder/spi-builder-workspace/.derivedData/Build/Intermediates.noindex/Phaze.build/Debug-watchos/PhazeAuth.build/Objects-normal/arm64/PhazeAuth.SwiftFileList -DSWIFT_PACKAGE -DDEBUG -stats-output-dir .stats -plugin-path /Applications/Xcode-16.3.0.app/Contents/Developer/Toolchains/XcodeDefault.xctoolchain/usr/lib/swift/host/plugins/testing -enable-experimental-feature DebugDescriptionMacro -sdk /Applications/Xcode-16.3.0.app/Contents/Developer/Platforms/WatchOS.platform/Developer/SDKs/WatchOS11.4.sdk -target arm64-apple-watchos5.0 -g -module-cache-path /Users/admin/builder/spi-builder-workspace/.derivedData/ModuleCache.noindex -Xfrontend -serialize-debugging-options -enable-testing -index-store-path /Users/admin/builder/spi-builder-workspace/.derivedData/Index.noindex/DataStore -swift-version 6 -I /Users/admin/builder/spi-builder-workspace/.derivedData/Build/Products/Debug-watchos -I /Applications/Xcode-16.3.0.app/Contents/Developer/Platforms/WatchOS.platform/Developer/usr/lib -F /Users/admin/builder/spi-builder-workspace/.derivedData/Build/Products/Debug-watchos -F /Applications/Xcode-16.3.0.app/Contents/Developer/Platforms/WatchOS.platform/Developer/Library/Frameworks -F /Applications/Xcode-16.3.0.app/Contents/Developer/Platforms/WatchOS.platform/Developer/SDKs/WatchOS11.4.sdk/Developer/Library/Frameworks -c -j10 -enable-batch-mode -incremental -Xcc -ivfsstatcache -Xcc /Users/admin/builder/spi-builder-workspace/.derivedData/SDKStatCaches.noindex/watchos11.4-22T246-43efb940ff07ba2497b70ec94253f576.sdkstatcache -output-file-map /Users/admin/builder/spi-builder-workspace/.derivedData/Build/Intermediates.noindex/Phaze.build/Debug-watchos/PhazeAuth.build/Objects-normal/arm64/PhazeAuth-OutputFileMap.json -use-frontend-parseable-output -save-temps -no-color-diagnostics -serialize-diagnostics -emit-dependencies -emit-module -emit-module-path /Users/admin/builder/spi-builder-workspace/.derivedData/Build/Intermediates.noindex/Phaze.build/Debug-watchos/PhazeAuth.build/Objects-normal/arm64/PhazeAuth.swiftmodule -validate-clang-modules-once -clang-build-session-file /Users/admin/builder/spi-builder-workspace/.derivedData/ModuleCache.noindex/Session.modulevalidation -package-name spi_builder_workspace -Xcc -I/Users/admin/builder/spi-builder-workspace/.derivedData/Build/Intermediates.noindex/Phaze.build/Debug-watchos/PhazeAuth.build/swift-overrides.hmap -emit-const-values -Xfrontend -const-gather-protocols-file -Xfrontend /Users/admin/builder/spi-builder-workspace/.derivedData/Build/Intermediates.noindex/Phaze.build/Debug-watchos/PhazeAuth.build/Objects-normal/arm64/PhazeAuth_const_extract_protocols.json -Xcc -I/Users/admin/builder/spi-builder-workspace/.derivedData/Build/Products/Debug-watchos/include -Xcc -I/Users/admin/builder/spi-builder-workspace/.derivedData/Build/Intermediates.noindex/Phaze.build/Debug-watchos/PhazeAuth.build/DerivedSources-normal/arm64 -Xcc -I/Users/admin/builder/spi-builder-workspace/.derivedData/Build/Intermediates.noindex/Phaze.build/Debug-watchos/PhazeAuth.build/DerivedSources/arm64 -Xcc -I/Users/admin/builder/spi-builder-workspace/.derivedData/Build/Intermediates.noindex/Phaze.build/Debug-watchos/PhazeAuth.build/DerivedSources -Xcc -DSWIFT_PACKAGE -Xcc -DDEBUG\=1 -emit-objc-header -emit-objc-header-path /Users/admin/builder/spi-builder-workspace/.derivedData/Build/Intermediates.noindex/Phaze.build/Debug-watchos/PhazeAuth.build/Objects-normal/arm64/PhazeAuth-Swift.h -working-directory /Users/admin/builder/spi-builder-workspace/.swiftpm/xcode -experimental-emit-module-separately -disable-cmo
SwiftDriver PhazeAuth normal armv7k com.apple.xcode.tools.swift.compiler (in target 'PhazeAuth' from project 'Phaze')
cd /Users/admin/builder/spi-builder-workspace/.swiftpm/xcode
builtin-SwiftDriver -- /Applications/Xcode-16.3.0.app/Contents/Developer/Toolchains/XcodeDefault.xctoolchain/usr/bin/swiftc -module-name PhazeAuth -Onone -enforce-exclusivity\=checked @/Users/admin/builder/spi-builder-workspace/.derivedData/Build/Intermediates.noindex/Phaze.build/Debug-watchos/PhazeAuth.build/Objects-normal/armv7k/PhazeAuth.SwiftFileList -DSWIFT_PACKAGE -DDEBUG -stats-output-dir .stats -plugin-path /Applications/Xcode-16.3.0.app/Contents/Developer/Toolchains/XcodeDefault.xctoolchain/usr/lib/swift/host/plugins/testing -enable-experimental-feature DebugDescriptionMacro -sdk /Applications/Xcode-16.3.0.app/Contents/Developer/Platforms/WatchOS.platform/Developer/SDKs/WatchOS11.4.sdk -target armv7k-apple-watchos5.0 -g -module-cache-path /Users/admin/builder/spi-builder-workspace/.derivedData/ModuleCache.noindex -Xfrontend -serialize-debugging-options -enable-testing -index-store-path /Users/admin/builder/spi-builder-workspace/.derivedData/Index.noindex/DataStore -swift-version 6 -I /Users/admin/builder/spi-builder-workspace/.derivedData/Build/Products/Debug-watchos -I /Applications/Xcode-16.3.0.app/Contents/Developer/Platforms/WatchOS.platform/Developer/usr/lib -F /Users/admin/builder/spi-builder-workspace/.derivedData/Build/Products/Debug-watchos -F /Applications/Xcode-16.3.0.app/Contents/Developer/Platforms/WatchOS.platform/Developer/Library/Frameworks -F /Applications/Xcode-16.3.0.app/Contents/Developer/Platforms/WatchOS.platform/Developer/SDKs/WatchOS11.4.sdk/Developer/Library/Frameworks -c -j10 -enable-batch-mode -incremental -Xcc -ivfsstatcache -Xcc /Users/admin/builder/spi-builder-workspace/.derivedData/SDKStatCaches.noindex/watchos11.4-22T246-43efb940ff07ba2497b70ec94253f576.sdkstatcache -output-file-map /Users/admin/builder/spi-builder-workspace/.derivedData/Build/Intermediates.noindex/Phaze.build/Debug-watchos/PhazeAuth.build/Objects-normal/armv7k/PhazeAuth-OutputFileMap.json -use-frontend-parseable-output -save-temps -no-color-diagnostics -serialize-diagnostics -emit-dependencies -emit-module -emit-module-path /Users/admin/builder/spi-builder-workspace/.derivedData/Build/Intermediates.noindex/Phaze.build/Debug-watchos/PhazeAuth.build/Objects-normal/armv7k/PhazeAuth.swiftmodule -validate-clang-modules-once -clang-build-session-file /Users/admin/builder/spi-builder-workspace/.derivedData/ModuleCache.noindex/Session.modulevalidation -package-name spi_builder_workspace -Xcc -I/Users/admin/builder/spi-builder-workspace/.derivedData/Build/Intermediates.noindex/Phaze.build/Debug-watchos/PhazeAuth.build/swift-overrides.hmap -emit-const-values -Xfrontend -const-gather-protocols-file -Xfrontend /Users/admin/builder/spi-builder-workspace/.derivedData/Build/Intermediates.noindex/Phaze.build/Debug-watchos/PhazeAuth.build/Objects-normal/armv7k/PhazeAuth_const_extract_protocols.json -Xcc -I/Users/admin/builder/spi-builder-workspace/.derivedData/Build/Products/Debug-watchos/include -Xcc -I/Users/admin/builder/spi-builder-workspace/.derivedData/Build/Intermediates.noindex/Phaze.build/Debug-watchos/PhazeAuth.build/DerivedSources-normal/armv7k -Xcc -I/Users/admin/builder/spi-builder-workspace/.derivedData/Build/Intermediates.noindex/Phaze.build/Debug-watchos/PhazeAuth.build/DerivedSources/armv7k -Xcc -I/Users/admin/builder/spi-builder-workspace/.derivedData/Build/Intermediates.noindex/Phaze.build/Debug-watchos/PhazeAuth.build/DerivedSources -Xcc -DSWIFT_PACKAGE -Xcc -DDEBUG\=1 -emit-objc-header -emit-objc-header-path /Users/admin/builder/spi-builder-workspace/.derivedData/Build/Intermediates.noindex/Phaze.build/Debug-watchos/PhazeAuth.build/Objects-normal/armv7k/PhazeAuth-Swift.h -working-directory /Users/admin/builder/spi-builder-workspace/.swiftpm/xcode -experimental-emit-module-separately -disable-cmo
SwiftDriver Phaze normal arm64_32 com.apple.xcode.tools.swift.compiler (in target 'Phaze' from project 'Phaze')
cd /Users/admin/builder/spi-builder-workspace/.swiftpm/xcode
builtin-SwiftDriver -- /Applications/Xcode-16.3.0.app/Contents/Developer/Toolchains/XcodeDefault.xctoolchain/usr/bin/swiftc -module-name Phaze -Onone -enforce-exclusivity\=checked @/Users/admin/builder/spi-builder-workspace/.derivedData/Build/Intermediates.noindex/Phaze.build/Debug-watchos/Phaze.build/Objects-normal/arm64_32/Phaze.SwiftFileList -DSWIFT_PACKAGE -DDEBUG -stats-output-dir .stats -plugin-path /Applications/Xcode-16.3.0.app/Contents/Developer/Toolchains/XcodeDefault.xctoolchain/usr/lib/swift/host/plugins/testing -enable-experimental-feature DebugDescriptionMacro -sdk /Applications/Xcode-16.3.0.app/Contents/Developer/Platforms/WatchOS.platform/Developer/SDKs/WatchOS11.4.sdk -target arm64_32-apple-watchos5.0 -g -module-cache-path /Users/admin/builder/spi-builder-workspace/.derivedData/ModuleCache.noindex -Xfrontend -serialize-debugging-options -enable-testing -index-store-path /Users/admin/builder/spi-builder-workspace/.derivedData/Index.noindex/DataStore -swift-version 6 -I /Users/admin/builder/spi-builder-workspace/.derivedData/Build/Products/Debug-watchos -I /Applications/Xcode-16.3.0.app/Contents/Developer/Platforms/WatchOS.platform/Developer/usr/lib -F /Users/admin/builder/spi-builder-workspace/.derivedData/Build/Products/Debug-watchos -F /Applications/Xcode-16.3.0.app/Contents/Developer/Platforms/WatchOS.platform/Developer/Library/Frameworks -F /Applications/Xcode-16.3.0.app/Contents/Developer/Platforms/WatchOS.platform/Developer/SDKs/WatchOS11.4.sdk/Developer/Library/Frameworks -c -j10 -enable-batch-mode -incremental -Xcc -ivfsstatcache -Xcc /Users/admin/builder/spi-builder-workspace/.derivedData/SDKStatCaches.noindex/watchos11.4-22T246-43efb940ff07ba2497b70ec94253f576.sdkstatcache -output-file-map /Users/admin/builder/spi-builder-workspace/.derivedData/Build/Intermediates.noindex/Phaze.build/Debug-watchos/Phaze.build/Objects-normal/arm64_32/Phaze-OutputFileMap.json -use-frontend-parseable-output -save-temps -no-color-diagnostics -serialize-diagnostics -emit-dependencies -emit-module -emit-module-path /Users/admin/builder/spi-builder-workspace/.derivedData/Build/Intermediates.noindex/Phaze.build/Debug-watchos/Phaze.build/Objects-normal/arm64_32/Phaze.swiftmodule -validate-clang-modules-once -clang-build-session-file /Users/admin/builder/spi-builder-workspace/.derivedData/ModuleCache.noindex/Session.modulevalidation -package-name spi_builder_workspace -Xcc -I/Users/admin/builder/spi-builder-workspace/.derivedData/Build/Intermediates.noindex/Phaze.build/Debug-watchos/Phaze.build/swift-overrides.hmap -emit-const-values -Xfrontend -const-gather-protocols-file -Xfrontend /Users/admin/builder/spi-builder-workspace/.derivedData/Build/Intermediates.noindex/Phaze.build/Debug-watchos/Phaze.build/Objects-normal/arm64_32/Phaze_const_extract_protocols.json -Xcc -I/Users/admin/builder/spi-builder-workspace/.derivedData/Build/Products/Debug-watchos/include -Xcc -I/Users/admin/builder/spi-builder-workspace/.derivedData/Build/Intermediates.noindex/Phaze.build/Debug-watchos/Phaze.build/DerivedSources-normal/arm64_32 -Xcc -I/Users/admin/builder/spi-builder-workspace/.derivedData/Build/Intermediates.noindex/Phaze.build/Debug-watchos/Phaze.build/DerivedSources/arm64_32 -Xcc -I/Users/admin/builder/spi-builder-workspace/.derivedData/Build/Intermediates.noindex/Phaze.build/Debug-watchos/Phaze.build/DerivedSources -Xcc -DSWIFT_PACKAGE -Xcc -DDEBUG\=1 -emit-objc-header -emit-objc-header-path /Users/admin/builder/spi-builder-workspace/.derivedData/Build/Intermediates.noindex/Phaze.build/Debug-watchos/Phaze.build/Objects-normal/arm64_32/Phaze-Swift.h -working-directory /Users/admin/builder/spi-builder-workspace/.swiftpm/xcode -experimental-emit-module-separately -disable-cmo
SwiftDriver Phaze normal armv7k com.apple.xcode.tools.swift.compiler (in target 'Phaze' from project 'Phaze')
cd /Users/admin/builder/spi-builder-workspace/.swiftpm/xcode
builtin-SwiftDriver -- /Applications/Xcode-16.3.0.app/Contents/Developer/Toolchains/XcodeDefault.xctoolchain/usr/bin/swiftc -module-name Phaze -Onone -enforce-exclusivity\=checked @/Users/admin/builder/spi-builder-workspace/.derivedData/Build/Intermediates.noindex/Phaze.build/Debug-watchos/Phaze.build/Objects-normal/armv7k/Phaze.SwiftFileList -DSWIFT_PACKAGE -DDEBUG -stats-output-dir .stats -plugin-path /Applications/Xcode-16.3.0.app/Contents/Developer/Toolchains/XcodeDefault.xctoolchain/usr/lib/swift/host/plugins/testing -enable-experimental-feature DebugDescriptionMacro -sdk /Applications/Xcode-16.3.0.app/Contents/Developer/Platforms/WatchOS.platform/Developer/SDKs/WatchOS11.4.sdk -target armv7k-apple-watchos5.0 -g -module-cache-path /Users/admin/builder/spi-builder-workspace/.derivedData/ModuleCache.noindex -Xfrontend -serialize-debugging-options -enable-testing -index-store-path /Users/admin/builder/spi-builder-workspace/.derivedData/Index.noindex/DataStore -swift-version 6 -I /Users/admin/builder/spi-builder-workspace/.derivedData/Build/Products/Debug-watchos -I /Applications/Xcode-16.3.0.app/Contents/Developer/Platforms/WatchOS.platform/Developer/usr/lib -F /Users/admin/builder/spi-builder-workspace/.derivedData/Build/Products/Debug-watchos -F /Applications/Xcode-16.3.0.app/Contents/Developer/Platforms/WatchOS.platform/Developer/Library/Frameworks -F /Applications/Xcode-16.3.0.app/Contents/Developer/Platforms/WatchOS.platform/Developer/SDKs/WatchOS11.4.sdk/Developer/Library/Frameworks -c -j10 -enable-batch-mode -incremental -Xcc -ivfsstatcache -Xcc /Users/admin/builder/spi-builder-workspace/.derivedData/SDKStatCaches.noindex/watchos11.4-22T246-43efb940ff07ba2497b70ec94253f576.sdkstatcache -output-file-map /Users/admin/builder/spi-builder-workspace/.derivedData/Build/Intermediates.noindex/Phaze.build/Debug-watchos/Phaze.build/Objects-normal/armv7k/Phaze-OutputFileMap.json -use-frontend-parseable-output -save-temps -no-color-diagnostics -serialize-diagnostics -emit-dependencies -emit-module -emit-module-path /Users/admin/builder/spi-builder-workspace/.derivedData/Build/Intermediates.noindex/Phaze.build/Debug-watchos/Phaze.build/Objects-normal/armv7k/Phaze.swiftmodule -validate-clang-modules-once -clang-build-session-file /Users/admin/builder/spi-builder-workspace/.derivedData/ModuleCache.noindex/Session.modulevalidation -package-name spi_builder_workspace -Xcc -I/Users/admin/builder/spi-builder-workspace/.derivedData/Build/Intermediates.noindex/Phaze.build/Debug-watchos/Phaze.build/swift-overrides.hmap -emit-const-values -Xfrontend -const-gather-protocols-file -Xfrontend /Users/admin/builder/spi-builder-workspace/.derivedData/Build/Intermediates.noindex/Phaze.build/Debug-watchos/Phaze.build/Objects-normal/armv7k/Phaze_const_extract_protocols.json -Xcc -I/Users/admin/builder/spi-builder-workspace/.derivedData/Build/Products/Debug-watchos/include -Xcc -I/Users/admin/builder/spi-builder-workspace/.derivedData/Build/Intermediates.noindex/Phaze.build/Debug-watchos/Phaze.build/DerivedSources-normal/armv7k -Xcc -I/Users/admin/builder/spi-builder-workspace/.derivedData/Build/Intermediates.noindex/Phaze.build/Debug-watchos/Phaze.build/DerivedSources/armv7k -Xcc -I/Users/admin/builder/spi-builder-workspace/.derivedData/Build/Intermediates.noindex/Phaze.build/Debug-watchos/Phaze.build/DerivedSources -Xcc -DSWIFT_PACKAGE -Xcc -DDEBUG\=1 -emit-objc-header -emit-objc-header-path /Users/admin/builder/spi-builder-workspace/.derivedData/Build/Intermediates.noindex/Phaze.build/Debug-watchos/Phaze.build/Objects-normal/armv7k/Phaze-Swift.h -working-directory /Users/admin/builder/spi-builder-workspace/.swiftpm/xcode -experimental-emit-module-separately -disable-cmo
SwiftDriver Phaze normal arm64 com.apple.xcode.tools.swift.compiler (in target 'Phaze' from project 'Phaze')
cd /Users/admin/builder/spi-builder-workspace/.swiftpm/xcode
builtin-SwiftDriver -- /Applications/Xcode-16.3.0.app/Contents/Developer/Toolchains/XcodeDefault.xctoolchain/usr/bin/swiftc -module-name Phaze -Onone -enforce-exclusivity\=checked @/Users/admin/builder/spi-builder-workspace/.derivedData/Build/Intermediates.noindex/Phaze.build/Debug-watchos/Phaze.build/Objects-normal/arm64/Phaze.SwiftFileList -DSWIFT_PACKAGE -DDEBUG -stats-output-dir .stats -plugin-path /Applications/Xcode-16.3.0.app/Contents/Developer/Toolchains/XcodeDefault.xctoolchain/usr/lib/swift/host/plugins/testing -enable-experimental-feature DebugDescriptionMacro -sdk /Applications/Xcode-16.3.0.app/Contents/Developer/Platforms/WatchOS.platform/Developer/SDKs/WatchOS11.4.sdk -target arm64-apple-watchos5.0 -g -module-cache-path /Users/admin/builder/spi-builder-workspace/.derivedData/ModuleCache.noindex -Xfrontend -serialize-debugging-options -enable-testing -index-store-path /Users/admin/builder/spi-builder-workspace/.derivedData/Index.noindex/DataStore -swift-version 6 -I /Users/admin/builder/spi-builder-workspace/.derivedData/Build/Products/Debug-watchos -I /Applications/Xcode-16.3.0.app/Contents/Developer/Platforms/WatchOS.platform/Developer/usr/lib -F /Users/admin/builder/spi-builder-workspace/.derivedData/Build/Products/Debug-watchos -F /Applications/Xcode-16.3.0.app/Contents/Developer/Platforms/WatchOS.platform/Developer/Library/Frameworks -F /Applications/Xcode-16.3.0.app/Contents/Developer/Platforms/WatchOS.platform/Developer/SDKs/WatchOS11.4.sdk/Developer/Library/Frameworks -c -j10 -enable-batch-mode -incremental -Xcc -ivfsstatcache -Xcc /Users/admin/builder/spi-builder-workspace/.derivedData/SDKStatCaches.noindex/watchos11.4-22T246-43efb940ff07ba2497b70ec94253f576.sdkstatcache -output-file-map /Users/admin/builder/spi-builder-workspace/.derivedData/Build/Intermediates.noindex/Phaze.build/Debug-watchos/Phaze.build/Objects-normal/arm64/Phaze-OutputFileMap.json -use-frontend-parseable-output -save-temps -no-color-diagnostics -serialize-diagnostics -emit-dependencies -emit-module -emit-module-path /Users/admin/builder/spi-builder-workspace/.derivedData/Build/Intermediates.noindex/Phaze.build/Debug-watchos/Phaze.build/Objects-normal/arm64/Phaze.swiftmodule -validate-clang-modules-once -clang-build-session-file /Users/admin/builder/spi-builder-workspace/.derivedData/ModuleCache.noindex/Session.modulevalidation -package-name spi_builder_workspace -Xcc -I/Users/admin/builder/spi-builder-workspace/.derivedData/Build/Intermediates.noindex/Phaze.build/Debug-watchos/Phaze.build/swift-overrides.hmap -emit-const-values -Xfrontend -const-gather-protocols-file -Xfrontend /Users/admin/builder/spi-builder-workspace/.derivedData/Build/Intermediates.noindex/Phaze.build/Debug-watchos/Phaze.build/Objects-normal/arm64/Phaze_const_extract_protocols.json -Xcc -I/Users/admin/builder/spi-builder-workspace/.derivedData/Build/Products/Debug-watchos/include -Xcc -I/Users/admin/builder/spi-builder-workspace/.derivedData/Build/Intermediates.noindex/Phaze.build/Debug-watchos/Phaze.build/DerivedSources-normal/arm64 -Xcc -I/Users/admin/builder/spi-builder-workspace/.derivedData/Build/Intermediates.noindex/Phaze.build/Debug-watchos/Phaze.build/DerivedSources/arm64 -Xcc -I/Users/admin/builder/spi-builder-workspace/.derivedData/Build/Intermediates.noindex/Phaze.build/Debug-watchos/Phaze.build/DerivedSources -Xcc -DSWIFT_PACKAGE -Xcc -DDEBUG\=1 -emit-objc-header -emit-objc-header-path /Users/admin/builder/spi-builder-workspace/.derivedData/Build/Intermediates.noindex/Phaze.build/Debug-watchos/Phaze.build/Objects-normal/arm64/Phaze-Swift.h -working-directory /Users/admin/builder/spi-builder-workspace/.swiftpm/xcode -experimental-emit-module-separately -disable-cmo
SwiftCompile normal arm64 Compiling\ Authenticator.swift /Users/admin/builder/spi-builder-workspace/Sources/PhazeAuth/Authenticator.swift (in target 'PhazeAuth' from project 'Phaze')
SwiftCompile normal arm64 /Users/admin/builder/spi-builder-workspace/Sources/PhazeAuth/Authenticator.swift (in target 'PhazeAuth' from project 'Phaze')
cd /Users/admin/builder/spi-builder-workspace/.swiftpm/xcode
SwiftCompile normal arm64 Compiling\ Enclave.swift /Users/admin/builder/spi-builder-workspace/Sources/PhazeAuth/Enclave.swift (in target 'PhazeAuth' from project 'Phaze')
SwiftCompile normal arm64 /Users/admin/builder/spi-builder-workspace/Sources/PhazeAuth/Enclave.swift (in target 'PhazeAuth' from project 'Phaze')
cd /Users/admin/builder/spi-builder-workspace/.swiftpm/xcode
SwiftEmitModule normal arm64_32 Emitting\ module\ for\ PhazeAuth (in target 'PhazeAuth' from project 'Phaze')
Failed frontend command:
/Applications/Xcode-16.3.0.app/Contents/Developer/Toolchains/XcodeDefault.xctoolchain/usr/bin/swift-frontend -frontend -emit-module -experimental-skip-non-inlinable-function-bodies-without-types /Users/admin/builder/spi-builder-workspace/Sources/PhazeAuth/AppleSignIn.swift /Users/admin/builder/spi-builder-workspace/Sources/PhazeAuth/Authenticator.swift /Users/admin/builder/spi-builder-workspace/Sources/PhazeAuth/Enclave.swift /Users/admin/builder/spi-builder-workspace/Sources/PhazeAuth/SystemPasskey.swift -target arm64_32-apple-watchos5.0 -enable-objc-interop -sdk /Applications/Xcode-16.3.0.app/Contents/Developer/Platforms/WatchOS.platform/Developer/SDKs/WatchOS11.4.sdk -I /Users/admin/builder/spi-builder-workspace/.derivedData/Build/Products/Debug-watchos -I /Applications/Xcode-16.3.0.app/Contents/Developer/Platforms/WatchOS.platform/Developer/usr/lib -F /Users/admin/builder/spi-builder-workspace/.derivedData/Build/Products/Debug-watchos -F /Applications/Xcode-16.3.0.app/Contents/Developer/Platforms/WatchOS.platform/Developer/Library/Frameworks -F /Applications/Xcode-16.3.0.app/Contents/Developer/Platforms/WatchOS.platform/Developer/SDKs/WatchOS11.4.sdk/Developer/Library/Frameworks -no-color-diagnostics -enable-testing -g -debug-info-format\=dwarf -dwarf-version\=4 -module-cache-path /Users/admin/builder/spi-builder-workspace/.derivedData/ModuleCache.noindex -swift-version 6 -enforce-exclusivity\=checked -stats-output-dir /Users/admin/builder/spi-builder-workspace/.swiftpm/xcode/.stats -Onone -D SWIFT_PACKAGE -D DEBUG -serialize-debugging-options -const-gather-protocols-file /Users/admin/builder/spi-builder-workspace/.derivedData/Build/Intermediates.noindex/Phaze.build/Debug-watchos/PhazeAuth.build/Objects-normal/arm64_32/PhazeAuth_const_extract_protocols.json -enable-experimental-feature DebugDescriptionMacro -empty-abi-descriptor -plugin-path /Applications/Xcode-16.3.0.app/Contents/Developer/Toolchains/XcodeDefault.xctoolchain/usr/lib/swift/host/plugins/testing -validate-clang-modules-once -clang-build-session-file /Users/admin/builder/spi-builder-workspace/.derivedData/ModuleCache.noindex/Session.modulevalidation -Xcc -working-directory -Xcc /Users/admin/builder/spi-builder-workspace/.swiftpm/xcode -resource-dir /Applications/Xcode-16.3.0.app/Contents/Developer/Toolchains/XcodeDefault.xctoolchain/usr/lib/swift -enable-anonymous-context-mangled-names -file-compilation-dir /Users/admin/builder/spi-builder-workspace/.swiftpm/xcode -Xcc -ivfsstatcache -Xcc /Users/admin/builder/spi-builder-workspace/.derivedData/SDKStatCaches.noindex/watchos11.4-22T246-43efb940ff07ba2497b70ec94253f576.sdkstatcache -Xcc -I/Users/admin/builder/spi-builder-workspace/.derivedData/Build/Intermediates.noindex/Phaze.build/Debug-watchos/PhazeAuth.build/swift-overrides.hmap -Xcc -I/Users/admin/builder/spi-builder-workspace/.derivedData/Build/Products/Debug-watchos/include -Xcc -I/Users/admin/builder/spi-builder-workspace/.derivedData/Build/Intermediates.noindex/Phaze.build/Debug-watchos/PhazeAuth.build/DerivedSources-normal/arm64_32 -Xcc -I/Users/admin/builder/spi-builder-workspace/.derivedData/Build/Intermediates.noindex/Phaze.build/Debug-watchos/PhazeAuth.build/DerivedSources/arm64_32 -Xcc -I/Users/admin/builder/spi-builder-workspace/.derivedData/Build/Intermediates.noindex/Phaze.build/Debug-watchos/PhazeAuth.build/DerivedSources -Xcc -DSWIFT_PACKAGE -Xcc -DDEBUG\=1 -module-name PhazeAuth -package-name spi_builder_workspace -frontend-parseable-output -disable-clang-spi -target-sdk-version 11.4 -target-sdk-name watchos11.4 -external-plugin-path /Applications/Xcode-16.3.0.app/Contents/Developer/Platforms/WatchOS.platform/Developer/usr/lib/swift/host/plugins\#/Applications/Xcode-16.3.0.app/Contents/Developer/Platforms/WatchOS.platform/Developer/usr/bin/swift-plugin-server -external-plugin-path /Applications/Xcode-16.3.0.app/Contents/Developer/Platforms/WatchOS.platform/Developer/usr/local/lib/swift/host/plugins\#/Applications/Xcode-16.3.0.app/Contents/Developer/Platforms/WatchOS.platform/Developer/usr/bin/swift-plugin-server -in-process-plugin-server-path /Applications/Xcode-16.3.0.app/Contents/Developer/Toolchains/XcodeDefault.xctoolchain/usr/lib/swift/host/libSwiftInProcPluginServer.dylib -plugin-path /Applications/Xcode-16.3.0.app/Contents/Developer/Toolchains/XcodeDefault.xctoolchain/usr/lib/swift/host/plugins -plugin-path /Applications/Xcode-16.3.0.app/Contents/Developer/Toolchains/XcodeDefault.xctoolchain/usr/local/lib/swift/host/plugins -emit-module-doc-path /Users/admin/builder/spi-builder-workspace/.derivedData/Build/Intermediates.noindex/Phaze.build/Debug-watchos/PhazeAuth.build/Objects-normal/arm64_32/PhazeAuth.swiftdoc -emit-module-source-info-path /Users/admin/builder/spi-builder-workspace/.derivedData/Build/Intermediates.noindex/Phaze.build/Debug-watchos/PhazeAuth.build/Objects-normal/arm64_32/PhazeAuth.swiftsourceinfo -emit-objc-header-path /Users/admin/builder/spi-builder-workspace/.derivedData/Build/Intermediates.noindex/Phaze.build/Debug-watchos/PhazeAuth.build/Objects-normal/arm64_32/PhazeAuth-Swift.h -serialize-diagnostics-path /Users/admin/builder/spi-builder-workspace/.derivedData/Build/Intermediates.noindex/Phaze.build/Debug-watchos/PhazeAuth.build/Objects-normal/arm64_32/PhazeAuth-master-emit-module.dia -emit-dependencies-path /Users/admin/builder/spi-builder-workspace/.derivedData/Build/Intermediates.noindex/Phaze.build/Debug-watchos/PhazeAuth.build/Objects-normal/arm64_32/PhazeAuth-master-emit-module.d -o /Users/admin/builder/spi-builder-workspace/.derivedData/Build/Intermediates.noindex/Phaze.build/Debug-watchos/PhazeAuth.build/Objects-normal/arm64_32/PhazeAuth.swiftmodule -emit-abi-descriptor-path /Users/admin/builder/spi-builder-workspace/.derivedData/Build/Intermediates.noindex/Phaze.build/Debug-watchos/PhazeAuth.build/Objects-normal/arm64_32/PhazeAuth.abi.json
EmitSwiftModule normal arm64_32 (in target 'PhazeAuth' from project 'Phaze')
cd /Users/admin/builder/spi-builder-workspace/.swiftpm/xcode
/Users/admin/builder/spi-builder-workspace/Sources/PhazeAuth/AppleSignIn.swift:33:55: error: cannot find type 'ASPresentationAnchor' in scope
public static func request(nonce: String, anchor: ASPresentationAnchor) async throws -> String {
^~~~~~~~~~~~~~~~~~~~
/Users/admin/builder/spi-builder-workspace/Sources/PhazeAuth/AppleSignIn.swift:33:77: error: concurrency is only available in watchOS 6.0.0 or newer
public static func request(nonce: String, anchor: ASPresentationAnchor) async throws -> String {
^
/Users/admin/builder/spi-builder-workspace/Sources/PhazeAuth/AppleSignIn.swift:33:24: note: add @available attribute to enclosing static method
public static func request(nonce: String, anchor: ASPresentationAnchor) async throws -> String {
^
/Users/admin/builder/spi-builder-workspace/Sources/PhazeAuth/AppleSignIn.swift:19:13: note: add @available attribute to enclosing enum
public enum AppleSignIn {
^
/Users/admin/builder/spi-builder-workspace/Sources/PhazeAuth/Authenticator.swift:34:22: error: 'P256' is only available in watchOS 6.0 or newer
private let key: P256.Signing.PrivateKey
^
/Users/admin/builder/spi-builder-workspace/Sources/PhazeAuth/Authenticator.swift:33:15: note: add @available attribute to enclosing struct
public struct SoftwareKey: Signer {
^
/Users/admin/builder/spi-builder-workspace/Sources/PhazeAuth/Enclave.swift:116:22: error: 'SecureEnclave' is only available in watchOS 6.0 or newer
private let key: SecureEnclave.P256.Signing.PrivateKey
^
/Users/admin/builder/spi-builder-workspace/Sources/PhazeAuth/Enclave.swift:115:15: note: add @available attribute to enclosing struct
public struct EnclaveKey: Signer {
^
/Users/admin/builder/spi-builder-workspace/Sources/PhazeAuth/Enclave.swift:166:23: error: 'SecureEnclave' is only available in watchOS 6.0 or newer
private init(key: SecureEnclave.P256.Signing.PrivateKey, gate: Gate?) {
^
/Users/admin/builder/spi-builder-workspace/Sources/PhazeAuth/Enclave.swift:166:13: note: add @available attribute to enclosing initializer
private init(key: SecureEnclave.P256.Signing.PrivateKey, gate: Gate?) {
^
/Users/admin/builder/spi-builder-workspace/Sources/PhazeAuth/Enclave.swift:115:15: note: add @available attribute to enclosing struct
public struct EnclaveKey: Signer {
^
/Users/admin/builder/spi-builder-workspace/Sources/PhazeAuth/SystemPasskey.swift:61:90: error: cannot find type 'ASPresentationAnchor' in scope
public static func assert(rpId: String, challenge: Data, allow: [Data] = [], anchor: ASPresentationAnchor) async throws -> SystemAssertion {
^~~~~~~~~~~~~~~~~~~~
/Users/admin/builder/spi-builder-workspace/Sources/PhazeAuth/SystemPasskey.swift:61:112: error: concurrency is only available in watchOS 6.0.0 or newer
public static func assert(rpId: String, challenge: Data, allow: [Data] = [], anchor: ASPresentationAnchor) async throws -> SystemAssertion {
^
/Users/admin/builder/spi-builder-workspace/Sources/PhazeAuth/SystemPasskey.swift:61:24: note: add @available attribute to enclosing static method
public static func assert(rpId: String, challenge: Data, allow: [Data] = [], anchor: ASPresentationAnchor) async throws -> SystemAssertion {
^
/Users/admin/builder/spi-builder-workspace/Sources/PhazeAuth/SystemPasskey.swift:49:13: note: add @available attribute to enclosing enum
public enum SystemPasskey {
^
/Users/admin/builder/spi-builder-workspace/Sources/PhazeAuth/SystemPasskey.swift:97:104: error: cannot find type 'ASPresentationAnchor' in scope
public static func register(rpId: String, challenge: Data, userId: Data, userName: String, anchor: ASPresentationAnchor) async throws -> SystemRegistration {
^~~~~~~~~~~~~~~~~~~~
/Users/admin/builder/spi-builder-workspace/Sources/PhazeAuth/SystemPasskey.swift:97:126: error: concurrency is only available in watchOS 6.0.0 or newer
public static func register(rpId: String, challenge: Data, userId: Data, userName: String, anchor: ASPresentationAnchor) async throws -> SystemRegistration {
^
/Users/admin/builder/spi-builder-workspace/Sources/PhazeAuth/SystemPasskey.swift:97:24: note: add @available attribute to enclosing static method
public static func register(rpId: String, challenge: Data, userId: Data, userName: String, anchor: ASPresentationAnchor) async throws -> SystemRegistration {
^
/Users/admin/builder/spi-builder-workspace/Sources/PhazeAuth/SystemPasskey.swift:49:13: note: add @available attribute to enclosing enum
public enum SystemPasskey {
^
/Users/admin/builder/spi-builder-workspace/Sources/PhazeAuth/SystemPasskey.swift:128:51: error: cannot find type 'ASPresentationAnchor' in scope
init(request: ASAuthorizationRequest, anchor: ASPresentationAnchor, read: @escaping (ASAuthorization) -> Result<Answer, any Error>) {
^~~~~~~~~~~~~~~~~~~~
/Users/admin/builder/spi-builder-workspace/Sources/PhazeAuth/SystemPasskey.swift:122:29: error: 'ASAuthorizationController' is only available in watchOS 6.0 or newer
private let controller: ASAuthorizationController
^
/Users/admin/builder/spi-builder-workspace/Sources/PhazeAuth/SystemPasskey.swift:121:13: note: add @available attribute to enclosing generic class
final class Ceremony<Answer: Sendable>: NSObject, ASAuthorizationControllerDelegate, ASAuthorizationControllerPresentationContextProviding {
^
/Users/admin/builder/spi-builder-workspace/Sources/PhazeAuth/SystemPasskey.swift:123:25: error: cannot find type 'ASPresentationAnchor' in scope
private let anchor: ASPresentationAnchor
^~~~~~~~~~~~~~~~~~~~
/Users/admin/builder/spi-builder-workspace/Sources/PhazeAuth/SystemPasskey.swift:124:24: error: 'ASAuthorization' is only available in watchOS 6.0 or newer
private let read: (ASAuthorization) -> Result<Answer, any Error>
^
/Users/admin/builder/spi-builder-workspace/Sources/PhazeAuth/SystemPasskey.swift:121:13: note: add @available attribute to enclosing generic class
final class Ceremony<Answer: Sendable>: NSObject, ASAuthorizationControllerDelegate, ASAuthorizationControllerPresentationContextProviding {
^
/Users/admin/builder/spi-builder-workspace/Sources/PhazeAuth/SystemPasskey.swift:125:31: error: 'CheckedContinuation' is only available in watchOS 6.0 or newer
private var continuation: CheckedContinuation<Answer, any Error>?
^
/Users/admin/builder/spi-builder-workspace/Sources/PhazeAuth/SystemPasskey.swift:121:13: note: add @available attribute to enclosing generic class
final class Ceremony<Answer: Sendable>: NSObject, ASAuthorizationControllerDelegate, ASAuthorizationControllerPresentationContextProviding {
^
/Users/admin/builder/spi-builder-workspace/Sources/PhazeAuth/SystemPasskey.swift:128:19: error: 'ASAuthorizationRequest' is only available in watchOS 6.0 or newer
init(request: ASAuthorizationRequest, anchor: ASPresentationAnchor, read: @escaping (ASAuthorization) -> Result<Answer, any Error>) {
^
/Users/admin/builder/spi-builder-workspace/Sources/PhazeAuth/SystemPasskey.swift:128:5: note: add @available attribute to enclosing initializer
init(request: ASAuthorizationRequest, anchor: ASPresentationAnchor, read: @escaping (ASAuthorization) -> Result<Answer, any Error>) {
^
/Users/admin/builder/spi-builder-workspace/Sources/PhazeAuth/SystemPasskey.swift:121:13: note: add @available attribute to enclosing generic class
final class Ceremony<Answer: Sendable>: NSObject, ASAuthorizationControllerDelegate, ASAuthorizationControllerPresentationContextProviding {
^
/Users/admin/builder/spi-builder-workspace/Sources/PhazeAuth/SystemPasskey.swift:128:90: error: 'ASAuthorization' is only available in watchOS 6.0 or newer
init(request: ASAuthorizationRequest, anchor: ASPresentationAnchor, read: @escaping (ASAuthorization) -> Result<Answer, any Error>) {
^
/Users/admin/builder/spi-builder-workspace/Sources/PhazeAuth/SystemPasskey.swift:128:5: note: add @available attribute to enclosing initializer
init(request: ASAuthorizationRequest, anchor: ASPresentationAnchor, read: @escaping (ASAuthorization) -> Result<Answer, any Error>) {
^
/Users/admin/builder/spi-builder-workspace/Sources/PhazeAuth/SystemPasskey.swift:121:13: note: add @available attribute to enclosing generic class
final class Ceremony<Answer: Sendable>: NSObject, ASAuthorizationControllerDelegate, ASAuthorizationControllerPresentationContextProviding {
^
/Users/admin/builder/spi-builder-workspace/Sources/PhazeAuth/SystemPasskey.swift:137:16: error: concurrency is only available in watchOS 6.0.0 or newer
func run() async throws -> Answer {
^
/Users/admin/builder/spi-builder-workspace/Sources/PhazeAuth/SystemPasskey.swift:137:10: note: add @available attribute to enclosing instance method
func run() async throws -> Answer {
^
/Users/admin/builder/spi-builder-workspace/Sources/PhazeAuth/SystemPasskey.swift:121:13: note: add @available attribute to enclosing generic class
final class Ceremony<Answer: Sendable>: NSObject, ASAuthorizationControllerDelegate, ASAuthorizationControllerPresentationContextProviding {
^
/Users/admin/builder/spi-builder-workspace/Sources/PhazeAuth/SystemPasskey.swift:151:75: error: cannot find type 'ASPresentationAnchor' in scope
func presentationAnchor(for controller: ASAuthorizationController) -> ASPresentationAnchor {
^~~~~~~~~~~~~~~~~~~~
/Users/admin/builder/spi-builder-workspace/Sources/PhazeAuth/SystemPasskey.swift:151:45: error: 'ASAuthorizationController' is only available in watchOS 6.0 or newer
func presentationAnchor(for controller: ASAuthorizationController) -> ASPresentationAnchor {
^
/Users/admin/builder/spi-builder-workspace/Sources/PhazeAuth/SystemPasskey.swift:151:10: note: add @available attribute to enclosing instance method
func presentationAnchor(for controller: ASAuthorizationController) -> ASPresentationAnchor {
^
/Users/admin/builder/spi-builder-workspace/Sources/PhazeAuth/SystemPasskey.swift:121:13: note: add @available attribute to enclosing generic class
final class Ceremony<Answer: Sendable>: NSObject, ASAuthorizationControllerDelegate, ASAuthorizationControllerPresentationContextProviding {
^
/Users/admin/builder/spi-builder-workspace/Sources/PhazeAuth/SystemPasskey.swift:155:46: error: 'ASAuthorizationController' is only available in watchOS 6.0 or newer
func authorizationController(controller: ASAuthorizationController, didCompleteWithAuthorization authorization: ASAuthorization) {
^
/Users/admin/builder/spi-builder-workspace/Sources/PhazeAuth/SystemPasskey.swift:155:10: note: add @available attribute to enclosing instance method
func authorizationController(controller: ASAuthorizationController, didCompleteWithAuthorization authorization: ASAuthorization) {
^
/Users/admin/builder/spi-builder-workspace/Sources/PhazeAuth/SystemPasskey.swift:121:13: note: add @available attribute to enclosing generic class
final class Ceremony<Answer: Sendable>: NSObject, ASAuthorizationControllerDelegate, ASAuthorizationControllerPresentationContextProviding {
^
/Users/admin/builder/spi-builder-workspace/Sources/PhazeAuth/SystemPasskey.swift:155:117: error: 'ASAuthorization' is only available in watchOS 6.0 or newer
func authorizationController(controller: ASAuthorizationController, didCompleteWithAuthorization authorization: ASAuthorization) {
^
/Users/admin/builder/spi-builder-workspace/Sources/PhazeAuth/SystemPasskey.swift:155:10: note: add @available attribute to enclosing instance method
func authorizationController(controller: ASAuthorizationController, didCompleteWithAuthorization authorization: ASAuthorization) {
^
/Users/admin/builder/spi-builder-workspace/Sources/PhazeAuth/SystemPasskey.swift:121:13: note: add @available attribute to enclosing generic class
final class Ceremony<Answer: Sendable>: NSObject, ASAuthorizationControllerDelegate, ASAuthorizationControllerPresentationContextProviding {
^
/Users/admin/builder/spi-builder-workspace/Sources/PhazeAuth/SystemPasskey.swift:159:46: error: 'ASAuthorizationController' is only available in watchOS 6.0 or newer
func authorizationController(controller: ASAuthorizationController, didCompleteWithError error: any Error) {
^
/Users/admin/builder/spi-builder-workspace/Sources/PhazeAuth/SystemPasskey.swift:159:10: note: add @available attribute to enclosing instance method
func authorizationController(controller: ASAuthorizationController, didCompleteWithError error: any Error) {
^
/Users/admin/builder/spi-builder-workspace/Sources/PhazeAuth/SystemPasskey.swift:121:13: note: add @available attribute to enclosing generic class
final class Ceremony<Answer: Sendable>: NSObject, ASAuthorizationControllerDelegate, ASAuthorizationControllerPresentationContextProviding {
^
/Users/admin/builder/spi-builder-workspace/Sources/PhazeAuth/SystemPasskey.swift:121:86: error: 'ASAuthorizationControllerPresentationContextProviding' is unavailable in watchOS
final class Ceremony<Answer: Sendable>: NSObject, ASAuthorizationControllerDelegate, ASAuthorizationControllerPresentationContextProviding {
^~~~~~~~~~~~~~~~~~~~~~~~~~~~~~~~~~~~~~~~~~~~~~~~~~~~~
/Applications/Xcode-16.3.0.app/Contents/Developer/Platforms/WatchOS.platform/Developer/SDKs/WatchOS11.4.sdk/System/Library/Frameworks/AuthenticationServices.framework/Headers/ASAuthorizationController.h:31:11: note: 'ASAuthorizationControllerPresentationContextProviding' has been explicitly marked unavailable here
@protocol ASAuthorizationControllerPresentationContextProviding <NSObject>
^
SwiftCompile normal arm64_32 Compiling\ Authenticator.swift /Users/admin/builder/spi-builder-workspace/Sources/PhazeAuth/Authenticator.swift (in target 'PhazeAuth' from project 'Phaze')
SwiftCompile normal arm64_32 /Users/admin/builder/spi-builder-workspace/Sources/PhazeAuth/Authenticator.swift (in target 'PhazeAuth' from project 'Phaze')
cd /Users/admin/builder/spi-builder-workspace/.swiftpm/xcode
SwiftCompile normal arm64_32 Compiling\ Enclave.swift /Users/admin/builder/spi-builder-workspace/Sources/PhazeAuth/Enclave.swift (in target 'PhazeAuth' from project 'Phaze')
SwiftCompile normal arm64_32 /Users/admin/builder/spi-builder-workspace/Sources/PhazeAuth/Enclave.swift (in target 'PhazeAuth' from project 'Phaze')
cd /Users/admin/builder/spi-builder-workspace/.swiftpm/xcode
SwiftEmitModule normal arm64 Emitting\ module\ for\ PhazeAuth (in target 'PhazeAuth' from project 'Phaze')
Failed frontend command:
/Applications/Xcode-16.3.0.app/Contents/Developer/Toolchains/XcodeDefault.xctoolchain/usr/bin/swift-frontend -frontend -emit-module -experimental-skip-non-inlinable-function-bodies-without-types /Users/admin/builder/spi-builder-workspace/Sources/PhazeAuth/AppleSignIn.swift /Users/admin/builder/spi-builder-workspace/Sources/PhazeAuth/Authenticator.swift /Users/admin/builder/spi-builder-workspace/Sources/PhazeAuth/Enclave.swift /Users/admin/builder/spi-builder-workspace/Sources/PhazeAuth/SystemPasskey.swift -target arm64-apple-watchos5.0 -Xllvm -aarch64-use-tbi -enable-objc-interop -sdk /Applications/Xcode-16.3.0.app/Contents/Developer/Platforms/WatchOS.platform/Developer/SDKs/WatchOS11.4.sdk -I /Users/admin/builder/spi-builder-workspace/.derivedData/Build/Products/Debug-watchos -I /Applications/Xcode-16.3.0.app/Contents/Developer/Platforms/WatchOS.platform/Developer/usr/lib -F /Users/admin/builder/spi-builder-workspace/.derivedData/Build/Products/Debug-watchos -F /Applications/Xcode-16.3.0.app/Contents/Developer/Platforms/WatchOS.platform/Developer/Library/Frameworks -F /Applications/Xcode-16.3.0.app/Contents/Developer/Platforms/WatchOS.platform/Developer/SDKs/WatchOS11.4.sdk/Developer/Library/Frameworks -no-color-diagnostics -enable-testing -g -debug-info-format\=dwarf -dwarf-version\=4 -module-cache-path /Users/admin/builder/spi-builder-workspace/.derivedData/ModuleCache.noindex -swift-version 6 -enforce-exclusivity\=checked -stats-output-dir /Users/admin/builder/spi-builder-workspace/.swiftpm/xcode/.stats -Onone -D SWIFT_PACKAGE -D DEBUG -serialize-debugging-options -const-gather-protocols-file /Users/admin/builder/spi-builder-workspace/.derivedData/Build/Intermediates.noindex/Phaze.build/Debug-watchos/PhazeAuth.build/Objects-normal/arm64/PhazeAuth_const_extract_protocols.json -enable-experimental-feature DebugDescriptionMacro -empty-abi-descriptor -plugin-path /Applications/Xcode-16.3.0.app/Contents/Developer/Toolchains/XcodeDefault.xctoolchain/usr/lib/swift/host/plugins/testing -validate-clang-modules-once -clang-build-session-file /Users/admin/builder/spi-builder-workspace/.derivedData/ModuleCache.noindex/Session.modulevalidation -Xcc -working-directory -Xcc /Users/admin/builder/spi-builder-workspace/.swiftpm/xcode -resource-dir /Applications/Xcode-16.3.0.app/Contents/Developer/Toolchains/XcodeDefault.xctoolchain/usr/lib/swift -enable-anonymous-context-mangled-names -file-compilation-dir /Users/admin/builder/spi-builder-workspace/.swiftpm/xcode -Xcc -ivfsstatcache -Xcc /Users/admin/builder/spi-builder-workspace/.derivedData/SDKStatCaches.noindex/watchos11.4-22T246-43efb940ff07ba2497b70ec94253f576.sdkstatcache -Xcc -I/Users/admin/builder/spi-builder-workspace/.derivedData/Build/Intermediates.noindex/Phaze.build/Debug-watchos/PhazeAuth.build/swift-overrides.hmap -Xcc -I/Users/admin/builder/spi-builder-workspace/.derivedData/Build/Products/Debug-watchos/include -Xcc -I/Users/admin/builder/spi-builder-workspace/.derivedData/Build/Intermediates.noindex/Phaze.build/Debug-watchos/PhazeAuth.build/DerivedSources-normal/arm64 -Xcc -I/Users/admin/builder/spi-builder-workspace/.derivedData/Build/Intermediates.noindex/Phaze.build/Debug-watchos/PhazeAuth.build/DerivedSources/arm64 -Xcc -I/Users/admin/builder/spi-builder-workspace/.derivedData/Build/Intermediates.noindex/Phaze.build/Debug-watchos/PhazeAuth.build/DerivedSources -Xcc -DSWIFT_PACKAGE -Xcc -DDEBUG\=1 -module-name PhazeAuth -package-name spi_builder_workspace -frontend-parseable-output -disable-clang-spi -target-sdk-version 11.4 -target-sdk-name watchos11.4 -external-plugin-path /Applications/Xcode-16.3.0.app/Contents/Developer/Platforms/WatchOS.platform/Developer/usr/lib/swift/host/plugins\#/Applications/Xcode-16.3.0.app/Contents/Developer/Platforms/WatchOS.platform/Developer/usr/bin/swift-plugin-server -external-plugin-path /Applications/Xcode-16.3.0.app/Contents/Developer/Platforms/WatchOS.platform/Developer/usr/local/lib/swift/host/plugins\#/Applications/Xcode-16.3.0.app/Contents/Developer/Platforms/WatchOS.platform/Developer/usr/bin/swift-plugin-server -in-process-plugin-server-path /Applications/Xcode-16.3.0.app/Contents/Developer/Toolchains/XcodeDefault.xctoolchain/usr/lib/swift/host/libSwiftInProcPluginServer.dylib -plugin-path /Applications/Xcode-16.3.0.app/Contents/Developer/Toolchains/XcodeDefault.xctoolchain/usr/lib/swift/host/plugins -plugin-path /Applications/Xcode-16.3.0.app/Contents/Developer/Toolchains/XcodeDefault.xctoolchain/usr/local/lib/swift/host/plugins -emit-module-doc-path /Users/admin/builder/spi-builder-workspace/.derivedData/Build/Intermediates.noindex/Phaze.build/Debug-watchos/PhazeAuth.build/Objects-normal/arm64/PhazeAuth.swiftdoc -emit-module-source-info-path /Users/admin/builder/spi-builder-workspace/.derivedData/Build/Intermediates.noindex/Phaze.build/Debug-watchos/PhazeAuth.build/Objects-normal/arm64/PhazeAuth.swiftsourceinfo -emit-objc-header-path /Users/admin/builder/spi-builder-workspace/.derivedData/Build/Intermediates.noindex/Phaze.build/Debug-watchos/PhazeAuth.build/Objects-normal/arm64/PhazeAuth-Swift.h -serialize-diagnostics-path /Users/admin/builder/spi-builder-workspace/.derivedData/Build/Intermediates.noindex/Phaze.build/Debug-watchos/PhazeAuth.build/Objects-normal/arm64/PhazeAuth-master-emit-module.dia -emit-dependencies-path /Users/admin/builder/spi-builder-workspace/.derivedData/Build/Intermediates.noindex/Phaze.build/Debug-watchos/PhazeAuth.build/Objects-normal/arm64/PhazeAuth-master-emit-module.d -o /Users/admin/builder/spi-builder-workspace/.derivedData/Build/Intermediates.noindex/Phaze.build/Debug-watchos/PhazeAuth.build/Objects-normal/arm64/PhazeAuth.swiftmodule -emit-abi-descriptor-path /Users/admin/builder/spi-builder-workspace/.derivedData/Build/Intermediates.noindex/Phaze.build/Debug-watchos/PhazeAuth.build/Objects-normal/arm64/PhazeAuth.abi.json
EmitSwiftModule normal arm64 (in target 'PhazeAuth' from project 'Phaze')
cd /Users/admin/builder/spi-builder-workspace/.swiftpm/xcode
/Users/admin/builder/spi-builder-workspace/Sources/PhazeAuth/AppleSignIn.swift:33:55: error: cannot find type 'ASPresentationAnchor' in scope
public static func request(nonce: String, anchor: ASPresentationAnchor) async throws -> String {
^~~~~~~~~~~~~~~~~~~~
/Users/admin/builder/spi-builder-workspace/Sources/PhazeAuth/Authenticator.swift:34:22: error: 'P256' is only available in watchOS 6.0 or newer
private let key: P256.Signing.PrivateKey
^
/Users/admin/builder/spi-builder-workspace/Sources/PhazeAuth/Authenticator.swift:33:15: note: add @available attribute to enclosing struct
public struct SoftwareKey: Signer {
^
/Users/admin/builder/spi-builder-workspace/Sources/PhazeAuth/Enclave.swift:116:22: error: 'SecureEnclave' is only available in watchOS 6.0 or newer
private let key: SecureEnclave.P256.Signing.PrivateKey
^
/Users/admin/builder/spi-builder-workspace/Sources/PhazeAuth/Enclave.swift:115:15: note: add @available attribute to enclosing struct
public struct EnclaveKey: Signer {
^
/Users/admin/builder/spi-builder-workspace/Sources/PhazeAuth/Enclave.swift:166:23: error: 'SecureEnclave' is only available in watchOS 6.0 or newer
private init(key: SecureEnclave.P256.Signing.PrivateKey, gate: Gate?) {
^
/Users/admin/builder/spi-builder-workspace/Sources/PhazeAuth/Enclave.swift:166:13: note: add @available attribute to enclosing initializer
private init(key: SecureEnclave.P256.Signing.PrivateKey, gate: Gate?) {
^
/Users/admin/builder/spi-builder-workspace/Sources/PhazeAuth/Enclave.swift:115:15: note: add @available attribute to enclosing struct
public struct EnclaveKey: Signer {
^
/Users/admin/builder/spi-builder-workspace/Sources/PhazeAuth/SystemPasskey.swift:61:90: error: cannot find type 'ASPresentationAnchor' in scope
public static func assert(rpId: String, challenge: Data, allow: [Data] = [], anchor: ASPresentationAnchor) async throws -> SystemAssertion {
^~~~~~~~~~~~~~~~~~~~
/Users/admin/builder/spi-builder-workspace/Sources/PhazeAuth/SystemPasskey.swift:97:104: error: cannot find type 'ASPresentationAnchor' in scope
public static func register(rpId: String, challenge: Data, userId: Data, userName: String, anchor: ASPresentationAnchor) async throws -> SystemRegistration {
^~~~~~~~~~~~~~~~~~~~
/Users/admin/builder/spi-builder-workspace/Sources/PhazeAuth/SystemPasskey.swift:128:51: error: cannot find type 'ASPresentationAnchor' in scope
init(request: ASAuthorizationRequest, anchor: ASPresentationAnchor, read: @escaping (ASAuthorization) -> Result<Answer, any Error>) {
^~~~~~~~~~~~~~~~~~~~
/Users/admin/builder/spi-builder-workspace/Sources/PhazeAuth/SystemPasskey.swift:122:29: error: 'ASAuthorizationController' is only available in watchOS 6.0 or newer
private let controller: ASAuthorizationController
^
/Users/admin/builder/spi-builder-workspace/Sources/PhazeAuth/SystemPasskey.swift:121:13: note: add @available attribute to enclosing generic class
final class Ceremony<Answer: Sendable>: NSObject, ASAuthorizationControllerDelegate, ASAuthorizationControllerPresentationContextProviding {
^
/Users/admin/builder/spi-builder-workspace/Sources/PhazeAuth/SystemPasskey.swift:123:25: error: cannot find type 'ASPresentationAnchor' in scope
private let anchor: ASPresentationAnchor
^~~~~~~~~~~~~~~~~~~~
/Users/admin/builder/spi-builder-workspace/Sources/PhazeAuth/SystemPasskey.swift:124:24: error: 'ASAuthorization' is only available in watchOS 6.0 or newer
private let read: (ASAuthorization) -> Result<Answer, any Error>
^
/Users/admin/builder/spi-builder-workspace/Sources/PhazeAuth/SystemPasskey.swift:121:13: note: add @available attribute to enclosing generic class
final class Ceremony<Answer: Sendable>: NSObject, ASAuthorizationControllerDelegate, ASAuthorizationControllerPresentationContextProviding {
^
/Users/admin/builder/spi-builder-workspace/Sources/PhazeAuth/SystemPasskey.swift:125:31: error: 'CheckedContinuation' is only available in watchOS 6.0 or newer
private var continuation: CheckedContinuation<Answer, any Error>?
^
/Users/admin/builder/spi-builder-workspace/Sources/PhazeAuth/SystemPasskey.swift:121:13: note: add @available attribute to enclosing generic class
final class Ceremony<Answer: Sendable>: NSObject, ASAuthorizationControllerDelegate, ASAuthorizationControllerPresentationContextProviding {
^
/Users/admin/builder/spi-builder-workspace/Sources/PhazeAuth/SystemPasskey.swift:128:19: error: 'ASAuthorizationRequest' is only available in watchOS 6.0 or newer
init(request: ASAuthorizationRequest, anchor: ASPresentationAnchor, read: @escaping (ASAuthorization) -> Result<Answer, any Error>) {
^
/Users/admin/builder/spi-builder-workspace/Sources/PhazeAuth/SystemPasskey.swift:128:5: note: add @available attribute to enclosing initializer
init(request: ASAuthorizationRequest, anchor: ASPresentationAnchor, read: @escaping (ASAuthorization) -> Result<Answer, any Error>) {
^
/Users/admin/builder/spi-builder-workspace/Sources/PhazeAuth/SystemPasskey.swift:121:13: note: add @available attribute to enclosing generic class
final class Ceremony<Answer: Sendable>: NSObject, ASAuthorizationControllerDelegate, ASAuthorizationControllerPresentationContextProviding {
^
/Users/admin/builder/spi-builder-workspace/Sources/PhazeAuth/SystemPasskey.swift:128:90: error: 'ASAuthorization' is only available in watchOS 6.0 or newer
init(request: ASAuthorizationRequest, anchor: ASPresentationAnchor, read: @escaping (ASAuthorization) -> Result<Answer, any Error>) {
^
/Users/admin/builder/spi-builder-workspace/Sources/PhazeAuth/SystemPasskey.swift:128:5: note: add @available attribute to enclosing initializer
init(request: ASAuthorizationRequest, anchor: ASPresentationAnchor, read: @escaping (ASAuthorization) -> Result<Answer, any Error>) {
^
/Users/admin/builder/spi-builder-workspace/Sources/PhazeAuth/SystemPasskey.swift:121:13: note: add @available attribute to enclosing generic class
final class Ceremony<Answer: Sendable>: NSObject, ASAuthorizationControllerDelegate, ASAuthorizationControllerPresentationContextProviding {
^
/Users/admin/builder/spi-builder-workspace/Sources/PhazeAuth/SystemPasskey.swift:151:75: error: cannot find type 'ASPresentationAnchor' in scope
func presentationAnchor(for controller: ASAuthorizationController) -> ASPresentationAnchor {
^~~~~~~~~~~~~~~~~~~~
/Users/admin/builder/spi-builder-workspace/Sources/PhazeAuth/SystemPasskey.swift:151:45: error: 'ASAuthorizationController' is only available in watchOS 6.0 or newer
func presentationAnchor(for controller: ASAuthorizationController) -> ASPresentationAnchor {
^
/Users/admin/builder/spi-builder-workspace/Sources/PhazeAuth/SystemPasskey.swift:151:10: note: add @available attribute to enclosing instance method
func presentationAnchor(for controller: ASAuthorizationController) -> ASPresentationAnchor {
^
/Users/admin/builder/spi-builder-workspace/Sources/PhazeAuth/SystemPasskey.swift:121:13: note: add @available attribute to enclosing generic class
final class Ceremony<Answer: Sendable>: NSObject, ASAuthorizationControllerDelegate, ASAuthorizationControllerPresentationContextProviding {
^
/Users/admin/builder/spi-builder-workspace/Sources/PhazeAuth/SystemPasskey.swift:155:46: error: 'ASAuthorizationController' is only available in watchOS 6.0 or newer
func authorizationController(controller: ASAuthorizationController, didCompleteWithAuthorization authorization: ASAuthorization) {
^
/Users/admin/builder/spi-builder-workspace/Sources/PhazeAuth/SystemPasskey.swift:155:10: note: add @available attribute to enclosing instance method
func authorizationController(controller: ASAuthorizationController, didCompleteWithAuthorization authorization: ASAuthorization) {
^
/Users/admin/builder/spi-builder-workspace/Sources/PhazeAuth/SystemPasskey.swift:121:13: note: add @available attribute to enclosing generic class
final class Ceremony<Answer: Sendable>: NSObject, ASAuthorizationControllerDelegate, ASAuthorizationControllerPresentationContextProviding {
^
/Users/admin/builder/spi-builder-workspace/Sources/PhazeAuth/SystemPasskey.swift:155:117: error: 'ASAuthorization' is only available in watchOS 6.0 or newer
func authorizationController(controller: ASAuthorizationController, didCompleteWithAuthorization authorization: ASAuthorization) {
^
/Users/admin/builder/spi-builder-workspace/Sources/PhazeAuth/SystemPasskey.swift:155:10: note: add @available attribute to enclosing instance method
func authorizationController(controller: ASAuthorizationController, didCompleteWithAuthorization authorization: ASAuthorization) {
^
/Users/admin/builder/spi-builder-workspace/Sources/PhazeAuth/SystemPasskey.swift:121:13: note: add @available attribute to enclosing generic class
final class Ceremony<Answer: Sendable>: NSObject, ASAuthorizationControllerDelegate, ASAuthorizationControllerPresentationContextProviding {
^
/Users/admin/builder/spi-builder-workspace/Sources/PhazeAuth/SystemPasskey.swift:159:46: error: 'ASAuthorizationController' is only available in watchOS 6.0 or newer
func authorizationController(controller: ASAuthorizationController, didCompleteWithError error: any Error) {
^
/Users/admin/builder/spi-builder-workspace/Sources/PhazeAuth/SystemPasskey.swift:159:10: note: add @available attribute to enclosing instance method
func authorizationController(controller: ASAuthorizationController, didCompleteWithError error: any Error) {
^
/Users/admin/builder/spi-builder-workspace/Sources/PhazeAuth/SystemPasskey.swift:121:13: note: add @available attribute to enclosing generic class
final class Ceremony<Answer: Sendable>: NSObject, ASAuthorizationControllerDelegate, ASAuthorizationControllerPresentationContextProviding {
^
/Users/admin/builder/spi-builder-workspace/Sources/PhazeAuth/SystemPasskey.swift:121:86: error: 'ASAuthorizationControllerPresentationContextProviding' is unavailable in watchOS
final class Ceremony<Answer: Sendable>: NSObject, ASAuthorizationControllerDelegate, ASAuthorizationControllerPresentationContextProviding {
^~~~~~~~~~~~~~~~~~~~~~~~~~~~~~~~~~~~~~~~~~~~~~~~~~~~~
/Applications/Xcode-16.3.0.app/Contents/Developer/Platforms/WatchOS.platform/Developer/SDKs/WatchOS11.4.sdk/System/Library/Frameworks/AuthenticationServices.framework/Headers/ASAuthorizationController.h:31:11: note: 'ASAuthorizationControllerPresentationContextProviding' has been explicitly marked unavailable here
@protocol ASAuthorizationControllerPresentationContextProviding <NSObject>
^
SwiftCompile normal arm64_32 Compiling\ SystemPasskey.swift /Users/admin/builder/spi-builder-workspace/Sources/PhazeAuth/SystemPasskey.swift (in target 'PhazeAuth' from project 'Phaze')
SwiftCompile normal arm64_32 /Users/admin/builder/spi-builder-workspace/Sources/PhazeAuth/SystemPasskey.swift (in target 'PhazeAuth' from project 'Phaze')
cd /Users/admin/builder/spi-builder-workspace/.swiftpm/xcode
SwiftCompile normal arm64 Compiling\ SystemPasskey.swift /Users/admin/builder/spi-builder-workspace/Sources/PhazeAuth/SystemPasskey.swift (in target 'PhazeAuth' from project 'Phaze')
SwiftCompile normal arm64 /Users/admin/builder/spi-builder-workspace/Sources/PhazeAuth/SystemPasskey.swift (in target 'PhazeAuth' from project 'Phaze')
cd /Users/admin/builder/spi-builder-workspace/.swiftpm/xcode
SwiftCompile normal arm64_32 Compiling\ AppleSignIn.swift /Users/admin/builder/spi-builder-workspace/Sources/PhazeAuth/AppleSignIn.swift (in target 'PhazeAuth' from project 'Phaze')
SwiftCompile normal arm64_32 /Users/admin/builder/spi-builder-workspace/Sources/PhazeAuth/AppleSignIn.swift (in target 'PhazeAuth' from project 'Phaze')
cd /Users/admin/builder/spi-builder-workspace/.swiftpm/xcode
SwiftCompile normal arm64 Compiling\ AppleSignIn.swift /Users/admin/builder/spi-builder-workspace/Sources/PhazeAuth/AppleSignIn.swift (in target 'PhazeAuth' from project 'Phaze')
SwiftCompile normal arm64 /Users/admin/builder/spi-builder-workspace/Sources/PhazeAuth/AppleSignIn.swift (in target 'PhazeAuth' from project 'Phaze')
cd /Users/admin/builder/spi-builder-workspace/.swiftpm/xcode
SwiftEmitModule normal armv7k Emitting\ module\ for\ PhazeAuth (in target 'PhazeAuth' from project 'Phaze')
Command SwiftEmitModule failed with a nonzero exit code
** BUILD FAILED **
The following build commands failed:
SwiftEmitModule normal arm64_32 Emitting\ module\ for\ PhazeAuth (in target 'PhazeAuth' from project 'Phaze')
EmitSwiftModule normal arm64_32 (in target 'PhazeAuth' from project 'Phaze')
SwiftEmitModule normal arm64 Emitting\ module\ for\ PhazeAuth (in target 'PhazeAuth' from project 'Phaze')
EmitSwiftModule normal arm64 (in target 'PhazeAuth' from project 'Phaze')
SwiftEmitModule normal armv7k Emitting\ module\ for\ PhazeAuth (in target 'PhazeAuth' from project 'Phaze')
Building workspace spi-builder-workspace with scheme Phaze-Package
(6 failures)
Command line invocation:
/Applications/Xcode-16.3.0.app/Contents/Developer/usr/bin/xcodebuild -IDEClonedSourcePackagesDirPathOverride=/Users/admin/builder/spi-builder-workspace/.dependencies -resolvePackageDependencies
Resolve Package Graph
Resolved source packages:
Phaze: /Users/admin/builder/spi-builder-workspace
resolved source packages: Phaze
{
"dependencies" : [
],
"manifest_display_name" : "Phaze",
"name" : "Phaze",
"path" : "/Users/admin/builder/spi-builder-workspace",
"platforms" : [
{
"name" : "macos",
"version" : "26.0"
}
],
"products" : [
{
"name" : "Phaze",
"targets" : [
"Phaze"
],
"type" : {
"library" : [
"automatic"
]
}
},
{
"name" : "PhazeAuth",
"targets" : [
"PhazeAuth"
],
"type" : {
"library" : [
"automatic"
]
}
}
],
"targets" : [
{
"c99name" : "PhazeAuth",
"module_type" : "SwiftTarget",
"name" : "PhazeAuth",
"path" : "Sources/PhazeAuth",
"product_memberships" : [
"PhazeAuth"
],
"sources" : [
"AppleSignIn.swift",
"Authenticator.swift",
"Enclave.swift",
"SystemPasskey.swift"
],
"type" : "library"
},
{
"c99name" : "Phaze",
"module_type" : "SwiftTarget",
"name" : "Phaze",
"path" : "Sources/Phaze",
"product_memberships" : [
"Phaze"
],
"sources" : [
"DragHandler.swift",
"PhazeEnv.swift",
"PhazeRouter.swift",
"Proxy.swift",
"RequestHandler.swift"
],
"type" : "library"
}
],
"tools_version" : "6.0"
}
{
"workspace" : {
"name" : "spi-builder-workspace",
"schemes" : [
"Phaze",
"Phaze-Package",
"PhazeAuth"
]
}
}
Running build ...
env DEVELOPER_DIR=/Applications/Xcode-16.3.0.app xcrun xcodebuild -IDEClonedSourcePackagesDirPathOverride=$PWD/.dependencies -skipMacroValidation -skipPackagePluginValidation -derivedDataPath $PWD/.derivedData build -scheme Phaze-Package -destination generic/platform=watchOS
Command line invocation:
/Applications/Xcode-16.3.0.app/Contents/Developer/usr/bin/xcodebuild -IDEClonedSourcePackagesDirPathOverride=/Users/admin/builder/spi-builder-workspace/.dependencies -skipMacroValidation -skipPackagePluginValidation -derivedDataPath /Users/admin/builder/spi-builder-workspace/.derivedData build -scheme Phaze-Package -destination generic/platform=watchOS
Resolve Package Graph
Resolved source packages:
Phaze: /Users/admin/builder/spi-builder-workspace
ComputePackagePrebuildTargetDependencyGraph
Prepare packages
CreateBuildRequest
SendProjectDescription
CreateBuildOperation
ComputeTargetDependencyGraph
note: Building targets in dependency order
note: Target dependency graph (4 targets)
Target 'PhazeAuth' in project 'Phaze'
➜ Explicit dependency on target 'PhazeAuth' in project 'Phaze'
Target 'PhazeAuth' in project 'Phaze' (no dependencies)
Target 'Phaze' in project 'Phaze'
➜ Explicit dependency on target 'Phaze' in project 'Phaze'
Target 'Phaze' in project 'Phaze' (no dependencies)
GatherProvisioningInputs
CreateBuildDescription
ExecuteExternalTool /Applications/Xcode-16.3.0.app/Contents/Developer/Toolchains/XcodeDefault.xctoolchain/usr/bin/swiftc --version
ExecuteExternalTool /Applications/Xcode-16.3.0.app/Contents/Developer/Toolchains/XcodeDefault.xctoolchain/usr/bin/clang -v -E -dM -isysroot /Applications/Xcode-16.3.0.app/Contents/Developer/Platforms/WatchOS.platform/Developer/SDKs/WatchOS11.4.sdk -x c -c /dev/null
ExecuteExternalTool /Applications/Xcode-16.3.0.app/Contents/Developer/Toolchains/XcodeDefault.xctoolchain/usr/bin/ld -version_details
Build description signature: 8d22336ccd552903c0277731ce6fdf1c
Build description path: /Users/admin/builder/spi-builder-workspace/.derivedData/Build/Intermediates.noindex/XCBuildData/8d22336ccd552903c0277731ce6fdf1c.xcbuilddata
ClangStatCache /Applications/Xcode-16.3.0.app/Contents/Developer/Toolchains/XcodeDefault.xctoolchain/usr/bin/clang-stat-cache /Applications/Xcode-16.3.0.app/Contents/Developer/Platforms/WatchOS.platform/Developer/SDKs/WatchOS11.4.sdk /Users/admin/builder/spi-builder-workspace/.derivedData/SDKStatCaches.noindex/watchos11.4-22T246-43efb940ff07ba2497b70ec94253f576.sdkstatcache
cd /Users/admin/builder/spi-builder-workspace/.swiftpm/xcode
/Applications/Xcode-16.3.0.app/Contents/Developer/Toolchains/XcodeDefault.xctoolchain/usr/bin/clang-stat-cache /Applications/Xcode-16.3.0.app/Contents/Developer/Platforms/WatchOS.platform/Developer/SDKs/WatchOS11.4.sdk -o /Users/admin/builder/spi-builder-workspace/.derivedData/SDKStatCaches.noindex/watchos11.4-22T246-43efb940ff07ba2497b70ec94253f576.sdkstatcache
SwiftDriver PhazeAuth normal armv7k com.apple.xcode.tools.swift.compiler (in target 'PhazeAuth' from project 'Phaze')
cd /Users/admin/builder/spi-builder-workspace/.swiftpm/xcode
builtin-SwiftDriver -- /Applications/Xcode-16.3.0.app/Contents/Developer/Toolchains/XcodeDefault.xctoolchain/usr/bin/swiftc -module-name PhazeAuth -Onone -enforce-exclusivity\=checked @/Users/admin/builder/spi-builder-workspace/.derivedData/Build/Intermediates.noindex/Phaze.build/Debug-watchos/PhazeAuth.build/Objects-normal/armv7k/PhazeAuth.SwiftFileList -DSWIFT_PACKAGE -DDEBUG -DXcode -plugin-path /Applications/Xcode-16.3.0.app/Contents/Developer/Toolchains/XcodeDefault.xctoolchain/usr/lib/swift/host/plugins/testing -enable-experimental-feature DebugDescriptionMacro -sdk /Applications/Xcode-16.3.0.app/Contents/Developer/Platforms/WatchOS.platform/Developer/SDKs/WatchOS11.4.sdk -target armv7k-apple-watchos5.0 -g -module-cache-path /Users/admin/builder/spi-builder-workspace/.derivedData/ModuleCache.noindex -Xfrontend -serialize-debugging-options -enable-testing -index-store-path /Users/admin/builder/spi-builder-workspace/.derivedData/Index.noindex/DataStore -swift-version 6 -I /Users/admin/builder/spi-builder-workspace/.derivedData/Build/Products/Debug-watchos -I /Applications/Xcode-16.3.0.app/Contents/Developer/Platforms/WatchOS.platform/Developer/usr/lib -F /Users/admin/builder/spi-builder-workspace/.derivedData/Build/Products/Debug-watchos -F /Applications/Xcode-16.3.0.app/Contents/Developer/Platforms/WatchOS.platform/Developer/Library/Frameworks -F /Applications/Xcode-16.3.0.app/Contents/Developer/Platforms/WatchOS.platform/Developer/SDKs/WatchOS11.4.sdk/Developer/Library/Frameworks -c -j10 -enable-batch-mode -incremental -Xcc -ivfsstatcache -Xcc /Users/admin/builder/spi-builder-workspace/.derivedData/SDKStatCaches.noindex/watchos11.4-22T246-43efb940ff07ba2497b70ec94253f576.sdkstatcache -output-file-map /Users/admin/builder/spi-builder-workspace/.derivedData/Build/Intermediates.noindex/Phaze.build/Debug-watchos/PhazeAuth.build/Objects-normal/armv7k/PhazeAuth-OutputFileMap.json -use-frontend-parseable-output -save-temps -no-color-diagnostics -serialize-diagnostics -emit-dependencies -emit-module -emit-module-path /Users/admin/builder/spi-builder-workspace/.derivedData/Build/Intermediates.noindex/Phaze.build/Debug-watchos/PhazeAuth.build/Objects-normal/armv7k/PhazeAuth.swiftmodule -validate-clang-modules-once -clang-build-session-file /Users/admin/builder/spi-builder-workspace/.derivedData/ModuleCache.noindex/Session.modulevalidation -package-name spi_builder_workspace -Xcc -I/Users/admin/builder/spi-builder-workspace/.derivedData/Build/Intermediates.noindex/Phaze.build/Debug-watchos/PhazeAuth.build/swift-overrides.hmap -emit-const-values -Xfrontend -const-gather-protocols-file -Xfrontend /Users/admin/builder/spi-builder-workspace/.derivedData/Build/Intermediates.noindex/Phaze.build/Debug-watchos/PhazeAuth.build/Objects-normal/armv7k/PhazeAuth_const_extract_protocols.json -Xcc -I/Users/admin/builder/spi-builder-workspace/.derivedData/Build/Products/Debug-watchos/include -Xcc -I/Users/admin/builder/spi-builder-workspace/.derivedData/Build/Intermediates.noindex/Phaze.build/Debug-watchos/PhazeAuth.build/DerivedSources-normal/armv7k -Xcc -I/Users/admin/builder/spi-builder-workspace/.derivedData/Build/Intermediates.noindex/Phaze.build/Debug-watchos/PhazeAuth.build/DerivedSources/armv7k -Xcc -I/Users/admin/builder/spi-builder-workspace/.derivedData/Build/Intermediates.noindex/Phaze.build/Debug-watchos/PhazeAuth.build/DerivedSources -Xcc -DSWIFT_PACKAGE -Xcc -DDEBUG\=1 -emit-objc-header -emit-objc-header-path /Users/admin/builder/spi-builder-workspace/.derivedData/Build/Intermediates.noindex/Phaze.build/Debug-watchos/PhazeAuth.build/Objects-normal/armv7k/PhazeAuth-Swift.h -working-directory /Users/admin/builder/spi-builder-workspace/.swiftpm/xcode -experimental-emit-module-separately -disable-cmo
SwiftDriver PhazeAuth normal arm64 com.apple.xcode.tools.swift.compiler (in target 'PhazeAuth' from project 'Phaze')
cd /Users/admin/builder/spi-builder-workspace/.swiftpm/xcode
builtin-SwiftDriver -- /Applications/Xcode-16.3.0.app/Contents/Developer/Toolchains/XcodeDefault.xctoolchain/usr/bin/swiftc -module-name PhazeAuth -Onone -enforce-exclusivity\=checked @/Users/admin/builder/spi-builder-workspace/.derivedData/Build/Intermediates.noindex/Phaze.build/Debug-watchos/PhazeAuth.build/Objects-normal/arm64/PhazeAuth.SwiftFileList -DSWIFT_PACKAGE -DDEBUG -DXcode -plugin-path /Applications/Xcode-16.3.0.app/Contents/Developer/Toolchains/XcodeDefault.xctoolchain/usr/lib/swift/host/plugins/testing -enable-experimental-feature DebugDescriptionMacro -sdk /Applications/Xcode-16.3.0.app/Contents/Developer/Platforms/WatchOS.platform/Developer/SDKs/WatchOS11.4.sdk -target arm64-apple-watchos5.0 -g -module-cache-path /Users/admin/builder/spi-builder-workspace/.derivedData/ModuleCache.noindex -Xfrontend -serialize-debugging-options -enable-testing -index-store-path /Users/admin/builder/spi-builder-workspace/.derivedData/Index.noindex/DataStore -swift-version 6 -I /Users/admin/builder/spi-builder-workspace/.derivedData/Build/Products/Debug-watchos -I /Applications/Xcode-16.3.0.app/Contents/Developer/Platforms/WatchOS.platform/Developer/usr/lib -F /Users/admin/builder/spi-builder-workspace/.derivedData/Build/Products/Debug-watchos -F /Applications/Xcode-16.3.0.app/Contents/Developer/Platforms/WatchOS.platform/Developer/Library/Frameworks -F /Applications/Xcode-16.3.0.app/Contents/Developer/Platforms/WatchOS.platform/Developer/SDKs/WatchOS11.4.sdk/Developer/Library/Frameworks -c -j10 -enable-batch-mode -incremental -Xcc -ivfsstatcache -Xcc /Users/admin/builder/spi-builder-workspace/.derivedData/SDKStatCaches.noindex/watchos11.4-22T246-43efb940ff07ba2497b70ec94253f576.sdkstatcache -output-file-map /Users/admin/builder/spi-builder-workspace/.derivedData/Build/Intermediates.noindex/Phaze.build/Debug-watchos/PhazeAuth.build/Objects-normal/arm64/PhazeAuth-OutputFileMap.json -use-frontend-parseable-output -save-temps -no-color-diagnostics -serialize-diagnostics -emit-dependencies -emit-module -emit-module-path /Users/admin/builder/spi-builder-workspace/.derivedData/Build/Intermediates.noindex/Phaze.build/Debug-watchos/PhazeAuth.build/Objects-normal/arm64/PhazeAuth.swiftmodule -validate-clang-modules-once -clang-build-session-file /Users/admin/builder/spi-builder-workspace/.derivedData/ModuleCache.noindex/Session.modulevalidation -package-name spi_builder_workspace -Xcc -I/Users/admin/builder/spi-builder-workspace/.derivedData/Build/Intermediates.noindex/Phaze.build/Debug-watchos/PhazeAuth.build/swift-overrides.hmap -emit-const-values -Xfrontend -const-gather-protocols-file -Xfrontend /Users/admin/builder/spi-builder-workspace/.derivedData/Build/Intermediates.noindex/Phaze.build/Debug-watchos/PhazeAuth.build/Objects-normal/arm64/PhazeAuth_const_extract_protocols.json -Xcc -I/Users/admin/builder/spi-builder-workspace/.derivedData/Build/Products/Debug-watchos/include -Xcc -I/Users/admin/builder/spi-builder-workspace/.derivedData/Build/Intermediates.noindex/Phaze.build/Debug-watchos/PhazeAuth.build/DerivedSources-normal/arm64 -Xcc -I/Users/admin/builder/spi-builder-workspace/.derivedData/Build/Intermediates.noindex/Phaze.build/Debug-watchos/PhazeAuth.build/DerivedSources/arm64 -Xcc -I/Users/admin/builder/spi-builder-workspace/.derivedData/Build/Intermediates.noindex/Phaze.build/Debug-watchos/PhazeAuth.build/DerivedSources -Xcc -DSWIFT_PACKAGE -Xcc -DDEBUG\=1 -emit-objc-header -emit-objc-header-path /Users/admin/builder/spi-builder-workspace/.derivedData/Build/Intermediates.noindex/Phaze.build/Debug-watchos/PhazeAuth.build/Objects-normal/arm64/PhazeAuth-Swift.h -working-directory /Users/admin/builder/spi-builder-workspace/.swiftpm/xcode -experimental-emit-module-separately -disable-cmo
SwiftDriver Phaze normal arm64 com.apple.xcode.tools.swift.compiler (in target 'Phaze' from project 'Phaze')
cd /Users/admin/builder/spi-builder-workspace/.swiftpm/xcode
builtin-SwiftDriver -- /Applications/Xcode-16.3.0.app/Contents/Developer/Toolchains/XcodeDefault.xctoolchain/usr/bin/swiftc -module-name Phaze -Onone -enforce-exclusivity\=checked @/Users/admin/builder/spi-builder-workspace/.derivedData/Build/Intermediates.noindex/Phaze.build/Debug-watchos/Phaze.build/Objects-normal/arm64/Phaze.SwiftFileList -DSWIFT_PACKAGE -DDEBUG -DXcode -plugin-path /Applications/Xcode-16.3.0.app/Contents/Developer/Toolchains/XcodeDefault.xctoolchain/usr/lib/swift/host/plugins/testing -enable-experimental-feature DebugDescriptionMacro -sdk /Applications/Xcode-16.3.0.app/Contents/Developer/Platforms/WatchOS.platform/Developer/SDKs/WatchOS11.4.sdk -target arm64-apple-watchos5.0 -g -module-cache-path /Users/admin/builder/spi-builder-workspace/.derivedData/ModuleCache.noindex -Xfrontend -serialize-debugging-options -enable-testing -index-store-path /Users/admin/builder/spi-builder-workspace/.derivedData/Index.noindex/DataStore -swift-version 6 -I /Users/admin/builder/spi-builder-workspace/.derivedData/Build/Products/Debug-watchos -I /Applications/Xcode-16.3.0.app/Contents/Developer/Platforms/WatchOS.platform/Developer/usr/lib -F /Users/admin/builder/spi-builder-workspace/.derivedData/Build/Products/Debug-watchos -F /Applications/Xcode-16.3.0.app/Contents/Developer/Platforms/WatchOS.platform/Developer/Library/Frameworks -F /Applications/Xcode-16.3.0.app/Contents/Developer/Platforms/WatchOS.platform/Developer/SDKs/WatchOS11.4.sdk/Developer/Library/Frameworks -c -j10 -enable-batch-mode -incremental -Xcc -ivfsstatcache -Xcc /Users/admin/builder/spi-builder-workspace/.derivedData/SDKStatCaches.noindex/watchos11.4-22T246-43efb940ff07ba2497b70ec94253f576.sdkstatcache -output-file-map /Users/admin/builder/spi-builder-workspace/.derivedData/Build/Intermediates.noindex/Phaze.build/Debug-watchos/Phaze.build/Objects-normal/arm64/Phaze-OutputFileMap.json -use-frontend-parseable-output -save-temps -no-color-diagnostics -serialize-diagnostics -emit-dependencies -emit-module -emit-module-path /Users/admin/builder/spi-builder-workspace/.derivedData/Build/Intermediates.noindex/Phaze.build/Debug-watchos/Phaze.build/Objects-normal/arm64/Phaze.swiftmodule -validate-clang-modules-once -clang-build-session-file /Users/admin/builder/spi-builder-workspace/.derivedData/ModuleCache.noindex/Session.modulevalidation -package-name spi_builder_workspace -Xcc -I/Users/admin/builder/spi-builder-workspace/.derivedData/Build/Intermediates.noindex/Phaze.build/Debug-watchos/Phaze.build/swift-overrides.hmap -emit-const-values -Xfrontend -const-gather-protocols-file -Xfrontend /Users/admin/builder/spi-builder-workspace/.derivedData/Build/Intermediates.noindex/Phaze.build/Debug-watchos/Phaze.build/Objects-normal/arm64/Phaze_const_extract_protocols.json -Xcc -I/Users/admin/builder/spi-builder-workspace/.derivedData/Build/Products/Debug-watchos/include -Xcc -I/Users/admin/builder/spi-builder-workspace/.derivedData/Build/Intermediates.noindex/Phaze.build/Debug-watchos/Phaze.build/DerivedSources-normal/arm64 -Xcc -I/Users/admin/builder/spi-builder-workspace/.derivedData/Build/Intermediates.noindex/Phaze.build/Debug-watchos/Phaze.build/DerivedSources/arm64 -Xcc -I/Users/admin/builder/spi-builder-workspace/.derivedData/Build/Intermediates.noindex/Phaze.build/Debug-watchos/Phaze.build/DerivedSources -Xcc -DSWIFT_PACKAGE -Xcc -DDEBUG\=1 -emit-objc-header -emit-objc-header-path /Users/admin/builder/spi-builder-workspace/.derivedData/Build/Intermediates.noindex/Phaze.build/Debug-watchos/Phaze.build/Objects-normal/arm64/Phaze-Swift.h -working-directory /Users/admin/builder/spi-builder-workspace/.swiftpm/xcode -experimental-emit-module-separately -disable-cmo
SwiftDriver PhazeAuth normal arm64_32 com.apple.xcode.tools.swift.compiler (in target 'PhazeAuth' from project 'Phaze')
cd /Users/admin/builder/spi-builder-workspace/.swiftpm/xcode
builtin-SwiftDriver -- /Applications/Xcode-16.3.0.app/Contents/Developer/Toolchains/XcodeDefault.xctoolchain/usr/bin/swiftc -module-name PhazeAuth -Onone -enforce-exclusivity\=checked @/Users/admin/builder/spi-builder-workspace/.derivedData/Build/Intermediates.noindex/Phaze.build/Debug-watchos/PhazeAuth.build/Objects-normal/arm64_32/PhazeAuth.SwiftFileList -DSWIFT_PACKAGE -DDEBUG -DXcode -plugin-path /Applications/Xcode-16.3.0.app/Contents/Developer/Toolchains/XcodeDefault.xctoolchain/usr/lib/swift/host/plugins/testing -enable-experimental-feature DebugDescriptionMacro -sdk /Applications/Xcode-16.3.0.app/Contents/Developer/Platforms/WatchOS.platform/Developer/SDKs/WatchOS11.4.sdk -target arm64_32-apple-watchos5.0 -g -module-cache-path /Users/admin/builder/spi-builder-workspace/.derivedData/ModuleCache.noindex -Xfrontend -serialize-debugging-options -enable-testing -index-store-path /Users/admin/builder/spi-builder-workspace/.derivedData/Index.noindex/DataStore -swift-version 6 -I /Users/admin/builder/spi-builder-workspace/.derivedData/Build/Products/Debug-watchos -I /Applications/Xcode-16.3.0.app/Contents/Developer/Platforms/WatchOS.platform/Developer/usr/lib -F /Users/admin/builder/spi-builder-workspace/.derivedData/Build/Products/Debug-watchos -F /Applications/Xcode-16.3.0.app/Contents/Developer/Platforms/WatchOS.platform/Developer/Library/Frameworks -F /Applications/Xcode-16.3.0.app/Contents/Developer/Platforms/WatchOS.platform/Developer/SDKs/WatchOS11.4.sdk/Developer/Library/Frameworks -c -j10 -enable-batch-mode -incremental -Xcc -ivfsstatcache -Xcc /Users/admin/builder/spi-builder-workspace/.derivedData/SDKStatCaches.noindex/watchos11.4-22T246-43efb940ff07ba2497b70ec94253f576.sdkstatcache -output-file-map /Users/admin/builder/spi-builder-workspace/.derivedData/Build/Intermediates.noindex/Phaze.build/Debug-watchos/PhazeAuth.build/Objects-normal/arm64_32/PhazeAuth-OutputFileMap.json -use-frontend-parseable-output -save-temps -no-color-diagnostics -serialize-diagnostics -emit-dependencies -emit-module -emit-module-path /Users/admin/builder/spi-builder-workspace/.derivedData/Build/Intermediates.noindex/Phaze.build/Debug-watchos/PhazeAuth.build/Objects-normal/arm64_32/PhazeAuth.swiftmodule -validate-clang-modules-once -clang-build-session-file /Users/admin/builder/spi-builder-workspace/.derivedData/ModuleCache.noindex/Session.modulevalidation -package-name spi_builder_workspace -Xcc -I/Users/admin/builder/spi-builder-workspace/.derivedData/Build/Intermediates.noindex/Phaze.build/Debug-watchos/PhazeAuth.build/swift-overrides.hmap -emit-const-values -Xfrontend -const-gather-protocols-file -Xfrontend /Users/admin/builder/spi-builder-workspace/.derivedData/Build/Intermediates.noindex/Phaze.build/Debug-watchos/PhazeAuth.build/Objects-normal/arm64_32/PhazeAuth_const_extract_protocols.json -Xcc -I/Users/admin/builder/spi-builder-workspace/.derivedData/Build/Products/Debug-watchos/include -Xcc -I/Users/admin/builder/spi-builder-workspace/.derivedData/Build/Intermediates.noindex/Phaze.build/Debug-watchos/PhazeAuth.build/DerivedSources-normal/arm64_32 -Xcc -I/Users/admin/builder/spi-builder-workspace/.derivedData/Build/Intermediates.noindex/Phaze.build/Debug-watchos/PhazeAuth.build/DerivedSources/arm64_32 -Xcc -I/Users/admin/builder/spi-builder-workspace/.derivedData/Build/Intermediates.noindex/Phaze.build/Debug-watchos/PhazeAuth.build/DerivedSources -Xcc -DSWIFT_PACKAGE -Xcc -DDEBUG\=1 -emit-objc-header -emit-objc-header-path /Users/admin/builder/spi-builder-workspace/.derivedData/Build/Intermediates.noindex/Phaze.build/Debug-watchos/PhazeAuth.build/Objects-normal/arm64_32/PhazeAuth-Swift.h -working-directory /Users/admin/builder/spi-builder-workspace/.swiftpm/xcode -experimental-emit-module-separately -disable-cmo
SwiftDriver Phaze normal armv7k com.apple.xcode.tools.swift.compiler (in target 'Phaze' from project 'Phaze')
cd /Users/admin/builder/spi-builder-workspace/.swiftpm/xcode
builtin-SwiftDriver -- /Applications/Xcode-16.3.0.app/Contents/Developer/Toolchains/XcodeDefault.xctoolchain/usr/bin/swiftc -module-name Phaze -Onone -enforce-exclusivity\=checked @/Users/admin/builder/spi-builder-workspace/.derivedData/Build/Intermediates.noindex/Phaze.build/Debug-watchos/Phaze.build/Objects-normal/armv7k/Phaze.SwiftFileList -DSWIFT_PACKAGE -DDEBUG -DXcode -plugin-path /Applications/Xcode-16.3.0.app/Contents/Developer/Toolchains/XcodeDefault.xctoolchain/usr/lib/swift/host/plugins/testing -enable-experimental-feature DebugDescriptionMacro -sdk /Applications/Xcode-16.3.0.app/Contents/Developer/Platforms/WatchOS.platform/Developer/SDKs/WatchOS11.4.sdk -target armv7k-apple-watchos5.0 -g -module-cache-path /Users/admin/builder/spi-builder-workspace/.derivedData/ModuleCache.noindex -Xfrontend -serialize-debugging-options -enable-testing -index-store-path /Users/admin/builder/spi-builder-workspace/.derivedData/Index.noindex/DataStore -swift-version 6 -I /Users/admin/builder/spi-builder-workspace/.derivedData/Build/Products/Debug-watchos -I /Applications/Xcode-16.3.0.app/Contents/Developer/Platforms/WatchOS.platform/Developer/usr/lib -F /Users/admin/builder/spi-builder-workspace/.derivedData/Build/Products/Debug-watchos -F /Applications/Xcode-16.3.0.app/Contents/Developer/Platforms/WatchOS.platform/Developer/Library/Frameworks -F /Applications/Xcode-16.3.0.app/Contents/Developer/Platforms/WatchOS.platform/Developer/SDKs/WatchOS11.4.sdk/Developer/Library/Frameworks -c -j10 -enable-batch-mode -incremental -Xcc -ivfsstatcache -Xcc /Users/admin/builder/spi-builder-workspace/.derivedData/SDKStatCaches.noindex/watchos11.4-22T246-43efb940ff07ba2497b70ec94253f576.sdkstatcache -output-file-map /Users/admin/builder/spi-builder-workspace/.derivedData/Build/Intermediates.noindex/Phaze.build/Debug-watchos/Phaze.build/Objects-normal/armv7k/Phaze-OutputFileMap.json -use-frontend-parseable-output -save-temps -no-color-diagnostics -serialize-diagnostics -emit-dependencies -emit-module -emit-module-path /Users/admin/builder/spi-builder-workspace/.derivedData/Build/Intermediates.noindex/Phaze.build/Debug-watchos/Phaze.build/Objects-normal/armv7k/Phaze.swiftmodule -validate-clang-modules-once -clang-build-session-file /Users/admin/builder/spi-builder-workspace/.derivedData/ModuleCache.noindex/Session.modulevalidation -package-name spi_builder_workspace -Xcc -I/Users/admin/builder/spi-builder-workspace/.derivedData/Build/Intermediates.noindex/Phaze.build/Debug-watchos/Phaze.build/swift-overrides.hmap -emit-const-values -Xfrontend -const-gather-protocols-file -Xfrontend /Users/admin/builder/spi-builder-workspace/.derivedData/Build/Intermediates.noindex/Phaze.build/Debug-watchos/Phaze.build/Objects-normal/armv7k/Phaze_const_extract_protocols.json -Xcc -I/Users/admin/builder/spi-builder-workspace/.derivedData/Build/Products/Debug-watchos/include -Xcc -I/Users/admin/builder/spi-builder-workspace/.derivedData/Build/Intermediates.noindex/Phaze.build/Debug-watchos/Phaze.build/DerivedSources-normal/armv7k -Xcc -I/Users/admin/builder/spi-builder-workspace/.derivedData/Build/Intermediates.noindex/Phaze.build/Debug-watchos/Phaze.build/DerivedSources/armv7k -Xcc -I/Users/admin/builder/spi-builder-workspace/.derivedData/Build/Intermediates.noindex/Phaze.build/Debug-watchos/Phaze.build/DerivedSources -Xcc -DSWIFT_PACKAGE -Xcc -DDEBUG\=1 -emit-objc-header -emit-objc-header-path /Users/admin/builder/spi-builder-workspace/.derivedData/Build/Intermediates.noindex/Phaze.build/Debug-watchos/Phaze.build/Objects-normal/armv7k/Phaze-Swift.h -working-directory /Users/admin/builder/spi-builder-workspace/.swiftpm/xcode -experimental-emit-module-separately -disable-cmo
SwiftDriver Phaze normal arm64_32 com.apple.xcode.tools.swift.compiler (in target 'Phaze' from project 'Phaze')
cd /Users/admin/builder/spi-builder-workspace/.swiftpm/xcode
builtin-SwiftDriver -- /Applications/Xcode-16.3.0.app/Contents/Developer/Toolchains/XcodeDefault.xctoolchain/usr/bin/swiftc -module-name Phaze -Onone -enforce-exclusivity\=checked @/Users/admin/builder/spi-builder-workspace/.derivedData/Build/Intermediates.noindex/Phaze.build/Debug-watchos/Phaze.build/Objects-normal/arm64_32/Phaze.SwiftFileList -DSWIFT_PACKAGE -DDEBUG -DXcode -plugin-path /Applications/Xcode-16.3.0.app/Contents/Developer/Toolchains/XcodeDefault.xctoolchain/usr/lib/swift/host/plugins/testing -enable-experimental-feature DebugDescriptionMacro -sdk /Applications/Xcode-16.3.0.app/Contents/Developer/Platforms/WatchOS.platform/Developer/SDKs/WatchOS11.4.sdk -target arm64_32-apple-watchos5.0 -g -module-cache-path /Users/admin/builder/spi-builder-workspace/.derivedData/ModuleCache.noindex -Xfrontend -serialize-debugging-options -enable-testing -index-store-path /Users/admin/builder/spi-builder-workspace/.derivedData/Index.noindex/DataStore -swift-version 6 -I /Users/admin/builder/spi-builder-workspace/.derivedData/Build/Products/Debug-watchos -I /Applications/Xcode-16.3.0.app/Contents/Developer/Platforms/WatchOS.platform/Developer/usr/lib -F /Users/admin/builder/spi-builder-workspace/.derivedData/Build/Products/Debug-watchos -F /Applications/Xcode-16.3.0.app/Contents/Developer/Platforms/WatchOS.platform/Developer/Library/Frameworks -F /Applications/Xcode-16.3.0.app/Contents/Developer/Platforms/WatchOS.platform/Developer/SDKs/WatchOS11.4.sdk/Developer/Library/Frameworks -c -j10 -enable-batch-mode -incremental -Xcc -ivfsstatcache -Xcc /Users/admin/builder/spi-builder-workspace/.derivedData/SDKStatCaches.noindex/watchos11.4-22T246-43efb940ff07ba2497b70ec94253f576.sdkstatcache -output-file-map /Users/admin/builder/spi-builder-workspace/.derivedData/Build/Intermediates.noindex/Phaze.build/Debug-watchos/Phaze.build/Objects-normal/arm64_32/Phaze-OutputFileMap.json -use-frontend-parseable-output -save-temps -no-color-diagnostics -serialize-diagnostics -emit-dependencies -emit-module -emit-module-path /Users/admin/builder/spi-builder-workspace/.derivedData/Build/Intermediates.noindex/Phaze.build/Debug-watchos/Phaze.build/Objects-normal/arm64_32/Phaze.swiftmodule -validate-clang-modules-once -clang-build-session-file /Users/admin/builder/spi-builder-workspace/.derivedData/ModuleCache.noindex/Session.modulevalidation -package-name spi_builder_workspace -Xcc -I/Users/admin/builder/spi-builder-workspace/.derivedData/Build/Intermediates.noindex/Phaze.build/Debug-watchos/Phaze.build/swift-overrides.hmap -emit-const-values -Xfrontend -const-gather-protocols-file -Xfrontend /Users/admin/builder/spi-builder-workspace/.derivedData/Build/Intermediates.noindex/Phaze.build/Debug-watchos/Phaze.build/Objects-normal/arm64_32/Phaze_const_extract_protocols.json -Xcc -I/Users/admin/builder/spi-builder-workspace/.derivedData/Build/Products/Debug-watchos/include -Xcc -I/Users/admin/builder/spi-builder-workspace/.derivedData/Build/Intermediates.noindex/Phaze.build/Debug-watchos/Phaze.build/DerivedSources-normal/arm64_32 -Xcc -I/Users/admin/builder/spi-builder-workspace/.derivedData/Build/Intermediates.noindex/Phaze.build/Debug-watchos/Phaze.build/DerivedSources/arm64_32 -Xcc -I/Users/admin/builder/spi-builder-workspace/.derivedData/Build/Intermediates.noindex/Phaze.build/Debug-watchos/Phaze.build/DerivedSources -Xcc -DSWIFT_PACKAGE -Xcc -DDEBUG\=1 -emit-objc-header -emit-objc-header-path /Users/admin/builder/spi-builder-workspace/.derivedData/Build/Intermediates.noindex/Phaze.build/Debug-watchos/Phaze.build/Objects-normal/arm64_32/Phaze-Swift.h -working-directory /Users/admin/builder/spi-builder-workspace/.swiftpm/xcode -experimental-emit-module-separately -disable-cmo
SwiftEmitModule normal arm64_32 Emitting\ module\ for\ PhazeAuth (in target 'PhazeAuth' from project 'Phaze')
EmitSwiftModule normal arm64_32 (in target 'PhazeAuth' from project 'Phaze')
cd /Users/admin/builder/spi-builder-workspace/.swiftpm/xcode
/Users/admin/builder/spi-builder-workspace/Sources/PhazeAuth/AppleSignIn.swift:33:55: error: cannot find type 'ASPresentationAnchor' in scope
public static func request(nonce: String, anchor: ASPresentationAnchor) async throws -> String {
^~~~~~~~~~~~~~~~~~~~
/Users/admin/builder/spi-builder-workspace/Sources/PhazeAuth/AppleSignIn.swift:33:77: error: concurrency is only available in watchOS 6.0.0 or newer
public static func request(nonce: String, anchor: ASPresentationAnchor) async throws -> String {
^
/Users/admin/builder/spi-builder-workspace/Sources/PhazeAuth/AppleSignIn.swift:33:24: note: add @available attribute to enclosing static method
public static func request(nonce: String, anchor: ASPresentationAnchor) async throws -> String {
^
/Users/admin/builder/spi-builder-workspace/Sources/PhazeAuth/AppleSignIn.swift:19:13: note: add @available attribute to enclosing enum
public enum AppleSignIn {
^
/Users/admin/builder/spi-builder-workspace/Sources/PhazeAuth/Authenticator.swift:34:22: error: 'P256' is only available in watchOS 6.0 or newer
private let key: P256.Signing.PrivateKey
^
/Users/admin/builder/spi-builder-workspace/Sources/PhazeAuth/Authenticator.swift:33:15: note: add @available attribute to enclosing struct
public struct SoftwareKey: Signer {
^
/Users/admin/builder/spi-builder-workspace/Sources/PhazeAuth/Enclave.swift:116:22: error: 'SecureEnclave' is only available in watchOS 6.0 or newer
private let key: SecureEnclave.P256.Signing.PrivateKey
^
/Users/admin/builder/spi-builder-workspace/Sources/PhazeAuth/Enclave.swift:115:15: note: add @available attribute to enclosing struct
public struct EnclaveKey: Signer {
^
/Users/admin/builder/spi-builder-workspace/Sources/PhazeAuth/Enclave.swift:166:23: error: 'SecureEnclave' is only available in watchOS 6.0 or newer
private init(key: SecureEnclave.P256.Signing.PrivateKey, gate: Gate?) {
^
/Users/admin/builder/spi-builder-workspace/Sources/PhazeAuth/Enclave.swift:166:13: note: add @available attribute to enclosing initializer
private init(key: SecureEnclave.P256.Signing.PrivateKey, gate: Gate?) {
^
/Users/admin/builder/spi-builder-workspace/Sources/PhazeAuth/Enclave.swift:115:15: note: add @available attribute to enclosing struct
public struct EnclaveKey: Signer {
^
/Users/admin/builder/spi-builder-workspace/Sources/PhazeAuth/SystemPasskey.swift:61:90: error: cannot find type 'ASPresentationAnchor' in scope
public static func assert(rpId: String, challenge: Data, allow: [Data] = [], anchor: ASPresentationAnchor) async throws -> SystemAssertion {
^~~~~~~~~~~~~~~~~~~~
/Users/admin/builder/spi-builder-workspace/Sources/PhazeAuth/SystemPasskey.swift:61:112: error: concurrency is only available in watchOS 6.0.0 or newer
public static func assert(rpId: String, challenge: Data, allow: [Data] = [], anchor: ASPresentationAnchor) async throws -> SystemAssertion {
^
/Users/admin/builder/spi-builder-workspace/Sources/PhazeAuth/SystemPasskey.swift:61:24: note: add @available attribute to enclosing static method
public static func assert(rpId: String, challenge: Data, allow: [Data] = [], anchor: ASPresentationAnchor) async throws -> SystemAssertion {
^
/Users/admin/builder/spi-builder-workspace/Sources/PhazeAuth/SystemPasskey.swift:49:13: note: add @available attribute to enclosing enum
public enum SystemPasskey {
^
/Users/admin/builder/spi-builder-workspace/Sources/PhazeAuth/SystemPasskey.swift:97:104: error: cannot find type 'ASPresentationAnchor' in scope
public static func register(rpId: String, challenge: Data, userId: Data, userName: String, anchor: ASPresentationAnchor) async throws -> SystemRegistration {
^~~~~~~~~~~~~~~~~~~~
/Users/admin/builder/spi-builder-workspace/Sources/PhazeAuth/SystemPasskey.swift:97:126: error: concurrency is only available in watchOS 6.0.0 or newer
public static func register(rpId: String, challenge: Data, userId: Data, userName: String, anchor: ASPresentationAnchor) async throws -> SystemRegistration {
^
/Users/admin/builder/spi-builder-workspace/Sources/PhazeAuth/SystemPasskey.swift:97:24: note: add @available attribute to enclosing static method
public static func register(rpId: String, challenge: Data, userId: Data, userName: String, anchor: ASPresentationAnchor) async throws -> SystemRegistration {
^
/Users/admin/builder/spi-builder-workspace/Sources/PhazeAuth/SystemPasskey.swift:49:13: note: add @available attribute to enclosing enum
public enum SystemPasskey {
^
/Users/admin/builder/spi-builder-workspace/Sources/PhazeAuth/SystemPasskey.swift:128:51: error: cannot find type 'ASPresentationAnchor' in scope
init(request: ASAuthorizationRequest, anchor: ASPresentationAnchor, read: @escaping (ASAuthorization) -> Result<Answer, any Error>) {
^~~~~~~~~~~~~~~~~~~~
/Users/admin/builder/spi-builder-workspace/Sources/PhazeAuth/SystemPasskey.swift:122:29: error: 'ASAuthorizationController' is only available in watchOS 6.0 or newer
private let controller: ASAuthorizationController
^
/Users/admin/builder/spi-builder-workspace/Sources/PhazeAuth/SystemPasskey.swift:121:13: note: add @available attribute to enclosing generic class
final class Ceremony<Answer: Sendable>: NSObject, ASAuthorizationControllerDelegate, ASAuthorizationControllerPresentationContextProviding {
^
/Users/admin/builder/spi-builder-workspace/Sources/PhazeAuth/SystemPasskey.swift:123:25: error: cannot find type 'ASPresentationAnchor' in scope
private let anchor: ASPresentationAnchor
^~~~~~~~~~~~~~~~~~~~
/Users/admin/builder/spi-builder-workspace/Sources/PhazeAuth/SystemPasskey.swift:124:24: error: 'ASAuthorization' is only available in watchOS 6.0 or newer
private let read: (ASAuthorization) -> Result<Answer, any Error>
^
/Users/admin/builder/spi-builder-workspace/Sources/PhazeAuth/SystemPasskey.swift:121:13: note: add @available attribute to enclosing generic class
final class Ceremony<Answer: Sendable>: NSObject, ASAuthorizationControllerDelegate, ASAuthorizationControllerPresentationContextProviding {
^
/Users/admin/builder/spi-builder-workspace/Sources/PhazeAuth/SystemPasskey.swift:125:31: error: 'CheckedContinuation' is only available in watchOS 6.0 or newer
private var continuation: CheckedContinuation<Answer, any Error>?
^
/Users/admin/builder/spi-builder-workspace/Sources/PhazeAuth/SystemPasskey.swift:121:13: note: add @available attribute to enclosing generic class
final class Ceremony<Answer: Sendable>: NSObject, ASAuthorizationControllerDelegate, ASAuthorizationControllerPresentationContextProviding {
^
/Users/admin/builder/spi-builder-workspace/Sources/PhazeAuth/SystemPasskey.swift:128:19: error: 'ASAuthorizationRequest' is only available in watchOS 6.0 or newer
init(request: ASAuthorizationRequest, anchor: ASPresentationAnchor, read: @escaping (ASAuthorization) -> Result<Answer, any Error>) {
^
/Users/admin/builder/spi-builder-workspace/Sources/PhazeAuth/SystemPasskey.swift:128:5: note: add @available attribute to enclosing initializer
init(request: ASAuthorizationRequest, anchor: ASPresentationAnchor, read: @escaping (ASAuthorization) -> Result<Answer, any Error>) {
^
/Users/admin/builder/spi-builder-workspace/Sources/PhazeAuth/SystemPasskey.swift:121:13: note: add @available attribute to enclosing generic class
final class Ceremony<Answer: Sendable>: NSObject, ASAuthorizationControllerDelegate, ASAuthorizationControllerPresentationContextProviding {
^
/Users/admin/builder/spi-builder-workspace/Sources/PhazeAuth/SystemPasskey.swift:128:90: error: 'ASAuthorization' is only available in watchOS 6.0 or newer
init(request: ASAuthorizationRequest, anchor: ASPresentationAnchor, read: @escaping (ASAuthorization) -> Result<Answer, any Error>) {
^
/Users/admin/builder/spi-builder-workspace/Sources/PhazeAuth/SystemPasskey.swift:128:5: note: add @available attribute to enclosing initializer
init(request: ASAuthorizationRequest, anchor: ASPresentationAnchor, read: @escaping (ASAuthorization) -> Result<Answer, any Error>) {
^
/Users/admin/builder/spi-builder-workspace/Sources/PhazeAuth/SystemPasskey.swift:121:13: note: add @available attribute to enclosing generic class
final class Ceremony<Answer: Sendable>: NSObject, ASAuthorizationControllerDelegate, ASAuthorizationControllerPresentationContextProviding {
^
/Users/admin/builder/spi-builder-workspace/Sources/PhazeAuth/SystemPasskey.swift:137:16: error: concurrency is only available in watchOS 6.0.0 or newer
func run() async throws -> Answer {
^
/Users/admin/builder/spi-builder-workspace/Sources/PhazeAuth/SystemPasskey.swift:137:10: note: add @available attribute to enclosing instance method
func run() async throws -> Answer {
^
/Users/admin/builder/spi-builder-workspace/Sources/PhazeAuth/SystemPasskey.swift:121:13: note: add @available attribute to enclosing generic class
final class Ceremony<Answer: Sendable>: NSObject, ASAuthorizationControllerDelegate, ASAuthorizationControllerPresentationContextProviding {
^
/Users/admin/builder/spi-builder-workspace/Sources/PhazeAuth/SystemPasskey.swift:151:75: error: cannot find type 'ASPresentationAnchor' in scope
func presentationAnchor(for controller: ASAuthorizationController) -> ASPresentationAnchor {
^~~~~~~~~~~~~~~~~~~~
/Users/admin/builder/spi-builder-workspace/Sources/PhazeAuth/SystemPasskey.swift:151:45: error: 'ASAuthorizationController' is only available in watchOS 6.0 or newer
func presentationAnchor(for controller: ASAuthorizationController) -> ASPresentationAnchor {
^
/Users/admin/builder/spi-builder-workspace/Sources/PhazeAuth/SystemPasskey.swift:151:10: note: add @available attribute to enclosing instance method
func presentationAnchor(for controller: ASAuthorizationController) -> ASPresentationAnchor {
^
/Users/admin/builder/spi-builder-workspace/Sources/PhazeAuth/SystemPasskey.swift:121:13: note: add @available attribute to enclosing generic class
final class Ceremony<Answer: Sendable>: NSObject, ASAuthorizationControllerDelegate, ASAuthorizationControllerPresentationContextProviding {
^
/Users/admin/builder/spi-builder-workspace/Sources/PhazeAuth/SystemPasskey.swift:155:46: error: 'ASAuthorizationController' is only available in watchOS 6.0 or newer
func authorizationController(controller: ASAuthorizationController, didCompleteWithAuthorization authorization: ASAuthorization) {
^
/Users/admin/builder/spi-builder-workspace/Sources/PhazeAuth/SystemPasskey.swift:155:10: note: add @available attribute to enclosing instance method
func authorizationController(controller: ASAuthorizationController, didCompleteWithAuthorization authorization: ASAuthorization) {
^
/Users/admin/builder/spi-builder-workspace/Sources/PhazeAuth/SystemPasskey.swift:121:13: note: add @available attribute to enclosing generic class
final class Ceremony<Answer: Sendable>: NSObject, ASAuthorizationControllerDelegate, ASAuthorizationControllerPresentationContextProviding {
^
/Users/admin/builder/spi-builder-workspace/Sources/PhazeAuth/SystemPasskey.swift:155:117: error: 'ASAuthorization' is only available in watchOS 6.0 or newer
func authorizationController(controller: ASAuthorizationController, didCompleteWithAuthorization authorization: ASAuthorization) {
^
/Users/admin/builder/spi-builder-workspace/Sources/PhazeAuth/SystemPasskey.swift:155:10: note: add @available attribute to enclosing instance method
func authorizationController(controller: ASAuthorizationController, didCompleteWithAuthorization authorization: ASAuthorization) {
^
/Users/admin/builder/spi-builder-workspace/Sources/PhazeAuth/SystemPasskey.swift:121:13: note: add @available attribute to enclosing generic class
final class Ceremony<Answer: Sendable>: NSObject, ASAuthorizationControllerDelegate, ASAuthorizationControllerPresentationContextProviding {
^
/Users/admin/builder/spi-builder-workspace/Sources/PhazeAuth/SystemPasskey.swift:159:46: error: 'ASAuthorizationController' is only available in watchOS 6.0 or newer
func authorizationController(controller: ASAuthorizationController, didCompleteWithError error: any Error) {
^
/Users/admin/builder/spi-builder-workspace/Sources/PhazeAuth/SystemPasskey.swift:159:10: note: add @available attribute to enclosing instance method
func authorizationController(controller: ASAuthorizationController, didCompleteWithError error: any Error) {
^
/Users/admin/builder/spi-builder-workspace/Sources/PhazeAuth/SystemPasskey.swift:121:13: note: add @available attribute to enclosing generic class
final class Ceremony<Answer: Sendable>: NSObject, ASAuthorizationControllerDelegate, ASAuthorizationControllerPresentationContextProviding {
^
/Users/admin/builder/spi-builder-workspace/Sources/PhazeAuth/SystemPasskey.swift:121:86: error: 'ASAuthorizationControllerPresentationContextProviding' is unavailable in watchOS
final class Ceremony<Answer: Sendable>: NSObject, ASAuthorizationControllerDelegate, ASAuthorizationControllerPresentationContextProviding {
^~~~~~~~~~~~~~~~~~~~~~~~~~~~~~~~~~~~~~~~~~~~~~~~~~~~~
/Applications/Xcode-16.3.0.app/Contents/Developer/Platforms/WatchOS.platform/Developer/SDKs/WatchOS11.4.sdk/System/Library/Frameworks/AuthenticationServices.framework/Headers/ASAuthorizationController.h:31:11: note: 'ASAuthorizationControllerPresentationContextProviding' has been explicitly marked unavailable here
@protocol ASAuthorizationControllerPresentationContextProviding <NSObject>
^
Failed frontend command:
/Applications/Xcode-16.3.0.app/Contents/Developer/Toolchains/XcodeDefault.xctoolchain/usr/bin/swift-frontend -frontend -emit-module -experimental-skip-non-inlinable-function-bodies-without-types /Users/admin/builder/spi-builder-workspace/Sources/PhazeAuth/AppleSignIn.swift /Users/admin/builder/spi-builder-workspace/Sources/PhazeAuth/Authenticator.swift /Users/admin/builder/spi-builder-workspace/Sources/PhazeAuth/Enclave.swift /Users/admin/builder/spi-builder-workspace/Sources/PhazeAuth/SystemPasskey.swift -target arm64_32-apple-watchos5.0 -enable-objc-interop -sdk /Applications/Xcode-16.3.0.app/Contents/Developer/Platforms/WatchOS.platform/Developer/SDKs/WatchOS11.4.sdk -I /Users/admin/builder/spi-builder-workspace/.derivedData/Build/Products/Debug-watchos -I /Applications/Xcode-16.3.0.app/Contents/Developer/Platforms/WatchOS.platform/Developer/usr/lib -F /Users/admin/builder/spi-builder-workspace/.derivedData/Build/Products/Debug-watchos -F /Applications/Xcode-16.3.0.app/Contents/Developer/Platforms/WatchOS.platform/Developer/Library/Frameworks -F /Applications/Xcode-16.3.0.app/Contents/Developer/Platforms/WatchOS.platform/Developer/SDKs/WatchOS11.4.sdk/Developer/Library/Frameworks -no-color-diagnostics -enable-testing -g -debug-info-format\=dwarf -dwarf-version\=4 -module-cache-path /Users/admin/builder/spi-builder-workspace/.derivedData/ModuleCache.noindex -swift-version 6 -enforce-exclusivity\=checked -Onone -D SWIFT_PACKAGE -D DEBUG -D Xcode -serialize-debugging-options -const-gather-protocols-file /Users/admin/builder/spi-builder-workspace/.derivedData/Build/Intermediates.noindex/Phaze.build/Debug-watchos/PhazeAuth.build/Objects-normal/arm64_32/PhazeAuth_const_extract_protocols.json -enable-experimental-feature DebugDescriptionMacro -empty-abi-descriptor -plugin-path /Applications/Xcode-16.3.0.app/Contents/Developer/Toolchains/XcodeDefault.xctoolchain/usr/lib/swift/host/plugins/testing -validate-clang-modules-once -clang-build-session-file /Users/admin/builder/spi-builder-workspace/.derivedData/ModuleCache.noindex/Session.modulevalidation -Xcc -working-directory -Xcc /Users/admin/builder/spi-builder-workspace/.swiftpm/xcode -resource-dir /Applications/Xcode-16.3.0.app/Contents/Developer/Toolchains/XcodeDefault.xctoolchain/usr/lib/swift -enable-anonymous-context-mangled-names -file-compilation-dir /Users/admin/builder/spi-builder-workspace/.swiftpm/xcode -Xcc -ivfsstatcache -Xcc /Users/admin/builder/spi-builder-workspace/.derivedData/SDKStatCaches.noindex/watchos11.4-22T246-43efb940ff07ba2497b70ec94253f576.sdkstatcache -Xcc -I/Users/admin/builder/spi-builder-workspace/.derivedData/Build/Intermediates.noindex/Phaze.build/Debug-watchos/PhazeAuth.build/swift-overrides.hmap -Xcc -I/Users/admin/builder/spi-builder-workspace/.derivedData/Build/Products/Debug-watchos/include -Xcc -I/Users/admin/builder/spi-builder-workspace/.derivedData/Build/Intermediates.noindex/Phaze.build/Debug-watchos/PhazeAuth.build/DerivedSources-normal/arm64_32 -Xcc -I/Users/admin/builder/spi-builder-workspace/.derivedData/Build/Intermediates.noindex/Phaze.build/Debug-watchos/PhazeAuth.build/DerivedSources/arm64_32 -Xcc -I/Users/admin/builder/spi-builder-workspace/.derivedData/Build/Intermediates.noindex/Phaze.build/Debug-watchos/PhazeAuth.build/DerivedSources -Xcc -DSWIFT_PACKAGE -Xcc -DDEBUG\=1 -module-name PhazeAuth -package-name spi_builder_workspace -frontend-parseable-output -disable-clang-spi -target-sdk-version 11.4 -target-sdk-name watchos11.4 -external-plugin-path /Applications/Xcode-16.3.0.app/Contents/Developer/Platforms/WatchOS.platform/Developer/usr/lib/swift/host/plugins\#/Applications/Xcode-16.3.0.app/Contents/Developer/Platforms/WatchOS.platform/Developer/usr/bin/swift-plugin-server -external-plugin-path /Applications/Xcode-16.3.0.app/Contents/Developer/Platforms/WatchOS.platform/Developer/usr/local/lib/swift/host/plugins\#/Applications/Xcode-16.3.0.app/Contents/Developer/Platforms/WatchOS.platform/Developer/usr/bin/swift-plugin-server -in-process-plugin-server-path /Applications/Xcode-16.3.0.app/Contents/Developer/Toolchains/XcodeDefault.xctoolchain/usr/lib/swift/host/libSwiftInProcPluginServer.dylib -plugin-path /Applications/Xcode-16.3.0.app/Contents/Developer/Toolchains/XcodeDefault.xctoolchain/usr/lib/swift/host/plugins -plugin-path /Applications/Xcode-16.3.0.app/Contents/Developer/Toolchains/XcodeDefault.xctoolchain/usr/local/lib/swift/host/plugins -emit-module-doc-path /Users/admin/builder/spi-builder-workspace/.derivedData/Build/Intermediates.noindex/Phaze.build/Debug-watchos/PhazeAuth.build/Objects-normal/arm64_32/PhazeAuth.swiftdoc -emit-module-source-info-path /Users/admin/builder/spi-builder-workspace/.derivedData/Build/Intermediates.noindex/Phaze.build/Debug-watchos/PhazeAuth.build/Objects-normal/arm64_32/PhazeAuth.swiftsourceinfo -emit-objc-header-path /Users/admin/builder/spi-builder-workspace/.derivedData/Build/Intermediates.noindex/Phaze.build/Debug-watchos/PhazeAuth.build/Objects-normal/arm64_32/PhazeAuth-Swift.h -serialize-diagnostics-path /Users/admin/builder/spi-builder-workspace/.derivedData/Build/Intermediates.noindex/Phaze.build/Debug-watchos/PhazeAuth.build/Objects-normal/arm64_32/PhazeAuth-master-emit-module.dia -emit-dependencies-path /Users/admin/builder/spi-builder-workspace/.derivedData/Build/Intermediates.noindex/Phaze.build/Debug-watchos/PhazeAuth.build/Objects-normal/arm64_32/PhazeAuth-master-emit-module.d -o /Users/admin/builder/spi-builder-workspace/.derivedData/Build/Intermediates.noindex/Phaze.build/Debug-watchos/PhazeAuth.build/Objects-normal/arm64_32/PhazeAuth.swiftmodule -emit-abi-descriptor-path /Users/admin/builder/spi-builder-workspace/.derivedData/Build/Intermediates.noindex/Phaze.build/Debug-watchos/PhazeAuth.build/Objects-normal/arm64_32/PhazeAuth.abi.json
SwiftCompile normal arm64_32 Compiling\ SystemPasskey.swift /Users/admin/builder/spi-builder-workspace/Sources/PhazeAuth/SystemPasskey.swift (in target 'PhazeAuth' from project 'Phaze')
SwiftCompile normal arm64_32 /Users/admin/builder/spi-builder-workspace/Sources/PhazeAuth/SystemPasskey.swift (in target 'PhazeAuth' from project 'Phaze')
cd /Users/admin/builder/spi-builder-workspace/.swiftpm/xcode
SwiftCompile normal arm64_32 Compiling\ Authenticator.swift /Users/admin/builder/spi-builder-workspace/Sources/PhazeAuth/Authenticator.swift (in target 'PhazeAuth' from project 'Phaze')
SwiftCompile normal arm64_32 /Users/admin/builder/spi-builder-workspace/Sources/PhazeAuth/Authenticator.swift (in target 'PhazeAuth' from project 'Phaze')
cd /Users/admin/builder/spi-builder-workspace/.swiftpm/xcode
SwiftCompile normal arm64_32 Compiling\ AppleSignIn.swift /Users/admin/builder/spi-builder-workspace/Sources/PhazeAuth/AppleSignIn.swift (in target 'PhazeAuth' from project 'Phaze')
SwiftCompile normal arm64_32 /Users/admin/builder/spi-builder-workspace/Sources/PhazeAuth/AppleSignIn.swift (in target 'PhazeAuth' from project 'Phaze')
cd /Users/admin/builder/spi-builder-workspace/.swiftpm/xcode
SwiftCompile normal arm64_32 Compiling\ Enclave.swift /Users/admin/builder/spi-builder-workspace/Sources/PhazeAuth/Enclave.swift (in target 'PhazeAuth' from project 'Phaze')
SwiftCompile normal arm64_32 /Users/admin/builder/spi-builder-workspace/Sources/PhazeAuth/Enclave.swift (in target 'PhazeAuth' from project 'Phaze')
cd /Users/admin/builder/spi-builder-workspace/.swiftpm/xcode
SwiftEmitModule normal armv7k Emitting\ module\ for\ PhazeAuth (in target 'PhazeAuth' from project 'Phaze')
EmitSwiftModule normal armv7k (in target 'PhazeAuth' from project 'Phaze')
cd /Users/admin/builder/spi-builder-workspace/.swiftpm/xcode
SwiftCompile normal armv7k Compiling\ Authenticator.swift /Users/admin/builder/spi-builder-workspace/Sources/PhazeAuth/Authenticator.swift (in target 'PhazeAuth' from project 'Phaze')
SwiftCompile normal armv7k /Users/admin/builder/spi-builder-workspace/Sources/PhazeAuth/Authenticator.swift (in target 'PhazeAuth' from project 'Phaze')
cd /Users/admin/builder/spi-builder-workspace/.swiftpm/xcode
SwiftCompile normal armv7k Compiling\ Enclave.swift /Users/admin/builder/spi-builder-workspace/Sources/PhazeAuth/Enclave.swift (in target 'PhazeAuth' from project 'Phaze')
SwiftCompile normal armv7k /Users/admin/builder/spi-builder-workspace/Sources/PhazeAuth/Enclave.swift (in target 'PhazeAuth' from project 'Phaze')
cd /Users/admin/builder/spi-builder-workspace/.swiftpm/xcode
SwiftCompile normal armv7k Compiling\ AppleSignIn.swift /Users/admin/builder/spi-builder-workspace/Sources/PhazeAuth/AppleSignIn.swift (in target 'PhazeAuth' from project 'Phaze')
SwiftCompile normal armv7k /Users/admin/builder/spi-builder-workspace/Sources/PhazeAuth/AppleSignIn.swift (in target 'PhazeAuth' from project 'Phaze')
cd /Users/admin/builder/spi-builder-workspace/.swiftpm/xcode
SwiftEmitModule normal arm64 Emitting\ module\ for\ PhazeAuth (in target 'PhazeAuth' from project 'Phaze')
EmitSwiftModule normal arm64 (in target 'PhazeAuth' from project 'Phaze')
cd /Users/admin/builder/spi-builder-workspace/.swiftpm/xcode
** BUILD FAILED **
The following build commands failed:
EmitSwiftModule normal arm64_32 (in target 'PhazeAuth' from project 'Phaze')
SwiftEmitModule normal arm64_32 Emitting\ module\ for\ PhazeAuth (in target 'PhazeAuth' from project 'Phaze')
Building workspace spi-builder-workspace with scheme Phaze-Package
(3 failures)
BUILD FAILURE 6.1 watchOS