The Swift Package Index logo.Swift Package Index

Build Information

Failed to build SwiftSpeech, reference v0.9.3 (6e41f2), with Swift 6.4 for watchOS using Xcode 27.0 on 17 Sep 2026 19:47:45 UTC.

Build Command

env DEVELOPER_DIR=/Applications/Xcode-27.0.0-Release.Candidate.app xcrun xcodebuild -IDEClonedSourcePackagesDirPathOverride=$PWD/.dependencies -skipMacroValidation -skipPackagePluginValidation -derivedDataPath $PWD/.derivedData build -scheme SwiftSpeech -destination generic/platform=watchOS

Build Log

========================================
RunAll
========================================
Builder version: 5.1.0
Interrupt handler set up.
========================================
Checkout
========================================
Clone URL: https://github.com/Cay-Zhang/SwiftSpeech.git
Reference: v0.9.3
Initialized empty Git repository in /Users/admin/builder/spi-builder-workspace/.git/
From https://github.com/Cay-Zhang/SwiftSpeech
 * tag               v0.9.3     -> FETCH_HEAD
HEAD is now at 6e41f28 added cocoapods installation hint in README
Cloned https://github.com/Cay-Zhang/SwiftSpeech.git
Revision (git rev-parse @):
6e41f289f5ccc1751ef5674972d46b48b326c4c6
SUCCESS checkout https://github.com/Cay-Zhang/SwiftSpeech.git at v0.9.3
========================================
Build
========================================
Selected platform:         watchOS
Swift version:             6.4
Building package at path:  $PWD
https://github.com/Cay-Zhang/SwiftSpeech.git
Command line invocation:
    /Applications/Xcode-27.0.0-Release.Candidate.app/Contents/Developer/usr/bin/xcodebuild -IDEClonedSourcePackagesDirPathOverride=/Users/admin/builder/spi-builder-workspace/.dependencies -resolvePackageDependencies
Resolve Package Graph
Resolve Package Graph
Resolved source packages:
  SwiftSpeech: /Users/admin/builder/spi-builder-workspace
resolved source packages: SwiftSpeech
2026-09-17 15:47:02.501 xcodebuild[525:3021] [MT] IDERunDestination: Supported platforms for the buildables in the current scheme is empty.
{
  "dependencies" : [
  ],
  "manifest_display_name" : "SwiftSpeech",
  "name" : "SwiftSpeech",
  "path" : "/Users/admin/builder/spi-builder-workspace",
  "platforms" : [
    {
      "name" : "ios",
      "version" : "13.0"
    },
    {
      "name" : "macos",
      "version" : "10.15"
    }
  ],
  "products" : [
    {
      "name" : "SwiftSpeech",
      "targets" : [
        "SwiftSpeech"
      ],
      "type" : {
        "library" : [
          "automatic"
        ]
      }
    }
  ],
  "targets" : [
    {
      "c99name" : "SwiftSpeechTests",
      "module_type" : "SwiftTarget",
      "name" : "SwiftSpeechTests",
      "path" : "Tests/SwiftSpeechTests",
      "sources" : [
        "SwiftSpeechTests.swift",
        "XCTestManifests.swift"
      ],
      "target_dependencies" : [
        "SwiftSpeech"
      ],
      "type" : "test"
    },
    {
      "c99name" : "SwiftSpeech",
      "module_type" : "SwiftTarget",
      "name" : "SwiftSpeech",
      "path" : "Sources/SwiftSpeech",
      "product_memberships" : [
        "SwiftSpeech"
      ],
      "sources" : [
        "Authorization.swift",
        "Demos.swift",
        "Environments.swift",
        "Extensions.swift",
        "LibraryContent.swift",
        "RecordButton.swift",
        "Session.swift",
        "SpeechRecognizer.swift",
        "SwiftSpeech.swift",
        "ViewModifiers.swift"
      ],
      "type" : "library"
    }
  ],
  "tools_version" : "5.1"
}
{
  "workspace" : {
    "name" : "SwiftSpeech",
    "schemes" : [
      "SwiftSpeech"
    ]
  }
}
2026-09-17 15:47:38.004 xcodebuild[622:3928] [MT] IDERunDestination: Supported platforms for the buildables in the current scheme is empty.
Running build ...
env DEVELOPER_DIR=/Applications/Xcode-27.0.0-Release.Candidate.app xcrun xcodebuild -IDEClonedSourcePackagesDirPathOverride=$PWD/.dependencies -skipMacroValidation -skipPackagePluginValidation -derivedDataPath $PWD/.derivedData build -scheme SwiftSpeech -destination generic/platform=watchOS
Command line invocation:
    /Applications/Xcode-27.0.0-Release.Candidate.app/Contents/Developer/usr/bin/xcodebuild -IDEClonedSourcePackagesDirPathOverride=/Users/admin/builder/spi-builder-workspace/.dependencies -skipMacroValidation -skipPackagePluginValidation -derivedDataPath /Users/admin/builder/spi-builder-workspace/.derivedData build -scheme SwiftSpeech -destination generic/platform=watchOS
Resolve Package Graph
Resolved source packages:
  SwiftSpeech: /Users/admin/builder/spi-builder-workspace
ComputePackagePrebuildTargetDependencyGraph
Prepare packages
CreateBuildRequest
SendProjectDescription
CreateBuildOperation
ComputeTargetDependencyGraph
note: Building targets in dependency order
note: Target dependency graph (2 targets)
    Target 'SwiftSpeech-product' in project 'SwiftSpeech'
        ➜ Explicit dependency on target 'SwiftSpeech' in project 'SwiftSpeech'
    Target 'SwiftSpeech' in project 'SwiftSpeech' (no dependencies)
GatherProvisioningInputs
CreateBuildDescription
ExecuteExternalTool /Applications/Xcode-27.0.0-Release.Candidate.app/Contents/Developer/Toolchains/XcodeDefault.xctoolchain/usr/bin/clang -v -E -dM -isysroot /Applications/Xcode-27.0.0-Release.Candidate.app/Contents/Developer/Platforms/WatchOS.platform/Developer/SDKs/WatchOS27.0.sdk -x c -c /dev/null
ExecuteExternalTool /Applications/Xcode-27.0.0-Release.Candidate.app/Contents/Developer/Toolchains/XcodeDefault.xctoolchain/usr/bin/swiftc --version
ExecuteExternalTool /Applications/Xcode-27.0.0-Release.Candidate.app/Contents/Developer/Toolchains/XcodeDefault.xctoolchain/usr/bin/ld -version_details
Build description signature: 2908a4be73abf16cfe80d5fadf9c5f50
Build description path: /Users/admin/builder/spi-builder-workspace/.derivedData/Build/Intermediates.noindex/XCBuildData/2908a4be73abf16cfe80d5fadf9c5f50.xcbuilddata
CreateBuildDirectory /Users/admin/builder/spi-builder-workspace/.derivedData/SDKExplicitPrecompiledModules
    cd /Users/admin/builder/spi-builder-workspace/.swiftpm/xcode
    builtin-create-build-directory /Users/admin/builder/spi-builder-workspace/.derivedData/SDKExplicitPrecompiledModules
CreateBuildDirectory /Users/admin/builder/spi-builder-workspace/.derivedData/ModuleCache.noindex
    cd /Users/admin/builder/spi-builder-workspace/.swiftpm/xcode
    builtin-create-build-directory /Users/admin/builder/spi-builder-workspace/.derivedData/ModuleCache.noindex
CreateBuildDirectory /Users/admin/builder/spi-builder-workspace/.derivedData/CompilationCache.noindex
    cd /Users/admin/builder/spi-builder-workspace/.swiftpm/xcode
    builtin-create-build-directory /Users/admin/builder/spi-builder-workspace/.derivedData/CompilationCache.noindex
CreateBuildDirectory /Users/admin/builder/spi-builder-workspace/.derivedData/Build/Intermediates.noindex
    cd /Users/admin/builder/spi-builder-workspace/.swiftpm/xcode
    builtin-create-build-directory /Users/admin/builder/spi-builder-workspace/.derivedData/Build/Intermediates.noindex
CreateBuildDirectory /Users/admin/builder/spi-builder-workspace/.derivedData/Build/Products
    cd /Users/admin/builder/spi-builder-workspace/.swiftpm/xcode
    builtin-create-build-directory /Users/admin/builder/spi-builder-workspace/.derivedData/Build/Products
ClangStatCache /Applications/Xcode-27.0.0-Release.Candidate.app/Contents/Developer/Toolchains/XcodeDefault.xctoolchain/usr/bin/clang-stat-cache /Applications/Xcode-27.0.0-Release.Candidate.app/Contents/Developer/Platforms/WatchOS.platform/Developer/SDKs/WatchOS27.0.sdk /Users/admin/builder/spi-builder-workspace/.derivedData/SDKStatCaches.noindex/watchos27.0-24R360-e829b21a6f8c9b70876ba0858053c04477534ef55a1706bf4c1112bbb242f0a2.sdkstatcache
    cd /Users/admin/builder/spi-builder-workspace/.swiftpm/xcode
    /Applications/Xcode-27.0.0-Release.Candidate.app/Contents/Developer/Toolchains/XcodeDefault.xctoolchain/usr/bin/clang-stat-cache /Applications/Xcode-27.0.0-Release.Candidate.app/Contents/Developer/Platforms/WatchOS.platform/Developer/SDKs/WatchOS27.0.sdk -o /Users/admin/builder/spi-builder-workspace/.derivedData/SDKStatCaches.noindex/watchos27.0-24R360-e829b21a6f8c9b70876ba0858053c04477534ef55a1706bf4c1112bbb242f0a2.sdkstatcache
CreateBuildDirectory /Users/admin/builder/spi-builder-workspace/.derivedData/Build/Intermediates.noindex/SwiftExplicitPrecompiledModules
    cd /Users/admin/builder/spi-builder-workspace/.swiftpm/xcode
    builtin-create-build-directory /Users/admin/builder/spi-builder-workspace/.derivedData/Build/Intermediates.noindex/SwiftExplicitPrecompiledModules
CreateBuildDirectory /Users/admin/builder/spi-builder-workspace/.derivedData/Build/Products/Debug-watchos
    cd /Users/admin/builder/spi-builder-workspace/.swiftpm/xcode
    builtin-create-build-directory /Users/admin/builder/spi-builder-workspace/.derivedData/Build/Products/Debug-watchos
CreateBuildDirectory /Users/admin/builder/spi-builder-workspace/.derivedData/Build/Intermediates.noindex/ExplicitPrecompiledModules
    cd /Users/admin/builder/spi-builder-workspace/.swiftpm/xcode
    builtin-create-build-directory /Users/admin/builder/spi-builder-workspace/.derivedData/Build/Intermediates.noindex/ExplicitPrecompiledModules
CreateBuildDirectory /Users/admin/builder/spi-builder-workspace/.derivedData/Build/Intermediates.noindex/PrecompiledHeaders
    cd /Users/admin/builder/spi-builder-workspace/.swiftpm/xcode
    builtin-create-build-directory /Users/admin/builder/spi-builder-workspace/.derivedData/Build/Intermediates.noindex/PrecompiledHeaders
CreateBuildDirectory /Users/admin/builder/spi-builder-workspace/.derivedData/Build/Intermediates.noindex/EagerLinkingTBDs/Debug-watchos
    cd /Users/admin/builder/spi-builder-workspace/.swiftpm/xcode
    builtin-create-build-directory /Users/admin/builder/spi-builder-workspace/.derivedData/Build/Intermediates.noindex/EagerLinkingTBDs/Debug-watchos
CreateBuildDirectory /Users/admin/builder/spi-builder-workspace/.derivedData/Build/Products/Debug-watchos/PackageFrameworks
    cd /Users/admin/builder/spi-builder-workspace/.swiftpm/xcode
    builtin-create-build-directory /Users/admin/builder/spi-builder-workspace/.derivedData/Build/Products/Debug-watchos/PackageFrameworks
WriteAuxiliaryFile /Users/admin/builder/spi-builder-workspace/.derivedData/Build/Intermediates.noindex/SwiftSpeech.build/Debug-watchos/SwiftSpeech-t.build/SwiftSpeech.DependencyStaticMetadataFileList (in target 'SwiftSpeech' from project 'SwiftSpeech')
    cd /Users/admin/builder/spi-builder-workspace
    write-file /Users/admin/builder/spi-builder-workspace/.derivedData/Build/Intermediates.noindex/SwiftSpeech.build/Debug-watchos/SwiftSpeech-t.build/SwiftSpeech.DependencyStaticMetadataFileList
WriteAuxiliaryFile /Users/admin/builder/spi-builder-workspace/.derivedData/Build/Intermediates.noindex/SwiftSpeech.build/Debug-watchos/SwiftSpeech-t.build/SwiftSpeech.DependencyMetadataFileList (in target 'SwiftSpeech' from project 'SwiftSpeech')
    cd /Users/admin/builder/spi-builder-workspace
    write-file /Users/admin/builder/spi-builder-workspace/.derivedData/Build/Intermediates.noindex/SwiftSpeech.build/Debug-watchos/SwiftSpeech-t.build/SwiftSpeech.DependencyMetadataFileList
WriteAuxiliaryFile /Users/admin/builder/spi-builder-workspace/.derivedData/Build/Intermediates.noindex/SwiftSpeech.build/Debug-watchos/SwiftSpeech-t.build/SwiftSpeech.modulemap (in target 'SwiftSpeech' from project 'SwiftSpeech')
    cd /Users/admin/builder/spi-builder-workspace
    write-file /Users/admin/builder/spi-builder-workspace/.derivedData/Build/Intermediates.noindex/SwiftSpeech.build/Debug-watchos/SwiftSpeech-t.build/SwiftSpeech.modulemap
WriteAuxiliaryFile /Users/admin/builder/spi-builder-workspace/.derivedData/Build/Intermediates.noindex/SwiftSpeech.build/Debug-watchos/SwiftSpeech-t.build/Objects-normal/arm64_32/SwiftSpeech_const_extract_protocols.json (in target 'SwiftSpeech' from project 'SwiftSpeech')
    cd /Users/admin/builder/spi-builder-workspace
    write-file /Users/admin/builder/spi-builder-workspace/.derivedData/Build/Intermediates.noindex/SwiftSpeech.build/Debug-watchos/SwiftSpeech-t.build/Objects-normal/arm64_32/SwiftSpeech_const_extract_protocols.json
WriteAuxiliaryFile /Users/admin/builder/spi-builder-workspace/.derivedData/Build/Intermediates.noindex/SwiftSpeech.build/Debug-watchos/SwiftSpeech-t.build/Objects-normal/arm64_32/SwiftSpeech.SwiftConstValuesFileList (in target 'SwiftSpeech' from project 'SwiftSpeech')
    cd /Users/admin/builder/spi-builder-workspace
    write-file /Users/admin/builder/spi-builder-workspace/.derivedData/Build/Intermediates.noindex/SwiftSpeech.build/Debug-watchos/SwiftSpeech-t.build/Objects-normal/arm64_32/SwiftSpeech.SwiftConstValuesFileList
WriteAuxiliaryFile /Users/admin/builder/spi-builder-workspace/.derivedData/Build/Intermediates.noindex/SwiftSpeech.build/Debug-watchos/SwiftSpeech-t.build/Objects-normal/arm64_32/SwiftSpeech-OutputFileMap.json (in target 'SwiftSpeech' from project 'SwiftSpeech')
    cd /Users/admin/builder/spi-builder-workspace
    write-file /Users/admin/builder/spi-builder-workspace/.derivedData/Build/Intermediates.noindex/SwiftSpeech.build/Debug-watchos/SwiftSpeech-t.build/Objects-normal/arm64_32/SwiftSpeech-OutputFileMap.json
WriteAuxiliaryFile /Users/admin/builder/spi-builder-workspace/.derivedData/Build/Intermediates.noindex/SwiftSpeech.build/Debug-watchos/SwiftSpeech-t.build/Objects-normal/arm64_32/SwiftSpeech.SwiftFileList (in target 'SwiftSpeech' from project 'SwiftSpeech')
    cd /Users/admin/builder/spi-builder-workspace
    write-file /Users/admin/builder/spi-builder-workspace/.derivedData/Build/Intermediates.noindex/SwiftSpeech.build/Debug-watchos/SwiftSpeech-t.build/Objects-normal/arm64_32/SwiftSpeech.SwiftFileList
WriteAuxiliaryFile /Users/admin/builder/spi-builder-workspace/.derivedData/Build/Intermediates.noindex/SwiftSpeech.build/Debug-watchos/SwiftSpeech-t.build/Objects-normal/arm64/SwiftSpeech-OutputFileMap.json (in target 'SwiftSpeech' from project 'SwiftSpeech')
    cd /Users/admin/builder/spi-builder-workspace
    write-file /Users/admin/builder/spi-builder-workspace/.derivedData/Build/Intermediates.noindex/SwiftSpeech.build/Debug-watchos/SwiftSpeech-t.build/Objects-normal/arm64/SwiftSpeech-OutputFileMap.json
WriteAuxiliaryFile /Users/admin/builder/spi-builder-workspace/.derivedData/Build/Intermediates.noindex/SwiftSpeech.build/Debug-watchos/SwiftSpeech-t.build/Objects-normal/arm64/SwiftSpeech_const_extract_protocols.json (in target 'SwiftSpeech' from project 'SwiftSpeech')
    cd /Users/admin/builder/spi-builder-workspace
    write-file /Users/admin/builder/spi-builder-workspace/.derivedData/Build/Intermediates.noindex/SwiftSpeech.build/Debug-watchos/SwiftSpeech-t.build/Objects-normal/arm64/SwiftSpeech_const_extract_protocols.json
WriteAuxiliaryFile /Users/admin/builder/spi-builder-workspace/.derivedData/Build/Intermediates.noindex/SwiftSpeech.build/Debug-watchos/SwiftSpeech-t.build/Objects-normal/arm64_32/SwiftSpeech.LinkFileList (in target 'SwiftSpeech' from project 'SwiftSpeech')
    cd /Users/admin/builder/spi-builder-workspace
    write-file /Users/admin/builder/spi-builder-workspace/.derivedData/Build/Intermediates.noindex/SwiftSpeech.build/Debug-watchos/SwiftSpeech-t.build/Objects-normal/arm64_32/SwiftSpeech.LinkFileList
WriteAuxiliaryFile /Users/admin/builder/spi-builder-workspace/.derivedData/Build/Intermediates.noindex/SwiftSpeech.build/Debug-watchos/SwiftSpeech-t.build/Objects-normal/arm64/SwiftSpeech.SwiftFileList (in target 'SwiftSpeech' from project 'SwiftSpeech')
    cd /Users/admin/builder/spi-builder-workspace
    write-file /Users/admin/builder/spi-builder-workspace/.derivedData/Build/Intermediates.noindex/SwiftSpeech.build/Debug-watchos/SwiftSpeech-t.build/Objects-normal/arm64/SwiftSpeech.SwiftFileList
WriteAuxiliaryFile /Users/admin/builder/spi-builder-workspace/.derivedData/Build/Intermediates.noindex/SwiftSpeech.build/Debug-watchos/SwiftSpeech-t.build/Objects-normal/arm64/SwiftSpeech.SwiftConstValuesFileList (in target 'SwiftSpeech' from project 'SwiftSpeech')
    cd /Users/admin/builder/spi-builder-workspace
    write-file /Users/admin/builder/spi-builder-workspace/.derivedData/Build/Intermediates.noindex/SwiftSpeech.build/Debug-watchos/SwiftSpeech-t.build/Objects-normal/arm64/SwiftSpeech.SwiftConstValuesFileList
WriteAuxiliaryFile /Users/admin/builder/spi-builder-workspace/.derivedData/Build/Intermediates.noindex/SwiftSpeech.build/Debug-watchos/SwiftSpeech-t.build/Objects-normal/arm64/SwiftSpeech.LinkFileList (in target 'SwiftSpeech' from project 'SwiftSpeech')
    cd /Users/admin/builder/spi-builder-workspace
    write-file /Users/admin/builder/spi-builder-workspace/.derivedData/Build/Intermediates.noindex/SwiftSpeech.build/Debug-watchos/SwiftSpeech-t.build/Objects-normal/arm64/SwiftSpeech.LinkFileList
Copy /Users/admin/builder/spi-builder-workspace/.derivedData/Build/Intermediates.noindex/GeneratedModuleMaps-watchos/SwiftSpeech.modulemap /Users/admin/builder/spi-builder-workspace/.derivedData/Build/Intermediates.noindex/SwiftSpeech.build/Debug-watchos/SwiftSpeech-t.build/SwiftSpeech.modulemap (in target 'SwiftSpeech' from project 'SwiftSpeech')
    cd /Users/admin/builder/spi-builder-workspace
    builtin-copy -exclude .DS_Store -exclude CVS -exclude .svn -exclude .git -exclude .hg -resolve-src-symlinks /Users/admin/builder/spi-builder-workspace/.derivedData/Build/Intermediates.noindex/SwiftSpeech.build/Debug-watchos/SwiftSpeech-t.build/SwiftSpeech.modulemap /Users/admin/builder/spi-builder-workspace/.derivedData/Build/Intermediates.noindex/GeneratedModuleMaps-watchos
SwiftDriver SwiftSpeech normal arm64_32 com.apple.xcode.tools.swift.compiler (in target 'SwiftSpeech' from project 'SwiftSpeech')
    cd /Users/admin/builder/spi-builder-workspace/.swiftpm/xcode
    builtin-SwiftDriver -- /Applications/Xcode-27.0.0-Release.Candidate.app/Contents/Developer/Toolchains/XcodeDefault.xctoolchain/usr/bin/swiftc -parse-as-library -module-name SwiftSpeech -Onone @/Users/admin/builder/spi-builder-workspace/.derivedData/Build/Intermediates.noindex/SwiftSpeech.build/Debug-watchos/SwiftSpeech-t.build/Objects-normal/arm64_32/SwiftSpeech.SwiftFileList -DSWIFT_PACKAGE -DDEBUG -DSWIFT_MODULE_RESOURCE_BUNDLE_UNAVAILABLE -DXcode -plugin-path /Applications/Xcode-27.0.0-Release.Candidate.app/Contents/Developer/Toolchains/XcodeDefault.xctoolchain/usr/lib/swift/host/plugins/testing -enable-experimental-feature DebugDescriptionMacro -sdk /Applications/Xcode-27.0.0-Release.Candidate.app/Contents/Developer/Platforms/WatchOS.platform/Developer/SDKs/WatchOS27.0.sdk -target arm64_32-apple-watchos9.0 -g -module-cache-path /Users/admin/builder/spi-builder-workspace/.derivedData/ModuleCache.noindex -Xfrontend -serialize-debugging-options -profile-coverage-mapping -profile-generate -enable-testing -index-store-path /Users/admin/builder/spi-builder-workspace/.derivedData/Index.noindex/DataStore -Xcc -D_LIBCPP_HARDENING_MODE\=_LIBCPP_HARDENING_MODE_DEBUG -swift-version 5 -I /Users/admin/builder/spi-builder-workspace/.derivedData/Build/Products/Debug-watchos -Isystem /Applications/Xcode-27.0.0-Release.Candidate.app/Contents/Developer/Platforms/WatchOS.platform/Developer/usr/lib -F /Users/admin/builder/spi-builder-workspace/.derivedData/Build/Products/Debug-watchos -F /Applications/Xcode-27.0.0-Release.Candidate.app/Contents/Developer/Platforms/WatchOS.platform/Developer/Library/Frameworks -F /Applications/Xcode-27.0.0-Release.Candidate.app/Contents/Developer/Platforms/WatchOS.platform/Developer/SDKs/WatchOS27.0.sdk/Developer/Library/Frameworks -c -j10 -enable-batch-mode -incremental -Xcc -ivfsstatcache -Xcc /Users/admin/builder/spi-builder-workspace/.derivedData/SDKStatCaches.noindex/watchos27.0-24R360-e829b21a6f8c9b70876ba0858053c04477534ef55a1706bf4c1112bbb242f0a2.sdkstatcache -output-file-map /Users/admin/builder/spi-builder-workspace/.derivedData/Build/Intermediates.noindex/SwiftSpeech.build/Debug-watchos/SwiftSpeech-t.build/Objects-normal/arm64_32/SwiftSpeech-OutputFileMap.json -save-temps -no-color-diagnostics -explicit-module-build -module-cache-path /Users/admin/builder/spi-builder-workspace/.derivedData/Build/Intermediates.noindex/SwiftExplicitPrecompiledModules -clang-scanner-module-cache-path /Users/admin/builder/spi-builder-workspace/.derivedData/ModuleCache.noindex -sdk-module-cache-path /Users/admin/builder/spi-builder-workspace/.derivedData/SDKExplicitPrecompiledModules -emit-dependencies -emit-module -emit-module-path /Users/admin/builder/spi-builder-workspace/.derivedData/Build/Intermediates.noindex/SwiftSpeech.build/Debug-watchos/SwiftSpeech-t.build/Objects-normal/arm64_32/SwiftSpeech.swiftmodule -serialize-diagnostics -dependency-scan-serialize-diagnostics-path /Users/admin/builder/spi-builder-workspace/.derivedData/Build/Intermediates.noindex/SwiftSpeech.build/Debug-watchos/SwiftSpeech-t.build/Objects-normal/arm64_32/SwiftSpeech-dependency-scan.dia -validate-clang-modules-once -clang-build-session-file /Users/admin/builder/spi-builder-workspace/.derivedData/ModuleCache.noindex/Session.modulevalidation -Xcc -fmodules-prune-interval\=86400 -Xcc -fmodules-prune-after\=345600 -emit-const-values -const-gather-protocols-list /Users/admin/builder/spi-builder-workspace/.derivedData/Build/Intermediates.noindex/SwiftSpeech.build/Debug-watchos/SwiftSpeech-t.build/Objects-normal/arm64_32/SwiftSpeech_const_extract_protocols.json -Xcc -I/Users/admin/builder/spi-builder-workspace/.derivedData/Build/Products/Debug-watchos/include -Xcc -I/Users/admin/builder/spi-builder-workspace/.derivedData/Build/Intermediates.noindex/SwiftSpeech.build/Debug-watchos/SwiftSpeech-t.build/DerivedSources-normal/arm64_32 -Xcc -I/Users/admin/builder/spi-builder-workspace/.derivedData/Build/Intermediates.noindex/SwiftSpeech.build/Debug-watchos/SwiftSpeech-t.build/DerivedSources/arm64_32 -Xcc -I/Users/admin/builder/spi-builder-workspace/.derivedData/Build/Intermediates.noindex/SwiftSpeech.build/Debug-watchos/SwiftSpeech-t.build/DerivedSources -Xcc -DSWIFT_PACKAGE -Xcc -DDEBUG\=1 -emit-objc-header -emit-objc-header-path /Users/admin/builder/spi-builder-workspace/.derivedData/Build/Intermediates.noindex/SwiftSpeech.build/Debug-watchos/SwiftSpeech-t.build/Objects-normal/arm64_32/SwiftSpeech-Swift.h -working-directory /Users/admin/builder/spi-builder-workspace/.swiftpm/xcode -experimental-emit-module-separately -disable-cmo
/Users/admin/builder/spi-builder-workspace/Sources/SwiftSpeech/Authorization.swift:10:8: error: Unable to resolve module dependency: 'Speech' (in target 'SwiftSpeech' from project 'SwiftSpeech')
    note: A dependency of main module 'SwiftSpeech'
    /Users/admin/builder/spi-builder-workspace/Sources/SwiftSpeech/Demos.swift:10:8: note: Also imported here
    /Users/admin/builder/spi-builder-workspace/Sources/SwiftSpeech/Environments.swift:10:8: note: Also imported here
    /Users/admin/builder/spi-builder-workspace/Sources/SwiftSpeech/Extensions.swift:10:8: note: Also imported here
    /Users/admin/builder/spi-builder-workspace/Sources/SwiftSpeech/Session.swift:9:8: note: Also imported here
    /Users/admin/builder/spi-builder-workspace/Sources/SwiftSpeech/SpeechRecognizer.swift:9:8: note: Also imported here
    /Users/admin/builder/spi-builder-workspace/Sources/SwiftSpeech/ViewModifiers.swift:10:8: note: Also imported here
/Users/admin/builder/spi-builder-workspace/Sources/SwiftSpeech/Authorization.swift:10:8: note: A dependency of main module 'SwiftSpeech'
import Speech
       ^ (in target 'SwiftSpeech' from project 'SwiftSpeech')
/Users/admin/builder/spi-builder-workspace/Sources/SwiftSpeech/Demos.swift:10:8: note: Also imported here
import Speech
       ^ (in target 'SwiftSpeech' from project 'SwiftSpeech')
/Users/admin/builder/spi-builder-workspace/Sources/SwiftSpeech/Environments.swift:10:8: note: Also imported here
import Speech
       ^ (in target 'SwiftSpeech' from project 'SwiftSpeech')
/Users/admin/builder/spi-builder-workspace/Sources/SwiftSpeech/Extensions.swift:10:8: note: Also imported here
import Speech
       ^ (in target 'SwiftSpeech' from project 'SwiftSpeech')
/Users/admin/builder/spi-builder-workspace/Sources/SwiftSpeech/Session.swift:9:8: note: Also imported here
import Speech
       ^ (in target 'SwiftSpeech' from project 'SwiftSpeech')
/Users/admin/builder/spi-builder-workspace/Sources/SwiftSpeech/SpeechRecognizer.swift:9:8: note: Also imported here
import Speech
       ^ (in target 'SwiftSpeech' from project 'SwiftSpeech')
/Users/admin/builder/spi-builder-workspace/Sources/SwiftSpeech/ViewModifiers.swift:10:8: note: Also imported here
import Speech
       ^ (in target 'SwiftSpeech' from project 'SwiftSpeech')
SwiftDriver SwiftSpeech normal arm64 com.apple.xcode.tools.swift.compiler (in target 'SwiftSpeech' from project 'SwiftSpeech')
    cd /Users/admin/builder/spi-builder-workspace/.swiftpm/xcode
    builtin-SwiftDriver -- /Applications/Xcode-27.0.0-Release.Candidate.app/Contents/Developer/Toolchains/XcodeDefault.xctoolchain/usr/bin/swiftc -parse-as-library -module-name SwiftSpeech -Onone @/Users/admin/builder/spi-builder-workspace/.derivedData/Build/Intermediates.noindex/SwiftSpeech.build/Debug-watchos/SwiftSpeech-t.build/Objects-normal/arm64/SwiftSpeech.SwiftFileList -DSWIFT_PACKAGE -DDEBUG -DSWIFT_MODULE_RESOURCE_BUNDLE_UNAVAILABLE -DXcode -plugin-path /Applications/Xcode-27.0.0-Release.Candidate.app/Contents/Developer/Toolchains/XcodeDefault.xctoolchain/usr/lib/swift/host/plugins/testing -enable-experimental-feature DebugDescriptionMacro -sdk /Applications/Xcode-27.0.0-Release.Candidate.app/Contents/Developer/Platforms/WatchOS.platform/Developer/SDKs/WatchOS27.0.sdk -target arm64-apple-watchos9.0 -g -module-cache-path /Users/admin/builder/spi-builder-workspace/.derivedData/ModuleCache.noindex -Xfrontend -serialize-debugging-options -profile-coverage-mapping -profile-generate -enable-testing -index-store-path /Users/admin/builder/spi-builder-workspace/.derivedData/Index.noindex/DataStore -Xcc -D_LIBCPP_HARDENING_MODE\=_LIBCPP_HARDENING_MODE_DEBUG -swift-version 5 -I /Users/admin/builder/spi-builder-workspace/.derivedData/Build/Products/Debug-watchos -Isystem /Applications/Xcode-27.0.0-Release.Candidate.app/Contents/Developer/Platforms/WatchOS.platform/Developer/usr/lib -F /Users/admin/builder/spi-builder-workspace/.derivedData/Build/Products/Debug-watchos -F /Applications/Xcode-27.0.0-Release.Candidate.app/Contents/Developer/Platforms/WatchOS.platform/Developer/Library/Frameworks -F /Applications/Xcode-27.0.0-Release.Candidate.app/Contents/Developer/Platforms/WatchOS.platform/Developer/SDKs/WatchOS27.0.sdk/Developer/Library/Frameworks -c -j10 -enable-batch-mode -incremental -Xcc -ivfsstatcache -Xcc /Users/admin/builder/spi-builder-workspace/.derivedData/SDKStatCaches.noindex/watchos27.0-24R360-e829b21a6f8c9b70876ba0858053c04477534ef55a1706bf4c1112bbb242f0a2.sdkstatcache -output-file-map /Users/admin/builder/spi-builder-workspace/.derivedData/Build/Intermediates.noindex/SwiftSpeech.build/Debug-watchos/SwiftSpeech-t.build/Objects-normal/arm64/SwiftSpeech-OutputFileMap.json -save-temps -no-color-diagnostics -explicit-module-build -module-cache-path /Users/admin/builder/spi-builder-workspace/.derivedData/Build/Intermediates.noindex/SwiftExplicitPrecompiledModules -clang-scanner-module-cache-path /Users/admin/builder/spi-builder-workspace/.derivedData/ModuleCache.noindex -sdk-module-cache-path /Users/admin/builder/spi-builder-workspace/.derivedData/SDKExplicitPrecompiledModules -emit-dependencies -emit-module -emit-module-path /Users/admin/builder/spi-builder-workspace/.derivedData/Build/Intermediates.noindex/SwiftSpeech.build/Debug-watchos/SwiftSpeech-t.build/Objects-normal/arm64/SwiftSpeech.swiftmodule -serialize-diagnostics -dependency-scan-serialize-diagnostics-path /Users/admin/builder/spi-builder-workspace/.derivedData/Build/Intermediates.noindex/SwiftSpeech.build/Debug-watchos/SwiftSpeech-t.build/Objects-normal/arm64/SwiftSpeech-dependency-scan.dia -validate-clang-modules-once -clang-build-session-file /Users/admin/builder/spi-builder-workspace/.derivedData/ModuleCache.noindex/Session.modulevalidation -Xcc -fmodules-prune-interval\=86400 -Xcc -fmodules-prune-after\=345600 -emit-const-values -const-gather-protocols-list /Users/admin/builder/spi-builder-workspace/.derivedData/Build/Intermediates.noindex/SwiftSpeech.build/Debug-watchos/SwiftSpeech-t.build/Objects-normal/arm64/SwiftSpeech_const_extract_protocols.json -Xcc -I/Users/admin/builder/spi-builder-workspace/.derivedData/Build/Products/Debug-watchos/include -Xcc -I/Users/admin/builder/spi-builder-workspace/.derivedData/Build/Intermediates.noindex/SwiftSpeech.build/Debug-watchos/SwiftSpeech-t.build/DerivedSources-normal/arm64 -Xcc -I/Users/admin/builder/spi-builder-workspace/.derivedData/Build/Intermediates.noindex/SwiftSpeech.build/Debug-watchos/SwiftSpeech-t.build/DerivedSources/arm64 -Xcc -I/Users/admin/builder/spi-builder-workspace/.derivedData/Build/Intermediates.noindex/SwiftSpeech.build/Debug-watchos/SwiftSpeech-t.build/DerivedSources -Xcc -DSWIFT_PACKAGE -Xcc -DDEBUG\=1 -emit-objc-header -emit-objc-header-path /Users/admin/builder/spi-builder-workspace/.derivedData/Build/Intermediates.noindex/SwiftSpeech.build/Debug-watchos/SwiftSpeech-t.build/Objects-normal/arm64/SwiftSpeech-Swift.h -working-directory /Users/admin/builder/spi-builder-workspace/.swiftpm/xcode -experimental-emit-module-separately -disable-cmo
/Users/admin/builder/spi-builder-workspace/Sources/SwiftSpeech/Authorization.swift:10:8: error: Unable to resolve module dependency: 'Speech' (in target 'SwiftSpeech' from project 'SwiftSpeech')
    note: A dependency of main module 'SwiftSpeech'
    /Users/admin/builder/spi-builder-workspace/Sources/SwiftSpeech/Demos.swift:10:8: note: Also imported here
    /Users/admin/builder/spi-builder-workspace/Sources/SwiftSpeech/Environments.swift:10:8: note: Also imported here
    /Users/admin/builder/spi-builder-workspace/Sources/SwiftSpeech/Extensions.swift:10:8: note: Also imported here
    /Users/admin/builder/spi-builder-workspace/Sources/SwiftSpeech/Session.swift:9:8: note: Also imported here
    /Users/admin/builder/spi-builder-workspace/Sources/SwiftSpeech/SpeechRecognizer.swift:9:8: note: Also imported here
    /Users/admin/builder/spi-builder-workspace/Sources/SwiftSpeech/ViewModifiers.swift:10:8: note: Also imported here
/Users/admin/builder/spi-builder-workspace/Sources/SwiftSpeech/Authorization.swift:10:8: note: A dependency of main module 'SwiftSpeech'
import Speech
       ^ (in target 'SwiftSpeech' from project 'SwiftSpeech')
/Users/admin/builder/spi-builder-workspace/Sources/SwiftSpeech/Demos.swift:10:8: note: Also imported here
import Speech
       ^ (in target 'SwiftSpeech' from project 'SwiftSpeech')
/Users/admin/builder/spi-builder-workspace/Sources/SwiftSpeech/Environments.swift:10:8: note: Also imported here
import Speech
       ^ (in target 'SwiftSpeech' from project 'SwiftSpeech')
/Users/admin/builder/spi-builder-workspace/Sources/SwiftSpeech/Extensions.swift:10:8: note: Also imported here
import Speech
       ^ (in target 'SwiftSpeech' from project 'SwiftSpeech')
/Users/admin/builder/spi-builder-workspace/Sources/SwiftSpeech/Session.swift:9:8: note: Also imported here
import Speech
       ^ (in target 'SwiftSpeech' from project 'SwiftSpeech')
/Users/admin/builder/spi-builder-workspace/Sources/SwiftSpeech/SpeechRecognizer.swift:9:8: note: Also imported here
import Speech
       ^ (in target 'SwiftSpeech' from project 'SwiftSpeech')
/Users/admin/builder/spi-builder-workspace/Sources/SwiftSpeech/ViewModifiers.swift:10:8: note: Also imported here
import Speech
       ^ (in target 'SwiftSpeech' from project 'SwiftSpeech')
PruneExplicitPrecompiledModules /Users/admin/builder/spi-builder-workspace/.derivedData/Build/Intermediates.noindex/ExplicitPrecompiledModules
PruneExplicitPrecompiledModules /Users/admin/builder/spi-builder-workspace/.derivedData/Build/Intermediates.noindex/SwiftExplicitPrecompiledModules
PruneExplicitPrecompiledModules /Users/admin/builder/spi-builder-workspace/.derivedData/SDKExplicitPrecompiledModules
2026-09-17 15:47:39.440 xcodebuild[623:3971] [MT] IDERunDestination: Supported platforms for the buildables in the current scheme is empty.
** BUILD FAILED **
The following build commands failed:
	SwiftDriver SwiftSpeech normal arm64_32 com.apple.xcode.tools.swift.compiler (in target 'SwiftSpeech' from project 'SwiftSpeech')
	SwiftDriver SwiftSpeech normal arm64 com.apple.xcode.tools.swift.compiler (in target 'SwiftSpeech' from project 'SwiftSpeech')
	Building workspace SwiftSpeech with scheme SwiftSpeech
(3 failures)
Command line invocation:
    /Applications/Xcode-27.0.0-Release.Candidate.app/Contents/Developer/usr/bin/xcodebuild -IDEClonedSourcePackagesDirPathOverride=/Users/admin/builder/spi-builder-workspace/.dependencies -resolvePackageDependencies
Resolve Package Graph
Resolved source packages:
  SwiftSpeech: /Users/admin/builder/spi-builder-workspace
resolved source packages: SwiftSpeech
2026-09-17 15:47:42.910 xcodebuild[658:4375] [MT] IDERunDestination: Supported platforms for the buildables in the current scheme is empty.
{
  "dependencies" : [
  ],
  "manifest_display_name" : "SwiftSpeech",
  "name" : "SwiftSpeech",
  "path" : "/Users/admin/builder/spi-builder-workspace",
  "platforms" : [
    {
      "name" : "ios",
      "version" : "13.0"
    },
    {
      "name" : "macos",
      "version" : "10.15"
    }
  ],
  "products" : [
    {
      "name" : "SwiftSpeech",
      "targets" : [
        "SwiftSpeech"
      ],
      "type" : {
        "library" : [
          "automatic"
        ]
      }
    }
  ],
  "targets" : [
    {
      "c99name" : "SwiftSpeechTests",
      "module_type" : "SwiftTarget",
      "name" : "SwiftSpeechTests",
      "path" : "Tests/SwiftSpeechTests",
      "sources" : [
        "SwiftSpeechTests.swift",
        "XCTestManifests.swift"
      ],
      "target_dependencies" : [
        "SwiftSpeech"
      ],
      "type" : "test"
    },
    {
      "c99name" : "SwiftSpeech",
      "module_type" : "SwiftTarget",
      "name" : "SwiftSpeech",
      "path" : "Sources/SwiftSpeech",
      "product_memberships" : [
        "SwiftSpeech"
      ],
      "sources" : [
        "Authorization.swift",
        "Demos.swift",
        "Environments.swift",
        "Extensions.swift",
        "LibraryContent.swift",
        "RecordButton.swift",
        "Session.swift",
        "SpeechRecognizer.swift",
        "SwiftSpeech.swift",
        "ViewModifiers.swift"
      ],
      "type" : "library"
    }
  ],
  "tools_version" : "5.1"
}
{
  "workspace" : {
    "name" : "SwiftSpeech",
    "schemes" : [
      "SwiftSpeech"
    ]
  }
}
2026-09-17 15:47:44.147 xcodebuild[671:4476] [MT] IDERunDestination: Supported platforms for the buildables in the current scheme is empty.
Running build ...
env DEVELOPER_DIR=/Applications/Xcode-27.0.0-Release.Candidate.app xcrun xcodebuild -IDEClonedSourcePackagesDirPathOverride=$PWD/.dependencies -skipMacroValidation -skipPackagePluginValidation -derivedDataPath $PWD/.derivedData build -scheme SwiftSpeech -destination generic/platform=watchOS
Command line invocation:
    /Applications/Xcode-27.0.0-Release.Candidate.app/Contents/Developer/usr/bin/xcodebuild -IDEClonedSourcePackagesDirPathOverride=/Users/admin/builder/spi-builder-workspace/.dependencies -skipMacroValidation -skipPackagePluginValidation -derivedDataPath /Users/admin/builder/spi-builder-workspace/.derivedData build -scheme SwiftSpeech -destination generic/platform=watchOS
Resolve Package Graph
Resolved source packages:
  SwiftSpeech: /Users/admin/builder/spi-builder-workspace
ComputePackagePrebuildTargetDependencyGraph
Prepare packages
CreateBuildRequest
SendProjectDescription
CreateBuildOperation
ComputeTargetDependencyGraph
note: Building targets in dependency order
note: Target dependency graph (2 targets)
    Target 'SwiftSpeech-product' in project 'SwiftSpeech'
        ➜ Explicit dependency on target 'SwiftSpeech' in project 'SwiftSpeech'
    Target 'SwiftSpeech' in project 'SwiftSpeech' (no dependencies)
GatherProvisioningInputs
CreateBuildDescription
ClangStatCache /Applications/Xcode-27.0.0-Release.Candidate.app/Contents/Developer/Toolchains/XcodeDefault.xctoolchain/usr/bin/clang-stat-cache /Applications/Xcode-27.0.0-Release.Candidate.app/Contents/Developer/Platforms/WatchOS.platform/Developer/SDKs/WatchOS27.0.sdk /Users/admin/builder/spi-builder-workspace/.derivedData/SDKStatCaches.noindex/watchos27.0-24R360-e829b21a6f8c9b70876ba0858053c04477534ef55a1706bf4c1112bbb242f0a2.sdkstatcache
    cd /Users/admin/builder/spi-builder-workspace/.swiftpm/xcode
    /Applications/Xcode-27.0.0-Release.Candidate.app/Contents/Developer/Toolchains/XcodeDefault.xctoolchain/usr/bin/clang-stat-cache /Applications/Xcode-27.0.0-Release.Candidate.app/Contents/Developer/Platforms/WatchOS.platform/Developer/SDKs/WatchOS27.0.sdk -o /Users/admin/builder/spi-builder-workspace/.derivedData/SDKStatCaches.noindex/watchos27.0-24R360-e829b21a6f8c9b70876ba0858053c04477534ef55a1706bf4c1112bbb242f0a2.sdkstatcache
SwiftDriver SwiftSpeech normal arm64_32 com.apple.xcode.tools.swift.compiler (in target 'SwiftSpeech' from project 'SwiftSpeech')
    cd /Users/admin/builder/spi-builder-workspace/.swiftpm/xcode
    builtin-SwiftDriver -- /Applications/Xcode-27.0.0-Release.Candidate.app/Contents/Developer/Toolchains/XcodeDefault.xctoolchain/usr/bin/swiftc -parse-as-library -module-name SwiftSpeech -Onone @/Users/admin/builder/spi-builder-workspace/.derivedData/Build/Intermediates.noindex/SwiftSpeech.build/Debug-watchos/SwiftSpeech-t.build/Objects-normal/arm64_32/SwiftSpeech.SwiftFileList -DSWIFT_PACKAGE -DDEBUG -DSWIFT_MODULE_RESOURCE_BUNDLE_UNAVAILABLE -DXcode -plugin-path /Applications/Xcode-27.0.0-Release.Candidate.app/Contents/Developer/Toolchains/XcodeDefault.xctoolchain/usr/lib/swift/host/plugins/testing -enable-experimental-feature DebugDescriptionMacro -sdk /Applications/Xcode-27.0.0-Release.Candidate.app/Contents/Developer/Platforms/WatchOS.platform/Developer/SDKs/WatchOS27.0.sdk -target arm64_32-apple-watchos9.0 -g -module-cache-path /Users/admin/builder/spi-builder-workspace/.derivedData/ModuleCache.noindex -Xfrontend -serialize-debugging-options -profile-coverage-mapping -profile-generate -enable-testing -index-store-path /Users/admin/builder/spi-builder-workspace/.derivedData/Index.noindex/DataStore -Xcc -D_LIBCPP_HARDENING_MODE\=_LIBCPP_HARDENING_MODE_DEBUG -swift-version 5 -I /Users/admin/builder/spi-builder-workspace/.derivedData/Build/Products/Debug-watchos -Isystem /Applications/Xcode-27.0.0-Release.Candidate.app/Contents/Developer/Platforms/WatchOS.platform/Developer/usr/lib -F /Users/admin/builder/spi-builder-workspace/.derivedData/Build/Products/Debug-watchos -F /Applications/Xcode-27.0.0-Release.Candidate.app/Contents/Developer/Platforms/WatchOS.platform/Developer/Library/Frameworks -F /Applications/Xcode-27.0.0-Release.Candidate.app/Contents/Developer/Platforms/WatchOS.platform/Developer/SDKs/WatchOS27.0.sdk/Developer/Library/Frameworks -c -j10 -enable-batch-mode -incremental -Xcc -ivfsstatcache -Xcc /Users/admin/builder/spi-builder-workspace/.derivedData/SDKStatCaches.noindex/watchos27.0-24R360-e829b21a6f8c9b70876ba0858053c04477534ef55a1706bf4c1112bbb242f0a2.sdkstatcache -output-file-map /Users/admin/builder/spi-builder-workspace/.derivedData/Build/Intermediates.noindex/SwiftSpeech.build/Debug-watchos/SwiftSpeech-t.build/Objects-normal/arm64_32/SwiftSpeech-OutputFileMap.json -save-temps -no-color-diagnostics -explicit-module-build -module-cache-path /Users/admin/builder/spi-builder-workspace/.derivedData/Build/Intermediates.noindex/SwiftExplicitPrecompiledModules -clang-scanner-module-cache-path /Users/admin/builder/spi-builder-workspace/.derivedData/ModuleCache.noindex -sdk-module-cache-path /Users/admin/builder/spi-builder-workspace/.derivedData/SDKExplicitPrecompiledModules -emit-dependencies -emit-module -emit-module-path /Users/admin/builder/spi-builder-workspace/.derivedData/Build/Intermediates.noindex/SwiftSpeech.build/Debug-watchos/SwiftSpeech-t.build/Objects-normal/arm64_32/SwiftSpeech.swiftmodule -serialize-diagnostics -dependency-scan-serialize-diagnostics-path /Users/admin/builder/spi-builder-workspace/.derivedData/Build/Intermediates.noindex/SwiftSpeech.build/Debug-watchos/SwiftSpeech-t.build/Objects-normal/arm64_32/SwiftSpeech-dependency-scan.dia -validate-clang-modules-once -clang-build-session-file /Users/admin/builder/spi-builder-workspace/.derivedData/ModuleCache.noindex/Session.modulevalidation -Xcc -fmodules-prune-interval\=86400 -Xcc -fmodules-prune-after\=345600 -emit-const-values -const-gather-protocols-list /Users/admin/builder/spi-builder-workspace/.derivedData/Build/Intermediates.noindex/SwiftSpeech.build/Debug-watchos/SwiftSpeech-t.build/Objects-normal/arm64_32/SwiftSpeech_const_extract_protocols.json -Xcc -I/Users/admin/builder/spi-builder-workspace/.derivedData/Build/Products/Debug-watchos/include -Xcc -I/Users/admin/builder/spi-builder-workspace/.derivedData/Build/Intermediates.noindex/SwiftSpeech.build/Debug-watchos/SwiftSpeech-t.build/DerivedSources-normal/arm64_32 -Xcc -I/Users/admin/builder/spi-builder-workspace/.derivedData/Build/Intermediates.noindex/SwiftSpeech.build/Debug-watchos/SwiftSpeech-t.build/DerivedSources/arm64_32 -Xcc -I/Users/admin/builder/spi-builder-workspace/.derivedData/Build/Intermediates.noindex/SwiftSpeech.build/Debug-watchos/SwiftSpeech-t.build/DerivedSources -Xcc -DSWIFT_PACKAGE -Xcc -DDEBUG\=1 -emit-objc-header -emit-objc-header-path /Users/admin/builder/spi-builder-workspace/.derivedData/Build/Intermediates.noindex/SwiftSpeech.build/Debug-watchos/SwiftSpeech-t.build/Objects-normal/arm64_32/SwiftSpeech-Swift.h -working-directory /Users/admin/builder/spi-builder-workspace/.swiftpm/xcode -experimental-emit-module-separately -disable-cmo
/Users/admin/builder/spi-builder-workspace/Sources/SwiftSpeech/Authorization.swift:10:8: error: Unable to resolve module dependency: 'Speech' (in target 'SwiftSpeech' from project 'SwiftSpeech')
    note: A dependency of main module 'SwiftSpeech'
    /Users/admin/builder/spi-builder-workspace/Sources/SwiftSpeech/Demos.swift:10:8: note: Also imported here
    /Users/admin/builder/spi-builder-workspace/Sources/SwiftSpeech/Environments.swift:10:8: note: Also imported here
    /Users/admin/builder/spi-builder-workspace/Sources/SwiftSpeech/Extensions.swift:10:8: note: Also imported here
    /Users/admin/builder/spi-builder-workspace/Sources/SwiftSpeech/Session.swift:9:8: note: Also imported here
    /Users/admin/builder/spi-builder-workspace/Sources/SwiftSpeech/SpeechRecognizer.swift:9:8: note: Also imported here
    /Users/admin/builder/spi-builder-workspace/Sources/SwiftSpeech/ViewModifiers.swift:10:8: note: Also imported here
/Users/admin/builder/spi-builder-workspace/Sources/SwiftSpeech/Authorization.swift:10:8: note: A dependency of main module 'SwiftSpeech'
import Speech
       ^ (in target 'SwiftSpeech' from project 'SwiftSpeech')
/Users/admin/builder/spi-builder-workspace/Sources/SwiftSpeech/Demos.swift:10:8: note: Also imported here
import Speech
       ^ (in target 'SwiftSpeech' from project 'SwiftSpeech')
/Users/admin/builder/spi-builder-workspace/Sources/SwiftSpeech/Environments.swift:10:8: note: Also imported here
import Speech
       ^ (in target 'SwiftSpeech' from project 'SwiftSpeech')
/Users/admin/builder/spi-builder-workspace/Sources/SwiftSpeech/Extensions.swift:10:8: note: Also imported here
import Speech
       ^ (in target 'SwiftSpeech' from project 'SwiftSpeech')
/Users/admin/builder/spi-builder-workspace/Sources/SwiftSpeech/Session.swift:9:8: note: Also imported here
import Speech
       ^ (in target 'SwiftSpeech' from project 'SwiftSpeech')
/Users/admin/builder/spi-builder-workspace/Sources/SwiftSpeech/SpeechRecognizer.swift:9:8: note: Also imported here
import Speech
       ^ (in target 'SwiftSpeech' from project 'SwiftSpeech')
/Users/admin/builder/spi-builder-workspace/Sources/SwiftSpeech/ViewModifiers.swift:10:8: note: Also imported here
import Speech
       ^ (in target 'SwiftSpeech' from project 'SwiftSpeech')
SwiftDriver SwiftSpeech normal arm64 com.apple.xcode.tools.swift.compiler (in target 'SwiftSpeech' from project 'SwiftSpeech')
    cd /Users/admin/builder/spi-builder-workspace/.swiftpm/xcode
    builtin-SwiftDriver -- /Applications/Xcode-27.0.0-Release.Candidate.app/Contents/Developer/Toolchains/XcodeDefault.xctoolchain/usr/bin/swiftc -parse-as-library -module-name SwiftSpeech -Onone @/Users/admin/builder/spi-builder-workspace/.derivedData/Build/Intermediates.noindex/SwiftSpeech.build/Debug-watchos/SwiftSpeech-t.build/Objects-normal/arm64/SwiftSpeech.SwiftFileList -DSWIFT_PACKAGE -DDEBUG -DSWIFT_MODULE_RESOURCE_BUNDLE_UNAVAILABLE -DXcode -plugin-path /Applications/Xcode-27.0.0-Release.Candidate.app/Contents/Developer/Toolchains/XcodeDefault.xctoolchain/usr/lib/swift/host/plugins/testing -enable-experimental-feature DebugDescriptionMacro -sdk /Applications/Xcode-27.0.0-Release.Candidate.app/Contents/Developer/Platforms/WatchOS.platform/Developer/SDKs/WatchOS27.0.sdk -target arm64-apple-watchos9.0 -g -module-cache-path /Users/admin/builder/spi-builder-workspace/.derivedData/ModuleCache.noindex -Xfrontend -serialize-debugging-options -profile-coverage-mapping -profile-generate -enable-testing -index-store-path /Users/admin/builder/spi-builder-workspace/.derivedData/Index.noindex/DataStore -Xcc -D_LIBCPP_HARDENING_MODE\=_LIBCPP_HARDENING_MODE_DEBUG -swift-version 5 -I /Users/admin/builder/spi-builder-workspace/.derivedData/Build/Products/Debug-watchos -Isystem /Applications/Xcode-27.0.0-Release.Candidate.app/Contents/Developer/Platforms/WatchOS.platform/Developer/usr/lib -F /Users/admin/builder/spi-builder-workspace/.derivedData/Build/Products/Debug-watchos -F /Applications/Xcode-27.0.0-Release.Candidate.app/Contents/Developer/Platforms/WatchOS.platform/Developer/Library/Frameworks -F /Applications/Xcode-27.0.0-Release.Candidate.app/Contents/Developer/Platforms/WatchOS.platform/Developer/SDKs/WatchOS27.0.sdk/Developer/Library/Frameworks -c -j10 -enable-batch-mode -incremental -Xcc -ivfsstatcache -Xcc /Users/admin/builder/spi-builder-workspace/.derivedData/SDKStatCaches.noindex/watchos27.0-24R360-e829b21a6f8c9b70876ba0858053c04477534ef55a1706bf4c1112bbb242f0a2.sdkstatcache -output-file-map /Users/admin/builder/spi-builder-workspace/.derivedData/Build/Intermediates.noindex/SwiftSpeech.build/Debug-watchos/SwiftSpeech-t.build/Objects-normal/arm64/SwiftSpeech-OutputFileMap.json -save-temps -no-color-diagnostics -explicit-module-build -module-cache-path /Users/admin/builder/spi-builder-workspace/.derivedData/Build/Intermediates.noindex/SwiftExplicitPrecompiledModules -clang-scanner-module-cache-path /Users/admin/builder/spi-builder-workspace/.derivedData/ModuleCache.noindex -sdk-module-cache-path /Users/admin/builder/spi-builder-workspace/.derivedData/SDKExplicitPrecompiledModules -emit-dependencies -emit-module -emit-module-path /Users/admin/builder/spi-builder-workspace/.derivedData/Build/Intermediates.noindex/SwiftSpeech.build/Debug-watchos/SwiftSpeech-t.build/Objects-normal/arm64/SwiftSpeech.swiftmodule -serialize-diagnostics -dependency-scan-serialize-diagnostics-path /Users/admin/builder/spi-builder-workspace/.derivedData/Build/Intermediates.noindex/SwiftSpeech.build/Debug-watchos/SwiftSpeech-t.build/Objects-normal/arm64/SwiftSpeech-dependency-scan.dia -validate-clang-modules-once -clang-build-session-file /Users/admin/builder/spi-builder-workspace/.derivedData/ModuleCache.noindex/Session.modulevalidation -Xcc -fmodules-prune-interval\=86400 -Xcc -fmodules-prune-after\=345600 -emit-const-values -const-gather-protocols-list /Users/admin/builder/spi-builder-workspace/.derivedData/Build/Intermediates.noindex/SwiftSpeech.build/Debug-watchos/SwiftSpeech-t.build/Objects-normal/arm64/SwiftSpeech_const_extract_protocols.json -Xcc -I/Users/admin/builder/spi-builder-workspace/.derivedData/Build/Products/Debug-watchos/include -Xcc -I/Users/admin/builder/spi-builder-workspace/.derivedData/Build/Intermediates.noindex/SwiftSpeech.build/Debug-watchos/SwiftSpeech-t.build/DerivedSources-normal/arm64 -Xcc -I/Users/admin/builder/spi-builder-workspace/.derivedData/Build/Intermediates.noindex/SwiftSpeech.build/Debug-watchos/SwiftSpeech-t.build/DerivedSources/arm64 -Xcc -I/Users/admin/builder/spi-builder-workspace/.derivedData/Build/Intermediates.noindex/SwiftSpeech.build/Debug-watchos/SwiftSpeech-t.build/DerivedSources -Xcc -DSWIFT_PACKAGE -Xcc -DDEBUG\=1 -emit-objc-header -emit-objc-header-path /Users/admin/builder/spi-builder-workspace/.derivedData/Build/Intermediates.noindex/SwiftSpeech.build/Debug-watchos/SwiftSpeech-t.build/Objects-normal/arm64/SwiftSpeech-Swift.h -working-directory /Users/admin/builder/spi-builder-workspace/.swiftpm/xcode -experimental-emit-module-separately -disable-cmo
/Users/admin/builder/spi-builder-workspace/Sources/SwiftSpeech/Authorization.swift:10:8: error: Unable to resolve module dependency: 'Speech' (in target 'SwiftSpeech' from project 'SwiftSpeech')
    note: A dependency of main module 'SwiftSpeech'
    /Users/admin/builder/spi-builder-workspace/Sources/SwiftSpeech/Demos.swift:10:8: note: Also imported here
    /Users/admin/builder/spi-builder-workspace/Sources/SwiftSpeech/Environments.swift:10:8: note: Also imported here
    /Users/admin/builder/spi-builder-workspace/Sources/SwiftSpeech/Extensions.swift:10:8: note: Also imported here
    /Users/admin/builder/spi-builder-workspace/Sources/SwiftSpeech/Session.swift:9:8: note: Also imported here
    /Users/admin/builder/spi-builder-workspace/Sources/SwiftSpeech/SpeechRecognizer.swift:9:8: note: Also imported here
    /Users/admin/builder/spi-builder-workspace/Sources/SwiftSpeech/ViewModifiers.swift:10:8: note: Also imported here
/Users/admin/builder/spi-builder-workspace/Sources/SwiftSpeech/Authorization.swift:10:8: note: A dependency of main module 'SwiftSpeech'
import Speech
       ^ (in target 'SwiftSpeech' from project 'SwiftSpeech')
/Users/admin/builder/spi-builder-workspace/Sources/SwiftSpeech/Demos.swift:10:8: note: Also imported here
import Speech
       ^ (in target 'SwiftSpeech' from project 'SwiftSpeech')
/Users/admin/builder/spi-builder-workspace/Sources/SwiftSpeech/Environments.swift:10:8: note: Also imported here
import Speech
       ^ (in target 'SwiftSpeech' from project 'SwiftSpeech')
/Users/admin/builder/spi-builder-workspace/Sources/SwiftSpeech/Extensions.swift:10:8: note: Also imported here
import Speech
       ^ (in target 'SwiftSpeech' from project 'SwiftSpeech')
/Users/admin/builder/spi-builder-workspace/Sources/SwiftSpeech/Session.swift:9:8: note: Also imported here
import Speech
       ^ (in target 'SwiftSpeech' from project 'SwiftSpeech')
/Users/admin/builder/spi-builder-workspace/Sources/SwiftSpeech/SpeechRecognizer.swift:9:8: note: Also imported here
import Speech
       ^ (in target 'SwiftSpeech' from project 'SwiftSpeech')
/Users/admin/builder/spi-builder-workspace/Sources/SwiftSpeech/ViewModifiers.swift:10:8: note: Also imported here
import Speech
       ^ (in target 'SwiftSpeech' from project 'SwiftSpeech')
PruneExplicitPrecompiledModules /Users/admin/builder/spi-builder-workspace/.derivedData/Build/Intermediates.noindex/ExplicitPrecompiledModules
PruneExplicitPrecompiledModules /Users/admin/builder/spi-builder-workspace/.derivedData/Build/Intermediates.noindex/SwiftExplicitPrecompiledModules
PruneExplicitPrecompiledModules /Users/admin/builder/spi-builder-workspace/.derivedData/SDKExplicitPrecompiledModules
2026-09-17 15:47:45.136 xcodebuild[672:4501] [MT] IDERunDestination: Supported platforms for the buildables in the current scheme is empty.
** BUILD FAILED **
The following build commands failed:
	SwiftDriver SwiftSpeech normal arm64_32 com.apple.xcode.tools.swift.compiler (in target 'SwiftSpeech' from project 'SwiftSpeech')
	SwiftDriver SwiftSpeech normal arm64 com.apple.xcode.tools.swift.compiler (in target 'SwiftSpeech' from project 'SwiftSpeech')
	Building workspace SwiftSpeech with scheme SwiftSpeech
(3 failures)
BUILD FAILURE 6.4 watchOS