Build Information
Failed to build SwiftStack, reference 0.6.0 (3ed8ed), with Swift 6.4 for watchOS using Xcode 27.0 on 17 Sep 2026 05:07:19 UTC.
Build Command
env DEVELOPER_DIR=/Applications/Xcode-27.0.0-Release.Candidate.app xcrun xcodebuild -IDEClonedSourcePackagesDirPathOverride=$PWD/.dependencies -skipMacroValidation -skipPackagePluginValidation -derivedDataPath $PWD/.derivedData build -scheme SwiftStack -destination generic/platform=watchOSBuild Log
========================================
RunAll
========================================
Builder version: 5.1.0
Interrupt handler set up.
========================================
Checkout
========================================
Clone URL: https://github.com/sobotics/swiftstack.git
Reference: 0.6.0
Initialized empty Git repository in /Users/admin/builder/spi-builder-workspace/.git/
From https://github.com/sobotics/swiftstack
* tag 0.6.0 -> FETCH_HEAD
HEAD is now at 3ed8edd [tests] import FoundationNetworking
Cloned https://github.com/sobotics/swiftstack.git
Revision (git rev-parse @):
3ed8eddf8bcf3984d8e7a8b9890802b544f4ef28
SUCCESS checkout https://github.com/sobotics/swiftstack.git at 0.6.0
========================================
Build
========================================
Selected platform: watchOS
Swift version: 6.4
Building package at path: $PWD
https://github.com/sobotics/swiftstack.git
Command line invocation:
/Applications/Xcode-27.0.0-Release.Candidate.app/Contents/Developer/usr/bin/xcodebuild -IDEClonedSourcePackagesDirPathOverride=/Users/admin/builder/spi-builder-workspace/.dependencies -resolvePackageDependencies
Resolve Package Graph
Resolve Package Graph
Resolved source packages:
SwiftStack: /Users/admin/builder/spi-builder-workspace
resolved source packages: SwiftStack
2026-09-17 01:06:27.364 xcodebuild[529:3050] [MT] IDERunDestination: Supported platforms for the buildables in the current scheme is empty.
{
"dependencies" : [
],
"manifest_display_name" : "SwiftStack",
"name" : "SwiftStack",
"path" : "/Users/admin/builder/spi-builder-workspace",
"platforms" : [
],
"products" : [
{
"name" : "SwiftStack",
"targets" : [
"SwiftStack"
],
"type" : {
"library" : [
"automatic"
]
}
}
],
"targets" : [
{
"c99name" : "SwiftStackTests",
"module_type" : "SwiftTarget",
"name" : "SwiftStackTests",
"path" : "Tests/SwiftStackTests",
"sources" : [
"APITests.swift",
"AnswersTests.swift",
"BasicRequestTests.swift",
"JsonHelperTests.swift",
"PostTests.swift",
"PrivilegesTests.swift",
"QuestionTests.swift",
"SiteTests.swift",
"UserTests.swift"
],
"target_dependencies" : [
"SwiftStack"
],
"type" : "test"
},
{
"c99name" : "SwiftStack",
"module_type" : "SwiftTarget",
"name" : "SwiftStack",
"path" : "Sources/SwiftStack",
"product_memberships" : [
"SwiftStack"
],
"sources" : [
"APIClient.swift",
"APIResponse.swift",
"Answer.swift",
"BadgeCount.swift",
"Comment.swift",
"Content.swift",
"DictionaryConvertible.swift",
"JsonConvertible.swift",
"JsonHelper.swift",
"Post.swift",
"Privilege.swift",
"Question.swift",
"RequestsAnswers.swift",
"RequestsPrivileges.swift",
"RequestsQuestions.swift",
"RequestsRevisions.swift",
"RequestsSites.swift",
"RequestsSuggestedEdits.swift",
"Revision.swift",
"Site.swift",
"String+HTMLEntities.swift",
"StringRepresentable.swift",
"SuggestedEdit.swift",
"User.swift"
],
"type" : "library"
}
],
"tools_version" : "4.0"
}
{
"workspace" : {
"name" : "SwiftStack",
"schemes" : [
"SwiftStack"
]
}
}
2026-09-17 01:07:08.507 xcodebuild[650:4186] [MT] IDERunDestination: Supported platforms for the buildables in the current scheme is empty.
Running build ...
env DEVELOPER_DIR=/Applications/Xcode-27.0.0-Release.Candidate.app xcrun xcodebuild -IDEClonedSourcePackagesDirPathOverride=$PWD/.dependencies -skipMacroValidation -skipPackagePluginValidation -derivedDataPath $PWD/.derivedData build -scheme SwiftStack -destination generic/platform=watchOS
Command line invocation:
/Applications/Xcode-27.0.0-Release.Candidate.app/Contents/Developer/usr/bin/xcodebuild -IDEClonedSourcePackagesDirPathOverride=/Users/admin/builder/spi-builder-workspace/.dependencies -skipMacroValidation -skipPackagePluginValidation -derivedDataPath /Users/admin/builder/spi-builder-workspace/.derivedData build -scheme SwiftStack -destination generic/platform=watchOS
Resolve Package Graph
Resolved source packages:
SwiftStack: /Users/admin/builder/spi-builder-workspace
ComputePackagePrebuildTargetDependencyGraph
Prepare packages
CreateBuildRequest
SendProjectDescription
CreateBuildOperation
ComputeTargetDependencyGraph
note: Building targets in dependency order
note: Target dependency graph (2 targets)
Target 'SwiftStack-product' in project 'SwiftStack'
➜ Explicit dependency on target 'SwiftStack' in project 'SwiftStack'
Target 'SwiftStack' in project 'SwiftStack' (no dependencies)
GatherProvisioningInputs
CreateBuildDescription
ExecuteExternalTool /Applications/Xcode-27.0.0-Release.Candidate.app/Contents/Developer/Toolchains/XcodeDefault.xctoolchain/usr/bin/clang -v -E -dM -isysroot /Applications/Xcode-27.0.0-Release.Candidate.app/Contents/Developer/Platforms/WatchOS.platform/Developer/SDKs/WatchOS27.0.sdk -x c -c /dev/null
ExecuteExternalTool /Applications/Xcode-27.0.0-Release.Candidate.app/Contents/Developer/Toolchains/XcodeDefault.xctoolchain/usr/bin/swiftc --version
ExecuteExternalTool /Applications/Xcode-27.0.0-Release.Candidate.app/Contents/Developer/Toolchains/XcodeDefault.xctoolchain/usr/bin/ld -version_details
Build description signature: 463834c909c8cc3b16f0eedcf49823d7
Build description path: /Users/admin/builder/spi-builder-workspace/.derivedData/Build/Intermediates.noindex/XCBuildData/463834c909c8cc3b16f0eedcf49823d7.xcbuilddata
CreateBuildDirectory /Users/admin/builder/spi-builder-workspace/.derivedData/SDKExplicitPrecompiledModules
cd /Users/admin/builder/spi-builder-workspace/.swiftpm/xcode
builtin-create-build-directory /Users/admin/builder/spi-builder-workspace/.derivedData/SDKExplicitPrecompiledModules
CreateBuildDirectory /Users/admin/builder/spi-builder-workspace/.derivedData/CompilationCache.noindex
cd /Users/admin/builder/spi-builder-workspace/.swiftpm/xcode
builtin-create-build-directory /Users/admin/builder/spi-builder-workspace/.derivedData/CompilationCache.noindex
CreateBuildDirectory /Users/admin/builder/spi-builder-workspace/.derivedData/ModuleCache.noindex
cd /Users/admin/builder/spi-builder-workspace/.swiftpm/xcode
builtin-create-build-directory /Users/admin/builder/spi-builder-workspace/.derivedData/ModuleCache.noindex
ClangStatCache /Applications/Xcode-27.0.0-Release.Candidate.app/Contents/Developer/Toolchains/XcodeDefault.xctoolchain/usr/bin/clang-stat-cache /Applications/Xcode-27.0.0-Release.Candidate.app/Contents/Developer/Platforms/WatchOS.platform/Developer/SDKs/WatchOS27.0.sdk /Users/admin/builder/spi-builder-workspace/.derivedData/SDKStatCaches.noindex/watchos27.0-24R360-e829b21a6f8c9b70876ba0858053c04477534ef55a1706bf4c1112bbb242f0a2.sdkstatcache
cd /Users/admin/builder/spi-builder-workspace/.swiftpm/xcode
/Applications/Xcode-27.0.0-Release.Candidate.app/Contents/Developer/Toolchains/XcodeDefault.xctoolchain/usr/bin/clang-stat-cache /Applications/Xcode-27.0.0-Release.Candidate.app/Contents/Developer/Platforms/WatchOS.platform/Developer/SDKs/WatchOS27.0.sdk -o /Users/admin/builder/spi-builder-workspace/.derivedData/SDKStatCaches.noindex/watchos27.0-24R360-e829b21a6f8c9b70876ba0858053c04477534ef55a1706bf4c1112bbb242f0a2.sdkstatcache
CreateBuildDirectory /Users/admin/builder/spi-builder-workspace/.derivedData/Build/Intermediates.noindex
cd /Users/admin/builder/spi-builder-workspace/.swiftpm/xcode
builtin-create-build-directory /Users/admin/builder/spi-builder-workspace/.derivedData/Build/Intermediates.noindex
CreateBuildDirectory /Users/admin/builder/spi-builder-workspace/.derivedData/Build/Products
cd /Users/admin/builder/spi-builder-workspace/.swiftpm/xcode
builtin-create-build-directory /Users/admin/builder/spi-builder-workspace/.derivedData/Build/Products
CreateBuildDirectory /Users/admin/builder/spi-builder-workspace/.derivedData/Build/Intermediates.noindex/SwiftExplicitPrecompiledModules
cd /Users/admin/builder/spi-builder-workspace/.swiftpm/xcode
builtin-create-build-directory /Users/admin/builder/spi-builder-workspace/.derivedData/Build/Intermediates.noindex/SwiftExplicitPrecompiledModules
CreateBuildDirectory /Users/admin/builder/spi-builder-workspace/.derivedData/Build/Intermediates.noindex/PrecompiledHeaders
cd /Users/admin/builder/spi-builder-workspace/.swiftpm/xcode
builtin-create-build-directory /Users/admin/builder/spi-builder-workspace/.derivedData/Build/Intermediates.noindex/PrecompiledHeaders
CreateBuildDirectory /Users/admin/builder/spi-builder-workspace/.derivedData/Build/Intermediates.noindex/ExplicitPrecompiledModules
cd /Users/admin/builder/spi-builder-workspace/.swiftpm/xcode
builtin-create-build-directory /Users/admin/builder/spi-builder-workspace/.derivedData/Build/Intermediates.noindex/ExplicitPrecompiledModules
CreateBuildDirectory /Users/admin/builder/spi-builder-workspace/.derivedData/Build/Intermediates.noindex/EagerLinkingTBDs/Debug-watchos
cd /Users/admin/builder/spi-builder-workspace/.swiftpm/xcode
builtin-create-build-directory /Users/admin/builder/spi-builder-workspace/.derivedData/Build/Intermediates.noindex/EagerLinkingTBDs/Debug-watchos
CreateBuildDirectory /Users/admin/builder/spi-builder-workspace/.derivedData/Build/Products/Debug-watchos
cd /Users/admin/builder/spi-builder-workspace/.swiftpm/xcode
builtin-create-build-directory /Users/admin/builder/spi-builder-workspace/.derivedData/Build/Products/Debug-watchos
CreateBuildDirectory /Users/admin/builder/spi-builder-workspace/.derivedData/Build/Products/Debug-watchos/PackageFrameworks
cd /Users/admin/builder/spi-builder-workspace/.swiftpm/xcode
builtin-create-build-directory /Users/admin/builder/spi-builder-workspace/.derivedData/Build/Products/Debug-watchos/PackageFrameworks
WriteAuxiliaryFile /Users/admin/builder/spi-builder-workspace/.derivedData/Build/Intermediates.noindex/SwiftStack.build/Debug-watchos/SwiftStack-t.build/SwiftStack.DependencyStaticMetadataFileList (in target 'SwiftStack' from project 'SwiftStack')
cd /Users/admin/builder/spi-builder-workspace
write-file /Users/admin/builder/spi-builder-workspace/.derivedData/Build/Intermediates.noindex/SwiftStack.build/Debug-watchos/SwiftStack-t.build/SwiftStack.DependencyStaticMetadataFileList
WriteAuxiliaryFile /Users/admin/builder/spi-builder-workspace/.derivedData/Build/Intermediates.noindex/SwiftStack.build/Debug-watchos/SwiftStack-t.build/SwiftStack.modulemap (in target 'SwiftStack' from project 'SwiftStack')
cd /Users/admin/builder/spi-builder-workspace
write-file /Users/admin/builder/spi-builder-workspace/.derivedData/Build/Intermediates.noindex/SwiftStack.build/Debug-watchos/SwiftStack-t.build/SwiftStack.modulemap
WriteAuxiliaryFile /Users/admin/builder/spi-builder-workspace/.derivedData/Build/Intermediates.noindex/SwiftStack.build/Debug-watchos/SwiftStack-t.build/SwiftStack.DependencyMetadataFileList (in target 'SwiftStack' from project 'SwiftStack')
cd /Users/admin/builder/spi-builder-workspace
write-file /Users/admin/builder/spi-builder-workspace/.derivedData/Build/Intermediates.noindex/SwiftStack.build/Debug-watchos/SwiftStack-t.build/SwiftStack.DependencyMetadataFileList
WriteAuxiliaryFile /Users/admin/builder/spi-builder-workspace/.derivedData/Build/Intermediates.noindex/SwiftStack.build/Debug-watchos/SwiftStack-t.build/Objects-normal/arm64/SwiftStack_const_extract_protocols.json (in target 'SwiftStack' from project 'SwiftStack')
cd /Users/admin/builder/spi-builder-workspace
write-file /Users/admin/builder/spi-builder-workspace/.derivedData/Build/Intermediates.noindex/SwiftStack.build/Debug-watchos/SwiftStack-t.build/Objects-normal/arm64/SwiftStack_const_extract_protocols.json
WriteAuxiliaryFile /Users/admin/builder/spi-builder-workspace/.derivedData/Build/Intermediates.noindex/SwiftStack.build/Debug-watchos/SwiftStack-t.build/Objects-normal/arm64_32/SwiftStack.SwiftFileList (in target 'SwiftStack' from project 'SwiftStack')
cd /Users/admin/builder/spi-builder-workspace
write-file /Users/admin/builder/spi-builder-workspace/.derivedData/Build/Intermediates.noindex/SwiftStack.build/Debug-watchos/SwiftStack-t.build/Objects-normal/arm64_32/SwiftStack.SwiftFileList
WriteAuxiliaryFile /Users/admin/builder/spi-builder-workspace/.derivedData/Build/Intermediates.noindex/SwiftStack.build/Debug-watchos/SwiftStack-t.build/Objects-normal/arm64_32/SwiftStack_const_extract_protocols.json (in target 'SwiftStack' from project 'SwiftStack')
cd /Users/admin/builder/spi-builder-workspace
write-file /Users/admin/builder/spi-builder-workspace/.derivedData/Build/Intermediates.noindex/SwiftStack.build/Debug-watchos/SwiftStack-t.build/Objects-normal/arm64_32/SwiftStack_const_extract_protocols.json
WriteAuxiliaryFile /Users/admin/builder/spi-builder-workspace/.derivedData/Build/Intermediates.noindex/SwiftStack.build/Debug-watchos/SwiftStack-t.build/Objects-normal/arm64_32/SwiftStack-OutputFileMap.json (in target 'SwiftStack' from project 'SwiftStack')
cd /Users/admin/builder/spi-builder-workspace
write-file /Users/admin/builder/spi-builder-workspace/.derivedData/Build/Intermediates.noindex/SwiftStack.build/Debug-watchos/SwiftStack-t.build/Objects-normal/arm64_32/SwiftStack-OutputFileMap.json
WriteAuxiliaryFile /Users/admin/builder/spi-builder-workspace/.derivedData/Build/Intermediates.noindex/SwiftStack.build/Debug-watchos/SwiftStack-t.build/Objects-normal/arm64_32/SwiftStack.LinkFileList (in target 'SwiftStack' from project 'SwiftStack')
cd /Users/admin/builder/spi-builder-workspace
write-file /Users/admin/builder/spi-builder-workspace/.derivedData/Build/Intermediates.noindex/SwiftStack.build/Debug-watchos/SwiftStack-t.build/Objects-normal/arm64_32/SwiftStack.LinkFileList
WriteAuxiliaryFile /Users/admin/builder/spi-builder-workspace/.derivedData/Build/Intermediates.noindex/SwiftStack.build/Debug-watchos/SwiftStack-t.build/Objects-normal/arm64_32/SwiftStack.SwiftConstValuesFileList (in target 'SwiftStack' from project 'SwiftStack')
cd /Users/admin/builder/spi-builder-workspace
write-file /Users/admin/builder/spi-builder-workspace/.derivedData/Build/Intermediates.noindex/SwiftStack.build/Debug-watchos/SwiftStack-t.build/Objects-normal/arm64_32/SwiftStack.SwiftConstValuesFileList
WriteAuxiliaryFile /Users/admin/builder/spi-builder-workspace/.derivedData/Build/Intermediates.noindex/SwiftStack.build/Debug-watchos/SwiftStack-t.build/Objects-normal/arm64/SwiftStack.SwiftFileList (in target 'SwiftStack' from project 'SwiftStack')
cd /Users/admin/builder/spi-builder-workspace
write-file /Users/admin/builder/spi-builder-workspace/.derivedData/Build/Intermediates.noindex/SwiftStack.build/Debug-watchos/SwiftStack-t.build/Objects-normal/arm64/SwiftStack.SwiftFileList
WriteAuxiliaryFile /Users/admin/builder/spi-builder-workspace/.derivedData/Build/Intermediates.noindex/SwiftStack.build/Debug-watchos/SwiftStack-t.build/Objects-normal/arm64/SwiftStack.SwiftConstValuesFileList (in target 'SwiftStack' from project 'SwiftStack')
cd /Users/admin/builder/spi-builder-workspace
write-file /Users/admin/builder/spi-builder-workspace/.derivedData/Build/Intermediates.noindex/SwiftStack.build/Debug-watchos/SwiftStack-t.build/Objects-normal/arm64/SwiftStack.SwiftConstValuesFileList
WriteAuxiliaryFile /Users/admin/builder/spi-builder-workspace/.derivedData/Build/Intermediates.noindex/SwiftStack.build/Debug-watchos/SwiftStack-t.build/Objects-normal/arm64/SwiftStack.LinkFileList (in target 'SwiftStack' from project 'SwiftStack')
cd /Users/admin/builder/spi-builder-workspace
write-file /Users/admin/builder/spi-builder-workspace/.derivedData/Build/Intermediates.noindex/SwiftStack.build/Debug-watchos/SwiftStack-t.build/Objects-normal/arm64/SwiftStack.LinkFileList
WriteAuxiliaryFile /Users/admin/builder/spi-builder-workspace/.derivedData/Build/Intermediates.noindex/SwiftStack.build/Debug-watchos/SwiftStack-t.build/Objects-normal/arm64/SwiftStack-OutputFileMap.json (in target 'SwiftStack' from project 'SwiftStack')
cd /Users/admin/builder/spi-builder-workspace
write-file /Users/admin/builder/spi-builder-workspace/.derivedData/Build/Intermediates.noindex/SwiftStack.build/Debug-watchos/SwiftStack-t.build/Objects-normal/arm64/SwiftStack-OutputFileMap.json
Copy /Users/admin/builder/spi-builder-workspace/.derivedData/Build/Intermediates.noindex/GeneratedModuleMaps-watchos/SwiftStack.modulemap /Users/admin/builder/spi-builder-workspace/.derivedData/Build/Intermediates.noindex/SwiftStack.build/Debug-watchos/SwiftStack-t.build/SwiftStack.modulemap (in target 'SwiftStack' from project 'SwiftStack')
cd /Users/admin/builder/spi-builder-workspace
builtin-copy -exclude .DS_Store -exclude CVS -exclude .svn -exclude .git -exclude .hg -resolve-src-symlinks /Users/admin/builder/spi-builder-workspace/.derivedData/Build/Intermediates.noindex/SwiftStack.build/Debug-watchos/SwiftStack-t.build/SwiftStack.modulemap /Users/admin/builder/spi-builder-workspace/.derivedData/Build/Intermediates.noindex/GeneratedModuleMaps-watchos
SwiftDriver SwiftStack normal arm64 com.apple.xcode.tools.swift.compiler (in target 'SwiftStack' from project 'SwiftStack')
cd /Users/admin/builder/spi-builder-workspace/.swiftpm/xcode
builtin-SwiftDriver -- /Applications/Xcode-27.0.0-Release.Candidate.app/Contents/Developer/Toolchains/XcodeDefault.xctoolchain/usr/bin/swiftc -parse-as-library -module-name SwiftStack -Onone @/Users/admin/builder/spi-builder-workspace/.derivedData/Build/Intermediates.noindex/SwiftStack.build/Debug-watchos/SwiftStack-t.build/Objects-normal/arm64/SwiftStack.SwiftFileList -DSWIFT_PACKAGE -DDEBUG -DSWIFT_MODULE_RESOURCE_BUNDLE_UNAVAILABLE -DXcode -plugin-path /Applications/Xcode-27.0.0-Release.Candidate.app/Contents/Developer/Toolchains/XcodeDefault.xctoolchain/usr/lib/swift/host/plugins/testing -enable-experimental-feature DebugDescriptionMacro -sdk /Applications/Xcode-27.0.0-Release.Candidate.app/Contents/Developer/Platforms/WatchOS.platform/Developer/SDKs/WatchOS27.0.sdk -target arm64-apple-watchos9.0 -g -module-cache-path /Users/admin/builder/spi-builder-workspace/.derivedData/ModuleCache.noindex -Xfrontend -serialize-debugging-options -profile-coverage-mapping -profile-generate -enable-testing -index-store-path /Users/admin/builder/spi-builder-workspace/.derivedData/Index.noindex/DataStore -Xcc -D_LIBCPP_HARDENING_MODE\=_LIBCPP_HARDENING_MODE_DEBUG -swift-version 4 -I /Users/admin/builder/spi-builder-workspace/.derivedData/Build/Products/Debug-watchos -Isystem /Applications/Xcode-27.0.0-Release.Candidate.app/Contents/Developer/Platforms/WatchOS.platform/Developer/usr/lib -F /Users/admin/builder/spi-builder-workspace/.derivedData/Build/Products/Debug-watchos -F /Applications/Xcode-27.0.0-Release.Candidate.app/Contents/Developer/Platforms/WatchOS.platform/Developer/Library/Frameworks -F /Applications/Xcode-27.0.0-Release.Candidate.app/Contents/Developer/Platforms/WatchOS.platform/Developer/SDKs/WatchOS27.0.sdk/Developer/Library/Frameworks -c -j10 -enable-batch-mode -incremental -Xcc -ivfsstatcache -Xcc /Users/admin/builder/spi-builder-workspace/.derivedData/SDKStatCaches.noindex/watchos27.0-24R360-e829b21a6f8c9b70876ba0858053c04477534ef55a1706bf4c1112bbb242f0a2.sdkstatcache -output-file-map /Users/admin/builder/spi-builder-workspace/.derivedData/Build/Intermediates.noindex/SwiftStack.build/Debug-watchos/SwiftStack-t.build/Objects-normal/arm64/SwiftStack-OutputFileMap.json -save-temps -no-color-diagnostics -emit-dependencies -emit-module -emit-module-path /Users/admin/builder/spi-builder-workspace/.derivedData/Build/Intermediates.noindex/SwiftStack.build/Debug-watchos/SwiftStack-t.build/Objects-normal/arm64/SwiftStack.swiftmodule -serialize-diagnostics -validate-clang-modules-once -clang-build-session-file /Users/admin/builder/spi-builder-workspace/.derivedData/ModuleCache.noindex/Session.modulevalidation -Xcc -fmodules-prune-interval\=86400 -Xcc -fmodules-prune-after\=345600 -emit-const-values -const-gather-protocols-list /Users/admin/builder/spi-builder-workspace/.derivedData/Build/Intermediates.noindex/SwiftStack.build/Debug-watchos/SwiftStack-t.build/Objects-normal/arm64/SwiftStack_const_extract_protocols.json -Xcc -I/Users/admin/builder/spi-builder-workspace/.derivedData/Build/Products/Debug-watchos/include -Xcc -I/Users/admin/builder/spi-builder-workspace/.derivedData/Build/Intermediates.noindex/SwiftStack.build/Debug-watchos/SwiftStack-t.build/DerivedSources-normal/arm64 -Xcc -I/Users/admin/builder/spi-builder-workspace/.derivedData/Build/Intermediates.noindex/SwiftStack.build/Debug-watchos/SwiftStack-t.build/DerivedSources/arm64 -Xcc -I/Users/admin/builder/spi-builder-workspace/.derivedData/Build/Intermediates.noindex/SwiftStack.build/Debug-watchos/SwiftStack-t.build/DerivedSources -Xcc -DSWIFT_PACKAGE -Xcc -DDEBUG\=1 -emit-objc-header -emit-objc-header-path /Users/admin/builder/spi-builder-workspace/.derivedData/Build/Intermediates.noindex/SwiftStack.build/Debug-watchos/SwiftStack-t.build/Objects-normal/arm64/SwiftStack-Swift.h -working-directory /Users/admin/builder/spi-builder-workspace/.swiftpm/xcode -experimental-emit-module-separately -disable-cmo
SwiftDriver SwiftStack normal arm64_32 com.apple.xcode.tools.swift.compiler (in target 'SwiftStack' from project 'SwiftStack')
cd /Users/admin/builder/spi-builder-workspace/.swiftpm/xcode
builtin-SwiftDriver -- /Applications/Xcode-27.0.0-Release.Candidate.app/Contents/Developer/Toolchains/XcodeDefault.xctoolchain/usr/bin/swiftc -parse-as-library -module-name SwiftStack -Onone @/Users/admin/builder/spi-builder-workspace/.derivedData/Build/Intermediates.noindex/SwiftStack.build/Debug-watchos/SwiftStack-t.build/Objects-normal/arm64_32/SwiftStack.SwiftFileList -DSWIFT_PACKAGE -DDEBUG -DSWIFT_MODULE_RESOURCE_BUNDLE_UNAVAILABLE -DXcode -plugin-path /Applications/Xcode-27.0.0-Release.Candidate.app/Contents/Developer/Toolchains/XcodeDefault.xctoolchain/usr/lib/swift/host/plugins/testing -enable-experimental-feature DebugDescriptionMacro -sdk /Applications/Xcode-27.0.0-Release.Candidate.app/Contents/Developer/Platforms/WatchOS.platform/Developer/SDKs/WatchOS27.0.sdk -target arm64_32-apple-watchos9.0 -g -module-cache-path /Users/admin/builder/spi-builder-workspace/.derivedData/ModuleCache.noindex -Xfrontend -serialize-debugging-options -profile-coverage-mapping -profile-generate -enable-testing -index-store-path /Users/admin/builder/spi-builder-workspace/.derivedData/Index.noindex/DataStore -Xcc -D_LIBCPP_HARDENING_MODE\=_LIBCPP_HARDENING_MODE_DEBUG -swift-version 4 -I /Users/admin/builder/spi-builder-workspace/.derivedData/Build/Products/Debug-watchos -Isystem /Applications/Xcode-27.0.0-Release.Candidate.app/Contents/Developer/Platforms/WatchOS.platform/Developer/usr/lib -F /Users/admin/builder/spi-builder-workspace/.derivedData/Build/Products/Debug-watchos -F /Applications/Xcode-27.0.0-Release.Candidate.app/Contents/Developer/Platforms/WatchOS.platform/Developer/Library/Frameworks -F /Applications/Xcode-27.0.0-Release.Candidate.app/Contents/Developer/Platforms/WatchOS.platform/Developer/SDKs/WatchOS27.0.sdk/Developer/Library/Frameworks -c -j10 -enable-batch-mode -incremental -Xcc -ivfsstatcache -Xcc /Users/admin/builder/spi-builder-workspace/.derivedData/SDKStatCaches.noindex/watchos27.0-24R360-e829b21a6f8c9b70876ba0858053c04477534ef55a1706bf4c1112bbb242f0a2.sdkstatcache -output-file-map /Users/admin/builder/spi-builder-workspace/.derivedData/Build/Intermediates.noindex/SwiftStack.build/Debug-watchos/SwiftStack-t.build/Objects-normal/arm64_32/SwiftStack-OutputFileMap.json -save-temps -no-color-diagnostics -emit-dependencies -emit-module -emit-module-path /Users/admin/builder/spi-builder-workspace/.derivedData/Build/Intermediates.noindex/SwiftStack.build/Debug-watchos/SwiftStack-t.build/Objects-normal/arm64_32/SwiftStack.swiftmodule -serialize-diagnostics -validate-clang-modules-once -clang-build-session-file /Users/admin/builder/spi-builder-workspace/.derivedData/ModuleCache.noindex/Session.modulevalidation -Xcc -fmodules-prune-interval\=86400 -Xcc -fmodules-prune-after\=345600 -emit-const-values -const-gather-protocols-list /Users/admin/builder/spi-builder-workspace/.derivedData/Build/Intermediates.noindex/SwiftStack.build/Debug-watchos/SwiftStack-t.build/Objects-normal/arm64_32/SwiftStack_const_extract_protocols.json -Xcc -I/Users/admin/builder/spi-builder-workspace/.derivedData/Build/Products/Debug-watchos/include -Xcc -I/Users/admin/builder/spi-builder-workspace/.derivedData/Build/Intermediates.noindex/SwiftStack.build/Debug-watchos/SwiftStack-t.build/DerivedSources-normal/arm64_32 -Xcc -I/Users/admin/builder/spi-builder-workspace/.derivedData/Build/Intermediates.noindex/SwiftStack.build/Debug-watchos/SwiftStack-t.build/DerivedSources/arm64_32 -Xcc -I/Users/admin/builder/spi-builder-workspace/.derivedData/Build/Intermediates.noindex/SwiftStack.build/Debug-watchos/SwiftStack-t.build/DerivedSources -Xcc -DSWIFT_PACKAGE -Xcc -DDEBUG\=1 -emit-objc-header -emit-objc-header-path /Users/admin/builder/spi-builder-workspace/.derivedData/Build/Intermediates.noindex/SwiftStack.build/Debug-watchos/SwiftStack-t.build/Objects-normal/arm64_32/SwiftStack-Swift.h -working-directory /Users/admin/builder/spi-builder-workspace/.swiftpm/xcode -experimental-emit-module-separately -disable-cmo
SwiftCompile normal arm64 Compiling\ DictionaryConvertible.swift,\ JsonConvertible.swift,\ JsonHelper.swift /Users/admin/builder/spi-builder-workspace/Sources/SwiftStack/DictionaryConvertible.swift /Users/admin/builder/spi-builder-workspace/Sources/SwiftStack/JsonConvertible.swift /Users/admin/builder/spi-builder-workspace/Sources/SwiftStack/JsonHelper.swift (in target 'SwiftStack' from project 'SwiftStack')
SwiftCompile normal arm64 /Users/admin/builder/spi-builder-workspace/Sources/SwiftStack/DictionaryConvertible.swift (in target 'SwiftStack' from project 'SwiftStack')
cd /Users/admin/builder/spi-builder-workspace/.swiftpm/xcode
builtin-SwiftPerFileCompile DictionaryConvertible.swift
SwiftCompile normal arm64 /Users/admin/builder/spi-builder-workspace/Sources/SwiftStack/JsonConvertible.swift (in target 'SwiftStack' from project 'SwiftStack')
cd /Users/admin/builder/spi-builder-workspace/.swiftpm/xcode
builtin-SwiftPerFileCompile JsonConvertible.swift
SwiftCompile normal arm64 /Users/admin/builder/spi-builder-workspace/Sources/SwiftStack/JsonHelper.swift (in target 'SwiftStack' from project 'SwiftStack')
cd /Users/admin/builder/spi-builder-workspace/.swiftpm/xcode
builtin-SwiftPerFileCompile JsonHelper.swift
SwiftCompile normal arm64 Compiling\ RequestsAnswers.swift,\ RequestsPrivileges.swift /Users/admin/builder/spi-builder-workspace/Sources/SwiftStack/RequestsAnswers.swift /Users/admin/builder/spi-builder-workspace/Sources/SwiftStack/RequestsPrivileges.swift (in target 'SwiftStack' from project 'SwiftStack')
SwiftCompile normal arm64 /Users/admin/builder/spi-builder-workspace/Sources/SwiftStack/RequestsAnswers.swift (in target 'SwiftStack' from project 'SwiftStack')
cd /Users/admin/builder/spi-builder-workspace/.swiftpm/xcode
builtin-SwiftPerFileCompile RequestsAnswers.swift
SwiftCompile normal arm64 /Users/admin/builder/spi-builder-workspace/Sources/SwiftStack/RequestsPrivileges.swift (in target 'SwiftStack' from project 'SwiftStack')
cd /Users/admin/builder/spi-builder-workspace/.swiftpm/xcode
builtin-SwiftPerFileCompile RequestsPrivileges.swift
SwiftCompile normal arm64 Compiling\ Post.swift,\ Privilege.swift,\ Question.swift /Users/admin/builder/spi-builder-workspace/Sources/SwiftStack/Post.swift /Users/admin/builder/spi-builder-workspace/Sources/SwiftStack/Privilege.swift /Users/admin/builder/spi-builder-workspace/Sources/SwiftStack/Question.swift (in target 'SwiftStack' from project 'SwiftStack')
SwiftCompile normal arm64 /Users/admin/builder/spi-builder-workspace/Sources/SwiftStack/Post.swift (in target 'SwiftStack' from project 'SwiftStack')
cd /Users/admin/builder/spi-builder-workspace/.swiftpm/xcode
builtin-SwiftPerFileCompile Post.swift
SwiftCompile normal arm64 /Users/admin/builder/spi-builder-workspace/Sources/SwiftStack/Privilege.swift (in target 'SwiftStack' from project 'SwiftStack')
cd /Users/admin/builder/spi-builder-workspace/.swiftpm/xcode
builtin-SwiftPerFileCompile Privilege.swift
SwiftCompile normal arm64 /Users/admin/builder/spi-builder-workspace/Sources/SwiftStack/Question.swift (in target 'SwiftStack' from project 'SwiftStack')
cd /Users/admin/builder/spi-builder-workspace/.swiftpm/xcode
builtin-SwiftPerFileCompile Question.swift
SwiftCompile normal arm64 Compiling\ Revision.swift,\ Site.swift /Users/admin/builder/spi-builder-workspace/Sources/SwiftStack/Revision.swift /Users/admin/builder/spi-builder-workspace/Sources/SwiftStack/Site.swift (in target 'SwiftStack' from project 'SwiftStack')
SwiftCompile normal arm64 /Users/admin/builder/spi-builder-workspace/Sources/SwiftStack/Revision.swift (in target 'SwiftStack' from project 'SwiftStack')
cd /Users/admin/builder/spi-builder-workspace/.swiftpm/xcode
builtin-SwiftPerFileCompile Revision.swift
SwiftCompile normal arm64 /Users/admin/builder/spi-builder-workspace/Sources/SwiftStack/Site.swift (in target 'SwiftStack' from project 'SwiftStack')
cd /Users/admin/builder/spi-builder-workspace/.swiftpm/xcode
builtin-SwiftPerFileCompile Site.swift
SwiftCompile normal arm64 Compiling\ APIClient.swift,\ APIResponse.swift,\ Answer.swift /Users/admin/builder/spi-builder-workspace/Sources/SwiftStack/APIClient.swift /Users/admin/builder/spi-builder-workspace/Sources/SwiftStack/APIResponse.swift /Users/admin/builder/spi-builder-workspace/Sources/SwiftStack/Answer.swift (in target 'SwiftStack' from project 'SwiftStack')
/Users/admin/builder/spi-builder-workspace/Sources/SwiftStack/APIClient.swift:368:6: error: cannot find 'kCFNetworkProxiesHTTPProxy' in scope
366 | configuration.connectionProxyDictionary = [
367 | "HTTPEnable" : 1,
368 | kCFNetworkProxiesHTTPProxy as AnyHashable : proxyAddress!,
| `- error: cannot find 'kCFNetworkProxiesHTTPProxy' in scope
369 | kCFNetworkProxiesHTTPPort as AnyHashable : proxyPort,
370 |
/Users/admin/builder/spi-builder-workspace/Sources/SwiftStack/APIClient.swift:369:6: error: cannot find 'kCFNetworkProxiesHTTPPort' in scope
367 | "HTTPEnable" : 1,
368 | kCFNetworkProxiesHTTPProxy as AnyHashable : proxyAddress!,
369 | kCFNetworkProxiesHTTPPort as AnyHashable : proxyPort,
| `- error: cannot find 'kCFNetworkProxiesHTTPPort' in scope
370 |
371 | "HTTPSEnable" : 1,
/Users/admin/builder/spi-builder-workspace/Sources/SwiftStack/APIClient.swift:372:6: error: cannot find 'kCFNetworkProxiesHTTPSProxy' in scope
370 |
371 | "HTTPSEnable" : 1,
372 | kCFNetworkProxiesHTTPSProxy as AnyHashable : proxyAddress!,
| `- error: cannot find 'kCFNetworkProxiesHTTPSProxy' in scope
373 | kCFNetworkProxiesHTTPSPort as AnyHashable : proxyPort
374 | ]
/Users/admin/builder/spi-builder-workspace/Sources/SwiftStack/APIClient.swift:373:6: error: cannot find 'kCFNetworkProxiesHTTPSPort' in scope
371 | "HTTPSEnable" : 1,
372 | kCFNetworkProxiesHTTPSProxy as AnyHashable : proxyAddress!,
373 | kCFNetworkProxiesHTTPSPort as AnyHashable : proxyPort
| `- error: cannot find 'kCFNetworkProxiesHTTPSPort' in scope
374 | ]
375 | #endif
Failed frontend command:
/Applications/Xcode-27.0.0-Release.Candidate.app/Contents/Developer/Toolchains/XcodeDefault.xctoolchain/usr/bin/swift-frontend -frontend -c -primary-file /Users/admin/builder/spi-builder-workspace/Sources/SwiftStack/APIClient.swift -primary-file /Users/admin/builder/spi-builder-workspace/Sources/SwiftStack/APIResponse.swift -primary-file /Users/admin/builder/spi-builder-workspace/Sources/SwiftStack/Answer.swift /Users/admin/builder/spi-builder-workspace/Sources/SwiftStack/BadgeCount.swift /Users/admin/builder/spi-builder-workspace/Sources/SwiftStack/Comment.swift /Users/admin/builder/spi-builder-workspace/Sources/SwiftStack/Content.swift /Users/admin/builder/spi-builder-workspace/Sources/SwiftStack/DictionaryConvertible.swift /Users/admin/builder/spi-builder-workspace/Sources/SwiftStack/JsonConvertible.swift /Users/admin/builder/spi-builder-workspace/Sources/SwiftStack/JsonHelper.swift /Users/admin/builder/spi-builder-workspace/Sources/SwiftStack/Post.swift /Users/admin/builder/spi-builder-workspace/Sources/SwiftStack/Privilege.swift /Users/admin/builder/spi-builder-workspace/Sources/SwiftStack/Question.swift /Users/admin/builder/spi-builder-workspace/Sources/SwiftStack/RequestsAnswers.swift /Users/admin/builder/spi-builder-workspace/Sources/SwiftStack/RequestsPrivileges.swift /Users/admin/builder/spi-builder-workspace/Sources/SwiftStack/RequestsQuestions.swift /Users/admin/builder/spi-builder-workspace/Sources/SwiftStack/RequestsRevisions.swift /Users/admin/builder/spi-builder-workspace/Sources/SwiftStack/RequestsSites.swift /Users/admin/builder/spi-builder-workspace/Sources/SwiftStack/RequestsSuggestedEdits.swift /Users/admin/builder/spi-builder-workspace/Sources/SwiftStack/Revision.swift /Users/admin/builder/spi-builder-workspace/Sources/SwiftStack/Site.swift /Users/admin/builder/spi-builder-workspace/Sources/SwiftStack/String+HTMLEntities.swift /Users/admin/builder/spi-builder-workspace/Sources/SwiftStack/StringRepresentable.swift /Users/admin/builder/spi-builder-workspace/Sources/SwiftStack/SuggestedEdit.swift /Users/admin/builder/spi-builder-workspace/Sources/SwiftStack/User.swift -supplementary-output-file-map /Users/admin/builder/spi-builder-workspace/.derivedData/Build/Intermediates.noindex/SwiftStack.build/Debug-watchos/SwiftStack-t.build/Objects-normal/arm64/supplementaryOutputs-1 -target arm64-apple-watchos9.0 -Xllvm -aarch64-use-tbi -enable-objc-interop -stack-check -sdk /Applications/Xcode-27.0.0-Release.Candidate.app/Contents/Developer/Platforms/WatchOS.platform/Developer/SDKs/WatchOS27.0.sdk -I /Users/admin/builder/spi-builder-workspace/.derivedData/Build/Products/Debug-watchos -Isystem /Applications/Xcode-27.0.0-Release.Candidate.app/Contents/Developer/Platforms/WatchOS.platform/Developer/usr/lib -F /Users/admin/builder/spi-builder-workspace/.derivedData/Build/Products/Debug-watchos -F /Applications/Xcode-27.0.0-Release.Candidate.app/Contents/Developer/Platforms/WatchOS.platform/Developer/Library/Frameworks -F /Applications/Xcode-27.0.0-Release.Candidate.app/Contents/Developer/Platforms/WatchOS.platform/Developer/SDKs/WatchOS27.0.sdk/Developer/Library/Frameworks -module-cache-path /Users/admin/builder/spi-builder-workspace/.derivedData/ModuleCache.noindex -no-color-diagnostics -Xcc -fno-color-diagnostics -enable-testing -g -debug-info-format\=dwarf -dwarf-version\=4 -profile-generate -profile-coverage-mapping -swift-version 4 -Onone -D SWIFT_PACKAGE -D DEBUG -D SWIFT_MODULE_RESOURCE_BUNDLE_UNAVAILABLE -D Xcode -serialize-debugging-options -enable-experimental-feature DebugDescriptionMacro -empty-abi-descriptor -plugin-path /Applications/Xcode-27.0.0-Release.Candidate.app/Contents/Developer/Toolchains/XcodeDefault.xctoolchain/usr/lib/swift/host/plugins/testing -validate-clang-modules-once -clang-build-session-file /Users/admin/builder/spi-builder-workspace/.derivedData/ModuleCache.noindex/Session.modulevalidation -Xcc -working-directory -Xcc /Users/admin/builder/spi-builder-workspace/.swiftpm/xcode -enable-anonymous-context-mangled-names -file-compilation-dir /Users/admin/builder/spi-builder-workspace/.swiftpm/xcode -Xcc -D_LIBCPP_HARDENING_MODE\=_LIBCPP_HARDENING_MODE_DEBUG -Xcc -ivfsstatcache -Xcc /Users/admin/builder/spi-builder-workspace/.derivedData/SDKStatCaches.noindex/watchos27.0-24R360-e829b21a6f8c9b70876ba0858053c04477534ef55a1706bf4c1112bbb242f0a2.sdkstatcache -Xcc -fmodules-prune-interval\=86400 -Xcc -fmodules-prune-after\=345600 -Xcc -I/Users/admin/builder/spi-builder-workspace/.derivedData/Build/Products/Debug-watchos/include -Xcc -I/Users/admin/builder/spi-builder-workspace/.derivedData/Build/Intermediates.noindex/SwiftStack.build/Debug-watchos/SwiftStack-t.build/DerivedSources-normal/arm64 -Xcc -I/Users/admin/builder/spi-builder-workspace/.derivedData/Build/Intermediates.noindex/SwiftStack.build/Debug-watchos/SwiftStack-t.build/DerivedSources/arm64 -Xcc -I/Users/admin/builder/spi-builder-workspace/.derivedData/Build/Intermediates.noindex/SwiftStack.build/Debug-watchos/SwiftStack-t.build/DerivedSources -Xcc -DSWIFT_PACKAGE -Xcc -DDEBUG\=1 -no-auto-bridging-header-chaining -module-name SwiftStack -const-gather-protocols-file /Users/admin/builder/spi-builder-workspace/.derivedData/Build/Intermediates.noindex/SwiftStack.build/Debug-watchos/SwiftStack-t.build/Objects-normal/arm64/SwiftStack_const_extract_protocols.json -disable-clang-spi -target-sdk-version 27.0 -target-sdk-name watchos27.0 -external-plugin-path /Applications/Xcode-27.0.0-Release.Candidate.app/Contents/Developer/Platforms/WatchOS.platform/Developer/usr/lib/swift/host/plugins\#/Applications/Xcode-27.0.0-Release.Candidate.app/Contents/Developer/Platforms/WatchOS.platform/Developer/usr/bin/swift-plugin-server -external-plugin-path /Applications/Xcode-27.0.0-Release.Candidate.app/Contents/Developer/Platforms/WatchOS.platform/Developer/usr/local/lib/swift/host/plugins\#/Applications/Xcode-27.0.0-Release.Candidate.app/Contents/Developer/Platforms/WatchOS.platform/Developer/usr/bin/swift-plugin-server -in-process-plugin-server-path /Applications/Xcode-27.0.0-Release.Candidate.app/Contents/Developer/Toolchains/XcodeDefault.xctoolchain/usr/lib/swift/host/libSwiftInProcPluginServer.dylib -plugin-path /Applications/Xcode-27.0.0-Release.Candidate.app/Contents/Developer/Toolchains/XcodeDefault.xctoolchain/usr/lib/swift/host/plugins -plugin-path /Applications/Xcode-27.0.0-Release.Candidate.app/Contents/Developer/Toolchains/XcodeDefault.xctoolchain/usr/local/lib/swift/host/plugins -parse-as-library -o /Users/admin/builder/spi-builder-workspace/.derivedData/Build/Intermediates.noindex/SwiftStack.build/Debug-watchos/SwiftStack-t.build/Objects-normal/arm64/APIClient.o -o /Users/admin/builder/spi-builder-workspace/.derivedData/Build/Intermediates.noindex/SwiftStack.build/Debug-watchos/SwiftStack-t.build/Objects-normal/arm64/APIResponse.o -o /Users/admin/builder/spi-builder-workspace/.derivedData/Build/Intermediates.noindex/SwiftStack.build/Debug-watchos/SwiftStack-t.build/Objects-normal/arm64/Answer.o -index-unit-output-path /SwiftStack.build/Debug-watchos/SwiftStack-t.build/Objects-normal/arm64/APIClient.o -index-unit-output-path /SwiftStack.build/Debug-watchos/SwiftStack-t.build/Objects-normal/arm64/APIResponse.o -index-unit-output-path /SwiftStack.build/Debug-watchos/SwiftStack-t.build/Objects-normal/arm64/Answer.o -index-store-path /Users/admin/builder/spi-builder-workspace/.derivedData/Index.noindex/DataStore -index-system-modules
SwiftCompile normal arm64 /Users/admin/builder/spi-builder-workspace/Sources/SwiftStack/APIClient.swift (in target 'SwiftStack' from project 'SwiftStack')
cd /Users/admin/builder/spi-builder-workspace/.swiftpm/xcode
builtin-SwiftPerFileCompile APIClient.swift
SwiftCompile normal arm64 /Users/admin/builder/spi-builder-workspace/Sources/SwiftStack/APIResponse.swift (in target 'SwiftStack' from project 'SwiftStack')
cd /Users/admin/builder/spi-builder-workspace/.swiftpm/xcode
builtin-SwiftPerFileCompile APIResponse.swift
SwiftCompile normal arm64 /Users/admin/builder/spi-builder-workspace/Sources/SwiftStack/Answer.swift (in target 'SwiftStack' from project 'SwiftStack')
cd /Users/admin/builder/spi-builder-workspace/.swiftpm/xcode
builtin-SwiftPerFileCompile Answer.swift
SwiftCompile normal arm64 Compiling\ RequestsSites.swift,\ RequestsSuggestedEdits.swift /Users/admin/builder/spi-builder-workspace/Sources/SwiftStack/RequestsSites.swift /Users/admin/builder/spi-builder-workspace/Sources/SwiftStack/RequestsSuggestedEdits.swift (in target 'SwiftStack' from project 'SwiftStack')
SwiftCompile normal arm64 /Users/admin/builder/spi-builder-workspace/Sources/SwiftStack/RequestsSites.swift (in target 'SwiftStack' from project 'SwiftStack')
cd /Users/admin/builder/spi-builder-workspace/.swiftpm/xcode
builtin-SwiftPerFileCompile RequestsSites.swift
SwiftCompile normal arm64 /Users/admin/builder/spi-builder-workspace/Sources/SwiftStack/RequestsSuggestedEdits.swift (in target 'SwiftStack' from project 'SwiftStack')
cd /Users/admin/builder/spi-builder-workspace/.swiftpm/xcode
builtin-SwiftPerFileCompile RequestsSuggestedEdits.swift
SwiftCompile normal arm64 Compiling\ String+HTMLEntities.swift,\ StringRepresentable.swift /Users/admin/builder/spi-builder-workspace/Sources/SwiftStack/String+HTMLEntities.swift /Users/admin/builder/spi-builder-workspace/Sources/SwiftStack/StringRepresentable.swift (in target 'SwiftStack' from project 'SwiftStack')
SwiftCompile normal arm64 /Users/admin/builder/spi-builder-workspace/Sources/SwiftStack/String+HTMLEntities.swift (in target 'SwiftStack' from project 'SwiftStack')
cd /Users/admin/builder/spi-builder-workspace/.swiftpm/xcode
builtin-SwiftPerFileCompile String+HTMLEntities.swift
SwiftCompile normal arm64 /Users/admin/builder/spi-builder-workspace/Sources/SwiftStack/StringRepresentable.swift (in target 'SwiftStack' from project 'SwiftStack')
cd /Users/admin/builder/spi-builder-workspace/.swiftpm/xcode
builtin-SwiftPerFileCompile StringRepresentable.swift
SwiftEmitModule normal arm64 Emitting\ module\ for\ SwiftStack (in target 'SwiftStack' from project 'SwiftStack')
SwiftCompile normal arm64 (in target 'SwiftStack' from project 'SwiftStack')
cd /Users/admin/builder/spi-builder-workspace/.swiftpm/xcode
SwiftCompile normal arm64 Compiling\ BadgeCount.swift,\ Comment.swift,\ Content.swift /Users/admin/builder/spi-builder-workspace/Sources/SwiftStack/BadgeCount.swift /Users/admin/builder/spi-builder-workspace/Sources/SwiftStack/Comment.swift /Users/admin/builder/spi-builder-workspace/Sources/SwiftStack/Content.swift (in target 'SwiftStack' from project 'SwiftStack')
SwiftCompile normal arm64 /Users/admin/builder/spi-builder-workspace/Sources/SwiftStack/BadgeCount.swift (in target 'SwiftStack' from project 'SwiftStack')
cd /Users/admin/builder/spi-builder-workspace/.swiftpm/xcode
builtin-SwiftPerFileCompile BadgeCount.swift
SwiftCompile normal arm64 /Users/admin/builder/spi-builder-workspace/Sources/SwiftStack/Comment.swift (in target 'SwiftStack' from project 'SwiftStack')
cd /Users/admin/builder/spi-builder-workspace/.swiftpm/xcode
builtin-SwiftPerFileCompile Comment.swift
SwiftCompile normal arm64 /Users/admin/builder/spi-builder-workspace/Sources/SwiftStack/Content.swift (in target 'SwiftStack' from project 'SwiftStack')
cd /Users/admin/builder/spi-builder-workspace/.swiftpm/xcode
builtin-SwiftPerFileCompile Content.swift
SwiftCompile normal arm64 Compiling\ RequestsQuestions.swift,\ RequestsRevisions.swift /Users/admin/builder/spi-builder-workspace/Sources/SwiftStack/RequestsQuestions.swift /Users/admin/builder/spi-builder-workspace/Sources/SwiftStack/RequestsRevisions.swift (in target 'SwiftStack' from project 'SwiftStack')
SwiftCompile normal arm64 /Users/admin/builder/spi-builder-workspace/Sources/SwiftStack/RequestsQuestions.swift (in target 'SwiftStack' from project 'SwiftStack')
cd /Users/admin/builder/spi-builder-workspace/.swiftpm/xcode
builtin-SwiftPerFileCompile RequestsQuestions.swift
SwiftCompile normal arm64 /Users/admin/builder/spi-builder-workspace/Sources/SwiftStack/RequestsRevisions.swift (in target 'SwiftStack' from project 'SwiftStack')
cd /Users/admin/builder/spi-builder-workspace/.swiftpm/xcode
builtin-SwiftPerFileCompile RequestsRevisions.swift
SwiftEmitModule normal arm64_32 Emitting\ module\ for\ SwiftStack (in target 'SwiftStack' from project 'SwiftStack')
SwiftCompile normal arm64_32 (in target 'SwiftStack' from project 'SwiftStack')
cd /Users/admin/builder/spi-builder-workspace/.swiftpm/xcode
SwiftDriverJobDiscovery normal arm64 Emitting module for SwiftStack (in target 'SwiftStack' from project 'SwiftStack')
SwiftDriver\ Compilation\ Requirements SwiftStack normal arm64 com.apple.xcode.tools.swift.compiler (in target 'SwiftStack' from project 'SwiftStack')
cd /Users/admin/builder/spi-builder-workspace/.swiftpm/xcode
builtin-Swift-Compilation-Requirements -- /Applications/Xcode-27.0.0-Release.Candidate.app/Contents/Developer/Toolchains/XcodeDefault.xctoolchain/usr/bin/swiftc -parse-as-library -module-name SwiftStack -Onone @/Users/admin/builder/spi-builder-workspace/.derivedData/Build/Intermediates.noindex/SwiftStack.build/Debug-watchos/SwiftStack-t.build/Objects-normal/arm64/SwiftStack.SwiftFileList -DSWIFT_PACKAGE -DDEBUG -DSWIFT_MODULE_RESOURCE_BUNDLE_UNAVAILABLE -DXcode -plugin-path /Applications/Xcode-27.0.0-Release.Candidate.app/Contents/Developer/Toolchains/XcodeDefault.xctoolchain/usr/lib/swift/host/plugins/testing -enable-experimental-feature DebugDescriptionMacro -sdk /Applications/Xcode-27.0.0-Release.Candidate.app/Contents/Developer/Platforms/WatchOS.platform/Developer/SDKs/WatchOS27.0.sdk -target arm64-apple-watchos9.0 -g -module-cache-path /Users/admin/builder/spi-builder-workspace/.derivedData/ModuleCache.noindex -Xfrontend -serialize-debugging-options -profile-coverage-mapping -profile-generate -enable-testing -index-store-path /Users/admin/builder/spi-builder-workspace/.derivedData/Index.noindex/DataStore -Xcc -D_LIBCPP_HARDENING_MODE\=_LIBCPP_HARDENING_MODE_DEBUG -swift-version 4 -I /Users/admin/builder/spi-builder-workspace/.derivedData/Build/Products/Debug-watchos -Isystem /Applications/Xcode-27.0.0-Release.Candidate.app/Contents/Developer/Platforms/WatchOS.platform/Developer/usr/lib -F /Users/admin/builder/spi-builder-workspace/.derivedData/Build/Products/Debug-watchos -F /Applications/Xcode-27.0.0-Release.Candidate.app/Contents/Developer/Platforms/WatchOS.platform/Developer/Library/Frameworks -F /Applications/Xcode-27.0.0-Release.Candidate.app/Contents/Developer/Platforms/WatchOS.platform/Developer/SDKs/WatchOS27.0.sdk/Developer/Library/Frameworks -c -j10 -enable-batch-mode -incremental -Xcc -ivfsstatcache -Xcc /Users/admin/builder/spi-builder-workspace/.derivedData/SDKStatCaches.noindex/watchos27.0-24R360-e829b21a6f8c9b70876ba0858053c04477534ef55a1706bf4c1112bbb242f0a2.sdkstatcache -output-file-map /Users/admin/builder/spi-builder-workspace/.derivedData/Build/Intermediates.noindex/SwiftStack.build/Debug-watchos/SwiftStack-t.build/Objects-normal/arm64/SwiftStack-OutputFileMap.json -save-temps -no-color-diagnostics -emit-dependencies -emit-module -emit-module-path /Users/admin/builder/spi-builder-workspace/.derivedData/Build/Intermediates.noindex/SwiftStack.build/Debug-watchos/SwiftStack-t.build/Objects-normal/arm64/SwiftStack.swiftmodule -serialize-diagnostics -validate-clang-modules-once -clang-build-session-file /Users/admin/builder/spi-builder-workspace/.derivedData/ModuleCache.noindex/Session.modulevalidation -Xcc -fmodules-prune-interval\=86400 -Xcc -fmodules-prune-after\=345600 -emit-const-values -const-gather-protocols-list /Users/admin/builder/spi-builder-workspace/.derivedData/Build/Intermediates.noindex/SwiftStack.build/Debug-watchos/SwiftStack-t.build/Objects-normal/arm64/SwiftStack_const_extract_protocols.json -Xcc -I/Users/admin/builder/spi-builder-workspace/.derivedData/Build/Products/Debug-watchos/include -Xcc -I/Users/admin/builder/spi-builder-workspace/.derivedData/Build/Intermediates.noindex/SwiftStack.build/Debug-watchos/SwiftStack-t.build/DerivedSources-normal/arm64 -Xcc -I/Users/admin/builder/spi-builder-workspace/.derivedData/Build/Intermediates.noindex/SwiftStack.build/Debug-watchos/SwiftStack-t.build/DerivedSources/arm64 -Xcc -I/Users/admin/builder/spi-builder-workspace/.derivedData/Build/Intermediates.noindex/SwiftStack.build/Debug-watchos/SwiftStack-t.build/DerivedSources -Xcc -DSWIFT_PACKAGE -Xcc -DDEBUG\=1 -emit-objc-header -emit-objc-header-path /Users/admin/builder/spi-builder-workspace/.derivedData/Build/Intermediates.noindex/SwiftStack.build/Debug-watchos/SwiftStack-t.build/Objects-normal/arm64/SwiftStack-Swift.h -working-directory /Users/admin/builder/spi-builder-workspace/.swiftpm/xcode -experimental-emit-module-separately -disable-cmo
SwiftDriverJobDiscovery normal arm64_32 Emitting module for SwiftStack (in target 'SwiftStack' from project 'SwiftStack')
SwiftDriver\ Compilation\ Requirements SwiftStack normal arm64_32 com.apple.xcode.tools.swift.compiler (in target 'SwiftStack' from project 'SwiftStack')
cd /Users/admin/builder/spi-builder-workspace/.swiftpm/xcode
builtin-Swift-Compilation-Requirements -- /Applications/Xcode-27.0.0-Release.Candidate.app/Contents/Developer/Toolchains/XcodeDefault.xctoolchain/usr/bin/swiftc -parse-as-library -module-name SwiftStack -Onone @/Users/admin/builder/spi-builder-workspace/.derivedData/Build/Intermediates.noindex/SwiftStack.build/Debug-watchos/SwiftStack-t.build/Objects-normal/arm64_32/SwiftStack.SwiftFileList -DSWIFT_PACKAGE -DDEBUG -DSWIFT_MODULE_RESOURCE_BUNDLE_UNAVAILABLE -DXcode -plugin-path /Applications/Xcode-27.0.0-Release.Candidate.app/Contents/Developer/Toolchains/XcodeDefault.xctoolchain/usr/lib/swift/host/plugins/testing -enable-experimental-feature DebugDescriptionMacro -sdk /Applications/Xcode-27.0.0-Release.Candidate.app/Contents/Developer/Platforms/WatchOS.platform/Developer/SDKs/WatchOS27.0.sdk -target arm64_32-apple-watchos9.0 -g -module-cache-path /Users/admin/builder/spi-builder-workspace/.derivedData/ModuleCache.noindex -Xfrontend -serialize-debugging-options -profile-coverage-mapping -profile-generate -enable-testing -index-store-path /Users/admin/builder/spi-builder-workspace/.derivedData/Index.noindex/DataStore -Xcc -D_LIBCPP_HARDENING_MODE\=_LIBCPP_HARDENING_MODE_DEBUG -swift-version 4 -I /Users/admin/builder/spi-builder-workspace/.derivedData/Build/Products/Debug-watchos -Isystem /Applications/Xcode-27.0.0-Release.Candidate.app/Contents/Developer/Platforms/WatchOS.platform/Developer/usr/lib -F /Users/admin/builder/spi-builder-workspace/.derivedData/Build/Products/Debug-watchos -F /Applications/Xcode-27.0.0-Release.Candidate.app/Contents/Developer/Platforms/WatchOS.platform/Developer/Library/Frameworks -F /Applications/Xcode-27.0.0-Release.Candidate.app/Contents/Developer/Platforms/WatchOS.platform/Developer/SDKs/WatchOS27.0.sdk/Developer/Library/Frameworks -c -j10 -enable-batch-mode -incremental -Xcc -ivfsstatcache -Xcc /Users/admin/builder/spi-builder-workspace/.derivedData/SDKStatCaches.noindex/watchos27.0-24R360-e829b21a6f8c9b70876ba0858053c04477534ef55a1706bf4c1112bbb242f0a2.sdkstatcache -output-file-map /Users/admin/builder/spi-builder-workspace/.derivedData/Build/Intermediates.noindex/SwiftStack.build/Debug-watchos/SwiftStack-t.build/Objects-normal/arm64_32/SwiftStack-OutputFileMap.json -save-temps -no-color-diagnostics -emit-dependencies -emit-module -emit-module-path /Users/admin/builder/spi-builder-workspace/.derivedData/Build/Intermediates.noindex/SwiftStack.build/Debug-watchos/SwiftStack-t.build/Objects-normal/arm64_32/SwiftStack.swiftmodule -serialize-diagnostics -validate-clang-modules-once -clang-build-session-file /Users/admin/builder/spi-builder-workspace/.derivedData/ModuleCache.noindex/Session.modulevalidation -Xcc -fmodules-prune-interval\=86400 -Xcc -fmodules-prune-after\=345600 -emit-const-values -const-gather-protocols-list /Users/admin/builder/spi-builder-workspace/.derivedData/Build/Intermediates.noindex/SwiftStack.build/Debug-watchos/SwiftStack-t.build/Objects-normal/arm64_32/SwiftStack_const_extract_protocols.json -Xcc -I/Users/admin/builder/spi-builder-workspace/.derivedData/Build/Products/Debug-watchos/include -Xcc -I/Users/admin/builder/spi-builder-workspace/.derivedData/Build/Intermediates.noindex/SwiftStack.build/Debug-watchos/SwiftStack-t.build/DerivedSources-normal/arm64_32 -Xcc -I/Users/admin/builder/spi-builder-workspace/.derivedData/Build/Intermediates.noindex/SwiftStack.build/Debug-watchos/SwiftStack-t.build/DerivedSources/arm64_32 -Xcc -I/Users/admin/builder/spi-builder-workspace/.derivedData/Build/Intermediates.noindex/SwiftStack.build/Debug-watchos/SwiftStack-t.build/DerivedSources -Xcc -DSWIFT_PACKAGE -Xcc -DDEBUG\=1 -emit-objc-header -emit-objc-header-path /Users/admin/builder/spi-builder-workspace/.derivedData/Build/Intermediates.noindex/SwiftStack.build/Debug-watchos/SwiftStack-t.build/Objects-normal/arm64_32/SwiftStack-Swift.h -working-directory /Users/admin/builder/spi-builder-workspace/.swiftpm/xcode -experimental-emit-module-separately -disable-cmo
Copy /Users/admin/builder/spi-builder-workspace/.derivedData/Build/Products/Debug-watchos/SwiftStack.swiftmodule/arm64-apple-watchos.swiftmodule /Users/admin/builder/spi-builder-workspace/.derivedData/Build/Intermediates.noindex/SwiftStack.build/Debug-watchos/SwiftStack-t.build/Objects-normal/arm64/SwiftStack.swiftmodule (in target 'SwiftStack' from project 'SwiftStack')
cd /Users/admin/builder/spi-builder-workspace
builtin-copy -exclude .DS_Store -exclude CVS -exclude .svn -exclude .git -exclude .hg -resolve-src-symlinks -rename /Users/admin/builder/spi-builder-workspace/.derivedData/Build/Intermediates.noindex/SwiftStack.build/Debug-watchos/SwiftStack-t.build/Objects-normal/arm64/SwiftStack.swiftmodule /Users/admin/builder/spi-builder-workspace/.derivedData/Build/Products/Debug-watchos/SwiftStack.swiftmodule/arm64-apple-watchos.swiftmodule
SwiftMergeGeneratedHeaders /Users/admin/builder/spi-builder-workspace/.derivedData/Build/Intermediates.noindex/GeneratedModuleMaps-watchos/SwiftStack-Swift.h /Users/admin/builder/spi-builder-workspace/.derivedData/Build/Intermediates.noindex/SwiftStack.build/Debug-watchos/SwiftStack-t.build/Objects-normal/arm64/SwiftStack-Swift.h /Users/admin/builder/spi-builder-workspace/.derivedData/Build/Intermediates.noindex/SwiftStack.build/Debug-watchos/SwiftStack-t.build/Objects-normal/arm64_32/SwiftStack-Swift.h (in target 'SwiftStack' from project 'SwiftStack')
cd /Users/admin/builder/spi-builder-workspace
builtin-swiftHeaderTool -arch arm64 /Users/admin/builder/spi-builder-workspace/.derivedData/Build/Intermediates.noindex/SwiftStack.build/Debug-watchos/SwiftStack-t.build/Objects-normal/arm64/SwiftStack-Swift.h -arch arm64_32 /Users/admin/builder/spi-builder-workspace/.derivedData/Build/Intermediates.noindex/SwiftStack.build/Debug-watchos/SwiftStack-t.build/Objects-normal/arm64_32/SwiftStack-Swift.h -o /Users/admin/builder/spi-builder-workspace/.derivedData/Build/Intermediates.noindex/GeneratedModuleMaps-watchos/SwiftStack-Swift.h
Copy /Users/admin/builder/spi-builder-workspace/.derivedData/Build/Products/Debug-watchos/SwiftStack.swiftmodule/arm64_32-apple-watchos.swiftmodule /Users/admin/builder/spi-builder-workspace/.derivedData/Build/Intermediates.noindex/SwiftStack.build/Debug-watchos/SwiftStack-t.build/Objects-normal/arm64_32/SwiftStack.swiftmodule (in target 'SwiftStack' from project 'SwiftStack')
cd /Users/admin/builder/spi-builder-workspace
builtin-copy -exclude .DS_Store -exclude CVS -exclude .svn -exclude .git -exclude .hg -resolve-src-symlinks -rename /Users/admin/builder/spi-builder-workspace/.derivedData/Build/Intermediates.noindex/SwiftStack.build/Debug-watchos/SwiftStack-t.build/Objects-normal/arm64_32/SwiftStack.swiftmodule /Users/admin/builder/spi-builder-workspace/.derivedData/Build/Products/Debug-watchos/SwiftStack.swiftmodule/arm64_32-apple-watchos.swiftmodule
Copy /Users/admin/builder/spi-builder-workspace/.derivedData/Build/Products/Debug-watchos/SwiftStack.swiftmodule/arm64_32-apple-watchos.swiftdoc /Users/admin/builder/spi-builder-workspace/.derivedData/Build/Intermediates.noindex/SwiftStack.build/Debug-watchos/SwiftStack-t.build/Objects-normal/arm64_32/SwiftStack.swiftdoc (in target 'SwiftStack' from project 'SwiftStack')
cd /Users/admin/builder/spi-builder-workspace
builtin-copy -exclude .DS_Store -exclude CVS -exclude .svn -exclude .git -exclude .hg -resolve-src-symlinks -rename /Users/admin/builder/spi-builder-workspace/.derivedData/Build/Intermediates.noindex/SwiftStack.build/Debug-watchos/SwiftStack-t.build/Objects-normal/arm64_32/SwiftStack.swiftdoc /Users/admin/builder/spi-builder-workspace/.derivedData/Build/Products/Debug-watchos/SwiftStack.swiftmodule/arm64_32-apple-watchos.swiftdoc
Copy /Users/admin/builder/spi-builder-workspace/.derivedData/Build/Products/Debug-watchos/SwiftStack.swiftmodule/arm64_32-apple-watchos.abi.json /Users/admin/builder/spi-builder-workspace/.derivedData/Build/Intermediates.noindex/SwiftStack.build/Debug-watchos/SwiftStack-t.build/Objects-normal/arm64_32/SwiftStack.abi.json (in target 'SwiftStack' from project 'SwiftStack')
cd /Users/admin/builder/spi-builder-workspace
builtin-copy -exclude .DS_Store -exclude CVS -exclude .svn -exclude .git -exclude .hg -resolve-src-symlinks -rename /Users/admin/builder/spi-builder-workspace/.derivedData/Build/Intermediates.noindex/SwiftStack.build/Debug-watchos/SwiftStack-t.build/Objects-normal/arm64_32/SwiftStack.abi.json /Users/admin/builder/spi-builder-workspace/.derivedData/Build/Products/Debug-watchos/SwiftStack.swiftmodule/arm64_32-apple-watchos.abi.json
Copy /Users/admin/builder/spi-builder-workspace/.derivedData/Build/Products/Debug-watchos/SwiftStack.swiftmodule/arm64-apple-watchos.swiftdoc /Users/admin/builder/spi-builder-workspace/.derivedData/Build/Intermediates.noindex/SwiftStack.build/Debug-watchos/SwiftStack-t.build/Objects-normal/arm64/SwiftStack.swiftdoc (in target 'SwiftStack' from project 'SwiftStack')
cd /Users/admin/builder/spi-builder-workspace
builtin-copy -exclude .DS_Store -exclude CVS -exclude .svn -exclude .git -exclude .hg -resolve-src-symlinks -rename /Users/admin/builder/spi-builder-workspace/.derivedData/Build/Intermediates.noindex/SwiftStack.build/Debug-watchos/SwiftStack-t.build/Objects-normal/arm64/SwiftStack.swiftdoc /Users/admin/builder/spi-builder-workspace/.derivedData/Build/Products/Debug-watchos/SwiftStack.swiftmodule/arm64-apple-watchos.swiftdoc
Copy /Users/admin/builder/spi-builder-workspace/.derivedData/Build/Products/Debug-watchos/SwiftStack.swiftmodule/arm64-apple-watchos.abi.json /Users/admin/builder/spi-builder-workspace/.derivedData/Build/Intermediates.noindex/SwiftStack.build/Debug-watchos/SwiftStack-t.build/Objects-normal/arm64/SwiftStack.abi.json (in target 'SwiftStack' from project 'SwiftStack')
cd /Users/admin/builder/spi-builder-workspace
builtin-copy -exclude .DS_Store -exclude CVS -exclude .svn -exclude .git -exclude .hg -resolve-src-symlinks -rename /Users/admin/builder/spi-builder-workspace/.derivedData/Build/Intermediates.noindex/SwiftStack.build/Debug-watchos/SwiftStack-t.build/Objects-normal/arm64/SwiftStack.abi.json /Users/admin/builder/spi-builder-workspace/.derivedData/Build/Products/Debug-watchos/SwiftStack.swiftmodule/arm64-apple-watchos.abi.json
Copy /Users/admin/builder/spi-builder-workspace/.derivedData/Build/Products/Debug-watchos/SwiftStack.swiftmodule/Project/arm64_32-apple-watchos.swiftsourceinfo /Users/admin/builder/spi-builder-workspace/.derivedData/Build/Intermediates.noindex/SwiftStack.build/Debug-watchos/SwiftStack-t.build/Objects-normal/arm64_32/SwiftStack.swiftsourceinfo (in target 'SwiftStack' from project 'SwiftStack')
cd /Users/admin/builder/spi-builder-workspace
builtin-copy -exclude .DS_Store -exclude CVS -exclude .svn -exclude .git -exclude .hg -resolve-src-symlinks -rename /Users/admin/builder/spi-builder-workspace/.derivedData/Build/Intermediates.noindex/SwiftStack.build/Debug-watchos/SwiftStack-t.build/Objects-normal/arm64_32/SwiftStack.swiftsourceinfo /Users/admin/builder/spi-builder-workspace/.derivedData/Build/Products/Debug-watchos/SwiftStack.swiftmodule/Project/arm64_32-apple-watchos.swiftsourceinfo
Copy /Users/admin/builder/spi-builder-workspace/.derivedData/Build/Products/Debug-watchos/SwiftStack.swiftmodule/Project/arm64-apple-watchos.swiftsourceinfo /Users/admin/builder/spi-builder-workspace/.derivedData/Build/Intermediates.noindex/SwiftStack.build/Debug-watchos/SwiftStack-t.build/Objects-normal/arm64/SwiftStack.swiftsourceinfo (in target 'SwiftStack' from project 'SwiftStack')
cd /Users/admin/builder/spi-builder-workspace
builtin-copy -exclude .DS_Store -exclude CVS -exclude .svn -exclude .git -exclude .hg -resolve-src-symlinks -rename /Users/admin/builder/spi-builder-workspace/.derivedData/Build/Intermediates.noindex/SwiftStack.build/Debug-watchos/SwiftStack-t.build/Objects-normal/arm64/SwiftStack.swiftsourceinfo /Users/admin/builder/spi-builder-workspace/.derivedData/Build/Products/Debug-watchos/SwiftStack.swiftmodule/Project/arm64-apple-watchos.swiftsourceinfo
SwiftCompile normal arm64_32 Compiling\ BadgeCount.swift,\ Comment.swift,\ Content.swift /Users/admin/builder/spi-builder-workspace/Sources/SwiftStack/BadgeCount.swift /Users/admin/builder/spi-builder-workspace/Sources/SwiftStack/Comment.swift /Users/admin/builder/spi-builder-workspace/Sources/SwiftStack/Content.swift (in target 'SwiftStack' from project 'SwiftStack')
SwiftCompile normal arm64_32 /Users/admin/builder/spi-builder-workspace/Sources/SwiftStack/BadgeCount.swift (in target 'SwiftStack' from project 'SwiftStack')
cd /Users/admin/builder/spi-builder-workspace/.swiftpm/xcode
builtin-SwiftPerFileCompile BadgeCount.swift
SwiftCompile normal arm64_32 /Users/admin/builder/spi-builder-workspace/Sources/SwiftStack/Comment.swift (in target 'SwiftStack' from project 'SwiftStack')
cd /Users/admin/builder/spi-builder-workspace/.swiftpm/xcode
builtin-SwiftPerFileCompile Comment.swift
SwiftCompile normal arm64_32 /Users/admin/builder/spi-builder-workspace/Sources/SwiftStack/Content.swift (in target 'SwiftStack' from project 'SwiftStack')
cd /Users/admin/builder/spi-builder-workspace/.swiftpm/xcode
builtin-SwiftPerFileCompile Content.swift
SwiftCompile normal arm64_32 Compiling\ RequestsAnswers.swift,\ RequestsPrivileges.swift /Users/admin/builder/spi-builder-workspace/Sources/SwiftStack/RequestsAnswers.swift /Users/admin/builder/spi-builder-workspace/Sources/SwiftStack/RequestsPrivileges.swift (in target 'SwiftStack' from project 'SwiftStack')
SwiftCompile normal arm64_32 /Users/admin/builder/spi-builder-workspace/Sources/SwiftStack/RequestsAnswers.swift (in target 'SwiftStack' from project 'SwiftStack')
cd /Users/admin/builder/spi-builder-workspace/.swiftpm/xcode
builtin-SwiftPerFileCompile RequestsAnswers.swift
SwiftCompile normal arm64_32 /Users/admin/builder/spi-builder-workspace/Sources/SwiftStack/RequestsPrivileges.swift (in target 'SwiftStack' from project 'SwiftStack')
cd /Users/admin/builder/spi-builder-workspace/.swiftpm/xcode
builtin-SwiftPerFileCompile RequestsPrivileges.swift
PruneExplicitPrecompiledModules /Users/admin/builder/spi-builder-workspace/.derivedData/Build/Intermediates.noindex/SwiftExplicitPrecompiledModules
PruneExplicitPrecompiledModules /Users/admin/builder/spi-builder-workspace/.derivedData/Build/Intermediates.noindex/ExplicitPrecompiledModules
PruneExplicitPrecompiledModules /Users/admin/builder/spi-builder-workspace/.derivedData/SDKExplicitPrecompiledModules
2026-09-17 01:07:10.126 xcodebuild[651:4228] [MT] IDERunDestination: Supported platforms for the buildables in the current scheme is empty.
** BUILD FAILED **
The following build commands failed:
SwiftCompile normal arm64 Compiling\ APIClient.swift,\ APIResponse.swift,\ Answer.swift /Users/admin/builder/spi-builder-workspace/Sources/SwiftStack/APIClient.swift /Users/admin/builder/spi-builder-workspace/Sources/SwiftStack/APIResponse.swift /Users/admin/builder/spi-builder-workspace/Sources/SwiftStack/Answer.swift (in target 'SwiftStack' from project 'SwiftStack')
SwiftCompile normal arm64 /Users/admin/builder/spi-builder-workspace/Sources/SwiftStack/APIClient.swift (in target 'SwiftStack' from project 'SwiftStack')
Building workspace SwiftStack with scheme SwiftStack
(3 failures)
Command line invocation:
/Applications/Xcode-27.0.0-Release.Candidate.app/Contents/Developer/usr/bin/xcodebuild -IDEClonedSourcePackagesDirPathOverride=/Users/admin/builder/spi-builder-workspace/.dependencies -resolvePackageDependencies
Resolve Package Graph
Resolved source packages:
SwiftStack: /Users/admin/builder/spi-builder-workspace
resolved source packages: SwiftStack
2026-09-17 01:07:15.687 xcodebuild[678:4457] [MT] IDERunDestination: Supported platforms for the buildables in the current scheme is empty.
{
"dependencies" : [
],
"manifest_display_name" : "SwiftStack",
"name" : "SwiftStack",
"path" : "/Users/admin/builder/spi-builder-workspace",
"platforms" : [
],
"products" : [
{
"name" : "SwiftStack",
"targets" : [
"SwiftStack"
],
"type" : {
"library" : [
"automatic"
]
}
}
],
"targets" : [
{
"c99name" : "SwiftStackTests",
"module_type" : "SwiftTarget",
"name" : "SwiftStackTests",
"path" : "Tests/SwiftStackTests",
"sources" : [
"APITests.swift",
"AnswersTests.swift",
"BasicRequestTests.swift",
"JsonHelperTests.swift",
"PostTests.swift",
"PrivilegesTests.swift",
"QuestionTests.swift",
"SiteTests.swift",
"UserTests.swift"
],
"target_dependencies" : [
"SwiftStack"
],
"type" : "test"
},
{
"c99name" : "SwiftStack",
"module_type" : "SwiftTarget",
"name" : "SwiftStack",
"path" : "Sources/SwiftStack",
"product_memberships" : [
"SwiftStack"
],
"sources" : [
"APIClient.swift",
"APIResponse.swift",
"Answer.swift",
"BadgeCount.swift",
"Comment.swift",
"Content.swift",
"DictionaryConvertible.swift",
"JsonConvertible.swift",
"JsonHelper.swift",
"Post.swift",
"Privilege.swift",
"Question.swift",
"RequestsAnswers.swift",
"RequestsPrivileges.swift",
"RequestsQuestions.swift",
"RequestsRevisions.swift",
"RequestsSites.swift",
"RequestsSuggestedEdits.swift",
"Revision.swift",
"Site.swift",
"String+HTMLEntities.swift",
"StringRepresentable.swift",
"SuggestedEdit.swift",
"User.swift"
],
"type" : "library"
}
],
"tools_version" : "4.0"
}
{
"workspace" : {
"name" : "SwiftStack",
"schemes" : [
"SwiftStack"
]
}
}
2026-09-17 01:07:16.845 xcodebuild[686:4523] [MT] IDERunDestination: Supported platforms for the buildables in the current scheme is empty.
Running build ...
env DEVELOPER_DIR=/Applications/Xcode-27.0.0-Release.Candidate.app xcrun xcodebuild -IDEClonedSourcePackagesDirPathOverride=$PWD/.dependencies -skipMacroValidation -skipPackagePluginValidation -derivedDataPath $PWD/.derivedData build -scheme SwiftStack -destination generic/platform=watchOS
Command line invocation:
/Applications/Xcode-27.0.0-Release.Candidate.app/Contents/Developer/usr/bin/xcodebuild -IDEClonedSourcePackagesDirPathOverride=/Users/admin/builder/spi-builder-workspace/.dependencies -skipMacroValidation -skipPackagePluginValidation -derivedDataPath /Users/admin/builder/spi-builder-workspace/.derivedData build -scheme SwiftStack -destination generic/platform=watchOS
Resolve Package Graph
Resolved source packages:
SwiftStack: /Users/admin/builder/spi-builder-workspace
ComputePackagePrebuildTargetDependencyGraph
Prepare packages
CreateBuildRequest
SendProjectDescription
CreateBuildOperation
ComputeTargetDependencyGraph
note: Building targets in dependency order
note: Target dependency graph (2 targets)
Target 'SwiftStack-product' in project 'SwiftStack'
➜ Explicit dependency on target 'SwiftStack' in project 'SwiftStack'
Target 'SwiftStack' in project 'SwiftStack' (no dependencies)
GatherProvisioningInputs
CreateBuildDescription
ClangStatCache /Applications/Xcode-27.0.0-Release.Candidate.app/Contents/Developer/Toolchains/XcodeDefault.xctoolchain/usr/bin/clang-stat-cache /Applications/Xcode-27.0.0-Release.Candidate.app/Contents/Developer/Platforms/WatchOS.platform/Developer/SDKs/WatchOS27.0.sdk /Users/admin/builder/spi-builder-workspace/.derivedData/SDKStatCaches.noindex/watchos27.0-24R360-e829b21a6f8c9b70876ba0858053c04477534ef55a1706bf4c1112bbb242f0a2.sdkstatcache
cd /Users/admin/builder/spi-builder-workspace/.swiftpm/xcode
/Applications/Xcode-27.0.0-Release.Candidate.app/Contents/Developer/Toolchains/XcodeDefault.xctoolchain/usr/bin/clang-stat-cache /Applications/Xcode-27.0.0-Release.Candidate.app/Contents/Developer/Platforms/WatchOS.platform/Developer/SDKs/WatchOS27.0.sdk -o /Users/admin/builder/spi-builder-workspace/.derivedData/SDKStatCaches.noindex/watchos27.0-24R360-e829b21a6f8c9b70876ba0858053c04477534ef55a1706bf4c1112bbb242f0a2.sdkstatcache
SwiftDriver SwiftStack normal arm64 com.apple.xcode.tools.swift.compiler (in target 'SwiftStack' from project 'SwiftStack')
cd /Users/admin/builder/spi-builder-workspace/.swiftpm/xcode
builtin-SwiftDriver -- /Applications/Xcode-27.0.0-Release.Candidate.app/Contents/Developer/Toolchains/XcodeDefault.xctoolchain/usr/bin/swiftc -parse-as-library -module-name SwiftStack -Onone @/Users/admin/builder/spi-builder-workspace/.derivedData/Build/Intermediates.noindex/SwiftStack.build/Debug-watchos/SwiftStack-t.build/Objects-normal/arm64/SwiftStack.SwiftFileList -DSWIFT_PACKAGE -DDEBUG -DSWIFT_MODULE_RESOURCE_BUNDLE_UNAVAILABLE -DXcode -plugin-path /Applications/Xcode-27.0.0-Release.Candidate.app/Contents/Developer/Toolchains/XcodeDefault.xctoolchain/usr/lib/swift/host/plugins/testing -enable-experimental-feature DebugDescriptionMacro -sdk /Applications/Xcode-27.0.0-Release.Candidate.app/Contents/Developer/Platforms/WatchOS.platform/Developer/SDKs/WatchOS27.0.sdk -target arm64-apple-watchos9.0 -g -module-cache-path /Users/admin/builder/spi-builder-workspace/.derivedData/ModuleCache.noindex -Xfrontend -serialize-debugging-options -profile-coverage-mapping -profile-generate -enable-testing -index-store-path /Users/admin/builder/spi-builder-workspace/.derivedData/Index.noindex/DataStore -Xcc -D_LIBCPP_HARDENING_MODE\=_LIBCPP_HARDENING_MODE_DEBUG -swift-version 4 -I /Users/admin/builder/spi-builder-workspace/.derivedData/Build/Products/Debug-watchos -Isystem /Applications/Xcode-27.0.0-Release.Candidate.app/Contents/Developer/Platforms/WatchOS.platform/Developer/usr/lib -F /Users/admin/builder/spi-builder-workspace/.derivedData/Build/Products/Debug-watchos -F /Applications/Xcode-27.0.0-Release.Candidate.app/Contents/Developer/Platforms/WatchOS.platform/Developer/Library/Frameworks -F /Applications/Xcode-27.0.0-Release.Candidate.app/Contents/Developer/Platforms/WatchOS.platform/Developer/SDKs/WatchOS27.0.sdk/Developer/Library/Frameworks -c -j10 -enable-batch-mode -incremental -Xcc -ivfsstatcache -Xcc /Users/admin/builder/spi-builder-workspace/.derivedData/SDKStatCaches.noindex/watchos27.0-24R360-e829b21a6f8c9b70876ba0858053c04477534ef55a1706bf4c1112bbb242f0a2.sdkstatcache -output-file-map /Users/admin/builder/spi-builder-workspace/.derivedData/Build/Intermediates.noindex/SwiftStack.build/Debug-watchos/SwiftStack-t.build/Objects-normal/arm64/SwiftStack-OutputFileMap.json -save-temps -no-color-diagnostics -emit-dependencies -emit-module -emit-module-path /Users/admin/builder/spi-builder-workspace/.derivedData/Build/Intermediates.noindex/SwiftStack.build/Debug-watchos/SwiftStack-t.build/Objects-normal/arm64/SwiftStack.swiftmodule -serialize-diagnostics -validate-clang-modules-once -clang-build-session-file /Users/admin/builder/spi-builder-workspace/.derivedData/ModuleCache.noindex/Session.modulevalidation -Xcc -fmodules-prune-interval\=86400 -Xcc -fmodules-prune-after\=345600 -emit-const-values -const-gather-protocols-list /Users/admin/builder/spi-builder-workspace/.derivedData/Build/Intermediates.noindex/SwiftStack.build/Debug-watchos/SwiftStack-t.build/Objects-normal/arm64/SwiftStack_const_extract_protocols.json -Xcc -I/Users/admin/builder/spi-builder-workspace/.derivedData/Build/Products/Debug-watchos/include -Xcc -I/Users/admin/builder/spi-builder-workspace/.derivedData/Build/Intermediates.noindex/SwiftStack.build/Debug-watchos/SwiftStack-t.build/DerivedSources-normal/arm64 -Xcc -I/Users/admin/builder/spi-builder-workspace/.derivedData/Build/Intermediates.noindex/SwiftStack.build/Debug-watchos/SwiftStack-t.build/DerivedSources/arm64 -Xcc -I/Users/admin/builder/spi-builder-workspace/.derivedData/Build/Intermediates.noindex/SwiftStack.build/Debug-watchos/SwiftStack-t.build/DerivedSources -Xcc -DSWIFT_PACKAGE -Xcc -DDEBUG\=1 -emit-objc-header -emit-objc-header-path /Users/admin/builder/spi-builder-workspace/.derivedData/Build/Intermediates.noindex/SwiftStack.build/Debug-watchos/SwiftStack-t.build/Objects-normal/arm64/SwiftStack-Swift.h -working-directory /Users/admin/builder/spi-builder-workspace/.swiftpm/xcode -experimental-emit-module-separately -disable-cmo
SwiftDriver SwiftStack normal arm64_32 com.apple.xcode.tools.swift.compiler (in target 'SwiftStack' from project 'SwiftStack')
cd /Users/admin/builder/spi-builder-workspace/.swiftpm/xcode
builtin-SwiftDriver -- /Applications/Xcode-27.0.0-Release.Candidate.app/Contents/Developer/Toolchains/XcodeDefault.xctoolchain/usr/bin/swiftc -parse-as-library -module-name SwiftStack -Onone @/Users/admin/builder/spi-builder-workspace/.derivedData/Build/Intermediates.noindex/SwiftStack.build/Debug-watchos/SwiftStack-t.build/Objects-normal/arm64_32/SwiftStack.SwiftFileList -DSWIFT_PACKAGE -DDEBUG -DSWIFT_MODULE_RESOURCE_BUNDLE_UNAVAILABLE -DXcode -plugin-path /Applications/Xcode-27.0.0-Release.Candidate.app/Contents/Developer/Toolchains/XcodeDefault.xctoolchain/usr/lib/swift/host/plugins/testing -enable-experimental-feature DebugDescriptionMacro -sdk /Applications/Xcode-27.0.0-Release.Candidate.app/Contents/Developer/Platforms/WatchOS.platform/Developer/SDKs/WatchOS27.0.sdk -target arm64_32-apple-watchos9.0 -g -module-cache-path /Users/admin/builder/spi-builder-workspace/.derivedData/ModuleCache.noindex -Xfrontend -serialize-debugging-options -profile-coverage-mapping -profile-generate -enable-testing -index-store-path /Users/admin/builder/spi-builder-workspace/.derivedData/Index.noindex/DataStore -Xcc -D_LIBCPP_HARDENING_MODE\=_LIBCPP_HARDENING_MODE_DEBUG -swift-version 4 -I /Users/admin/builder/spi-builder-workspace/.derivedData/Build/Products/Debug-watchos -Isystem /Applications/Xcode-27.0.0-Release.Candidate.app/Contents/Developer/Platforms/WatchOS.platform/Developer/usr/lib -F /Users/admin/builder/spi-builder-workspace/.derivedData/Build/Products/Debug-watchos -F /Applications/Xcode-27.0.0-Release.Candidate.app/Contents/Developer/Platforms/WatchOS.platform/Developer/Library/Frameworks -F /Applications/Xcode-27.0.0-Release.Candidate.app/Contents/Developer/Platforms/WatchOS.platform/Developer/SDKs/WatchOS27.0.sdk/Developer/Library/Frameworks -c -j10 -enable-batch-mode -incremental -Xcc -ivfsstatcache -Xcc /Users/admin/builder/spi-builder-workspace/.derivedData/SDKStatCaches.noindex/watchos27.0-24R360-e829b21a6f8c9b70876ba0858053c04477534ef55a1706bf4c1112bbb242f0a2.sdkstatcache -output-file-map /Users/admin/builder/spi-builder-workspace/.derivedData/Build/Intermediates.noindex/SwiftStack.build/Debug-watchos/SwiftStack-t.build/Objects-normal/arm64_32/SwiftStack-OutputFileMap.json -save-temps -no-color-diagnostics -emit-dependencies -emit-module -emit-module-path /Users/admin/builder/spi-builder-workspace/.derivedData/Build/Intermediates.noindex/SwiftStack.build/Debug-watchos/SwiftStack-t.build/Objects-normal/arm64_32/SwiftStack.swiftmodule -serialize-diagnostics -validate-clang-modules-once -clang-build-session-file /Users/admin/builder/spi-builder-workspace/.derivedData/ModuleCache.noindex/Session.modulevalidation -Xcc -fmodules-prune-interval\=86400 -Xcc -fmodules-prune-after\=345600 -emit-const-values -const-gather-protocols-list /Users/admin/builder/spi-builder-workspace/.derivedData/Build/Intermediates.noindex/SwiftStack.build/Debug-watchos/SwiftStack-t.build/Objects-normal/arm64_32/SwiftStack_const_extract_protocols.json -Xcc -I/Users/admin/builder/spi-builder-workspace/.derivedData/Build/Products/Debug-watchos/include -Xcc -I/Users/admin/builder/spi-builder-workspace/.derivedData/Build/Intermediates.noindex/SwiftStack.build/Debug-watchos/SwiftStack-t.build/DerivedSources-normal/arm64_32 -Xcc -I/Users/admin/builder/spi-builder-workspace/.derivedData/Build/Intermediates.noindex/SwiftStack.build/Debug-watchos/SwiftStack-t.build/DerivedSources/arm64_32 -Xcc -I/Users/admin/builder/spi-builder-workspace/.derivedData/Build/Intermediates.noindex/SwiftStack.build/Debug-watchos/SwiftStack-t.build/DerivedSources -Xcc -DSWIFT_PACKAGE -Xcc -DDEBUG\=1 -emit-objc-header -emit-objc-header-path /Users/admin/builder/spi-builder-workspace/.derivedData/Build/Intermediates.noindex/SwiftStack.build/Debug-watchos/SwiftStack-t.build/Objects-normal/arm64_32/SwiftStack-Swift.h -working-directory /Users/admin/builder/spi-builder-workspace/.swiftpm/xcode -experimental-emit-module-separately -disable-cmo
SwiftCompile normal arm64_32 Compiling\ DictionaryConvertible.swift,\ JsonConvertible.swift,\ JsonHelper.swift /Users/admin/builder/spi-builder-workspace/Sources/SwiftStack/DictionaryConvertible.swift /Users/admin/builder/spi-builder-workspace/Sources/SwiftStack/JsonConvertible.swift /Users/admin/builder/spi-builder-workspace/Sources/SwiftStack/JsonHelper.swift (in target 'SwiftStack' from project 'SwiftStack')
SwiftCompile normal arm64_32 /Users/admin/builder/spi-builder-workspace/Sources/SwiftStack/DictionaryConvertible.swift (in target 'SwiftStack' from project 'SwiftStack')
cd /Users/admin/builder/spi-builder-workspace/.swiftpm/xcode
builtin-SwiftPerFileCompile DictionaryConvertible.swift
SwiftCompile normal arm64_32 /Users/admin/builder/spi-builder-workspace/Sources/SwiftStack/JsonConvertible.swift (in target 'SwiftStack' from project 'SwiftStack')
cd /Users/admin/builder/spi-builder-workspace/.swiftpm/xcode
builtin-SwiftPerFileCompile JsonConvertible.swift
SwiftCompile normal arm64_32 /Users/admin/builder/spi-builder-workspace/Sources/SwiftStack/JsonHelper.swift (in target 'SwiftStack' from project 'SwiftStack')
cd /Users/admin/builder/spi-builder-workspace/.swiftpm/xcode
builtin-SwiftPerFileCompile JsonHelper.swift
SwiftCompile normal arm64_32 Compiling\ APIClient.swift,\ APIResponse.swift,\ Answer.swift /Users/admin/builder/spi-builder-workspace/Sources/SwiftStack/APIClient.swift /Users/admin/builder/spi-builder-workspace/Sources/SwiftStack/APIResponse.swift /Users/admin/builder/spi-builder-workspace/Sources/SwiftStack/Answer.swift (in target 'SwiftStack' from project 'SwiftStack')
/Users/admin/builder/spi-builder-workspace/Sources/SwiftStack/APIClient.swift:368:6: error: cannot find 'kCFNetworkProxiesHTTPProxy' in scope
366 | configuration.connectionProxyDictionary = [
367 | "HTTPEnable" : 1,
368 | kCFNetworkProxiesHTTPProxy as AnyHashable : proxyAddress!,
| `- error: cannot find 'kCFNetworkProxiesHTTPProxy' in scope
369 | kCFNetworkProxiesHTTPPort as AnyHashable : proxyPort,
370 |
/Users/admin/builder/spi-builder-workspace/Sources/SwiftStack/APIClient.swift:369:6: error: cannot find 'kCFNetworkProxiesHTTPPort' in scope
367 | "HTTPEnable" : 1,
368 | kCFNetworkProxiesHTTPProxy as AnyHashable : proxyAddress!,
369 | kCFNetworkProxiesHTTPPort as AnyHashable : proxyPort,
| `- error: cannot find 'kCFNetworkProxiesHTTPPort' in scope
370 |
371 | "HTTPSEnable" : 1,
/Users/admin/builder/spi-builder-workspace/Sources/SwiftStack/APIClient.swift:372:6: error: cannot find 'kCFNetworkProxiesHTTPSProxy' in scope
370 |
371 | "HTTPSEnable" : 1,
372 | kCFNetworkProxiesHTTPSProxy as AnyHashable : proxyAddress!,
| `- error: cannot find 'kCFNetworkProxiesHTTPSProxy' in scope
373 | kCFNetworkProxiesHTTPSPort as AnyHashable : proxyPort
374 | ]
/Users/admin/builder/spi-builder-workspace/Sources/SwiftStack/APIClient.swift:373:6: error: cannot find 'kCFNetworkProxiesHTTPSPort' in scope
371 | "HTTPSEnable" : 1,
372 | kCFNetworkProxiesHTTPSProxy as AnyHashable : proxyAddress!,
373 | kCFNetworkProxiesHTTPSPort as AnyHashable : proxyPort
| `- error: cannot find 'kCFNetworkProxiesHTTPSPort' in scope
374 | ]
375 | #endif
Failed frontend command:
/Applications/Xcode-27.0.0-Release.Candidate.app/Contents/Developer/Toolchains/XcodeDefault.xctoolchain/usr/bin/swift-frontend -frontend -c -primary-file /Users/admin/builder/spi-builder-workspace/Sources/SwiftStack/APIClient.swift -primary-file /Users/admin/builder/spi-builder-workspace/Sources/SwiftStack/APIResponse.swift -primary-file /Users/admin/builder/spi-builder-workspace/Sources/SwiftStack/Answer.swift /Users/admin/builder/spi-builder-workspace/Sources/SwiftStack/BadgeCount.swift /Users/admin/builder/spi-builder-workspace/Sources/SwiftStack/Comment.swift /Users/admin/builder/spi-builder-workspace/Sources/SwiftStack/Content.swift /Users/admin/builder/spi-builder-workspace/Sources/SwiftStack/DictionaryConvertible.swift /Users/admin/builder/spi-builder-workspace/Sources/SwiftStack/JsonConvertible.swift /Users/admin/builder/spi-builder-workspace/Sources/SwiftStack/JsonHelper.swift /Users/admin/builder/spi-builder-workspace/Sources/SwiftStack/Post.swift /Users/admin/builder/spi-builder-workspace/Sources/SwiftStack/Privilege.swift /Users/admin/builder/spi-builder-workspace/Sources/SwiftStack/Question.swift /Users/admin/builder/spi-builder-workspace/Sources/SwiftStack/RequestsAnswers.swift /Users/admin/builder/spi-builder-workspace/Sources/SwiftStack/RequestsPrivileges.swift /Users/admin/builder/spi-builder-workspace/Sources/SwiftStack/RequestsQuestions.swift /Users/admin/builder/spi-builder-workspace/Sources/SwiftStack/RequestsRevisions.swift /Users/admin/builder/spi-builder-workspace/Sources/SwiftStack/RequestsSites.swift /Users/admin/builder/spi-builder-workspace/Sources/SwiftStack/RequestsSuggestedEdits.swift /Users/admin/builder/spi-builder-workspace/Sources/SwiftStack/Revision.swift /Users/admin/builder/spi-builder-workspace/Sources/SwiftStack/Site.swift /Users/admin/builder/spi-builder-workspace/Sources/SwiftStack/String+HTMLEntities.swift /Users/admin/builder/spi-builder-workspace/Sources/SwiftStack/StringRepresentable.swift /Users/admin/builder/spi-builder-workspace/Sources/SwiftStack/SuggestedEdit.swift /Users/admin/builder/spi-builder-workspace/Sources/SwiftStack/User.swift -supplementary-output-file-map /Users/admin/builder/spi-builder-workspace/.derivedData/Build/Intermediates.noindex/SwiftStack.build/Debug-watchos/SwiftStack-t.build/Objects-normal/arm64_32/supplementaryOutputs-1 -target arm64_32-apple-watchos9.0 -enable-objc-interop -sdk /Applications/Xcode-27.0.0-Release.Candidate.app/Contents/Developer/Platforms/WatchOS.platform/Developer/SDKs/WatchOS27.0.sdk -I /Users/admin/builder/spi-builder-workspace/.derivedData/Build/Products/Debug-watchos -Isystem /Applications/Xcode-27.0.0-Release.Candidate.app/Contents/Developer/Platforms/WatchOS.platform/Developer/usr/lib -F /Users/admin/builder/spi-builder-workspace/.derivedData/Build/Products/Debug-watchos -F /Applications/Xcode-27.0.0-Release.Candidate.app/Contents/Developer/Platforms/WatchOS.platform/Developer/Library/Frameworks -F /Applications/Xcode-27.0.0-Release.Candidate.app/Contents/Developer/Platforms/WatchOS.platform/Developer/SDKs/WatchOS27.0.sdk/Developer/Library/Frameworks -module-cache-path /Users/admin/builder/spi-builder-workspace/.derivedData/ModuleCache.noindex -no-color-diagnostics -Xcc -fno-color-diagnostics -enable-testing -g -debug-info-format\=dwarf -dwarf-version\=4 -profile-generate -profile-coverage-mapping -swift-version 4 -Onone -D SWIFT_PACKAGE -D DEBUG -D SWIFT_MODULE_RESOURCE_BUNDLE_UNAVAILABLE -D Xcode -serialize-debugging-options -enable-experimental-feature DebugDescriptionMacro -empty-abi-descriptor -plugin-path /Applications/Xcode-27.0.0-Release.Candidate.app/Contents/Developer/Toolchains/XcodeDefault.xctoolchain/usr/lib/swift/host/plugins/testing -validate-clang-modules-once -clang-build-session-file /Users/admin/builder/spi-builder-workspace/.derivedData/ModuleCache.noindex/Session.modulevalidation -Xcc -working-directory -Xcc /Users/admin/builder/spi-builder-workspace/.swiftpm/xcode -enable-anonymous-context-mangled-names -file-compilation-dir /Users/admin/builder/spi-builder-workspace/.swiftpm/xcode -Xcc -D_LIBCPP_HARDENING_MODE\=_LIBCPP_HARDENING_MODE_DEBUG -Xcc -ivfsstatcache -Xcc /Users/admin/builder/spi-builder-workspace/.derivedData/SDKStatCaches.noindex/watchos27.0-24R360-e829b21a6f8c9b70876ba0858053c04477534ef55a1706bf4c1112bbb242f0a2.sdkstatcache -Xcc -fmodules-prune-interval\=86400 -Xcc -fmodules-prune-after\=345600 -Xcc -I/Users/admin/builder/spi-builder-workspace/.derivedData/Build/Products/Debug-watchos/include -Xcc -I/Users/admin/builder/spi-builder-workspace/.derivedData/Build/Intermediates.noindex/SwiftStack.build/Debug-watchos/SwiftStack-t.build/DerivedSources-normal/arm64_32 -Xcc -I/Users/admin/builder/spi-builder-workspace/.derivedData/Build/Intermediates.noindex/SwiftStack.build/Debug-watchos/SwiftStack-t.build/DerivedSources/arm64_32 -Xcc -I/Users/admin/builder/spi-builder-workspace/.derivedData/Build/Intermediates.noindex/SwiftStack.build/Debug-watchos/SwiftStack-t.build/DerivedSources -Xcc -DSWIFT_PACKAGE -Xcc -DDEBUG\=1 -no-auto-bridging-header-chaining -module-name SwiftStack -const-gather-protocols-file /Users/admin/builder/spi-builder-workspace/.derivedData/Build/Intermediates.noindex/SwiftStack.build/Debug-watchos/SwiftStack-t.build/Objects-normal/arm64_32/SwiftStack_const_extract_protocols.json -disable-clang-spi -target-sdk-version 27.0 -target-sdk-name watchos27.0 -external-plugin-path /Applications/Xcode-27.0.0-Release.Candidate.app/Contents/Developer/Platforms/WatchOS.platform/Developer/usr/lib/swift/host/plugins\#/Applications/Xcode-27.0.0-Release.Candidate.app/Contents/Developer/Platforms/WatchOS.platform/Developer/usr/bin/swift-plugin-server -external-plugin-path /Applications/Xcode-27.0.0-Release.Candidate.app/Contents/Developer/Platforms/WatchOS.platform/Developer/usr/local/lib/swift/host/plugins\#/Applications/Xcode-27.0.0-Release.Candidate.app/Contents/Developer/Platforms/WatchOS.platform/Developer/usr/bin/swift-plugin-server -in-process-plugin-server-path /Applications/Xcode-27.0.0-Release.Candidate.app/Contents/Developer/Toolchains/XcodeDefault.xctoolchain/usr/lib/swift/host/libSwiftInProcPluginServer.dylib -plugin-path /Applications/Xcode-27.0.0-Release.Candidate.app/Contents/Developer/Toolchains/XcodeDefault.xctoolchain/usr/lib/swift/host/plugins -plugin-path /Applications/Xcode-27.0.0-Release.Candidate.app/Contents/Developer/Toolchains/XcodeDefault.xctoolchain/usr/local/lib/swift/host/plugins -parse-as-library -o /Users/admin/builder/spi-builder-workspace/.derivedData/Build/Intermediates.noindex/SwiftStack.build/Debug-watchos/SwiftStack-t.build/Objects-normal/arm64_32/APIClient.o -o /Users/admin/builder/spi-builder-workspace/.derivedData/Build/Intermediates.noindex/SwiftStack.build/Debug-watchos/SwiftStack-t.build/Objects-normal/arm64_32/APIResponse.o -o /Users/admin/builder/spi-builder-workspace/.derivedData/Build/Intermediates.noindex/SwiftStack.build/Debug-watchos/SwiftStack-t.build/Objects-normal/arm64_32/Answer.o -index-unit-output-path /SwiftStack.build/Debug-watchos/SwiftStack-t.build/Objects-normal/arm64_32/APIClient.o -index-unit-output-path /SwiftStack.build/Debug-watchos/SwiftStack-t.build/Objects-normal/arm64_32/APIResponse.o -index-unit-output-path /SwiftStack.build/Debug-watchos/SwiftStack-t.build/Objects-normal/arm64_32/Answer.o -index-store-path /Users/admin/builder/spi-builder-workspace/.derivedData/Index.noindex/DataStore -index-system-modules
SwiftCompile normal arm64_32 /Users/admin/builder/spi-builder-workspace/Sources/SwiftStack/APIClient.swift (in target 'SwiftStack' from project 'SwiftStack')
cd /Users/admin/builder/spi-builder-workspace/.swiftpm/xcode
builtin-SwiftPerFileCompile APIClient.swift
SwiftCompile normal arm64_32 /Users/admin/builder/spi-builder-workspace/Sources/SwiftStack/APIResponse.swift (in target 'SwiftStack' from project 'SwiftStack')
cd /Users/admin/builder/spi-builder-workspace/.swiftpm/xcode
builtin-SwiftPerFileCompile APIResponse.swift
SwiftCompile normal arm64_32 /Users/admin/builder/spi-builder-workspace/Sources/SwiftStack/Answer.swift (in target 'SwiftStack' from project 'SwiftStack')
cd /Users/admin/builder/spi-builder-workspace/.swiftpm/xcode
builtin-SwiftPerFileCompile Answer.swift
SwiftCompile normal arm64_32 Compiling\ RequestsAnswers.swift,\ RequestsPrivileges.swift /Users/admin/builder/spi-builder-workspace/Sources/SwiftStack/RequestsAnswers.swift /Users/admin/builder/spi-builder-workspace/Sources/SwiftStack/RequestsPrivileges.swift (in target 'SwiftStack' from project 'SwiftStack')
SwiftCompile normal arm64_32 /Users/admin/builder/spi-builder-workspace/Sources/SwiftStack/RequestsAnswers.swift (in target 'SwiftStack' from project 'SwiftStack')
cd /Users/admin/builder/spi-builder-workspace/.swiftpm/xcode
builtin-SwiftPerFileCompile RequestsAnswers.swift
SwiftCompile normal arm64_32 /Users/admin/builder/spi-builder-workspace/Sources/SwiftStack/RequestsPrivileges.swift (in target 'SwiftStack' from project 'SwiftStack')
cd /Users/admin/builder/spi-builder-workspace/.swiftpm/xcode
builtin-SwiftPerFileCompile RequestsPrivileges.swift
SwiftCompile normal arm64_32 Compiling\ String+HTMLEntities.swift,\ StringRepresentable.swift /Users/admin/builder/spi-builder-workspace/Sources/SwiftStack/String+HTMLEntities.swift /Users/admin/builder/spi-builder-workspace/Sources/SwiftStack/StringRepresentable.swift (in target 'SwiftStack' from project 'SwiftStack')
SwiftCompile normal arm64_32 /Users/admin/builder/spi-builder-workspace/Sources/SwiftStack/String+HTMLEntities.swift (in target 'SwiftStack' from project 'SwiftStack')
cd /Users/admin/builder/spi-builder-workspace/.swiftpm/xcode
builtin-SwiftPerFileCompile String+HTMLEntities.swift
SwiftCompile normal arm64_32 /Users/admin/builder/spi-builder-workspace/Sources/SwiftStack/StringRepresentable.swift (in target 'SwiftStack' from project 'SwiftStack')
cd /Users/admin/builder/spi-builder-workspace/.swiftpm/xcode
builtin-SwiftPerFileCompile StringRepresentable.swift
SwiftCompile normal arm64_32 Compiling\ RequestsQuestions.swift,\ RequestsRevisions.swift /Users/admin/builder/spi-builder-workspace/Sources/SwiftStack/RequestsQuestions.swift /Users/admin/builder/spi-builder-workspace/Sources/SwiftStack/RequestsRevisions.swift (in target 'SwiftStack' from project 'SwiftStack')
SwiftCompile normal arm64_32 /Users/admin/builder/spi-builder-workspace/Sources/SwiftStack/RequestsQuestions.swift (in target 'SwiftStack' from project 'SwiftStack')
cd /Users/admin/builder/spi-builder-workspace/.swiftpm/xcode
builtin-SwiftPerFileCompile RequestsQuestions.swift
SwiftCompile normal arm64_32 /Users/admin/builder/spi-builder-workspace/Sources/SwiftStack/RequestsRevisions.swift (in target 'SwiftStack' from project 'SwiftStack')
cd /Users/admin/builder/spi-builder-workspace/.swiftpm/xcode
builtin-SwiftPerFileCompile RequestsRevisions.swift
SwiftCompile normal arm64_32 Compiling\ BadgeCount.swift,\ Comment.swift,\ Content.swift /Users/admin/builder/spi-builder-workspace/Sources/SwiftStack/BadgeCount.swift /Users/admin/builder/spi-builder-workspace/Sources/SwiftStack/Comment.swift /Users/admin/builder/spi-builder-workspace/Sources/SwiftStack/Content.swift (in target 'SwiftStack' from project 'SwiftStack')
SwiftCompile normal arm64_32 /Users/admin/builder/spi-builder-workspace/Sources/SwiftStack/BadgeCount.swift (in target 'SwiftStack' from project 'SwiftStack')
cd /Users/admin/builder/spi-builder-workspace/.swiftpm/xcode
builtin-SwiftPerFileCompile BadgeCount.swift
SwiftCompile normal arm64_32 /Users/admin/builder/spi-builder-workspace/Sources/SwiftStack/Comment.swift (in target 'SwiftStack' from project 'SwiftStack')
cd /Users/admin/builder/spi-builder-workspace/.swiftpm/xcode
builtin-SwiftPerFileCompile Comment.swift
SwiftCompile normal arm64_32 /Users/admin/builder/spi-builder-workspace/Sources/SwiftStack/Content.swift (in target 'SwiftStack' from project 'SwiftStack')
cd /Users/admin/builder/spi-builder-workspace/.swiftpm/xcode
builtin-SwiftPerFileCompile Content.swift
SwiftCompile normal arm64_32 Compiling\ Post.swift,\ Privilege.swift,\ Question.swift /Users/admin/builder/spi-builder-workspace/Sources/SwiftStack/Post.swift /Users/admin/builder/spi-builder-workspace/Sources/SwiftStack/Privilege.swift /Users/admin/builder/spi-builder-workspace/Sources/SwiftStack/Question.swift (in target 'SwiftStack' from project 'SwiftStack')
SwiftCompile normal arm64_32 /Users/admin/builder/spi-builder-workspace/Sources/SwiftStack/Post.swift (in target 'SwiftStack' from project 'SwiftStack')
cd /Users/admin/builder/spi-builder-workspace/.swiftpm/xcode
builtin-SwiftPerFileCompile Post.swift
SwiftCompile normal arm64_32 /Users/admin/builder/spi-builder-workspace/Sources/SwiftStack/Privilege.swift (in target 'SwiftStack' from project 'SwiftStack')
cd /Users/admin/builder/spi-builder-workspace/.swiftpm/xcode
builtin-SwiftPerFileCompile Privilege.swift
SwiftCompile normal arm64_32 /Users/admin/builder/spi-builder-workspace/Sources/SwiftStack/Question.swift (in target 'SwiftStack' from project 'SwiftStack')
cd /Users/admin/builder/spi-builder-workspace/.swiftpm/xcode
builtin-SwiftPerFileCompile Question.swift
SwiftCompile normal arm64_32 Compiling\ RequestsSites.swift,\ RequestsSuggestedEdits.swift /Users/admin/builder/spi-builder-workspace/Sources/SwiftStack/RequestsSites.swift /Users/admin/builder/spi-builder-workspace/Sources/SwiftStack/RequestsSuggestedEdits.swift (in target 'SwiftStack' from project 'SwiftStack')
SwiftCompile normal arm64_32 /Users/admin/builder/spi-builder-workspace/Sources/SwiftStack/RequestsSites.swift (in target 'SwiftStack' from project 'SwiftStack')
cd /Users/admin/builder/spi-builder-workspace/.swiftpm/xcode
builtin-SwiftPerFileCompile RequestsSites.swift
SwiftCompile normal arm64_32 /Users/admin/builder/spi-builder-workspace/Sources/SwiftStack/RequestsSuggestedEdits.swift (in target 'SwiftStack' from project 'SwiftStack')
cd /Users/admin/builder/spi-builder-workspace/.swiftpm/xcode
builtin-SwiftPerFileCompile RequestsSuggestedEdits.swift
SwiftCompile normal arm64_32 Compiling\ Revision.swift,\ Site.swift /Users/admin/builder/spi-builder-workspace/Sources/SwiftStack/Revision.swift /Users/admin/builder/spi-builder-workspace/Sources/SwiftStack/Site.swift (in target 'SwiftStack' from project 'SwiftStack')
SwiftCompile normal arm64_32 /Users/admin/builder/spi-builder-workspace/Sources/SwiftStack/Revision.swift (in target 'SwiftStack' from project 'SwiftStack')
cd /Users/admin/builder/spi-builder-workspace/.swiftpm/xcode
builtin-SwiftPerFileCompile Revision.swift
SwiftCompile normal arm64_32 /Users/admin/builder/spi-builder-workspace/Sources/SwiftStack/Site.swift (in target 'SwiftStack' from project 'SwiftStack')
cd /Users/admin/builder/spi-builder-workspace/.swiftpm/xcode
builtin-SwiftPerFileCompile Site.swift
SwiftEmitModule normal arm64_32 Emitting\ module\ for\ SwiftStack (in target 'SwiftStack' from project 'SwiftStack')
SwiftCompile normal arm64_32 (in target 'SwiftStack' from project 'SwiftStack')
cd /Users/admin/builder/spi-builder-workspace/.swiftpm/xcode
SwiftEmitModule normal arm64 Emitting\ module\ for\ SwiftStack (in target 'SwiftStack' from project 'SwiftStack')
SwiftCompile normal arm64 (in target 'SwiftStack' from project 'SwiftStack')
cd /Users/admin/builder/spi-builder-workspace/.swiftpm/xcode
SwiftCompile normal arm64 Compiling\ RequestsAnswers.swift,\ RequestsPrivileges.swift /Users/admin/builder/spi-builder-workspace/Sources/SwiftStack/RequestsAnswers.swift /Users/admin/builder/spi-builder-workspace/Sources/SwiftStack/RequestsPrivileges.swift (in target 'SwiftStack' from project 'SwiftStack')
SwiftCompile normal arm64 /Users/admin/builder/spi-builder-workspace/Sources/SwiftStack/RequestsAnswers.swift (in target 'SwiftStack' from project 'SwiftStack')
cd /Users/admin/builder/spi-builder-workspace/.swiftpm/xcode
builtin-SwiftPerFileCompile RequestsAnswers.swift
SwiftCompile normal arm64 /Users/admin/builder/spi-builder-workspace/Sources/SwiftStack/RequestsPrivileges.swift (in target 'SwiftStack' from project 'SwiftStack')
cd /Users/admin/builder/spi-builder-workspace/.swiftpm/xcode
builtin-SwiftPerFileCompile RequestsPrivileges.swift
SwiftCompile normal arm64 Compiling\ BadgeCount.swift,\ Comment.swift,\ Content.swift /Users/admin/builder/spi-builder-workspace/Sources/SwiftStack/BadgeCount.swift /Users/admin/builder/spi-builder-workspace/Sources/SwiftStack/Comment.swift /Users/admin/builder/spi-builder-workspace/Sources/SwiftStack/Content.swift (in target 'SwiftStack' from project 'SwiftStack')
SwiftCompile normal arm64 /Users/admin/builder/spi-builder-workspace/Sources/SwiftStack/BadgeCount.swift (in target 'SwiftStack' from project 'SwiftStack')
cd /Users/admin/builder/spi-builder-workspace/.swiftpm/xcode
builtin-SwiftPerFileCompile BadgeCount.swift
SwiftCompile normal arm64 /Users/admin/builder/spi-builder-workspace/Sources/SwiftStack/Comment.swift (in target 'SwiftStack' from project 'SwiftStack')
cd /Users/admin/builder/spi-builder-workspace/.swiftpm/xcode
builtin-SwiftPerFileCompile Comment.swift
SwiftCompile normal arm64 /Users/admin/builder/spi-builder-workspace/Sources/SwiftStack/Content.swift (in target 'SwiftStack' from project 'SwiftStack')
cd /Users/admin/builder/spi-builder-workspace/.swiftpm/xcode
builtin-SwiftPerFileCompile Content.swift
SwiftDriverJobDiscovery normal arm64 Compiling RequestsAnswers.swift, RequestsPrivileges.swift (in target 'SwiftStack' from project 'SwiftStack')
SwiftCompile normal arm64 Compiling\ SuggestedEdit.swift,\ User.swift /Users/admin/builder/spi-builder-workspace/Sources/SwiftStack/SuggestedEdit.swift /Users/admin/builder/spi-builder-workspace/Sources/SwiftStack/User.swift (in target 'SwiftStack' from project 'SwiftStack')
SwiftCompile normal arm64 /Users/admin/builder/spi-builder-workspace/Sources/SwiftStack/SuggestedEdit.swift (in target 'SwiftStack' from project 'SwiftStack')
cd /Users/admin/builder/spi-builder-workspace/.swiftpm/xcode
builtin-SwiftPerFileCompile SuggestedEdit.swift
SwiftCompile normal arm64 /Users/admin/builder/spi-builder-workspace/Sources/SwiftStack/User.swift (in target 'SwiftStack' from project 'SwiftStack')
cd /Users/admin/builder/spi-builder-workspace/.swiftpm/xcode
builtin-SwiftPerFileCompile User.swift
SwiftDriverJobDiscovery normal arm64 Compiling BadgeCount.swift, Comment.swift, Content.swift (in target 'SwiftStack' from project 'SwiftStack')
SwiftCompile normal arm64 Compiling\ RequestsSites.swift,\ RequestsSuggestedEdits.swift /Users/admin/builder/spi-builder-workspace/Sources/SwiftStack/RequestsSites.swift /Users/admin/builder/spi-builder-workspace/Sources/SwiftStack/RequestsSuggestedEdits.swift (in target 'SwiftStack' from project 'SwiftStack')
SwiftCompile normal arm64 /Users/admin/builder/spi-builder-workspace/Sources/SwiftStack/RequestsSites.swift (in target 'SwiftStack' from project 'SwiftStack')
cd /Users/admin/builder/spi-builder-workspace/.swiftpm/xcode
builtin-SwiftPerFileCompile RequestsSites.swift
SwiftCompile normal arm64 /Users/admin/builder/spi-builder-workspace/Sources/SwiftStack/RequestsSuggestedEdits.swift (in target 'SwiftStack' from project 'SwiftStack')
cd /Users/admin/builder/spi-builder-workspace/.swiftpm/xcode
builtin-SwiftPerFileCompile RequestsSuggestedEdits.swift
PruneExplicitPrecompiledModules /Users/admin/builder/spi-builder-workspace/.derivedData/Build/Intermediates.noindex/ExplicitPrecompiledModules
PruneExplicitPrecompiledModules /Users/admin/builder/spi-builder-workspace/.derivedData/Build/Intermediates.noindex/SwiftExplicitPrecompiledModules
PruneExplicitPrecompiledModules /Users/admin/builder/spi-builder-workspace/.derivedData/SDKExplicitPrecompiledModules
2026-09-17 01:07:17.736 xcodebuild[687:4546] [MT] IDERunDestination: Supported platforms for the buildables in the current scheme is empty.
** BUILD FAILED **
The following build commands failed:
SwiftCompile normal arm64_32 Compiling\ APIClient.swift,\ APIResponse.swift,\ Answer.swift /Users/admin/builder/spi-builder-workspace/Sources/SwiftStack/APIClient.swift /Users/admin/builder/spi-builder-workspace/Sources/SwiftStack/APIResponse.swift /Users/admin/builder/spi-builder-workspace/Sources/SwiftStack/Answer.swift (in target 'SwiftStack' from project 'SwiftStack')
SwiftCompile normal arm64_32 /Users/admin/builder/spi-builder-workspace/Sources/SwiftStack/APIClient.swift (in target 'SwiftStack' from project 'SwiftStack')
Building workspace SwiftStack with scheme SwiftStack
(3 failures)
BUILD FAILURE 6.4 watchOS