The Swift Package Index logo.Swift Package Index

Build Information

Failed to build OSCCore, reference 0.11.1 (b8119a), with Swift 6.4 for watchOS using Xcode 27.0 on 18 Sep 2026 07:17:43 UTC.

Build Command

env DEVELOPER_DIR=/Applications/Xcode-27.0.0-Release.Candidate.app xcrun xcodebuild -IDEClonedSourcePackagesDirPathOverride=$PWD/.dependencies -skipMacroValidation -skipPackagePluginValidation -derivedDataPath $PWD/.derivedData build -scheme OSCCore-Package -destination generic/platform=watchOS

Build Log

SwiftDriverJobDiscovery normal arm64_32 Compiling BaseSocketChannel+SocketOptionProvider.swift, BaseSocketChannel.swift, BaseStreamSocketChannel.swift, Bootstrap.swift, ControlMessage.swift, DatagramVectorReadManager.swift (in target 'NIOPosix' from project 'swift-nio')
SwiftExplicitDependencyGeneratePcm arm64_32 /Users/admin/builder/spi-builder-workspace/.derivedData/SDKExplicitPrecompiledModules/Dispatch-2P62F1T4XV63S4P99TUDTOK2Q.pcm
SwiftExplicitDependencyGeneratePcm arm64 /Users/admin/builder/spi-builder-workspace/.derivedData/SDKExplicitPrecompiledModules/XPC-40DR0X1DHKGCV4J1IOLFS8MOU.pcm
SwiftExplicitDependencyGeneratePcm arm64 /Users/admin/builder/spi-builder-workspace/.derivedData/SDKExplicitPrecompiledModules/CoreFoundation-8T2L24YC5NU7WO6WQJWRY7W08.pcm
SwiftExplicitDependencyGeneratePcm arm64_32 /Users/admin/builder/spi-builder-workspace/.derivedData/SDKExplicitPrecompiledModules/CoreFoundation-8E6Y4BA3EXYKUGJ24GT9LGV3N.pcm
SwiftExplicitDependencyGeneratePcm arm64_32 /Users/admin/builder/spi-builder-workspace/.derivedData/SDKExplicitPrecompiledModules/XPC-81Y45QFY96XYYFCW2GT6FY8S4.pcm
SwiftExplicitDependencyGeneratePcm arm64 /Users/admin/builder/spi-builder-workspace/.derivedData/SDKExplicitPrecompiledModules/Security-6RZ6YBRU8WCUHRFFRVUK5WKMM.pcm
SwiftExplicitDependencyGeneratePcm arm64_32 /Users/admin/builder/spi-builder-workspace/.derivedData/SDKExplicitPrecompiledModules/Security-D7TOWF88VWF67TB9HAFP5UWB1.pcm
SwiftExplicitDependencyGeneratePcm arm64 /Users/admin/builder/spi-builder-workspace/.derivedData/SDKExplicitPrecompiledModules/Foundation-DLBKUSGXN8QHAT8W0OARR9S8A.pcm
SwiftExplicitDependencyGeneratePcm arm64_32 /Users/admin/builder/spi-builder-workspace/.derivedData/SDKExplicitPrecompiledModules/Foundation-BJ2VQGI3OGR34500MEQ1VKHPH.pcm
SwiftEmitModule normal arm64 Emitting\ module\ for\ OSCCore (in target 'OSCCore' from project 'OSCCore')
SwiftCompile normal arm64 (in target 'OSCCore' from project 'OSCCore')
    cd /Users/admin/builder/spi-builder-workspace/.swiftpm/xcode

SwiftCompile normal arm64 Compiling\ OSCBundle.swift,\ OSCMessage.swift,\ OSCSymbol.swift /Users/admin/builder/spi-builder-workspace/Source/OSCCore/types/OSCBundle.swift /Users/admin/builder/spi-builder-workspace/Source/OSCCore/types/OSCMessage.swift /Users/admin/builder/spi-builder-workspace/Source/OSCCore/types/OSCSymbol.swift (in target 'OSCCore' from project 'OSCCore')
SwiftCompile normal arm64 /Users/admin/builder/spi-builder-workspace/Source/OSCCore/types/OSCBundle.swift (in target 'OSCCore' from project 'OSCCore')
    cd /Users/admin/builder/spi-builder-workspace/.swiftpm/xcode
    builtin-SwiftPerFileCompile OSCBundle.swift
SwiftCompile normal arm64 /Users/admin/builder/spi-builder-workspace/Source/OSCCore/types/OSCMessage.swift (in target 'OSCCore' from project 'OSCCore')
    cd /Users/admin/builder/spi-builder-workspace/.swiftpm/xcode
    builtin-SwiftPerFileCompile OSCMessage.swift
SwiftCompile normal arm64 /Users/admin/builder/spi-builder-workspace/Source/OSCCore/types/OSCSymbol.swift (in target 'OSCCore' from project 'OSCCore')
    cd /Users/admin/builder/spi-builder-workspace/.swiftpm/xcode
    builtin-SwiftPerFileCompile OSCSymbol.swift
SwiftCompile normal arm64 Compiling\ alignment.swift,\ extract.swift,\ helpers.swift /Users/admin/builder/spi-builder-workspace/Source/OSCCore/conversion/alignment.swift /Users/admin/builder/spi-builder-workspace/Source/OSCCore/conversion/extract.swift /Users/admin/builder/spi-builder-workspace/Source/OSCCore/conversion/helpers.swift (in target 'OSCCore' from project 'OSCCore')
SwiftCompile normal arm64 /Users/admin/builder/spi-builder-workspace/Source/OSCCore/conversion/alignment.swift (in target 'OSCCore' from project 'OSCCore')
    cd /Users/admin/builder/spi-builder-workspace/.swiftpm/xcode
    builtin-SwiftPerFileCompile alignment.swift
SwiftCompile normal arm64 /Users/admin/builder/spi-builder-workspace/Source/OSCCore/conversion/extract.swift (in target 'OSCCore' from project 'OSCCore')
    cd /Users/admin/builder/spi-builder-workspace/.swiftpm/xcode
    builtin-SwiftPerFileCompile extract.swift
SwiftCompile normal arm64 /Users/admin/builder/spi-builder-workspace/Source/OSCCore/conversion/helpers.swift (in target 'OSCCore' from project 'OSCCore')
    cd /Users/admin/builder/spi-builder-workspace/.swiftpm/xcode
    builtin-SwiftPerFileCompile helpers.swift
SwiftCompile normal arm64 Compiling\ OSCTimeTag.swift,\ RGBA.swift,\ TypeTagValues.swift /Users/admin/builder/spi-builder-workspace/Source/OSCCore/types/OSCTimeTag.swift /Users/admin/builder/spi-builder-workspace/Source/OSCCore/types/RGBA.swift /Users/admin/builder/spi-builder-workspace/Source/OSCCore/types/TypeTagValues.swift (in target 'OSCCore' from project 'OSCCore')
SwiftCompile normal arm64 /Users/admin/builder/spi-builder-workspace/Source/OSCCore/types/OSCTimeTag.swift (in target 'OSCCore' from project 'OSCCore')
    cd /Users/admin/builder/spi-builder-workspace/.swiftpm/xcode
    builtin-SwiftPerFileCompile OSCTimeTag.swift
SwiftCompile normal arm64 /Users/admin/builder/spi-builder-workspace/Source/OSCCore/types/RGBA.swift (in target 'OSCCore' from project 'OSCCore')
    cd /Users/admin/builder/spi-builder-workspace/.swiftpm/xcode
    builtin-SwiftPerFileCompile RGBA.swift
SwiftCompile normal arm64 /Users/admin/builder/spi-builder-workspace/Source/OSCCore/types/TypeTagValues.swift (in target 'OSCCore' from project 'OSCCore')
    cd /Users/admin/builder/spi-builder-workspace/.swiftpm/xcode
    builtin-SwiftPerFileCompile TypeTagValues.swift
SwiftCompile normal arm64 Compiling\ BasicMessageDispatcher.swift,\ OSCBundle+MessageEventHandler.swift,\ events.swift /Users/admin/builder/spi-builder-workspace/Source/OSCCore/dispatch/BasicMessageDispatcher.swift /Users/admin/builder/spi-builder-workspace/Source/OSCCore/dispatch/OSCBundle+MessageEventHandler.swift /Users/admin/builder/spi-builder-workspace/Source/OSCCore/dispatch/events.swift (in target 'OSCCore' from project 'OSCCore')
SwiftCompile normal arm64 /Users/admin/builder/spi-builder-workspace/Source/OSCCore/dispatch/BasicMessageDispatcher.swift (in target 'OSCCore' from project 'OSCCore')
    cd /Users/admin/builder/spi-builder-workspace/.swiftpm/xcode
    builtin-SwiftPerFileCompile BasicMessageDispatcher.swift
SwiftCompile normal arm64 /Users/admin/builder/spi-builder-workspace/Source/OSCCore/dispatch/OSCBundle+MessageEventHandler.swift (in target 'OSCCore' from project 'OSCCore')
    cd /Users/admin/builder/spi-builder-workspace/.swiftpm/xcode
    builtin-SwiftPerFileCompile OSCBundle+MessageEventHandler.swift
SwiftCompile normal arm64 /Users/admin/builder/spi-builder-workspace/Source/OSCCore/dispatch/events.swift (in target 'OSCCore' from project 'OSCCore')
    cd /Users/admin/builder/spi-builder-workspace/.swiftpm/xcode
    builtin-SwiftPerFileCompile events.swift
SwiftCompile normal arm64 Compiling\ matcher.swift,\ OSCPacketReader.swift,\ MIDI.swift /Users/admin/builder/spi-builder-workspace/Source/OSCCore/dispatch/matcher.swift /Users/admin/builder/spi-builder-workspace/Source/OSCCore/nio/OSCPacketReader.swift /Users/admin/builder/spi-builder-workspace/Source/OSCCore/types/MIDI.swift (in target 'OSCCore' from project 'OSCCore')
SwiftCompile normal arm64 /Users/admin/builder/spi-builder-workspace/Source/OSCCore/dispatch/matcher.swift (in target 'OSCCore' from project 'OSCCore')
    cd /Users/admin/builder/spi-builder-workspace/.swiftpm/xcode
    builtin-SwiftPerFileCompile matcher.swift
SwiftCompile normal arm64 /Users/admin/builder/spi-builder-workspace/Source/OSCCore/nio/OSCPacketReader.swift (in target 'OSCCore' from project 'OSCCore')
    cd /Users/admin/builder/spi-builder-workspace/.swiftpm/xcode
    builtin-SwiftPerFileCompile OSCPacketReader.swift
SwiftCompile normal arm64 /Users/admin/builder/spi-builder-workspace/Source/OSCCore/types/MIDI.swift (in target 'OSCCore' from project 'OSCCore')
    cd /Users/admin/builder/spi-builder-workspace/.swiftpm/xcode
    builtin-SwiftPerFileCompile MIDI.swift
SwiftCompile normal arm64 Compiling\ Array+OSCMessageArgument.swift,\ Bool+OSCConvertible.swift,\ Byte.swift,\ Character+OSCConvertible.swift /Users/admin/builder/spi-builder-workspace/Source/OSCCore/conversion/Array+OSCMessageArgument.swift /Users/admin/builder/spi-builder-workspace/Source/OSCCore/conversion/Bool+OSCConvertible.swift /Users/admin/builder/spi-builder-workspace/Source/OSCCore/conversion/Byte.swift /Users/admin/builder/spi-builder-workspace/Source/OSCCore/conversion/Character+OSCConvertible.swift (in target 'OSCCore' from project 'OSCCore')
SwiftCompile normal arm64 /Users/admin/builder/spi-builder-workspace/Source/OSCCore/conversion/Array+OSCMessageArgument.swift (in target 'OSCCore' from project 'OSCCore')
    cd /Users/admin/builder/spi-builder-workspace/.swiftpm/xcode
    builtin-SwiftPerFileCompile Array+OSCMessageArgument.swift
SwiftCompile normal arm64 /Users/admin/builder/spi-builder-workspace/Source/OSCCore/conversion/Bool+OSCConvertible.swift (in target 'OSCCore' from project 'OSCCore')
    cd /Users/admin/builder/spi-builder-workspace/.swiftpm/xcode
    builtin-SwiftPerFileCompile Bool+OSCConvertible.swift
SwiftCompile normal arm64 /Users/admin/builder/spi-builder-workspace/Source/OSCCore/conversion/Byte.swift (in target 'OSCCore' from project 'OSCCore')
    cd /Users/admin/builder/spi-builder-workspace/.swiftpm/xcode
    builtin-SwiftPerFileCompile Byte.swift
SwiftCompile normal arm64 /Users/admin/builder/spi-builder-workspace/Source/OSCCore/conversion/Character+OSCConvertible.swift (in target 'OSCCore' from project 'OSCCore')
    cd /Users/admin/builder/spi-builder-workspace/.swiftpm/xcode
    builtin-SwiftPerFileCompile Character+OSCConvertible.swift
SwiftCompile normal arm64 Compiling\ MIDI+OSCMessageArgument.swift,\ OSCBundle+OSCConvertible.swift,\ OSCConvertible.swift /Users/admin/builder/spi-builder-workspace/Source/OSCCore/conversion/MIDI+OSCMessageArgument.swift /Users/admin/builder/spi-builder-workspace/Source/OSCCore/conversion/OSCBundle+OSCConvertible.swift /Users/admin/builder/spi-builder-workspace/Source/OSCCore/conversion/OSCConvertible.swift (in target 'OSCCore' from project 'OSCCore')
SwiftCompile normal arm64 /Users/admin/builder/spi-builder-workspace/Source/OSCCore/conversion/MIDI+OSCMessageArgument.swift (in target 'OSCCore' from project 'OSCCore')
    cd /Users/admin/builder/spi-builder-workspace/.swiftpm/xcode
    builtin-SwiftPerFileCompile MIDI+OSCMessageArgument.swift
SwiftCompile normal arm64 /Users/admin/builder/spi-builder-workspace/Source/OSCCore/conversion/OSCBundle+OSCConvertible.swift (in target 'OSCCore' from project 'OSCCore')
    cd /Users/admin/builder/spi-builder-workspace/.swiftpm/xcode
    builtin-SwiftPerFileCompile OSCBundle+OSCConvertible.swift
SwiftCompile normal arm64 /Users/admin/builder/spi-builder-workspace/Source/OSCCore/conversion/OSCConvertible.swift (in target 'OSCCore' from project 'OSCCore')
    cd /Users/admin/builder/spi-builder-workspace/.swiftpm/xcode
    builtin-SwiftPerFileCompile OSCConvertible.swift
SwiftEmitModule normal arm64_32 Emitting\ module\ for\ OSCCore (in target 'OSCCore' from project 'OSCCore')
SwiftCompile normal arm64_32 (in target 'OSCCore' from project 'OSCCore')
    cd /Users/admin/builder/spi-builder-workspace/.swiftpm/xcode

SwiftDriverJobDiscovery normal arm64 Compiling OSCBundle.swift, OSCMessage.swift, OSCSymbol.swift (in target 'OSCCore' from project 'OSCCore')
SwiftCompile normal arm64_32 Compiling\ matcher.swift,\ OSCPacketReader.swift,\ MIDI.swift /Users/admin/builder/spi-builder-workspace/Source/OSCCore/dispatch/matcher.swift /Users/admin/builder/spi-builder-workspace/Source/OSCCore/nio/OSCPacketReader.swift /Users/admin/builder/spi-builder-workspace/Source/OSCCore/types/MIDI.swift (in target 'OSCCore' from project 'OSCCore')
SwiftCompile normal arm64_32 /Users/admin/builder/spi-builder-workspace/Source/OSCCore/dispatch/matcher.swift (in target 'OSCCore' from project 'OSCCore')
    cd /Users/admin/builder/spi-builder-workspace/.swiftpm/xcode
    builtin-SwiftPerFileCompile matcher.swift
SwiftCompile normal arm64_32 /Users/admin/builder/spi-builder-workspace/Source/OSCCore/nio/OSCPacketReader.swift (in target 'OSCCore' from project 'OSCCore')
    cd /Users/admin/builder/spi-builder-workspace/.swiftpm/xcode
    builtin-SwiftPerFileCompile OSCPacketReader.swift
SwiftCompile normal arm64_32 /Users/admin/builder/spi-builder-workspace/Source/OSCCore/types/MIDI.swift (in target 'OSCCore' from project 'OSCCore')
    cd /Users/admin/builder/spi-builder-workspace/.swiftpm/xcode
    builtin-SwiftPerFileCompile MIDI.swift
SwiftDriverJobDiscovery normal arm64_32 Compiling NIORandomizedDNSResolver.swift, NIOThreadPool.swift, NonBlockingFileIO.swift, PendingDatagramWritesManager.swift, PendingWritesManager.swift, PipeChannel.swift (in target 'NIOPosix' from project 'swift-nio')
SwiftCompile normal arm64_32 Compiling\ BasicMessageDispatcher.swift,\ OSCBundle+MessageEventHandler.swift,\ events.swift /Users/admin/builder/spi-builder-workspace/Source/OSCCore/dispatch/BasicMessageDispatcher.swift /Users/admin/builder/spi-builder-workspace/Source/OSCCore/dispatch/OSCBundle+MessageEventHandler.swift /Users/admin/builder/spi-builder-workspace/Source/OSCCore/dispatch/events.swift (in target 'OSCCore' from project 'OSCCore')
SwiftCompile normal arm64_32 /Users/admin/builder/spi-builder-workspace/Source/OSCCore/dispatch/BasicMessageDispatcher.swift (in target 'OSCCore' from project 'OSCCore')
    cd /Users/admin/builder/spi-builder-workspace/.swiftpm/xcode
    builtin-SwiftPerFileCompile BasicMessageDispatcher.swift
SwiftCompile normal arm64_32 /Users/admin/builder/spi-builder-workspace/Source/OSCCore/dispatch/OSCBundle+MessageEventHandler.swift (in target 'OSCCore' from project 'OSCCore')
    cd /Users/admin/builder/spi-builder-workspace/.swiftpm/xcode
    builtin-SwiftPerFileCompile OSCBundle+MessageEventHandler.swift
SwiftCompile normal arm64_32 /Users/admin/builder/spi-builder-workspace/Source/OSCCore/dispatch/events.swift (in target 'OSCCore' from project 'OSCCore')
    cd /Users/admin/builder/spi-builder-workspace/.swiftpm/xcode
    builtin-SwiftPerFileCompile events.swift
SwiftDriverJobDiscovery normal arm64 Compiling BasicMessageDispatcher.swift, OSCBundle+MessageEventHandler.swift, events.swift (in target 'OSCCore' from project 'OSCCore')
SwiftCompile normal arm64_32 Compiling\ OSCMessage+OSCConvertible.swift,\ OSCMessageArgument.swift,\ OSCSymbol+OSCMessageArgument.swift /Users/admin/builder/spi-builder-workspace/Source/OSCCore/conversion/OSCMessage+OSCConvertible.swift /Users/admin/builder/spi-builder-workspace/Source/OSCCore/conversion/OSCMessageArgument.swift /Users/admin/builder/spi-builder-workspace/Source/OSCCore/conversion/OSCSymbol+OSCMessageArgument.swift (in target 'OSCCore' from project 'OSCCore')
SwiftCompile normal arm64_32 /Users/admin/builder/spi-builder-workspace/Source/OSCCore/conversion/OSCMessage+OSCConvertible.swift (in target 'OSCCore' from project 'OSCCore')
    cd /Users/admin/builder/spi-builder-workspace/.swiftpm/xcode
    builtin-SwiftPerFileCompile OSCMessage+OSCConvertible.swift
SwiftCompile normal arm64_32 /Users/admin/builder/spi-builder-workspace/Source/OSCCore/conversion/OSCMessageArgument.swift (in target 'OSCCore' from project 'OSCCore')
    cd /Users/admin/builder/spi-builder-workspace/.swiftpm/xcode
    builtin-SwiftPerFileCompile OSCMessageArgument.swift
SwiftCompile normal arm64_32 /Users/admin/builder/spi-builder-workspace/Source/OSCCore/conversion/OSCSymbol+OSCMessageArgument.swift (in target 'OSCCore' from project 'OSCCore')
    cd /Users/admin/builder/spi-builder-workspace/.swiftpm/xcode
    builtin-SwiftPerFileCompile OSCSymbol+OSCMessageArgument.swift
SwiftDriverJobDiscovery normal arm64 Compiling OSCTimeTag.swift, RGBA.swift, TypeTagValues.swift (in target 'OSCCore' from project 'OSCCore')
SwiftCompile normal arm64_32 Compiling\ Array+OSCMessageArgument.swift,\ Bool+OSCConvertible.swift,\ Byte.swift,\ Character+OSCConvertible.swift /Users/admin/builder/spi-builder-workspace/Source/OSCCore/conversion/Array+OSCMessageArgument.swift /Users/admin/builder/spi-builder-workspace/Source/OSCCore/conversion/Bool+OSCConvertible.swift /Users/admin/builder/spi-builder-workspace/Source/OSCCore/conversion/Byte.swift /Users/admin/builder/spi-builder-workspace/Source/OSCCore/conversion/Character+OSCConvertible.swift (in target 'OSCCore' from project 'OSCCore')
SwiftCompile normal arm64_32 /Users/admin/builder/spi-builder-workspace/Source/OSCCore/conversion/Array+OSCMessageArgument.swift (in target 'OSCCore' from project 'OSCCore')
    cd /Users/admin/builder/spi-builder-workspace/.swiftpm/xcode
    builtin-SwiftPerFileCompile Array+OSCMessageArgument.swift
SwiftCompile normal arm64_32 /Users/admin/builder/spi-builder-workspace/Source/OSCCore/conversion/Bool+OSCConvertible.swift (in target 'OSCCore' from project 'OSCCore')
    cd /Users/admin/builder/spi-builder-workspace/.swiftpm/xcode
    builtin-SwiftPerFileCompile Bool+OSCConvertible.swift
SwiftCompile normal arm64_32 /Users/admin/builder/spi-builder-workspace/Source/OSCCore/conversion/Byte.swift (in target 'OSCCore' from project 'OSCCore')
    cd /Users/admin/builder/spi-builder-workspace/.swiftpm/xcode
    builtin-SwiftPerFileCompile Byte.swift
SwiftCompile normal arm64_32 /Users/admin/builder/spi-builder-workspace/Source/OSCCore/conversion/Character+OSCConvertible.swift (in target 'OSCCore' from project 'OSCCore')
    cd /Users/admin/builder/spi-builder-workspace/.swiftpm/xcode
    builtin-SwiftPerFileCompile Character+OSCConvertible.swift
SwiftCompile normal arm64_32 Compiling\ OSCBundle.swift,\ OSCMessage.swift,\ OSCSymbol.swift /Users/admin/builder/spi-builder-workspace/Source/OSCCore/types/OSCBundle.swift /Users/admin/builder/spi-builder-workspace/Source/OSCCore/types/OSCMessage.swift /Users/admin/builder/spi-builder-workspace/Source/OSCCore/types/OSCSymbol.swift (in target 'OSCCore' from project 'OSCCore')
SwiftCompile normal arm64_32 /Users/admin/builder/spi-builder-workspace/Source/OSCCore/types/OSCBundle.swift (in target 'OSCCore' from project 'OSCCore')
    cd /Users/admin/builder/spi-builder-workspace/.swiftpm/xcode
    builtin-SwiftPerFileCompile OSCBundle.swift
SwiftCompile normal arm64_32 /Users/admin/builder/spi-builder-workspace/Source/OSCCore/types/OSCMessage.swift (in target 'OSCCore' from project 'OSCCore')
    cd /Users/admin/builder/spi-builder-workspace/.swiftpm/xcode
    builtin-SwiftPerFileCompile OSCMessage.swift
SwiftCompile normal arm64_32 /Users/admin/builder/spi-builder-workspace/Source/OSCCore/types/OSCSymbol.swift (in target 'OSCCore' from project 'OSCCore')
    cd /Users/admin/builder/spi-builder-workspace/.swiftpm/xcode
    builtin-SwiftPerFileCompile OSCSymbol.swift
SwiftDriverJobDiscovery normal arm64 Compiling alignment.swift, extract.swift, helpers.swift (in target 'OSCCore' from project 'OSCCore')
SwiftDriverJobDiscovery normal arm64 Emitting module for OSCCore (in target 'OSCCore' from project 'OSCCore')
SwiftDriver\ Compilation\ Requirements OSCCore normal arm64 com.apple.xcode.tools.swift.compiler (in target 'OSCCore' from project 'OSCCore')
    cd /Users/admin/builder/spi-builder-workspace/.swiftpm/xcode
    builtin-Swift-Compilation-Requirements -- /Applications/Xcode-27.0.0-Release.Candidate.app/Contents/Developer/Toolchains/XcodeDefault.xctoolchain/usr/bin/swiftc -parse-as-library -module-name OSCCore -Onone @/Users/admin/builder/spi-builder-workspace/.derivedData/Build/Intermediates.noindex/OSCCore.build/Debug-watchos/OSCCore-t.build/Objects-normal/arm64/OSCCore.SwiftFileList -DSWIFT_PACKAGE -DDEBUG -DSWIFT_MODULE_RESOURCE_BUNDLE_UNAVAILABLE -Xcc -fmodule-map-file\=/Users/admin/builder/spi-builder-workspace/.dependencies/checkouts/swift-atomics/Sources/_AtomicsShims/include/module.modulemap -Xcc -fmodule-map-file\=/Users/admin/builder/spi-builder-workspace/.derivedData/Build/Intermediates.noindex/GeneratedModuleMaps-watchos/CNIOPosix.modulemap -Xcc -fmodule-map-file\=/Users/admin/builder/spi-builder-workspace/.derivedData/Build/Intermediates.noindex/GeneratedModuleMaps-watchos/CNIOWASI.modulemap -Xcc -fmodule-map-file\=/Users/admin/builder/spi-builder-workspace/.dependencies/checkouts/swift-nio/Sources/CNIOWindows/include/module.modulemap -Xcc -fmodule-map-file\=/Users/admin/builder/spi-builder-workspace/.derivedData/Build/Intermediates.noindex/GeneratedModuleMaps-watchos/CNIOLinux.modulemap -Xcc -fmodule-map-file\=/Users/admin/builder/spi-builder-workspace/.derivedData/Build/Intermediates.noindex/GeneratedModuleMaps-watchos/CNIODarwin.modulemap -Xcc -fmodule-map-file\=/Users/admin/builder/spi-builder-workspace/.derivedData/Build/Intermediates.noindex/GeneratedModuleMaps-watchos/CNIOFreeBSD.modulemap -Xcc -fmodule-map-file\=/Users/admin/builder/spi-builder-workspace/.derivedData/Build/Intermediates.noindex/GeneratedModuleMaps-watchos/CNIOOpenBSD.modulemap -Xcc -fmodule-map-file\=/Users/admin/builder/spi-builder-workspace/.derivedData/Build/Intermediates.noindex/GeneratedModuleMaps-watchos/CNIOAtomics.modulemap -DXcode -plugin-path /Applications/Xcode-27.0.0-Release.Candidate.app/Contents/Developer/Toolchains/XcodeDefault.xctoolchain/usr/lib/swift/host/plugins/testing -enable-experimental-feature DebugDescriptionMacro -sdk /Applications/Xcode-27.0.0-Release.Candidate.app/Contents/Developer/Platforms/WatchOS.platform/Developer/SDKs/WatchOS27.0.sdk -target arm64-apple-watchos9.0 -g -module-cache-path /Users/admin/builder/spi-builder-workspace/.derivedData/ModuleCache.noindex -Xfrontend -serialize-debugging-options -profile-coverage-mapping -profile-generate -enable-testing -index-store-path /Users/admin/builder/spi-builder-workspace/.derivedData/Index.noindex/DataStore -Xcc -D_LIBCPP_HARDENING_MODE\=_LIBCPP_HARDENING_MODE_DEBUG -swift-version 5 -I /Users/admin/builder/spi-builder-workspace/.derivedData/Build/Products/Debug-watchos -Isystem /Applications/Xcode-27.0.0-Release.Candidate.app/Contents/Developer/Platforms/WatchOS.platform/Developer/usr/lib -F /Users/admin/builder/spi-builder-workspace/.derivedData/Build/Products/Debug-watchos/PackageFrameworks -F /Users/admin/builder/spi-builder-workspace/.derivedData/Build/Products/Debug-watchos -F /Applications/Xcode-27.0.0-Release.Candidate.app/Contents/Developer/Platforms/WatchOS.platform/Developer/Library/Frameworks -F /Applications/Xcode-27.0.0-Release.Candidate.app/Contents/Developer/Platforms/WatchOS.platform/Developer/SDKs/WatchOS27.0.sdk/Developer/Library/Frameworks -c -j10 -enable-batch-mode -incremental -Xcc -ivfsstatcache -Xcc /Users/admin/builder/spi-builder-workspace/.derivedData/SDKStatCaches.noindex/watchos27.0-24R360-e829b21a6f8c9b70876ba0858053c04477534ef55a1706bf4c1112bbb242f0a2.sdkstatcache -output-file-map /Users/admin/builder/spi-builder-workspace/.derivedData/Build/Intermediates.noindex/OSCCore.build/Debug-watchos/OSCCore-t.build/Objects-normal/arm64/OSCCore-OutputFileMap.json -save-temps -no-color-diagnostics -explicit-module-build -module-cache-path /Users/admin/builder/spi-builder-workspace/.derivedData/Build/Intermediates.noindex/SwiftExplicitPrecompiledModules -clang-scanner-module-cache-path /Users/admin/builder/spi-builder-workspace/.derivedData/ModuleCache.noindex -sdk-module-cache-path /Users/admin/builder/spi-builder-workspace/.derivedData/SDKExplicitPrecompiledModules -emit-dependencies -emit-module -emit-module-path /Users/admin/builder/spi-builder-workspace/.derivedData/Build/Intermediates.noindex/OSCCore.build/Debug-watchos/OSCCore-t.build/Objects-normal/arm64/OSCCore.swiftmodule -serialize-diagnostics -dependency-scan-serialize-diagnostics-path /Users/admin/builder/spi-builder-workspace/.derivedData/Build/Intermediates.noindex/OSCCore.build/Debug-watchos/OSCCore-t.build/Objects-normal/arm64/OSCCore-dependency-scan.dia -validate-clang-modules-once -clang-build-session-file /Users/admin/builder/spi-builder-workspace/.derivedData/ModuleCache.noindex/Session.modulevalidation -Xcc -fmodules-prune-interval\=86400 -Xcc -fmodules-prune-after\=345600 -emit-const-values -const-gather-protocols-list /Users/admin/builder/spi-builder-workspace/.derivedData/Build/Intermediates.noindex/OSCCore.build/Debug-watchos/OSCCore-t.build/Objects-normal/arm64/OSCCore_const_extract_protocols.json -Xcc -I/Users/admin/builder/spi-builder-workspace/.dependencies/checkouts/swift-atomics/Sources/_AtomicsShims/include -Xcc -I/Users/admin/builder/spi-builder-workspace/.dependencies/checkouts/swift-nio/Sources/CNIOPosix/include -Xcc -I/Users/admin/builder/spi-builder-workspace/.dependencies/checkouts/swift-nio/Sources/CNIOWASI/include -Xcc -I/Users/admin/builder/spi-builder-workspace/.dependencies/checkouts/swift-nio/Sources/CNIOWindows/include -Xcc -I/Users/admin/builder/spi-builder-workspace/.dependencies/checkouts/swift-nio/Sources/CNIOLinux/include -Xcc -I/Users/admin/builder/spi-builder-workspace/.dependencies/checkouts/swift-nio/Sources/CNIODarwin/include -Xcc -I/Users/admin/builder/spi-builder-workspace/.dependencies/checkouts/swift-nio/Sources/CNIOFreeBSD/include -Xcc -I/Users/admin/builder/spi-builder-workspace/.dependencies/checkouts/swift-nio/Sources/CNIOOpenBSD/include -Xcc -I/Users/admin/builder/spi-builder-workspace/.dependencies/checkouts/swift-nio/Sources/CNIOAtomics/include -Xcc -I/Users/admin/builder/spi-builder-workspace/.derivedData/Build/Products/Debug-watchos/include -Xcc -I/Users/admin/builder/spi-builder-workspace/.derivedData/Build/Intermediates.noindex/OSCCore.build/Debug-watchos/OSCCore-t.build/DerivedSources-normal/arm64 -Xcc -I/Users/admin/builder/spi-builder-workspace/.derivedData/Build/Intermediates.noindex/OSCCore.build/Debug-watchos/OSCCore-t.build/DerivedSources/arm64 -Xcc -I/Users/admin/builder/spi-builder-workspace/.derivedData/Build/Intermediates.noindex/OSCCore.build/Debug-watchos/OSCCore-t.build/DerivedSources -Xcc -DSWIFT_PACKAGE -Xcc -DDEBUG\=1 -emit-objc-header -emit-objc-header-path /Users/admin/builder/spi-builder-workspace/.derivedData/Build/Intermediates.noindex/OSCCore.build/Debug-watchos/OSCCore-t.build/Objects-normal/arm64/OSCCore-Swift.h -working-directory /Users/admin/builder/spi-builder-workspace/.swiftpm/xcode -experimental-emit-module-separately -disable-cmo
SwiftDriverJobDiscovery normal arm64 Compiling Array+OSCMessageArgument.swift, Bool+OSCConvertible.swift, Byte.swift, Character+OSCConvertible.swift (in target 'OSCCore' from project 'OSCCore')
SwiftCompile normal arm64_32 Compiling\ alignment.swift,\ extract.swift,\ helpers.swift /Users/admin/builder/spi-builder-workspace/Source/OSCCore/conversion/alignment.swift /Users/admin/builder/spi-builder-workspace/Source/OSCCore/conversion/extract.swift /Users/admin/builder/spi-builder-workspace/Source/OSCCore/conversion/helpers.swift (in target 'OSCCore' from project 'OSCCore')
SwiftCompile normal arm64_32 /Users/admin/builder/spi-builder-workspace/Source/OSCCore/conversion/alignment.swift (in target 'OSCCore' from project 'OSCCore')
    cd /Users/admin/builder/spi-builder-workspace/.swiftpm/xcode
    builtin-SwiftPerFileCompile alignment.swift
SwiftCompile normal arm64_32 /Users/admin/builder/spi-builder-workspace/Source/OSCCore/conversion/extract.swift (in target 'OSCCore' from project 'OSCCore')
    cd /Users/admin/builder/spi-builder-workspace/.swiftpm/xcode
    builtin-SwiftPerFileCompile extract.swift
SwiftCompile normal arm64_32 /Users/admin/builder/spi-builder-workspace/Source/OSCCore/conversion/helpers.swift (in target 'OSCCore' from project 'OSCCore')
    cd /Users/admin/builder/spi-builder-workspace/.swiftpm/xcode
    builtin-SwiftPerFileCompile helpers.swift
SwiftDriverJobDiscovery normal arm64 Compiling matcher.swift, OSCPacketReader.swift, MIDI.swift (in target 'OSCCore' from project 'OSCCore')
Copy /Users/admin/builder/spi-builder-workspace/.derivedData/Build/Products/Debug-watchos/OSCCore.swiftmodule/arm64-apple-watchos.swiftmodule /Users/admin/builder/spi-builder-workspace/.derivedData/Build/Intermediates.noindex/OSCCore.build/Debug-watchos/OSCCore-t.build/Objects-normal/arm64/OSCCore.swiftmodule (in target 'OSCCore' from project 'OSCCore')
    cd /Users/admin/builder/spi-builder-workspace
    builtin-copy -exclude .DS_Store -exclude CVS -exclude .svn -exclude .git -exclude .hg -resolve-src-symlinks -rename /Users/admin/builder/spi-builder-workspace/.derivedData/Build/Intermediates.noindex/OSCCore.build/Debug-watchos/OSCCore-t.build/Objects-normal/arm64/OSCCore.swiftmodule /Users/admin/builder/spi-builder-workspace/.derivedData/Build/Products/Debug-watchos/OSCCore.swiftmodule/arm64-apple-watchos.swiftmodule
Copy /Users/admin/builder/spi-builder-workspace/.derivedData/Build/Products/Debug-watchos/OSCCore.swiftmodule/arm64-apple-watchos.swiftdoc /Users/admin/builder/spi-builder-workspace/.derivedData/Build/Intermediates.noindex/OSCCore.build/Debug-watchos/OSCCore-t.build/Objects-normal/arm64/OSCCore.swiftdoc (in target 'OSCCore' from project 'OSCCore')
    cd /Users/admin/builder/spi-builder-workspace
    builtin-copy -exclude .DS_Store -exclude CVS -exclude .svn -exclude .git -exclude .hg -resolve-src-symlinks -rename /Users/admin/builder/spi-builder-workspace/.derivedData/Build/Intermediates.noindex/OSCCore.build/Debug-watchos/OSCCore-t.build/Objects-normal/arm64/OSCCore.swiftdoc /Users/admin/builder/spi-builder-workspace/.derivedData/Build/Products/Debug-watchos/OSCCore.swiftmodule/arm64-apple-watchos.swiftdoc
Copy /Users/admin/builder/spi-builder-workspace/.derivedData/Build/Products/Debug-watchos/OSCCore.swiftmodule/arm64-apple-watchos.abi.json /Users/admin/builder/spi-builder-workspace/.derivedData/Build/Intermediates.noindex/OSCCore.build/Debug-watchos/OSCCore-t.build/Objects-normal/arm64/OSCCore.abi.json (in target 'OSCCore' from project 'OSCCore')
    cd /Users/admin/builder/spi-builder-workspace
    builtin-copy -exclude .DS_Store -exclude CVS -exclude .svn -exclude .git -exclude .hg -resolve-src-symlinks -rename /Users/admin/builder/spi-builder-workspace/.derivedData/Build/Intermediates.noindex/OSCCore.build/Debug-watchos/OSCCore-t.build/Objects-normal/arm64/OSCCore.abi.json /Users/admin/builder/spi-builder-workspace/.derivedData/Build/Products/Debug-watchos/OSCCore.swiftmodule/arm64-apple-watchos.abi.json
Copy /Users/admin/builder/spi-builder-workspace/.derivedData/Build/Products/Debug-watchos/OSCCore.swiftmodule/Project/arm64-apple-watchos.swiftsourceinfo /Users/admin/builder/spi-builder-workspace/.derivedData/Build/Intermediates.noindex/OSCCore.build/Debug-watchos/OSCCore-t.build/Objects-normal/arm64/OSCCore.swiftsourceinfo (in target 'OSCCore' from project 'OSCCore')
    cd /Users/admin/builder/spi-builder-workspace
    builtin-copy -exclude .DS_Store -exclude CVS -exclude .svn -exclude .git -exclude .hg -resolve-src-symlinks -rename /Users/admin/builder/spi-builder-workspace/.derivedData/Build/Intermediates.noindex/OSCCore.build/Debug-watchos/OSCCore-t.build/Objects-normal/arm64/OSCCore.swiftsourceinfo /Users/admin/builder/spi-builder-workspace/.derivedData/Build/Products/Debug-watchos/OSCCore.swiftmodule/Project/arm64-apple-watchos.swiftsourceinfo
SwiftCompile normal arm64_32 Compiling\ MIDI+OSCMessageArgument.swift,\ OSCBundle+OSCConvertible.swift,\ OSCConvertible.swift /Users/admin/builder/spi-builder-workspace/Source/OSCCore/conversion/MIDI+OSCMessageArgument.swift /Users/admin/builder/spi-builder-workspace/Source/OSCCore/conversion/OSCBundle+OSCConvertible.swift /Users/admin/builder/spi-builder-workspace/Source/OSCCore/conversion/OSCConvertible.swift (in target 'OSCCore' from project 'OSCCore')
SwiftCompile normal arm64_32 /Users/admin/builder/spi-builder-workspace/Source/OSCCore/conversion/MIDI+OSCMessageArgument.swift (in target 'OSCCore' from project 'OSCCore')
    cd /Users/admin/builder/spi-builder-workspace/.swiftpm/xcode
    builtin-SwiftPerFileCompile MIDI+OSCMessageArgument.swift
SwiftCompile normal arm64_32 /Users/admin/builder/spi-builder-workspace/Source/OSCCore/conversion/OSCBundle+OSCConvertible.swift (in target 'OSCCore' from project 'OSCCore')
    cd /Users/admin/builder/spi-builder-workspace/.swiftpm/xcode
    builtin-SwiftPerFileCompile OSCBundle+OSCConvertible.swift
SwiftCompile normal arm64_32 /Users/admin/builder/spi-builder-workspace/Source/OSCCore/conversion/OSCConvertible.swift (in target 'OSCCore' from project 'OSCCore')
    cd /Users/admin/builder/spi-builder-workspace/.swiftpm/xcode
    builtin-SwiftPerFileCompile OSCConvertible.swift
SwiftCompile normal arm64 Compiling\ Data+OSCMessageArgument.swift,\ Double+OSCMessageArgument.swift,\ Float+OSCMessageArgument.swift,\ Int+OSCMessageArgument.swift /Users/admin/builder/spi-builder-workspace/Source/OSCCore/conversion/Data+OSCMessageArgument.swift /Users/admin/builder/spi-builder-workspace/Source/OSCCore/conversion/Double+OSCMessageArgument.swift /Users/admin/builder/spi-builder-workspace/Source/OSCCore/conversion/Float+OSCMessageArgument.swift /Users/admin/builder/spi-builder-workspace/Source/OSCCore/conversion/Int+OSCMessageArgument.swift (in target 'OSCCore' from project 'OSCCore')
/Users/admin/builder/spi-builder-workspace/Source/OSCCore/conversion/Data+OSCMessageArgument.swift:42:25: warning: 'withUnsafeBytes' is deprecated: use `withUnsafeBytes<R>(_: (UnsafeRawBufferPointer) throws -> R) rethrows -> R` instead [#DeprecatedDeclaration]
40 |         payload += self.count.oscValue!
41 |
42 |         payload += self.withUnsafeBytes { (pointer: UnsafePointer<Byte>) -> [Byte] in
   |                         `- warning: 'withUnsafeBytes' is deprecated: use `withUnsafeBytes<R>(_: (UnsafeRawBufferPointer) throws -> R) rethrows -> R` instead [#DeprecatedDeclaration]
43 |             let buffer = UnsafeBufferPointer<Byte>(start: pointer, count: dataSize)
44 |             return [Byte](buffer)
/Users/admin/builder/spi-builder-workspace/Source/OSCCore/conversion/Float+OSCMessageArgument.swift:20:36: error: cannot find 'rawValue' in scope
18 |             let rawValue = htonl(self.bitPattern)
19 |         #endif
20 |         return [Byte](typetobinary(rawValue))
   |                                    `- error: cannot find 'rawValue' in scope
21 |     }
22 |
[#DeprecatedDeclaration]: <https://docs.swift.org/compiler/documentation/diagnostics/deprecated-declaration>
Failed frontend command:
/Applications/Xcode-27.0.0-Release.Candidate.app/Contents/Developer/Toolchains/XcodeDefault.xctoolchain/usr/bin/swift-frontend -frontend -c /Users/admin/builder/spi-builder-workspace/Source/OSCCore/conversion/Array+OSCMessageArgument.swift /Users/admin/builder/spi-builder-workspace/Source/OSCCore/conversion/Bool+OSCConvertible.swift /Users/admin/builder/spi-builder-workspace/Source/OSCCore/conversion/Byte.swift /Users/admin/builder/spi-builder-workspace/Source/OSCCore/conversion/Character+OSCConvertible.swift -primary-file /Users/admin/builder/spi-builder-workspace/Source/OSCCore/conversion/Data+OSCMessageArgument.swift -primary-file /Users/admin/builder/spi-builder-workspace/Source/OSCCore/conversion/Double+OSCMessageArgument.swift -primary-file /Users/admin/builder/spi-builder-workspace/Source/OSCCore/conversion/Float+OSCMessageArgument.swift -primary-file /Users/admin/builder/spi-builder-workspace/Source/OSCCore/conversion/Int+OSCMessageArgument.swift /Users/admin/builder/spi-builder-workspace/Source/OSCCore/conversion/MIDI+OSCMessageArgument.swift /Users/admin/builder/spi-builder-workspace/Source/OSCCore/conversion/OSCBundle+OSCConvertible.swift /Users/admin/builder/spi-builder-workspace/Source/OSCCore/conversion/OSCConvertible.swift /Users/admin/builder/spi-builder-workspace/Source/OSCCore/conversion/OSCMessage+OSCConvertible.swift /Users/admin/builder/spi-builder-workspace/Source/OSCCore/conversion/OSCMessageArgument.swift /Users/admin/builder/spi-builder-workspace/Source/OSCCore/conversion/OSCSymbol+OSCMessageArgument.swift /Users/admin/builder/spi-builder-workspace/Source/OSCCore/conversion/OSCTimeTag+OSCMessageArgument.swift /Users/admin/builder/spi-builder-workspace/Source/OSCCore/conversion/RGBA+OSCMessageArgument.swift /Users/admin/builder/spi-builder-workspace/Source/OSCCore/conversion/String+OSCMessageArgument.swift /Users/admin/builder/spi-builder-workspace/Source/OSCCore/conversion/alignment.swift /Users/admin/builder/spi-builder-workspace/Source/OSCCore/conversion/extract.swift /Users/admin/builder/spi-builder-workspace/Source/OSCCore/conversion/helpers.swift /Users/admin/builder/spi-builder-workspace/Source/OSCCore/dispatch/BasicMessageDispatcher.swift /Users/admin/builder/spi-builder-workspace/Source/OSCCore/dispatch/OSCBundle+MessageEventHandler.swift /Users/admin/builder/spi-builder-workspace/Source/OSCCore/dispatch/events.swift /Users/admin/builder/spi-builder-workspace/Source/OSCCore/dispatch/matcher.swift /Users/admin/builder/spi-builder-workspace/Source/OSCCore/nio/OSCPacketReader.swift /Users/admin/builder/spi-builder-workspace/Source/OSCCore/types/MIDI.swift /Users/admin/builder/spi-builder-workspace/Source/OSCCore/types/OSCBundle.swift /Users/admin/builder/spi-builder-workspace/Source/OSCCore/types/OSCMessage.swift /Users/admin/builder/spi-builder-workspace/Source/OSCCore/types/OSCSymbol.swift /Users/admin/builder/spi-builder-workspace/Source/OSCCore/types/OSCTimeTag.swift /Users/admin/builder/spi-builder-workspace/Source/OSCCore/types/RGBA.swift /Users/admin/builder/spi-builder-workspace/Source/OSCCore/types/TypeTagValues.swift -supplementary-output-file-map /Users/admin/builder/spi-builder-workspace/.derivedData/Build/Intermediates.noindex/OSCCore.build/Debug-watchos/OSCCore-t.build/Objects-normal/arm64/supplementaryOutputs-82 -target arm64-apple-watchos9.0 -disable-cross-import-overlay-search -swift-module-cross-import Darwin /Applications/Xcode-27.0.0-Release.Candidate.app/Contents/Developer/Platforms/WatchOS.platform/Developer/SDKs/WatchOS.sdk/usr/include/Darwin.swiftcrossimport/xlocale.swiftoverlay -load-resolved-plugin /Applications/Xcode-27.0.0-Release.Candidate.app/Contents/Developer/Platforms/WatchOS.platform/Developer/usr/lib/swift/host/plugins/libFoundationMacros.dylib\#/Applications/Xcode-27.0.0-Release.Candidate.app/Contents/Developer/Platforms/WatchOS.platform/Developer/usr/bin/swift-plugin-server\#FoundationMacros -load-resolved-plugin /Applications/Xcode-27.0.0-Release.Candidate.app/Contents/Developer/Platforms/WatchOS.platform/Developer/usr/lib/swift/host/plugins/libObservationMacros.dylib\#/Applications/Xcode-27.0.0-Release.Candidate.app/Contents/Developer/Platforms/WatchOS.platform/Developer/usr/bin/swift-plugin-server\#ObservationMacros -load-resolved-plugin /Applications/Xcode-27.0.0-Release.Candidate.app/Contents/Developer/Platforms/WatchOS.platform/Developer/usr/lib/swift/host/plugins/libSwiftMacros.dylib\#/Applications/Xcode-27.0.0-Release.Candidate.app/Contents/Developer/Platforms/WatchOS.platform/Developer/usr/bin/swift-plugin-server\#SwiftMacros -disable-implicit-swift-modules -Xcc -fno-implicit-modules -Xcc -fno-implicit-module-maps -explicit-swift-module-map-file /Users/admin/builder/spi-builder-workspace/.derivedData/Build/Intermediates.noindex/OSCCore.build/Debug-watchos/OSCCore-t.build/Objects-normal/arm64/OSCCore-dependencies-1.json -Xllvm -aarch64-use-tbi -enable-objc-interop -stack-check -sdk /Applications/Xcode-27.0.0-Release.Candidate.app/Contents/Developer/Platforms/WatchOS.platform/Developer/SDKs/WatchOS27.0.sdk -I /Users/admin/builder/spi-builder-workspace/.derivedData/Build/Products/Debug-watchos -Isystem /Applications/Xcode-27.0.0-Release.Candidate.app/Contents/Developer/Platforms/WatchOS.platform/Developer/usr/lib -F /Users/admin/builder/spi-builder-workspace/.derivedData/Build/Products/Debug-watchos/PackageFrameworks -F /Users/admin/builder/spi-builder-workspace/.derivedData/Build/Products/Debug-watchos -F /Applications/Xcode-27.0.0-Release.Candidate.app/Contents/Developer/Platforms/WatchOS.platform/Developer/Library/Frameworks -F /Applications/Xcode-27.0.0-Release.Candidate.app/Contents/Developer/Platforms/WatchOS.platform/Developer/SDKs/WatchOS27.0.sdk/Developer/Library/Frameworks -module-cache-path /Users/admin/builder/spi-builder-workspace/.derivedData/Build/Intermediates.noindex/SwiftExplicitPrecompiledModules -no-color-diagnostics -Xcc -fno-color-diagnostics -enable-testing -g -debug-info-format\=dwarf -dwarf-version\=4 -profile-generate -profile-coverage-mapping -swift-version 5 -Onone -D SWIFT_PACKAGE -D DEBUG -D SWIFT_MODULE_RESOURCE_BUNDLE_UNAVAILABLE -D Xcode -serialize-debugging-options -enable-experimental-feature DebugDescriptionMacro -empty-abi-descriptor -validate-clang-modules-once -clang-build-session-file /Users/admin/builder/spi-builder-workspace/.derivedData/ModuleCache.noindex/Session.modulevalidation -Xcc -working-directory -Xcc /Users/admin/builder/spi-builder-workspace/.swiftpm/xcode -enable-anonymous-context-mangled-names -file-compilation-dir /Users/admin/builder/spi-builder-workspace/.swiftpm/xcode -Xcc -fmodule-map-file\=/Users/admin/builder/spi-builder-workspace/.dependencies/checkouts/swift-atomics/Sources/_AtomicsShims/include/module.modulemap -Xcc -fmodule-map-file\=/Users/admin/builder/spi-builder-workspace/.derivedData/Build/Intermediates.noindex/GeneratedModuleMaps-watchos/CNIOPosix.modulemap -Xcc -fmodule-map-file\=/Users/admin/builder/spi-builder-workspace/.derivedData/Build/Intermediates.noindex/GeneratedModuleMaps-watchos/CNIOWASI.modulemap -Xcc -fmodule-map-file\=/Users/admin/builder/spi-builder-workspace/.dependencies/checkouts/swift-nio/Sources/CNIOWindows/include/module.modulemap -Xcc -fmodule-map-file\=/Users/admin/builder/spi-builder-workspace/.derivedData/Build/Intermediates.noindex/GeneratedModuleMaps-watchos/CNIOLinux.modulemap -Xcc -fmodule-map-file\=/Users/admin/builder/spi-builder-workspace/.derivedData/Build/Intermediates.noindex/GeneratedModuleMaps-watchos/CNIODarwin.modulemap -Xcc -fmodule-map-file\=/Users/admin/builder/spi-builder-workspace/.derivedData/Build/Intermediates.noindex/GeneratedModuleMaps-watchos/CNIOFreeBSD.modulemap -Xcc -fmodule-map-file\=/Users/admin/builder/spi-builder-workspace/.derivedData/Build/Intermediates.noindex/GeneratedModuleMaps-watchos/CNIOOpenBSD.modulemap -Xcc -fmodule-map-file\=/Users/admin/builder/spi-builder-workspace/.derivedData/Build/Intermediates.noindex/GeneratedModuleMaps-watchos/CNIOAtomics.modulemap -Xcc -D_LIBCPP_HARDENING_MODE\=_LIBCPP_HARDENING_MODE_DEBUG -Xcc -ivfsstatcache -Xcc /Users/admin/builder/spi-builder-workspace/.derivedData/SDKStatCaches.noindex/watchos27.0-24R360-e829b21a6f8c9b70876ba0858053c04477534ef55a1706bf4c1112bbb242f0a2.sdkstatcache -Xcc -fmodules-prune-interval\=86400 -Xcc -fmodules-prune-after\=345600 -Xcc -I/Users/admin/builder/spi-builder-workspace/.dependencies/checkouts/swift-atomics/Sources/_AtomicsShims/include -Xcc -I/Users/admin/builder/spi-builder-workspace/.dependencies/checkouts/swift-nio/Sources/CNIOPosix/include -Xcc -I/Users/admin/builder/spi-builder-workspace/.dependencies/checkouts/swift-nio/Sources/CNIOWASI/include -Xcc -I/Users/admin/builder/spi-builder-workspace/.dependencies/checkouts/swift-nio/Sources/CNIOWindows/include -Xcc -I/Users/admin/builder/spi-builder-workspace/.dependencies/checkouts/swift-nio/Sources/CNIOLinux/include -Xcc -I/Users/admin/builder/spi-builder-workspace/.dependencies/checkouts/swift-nio/Sources/CNIODarwin/include -Xcc -I/Users/admin/builder/spi-builder-workspace/.dependencies/checkouts/swift-nio/Sources/CNIOFreeBSD/include -Xcc -I/Users/admin/builder/spi-builder-workspace/.dependencies/checkouts/swift-nio/Sources/CNIOOpenBSD/include -Xcc -I/Users/admin/builder/spi-builder-workspace/.dependencies/checkouts/swift-nio/Sources/CNIOAtomics/include -Xcc -I/Users/admin/builder/spi-builder-workspace/.derivedData/Build/Products/Debug-watchos/include -Xcc -I/Users/admin/builder/spi-builder-workspace/.derivedData/Build/Intermediates.noindex/OSCCore.build/Debug-watchos/OSCCore-t.build/DerivedSources-normal/arm64 -Xcc -I/Users/admin/builder/spi-builder-workspace/.derivedData/Build/Intermediates.noindex/OSCCore.build/Debug-watchos/OSCCore-t.build/DerivedSources/arm64 -Xcc -I/Users/admin/builder/spi-builder-workspace/.derivedData/Build/Intermediates.noindex/OSCCore.build/Debug-watchos/OSCCore-t.build/DerivedSources -Xcc -DSWIFT_PACKAGE -Xcc -DDEBUG\=1 -no-auto-bridging-header-chaining -module-name OSCCore -const-gather-protocols-file /Users/admin/builder/spi-builder-workspace/.derivedData/Build/Intermediates.noindex/OSCCore.build/Debug-watchos/OSCCore-t.build/Objects-normal/arm64/OSCCore_const_extract_protocols.json -disable-clang-spi -clang-target arm64-apple-watchos27.0 -target-sdk-version 27.0 -target-sdk-name watchos27.0 -in-process-plugin-server-path /Applications/Xcode-27.0.0-Release.Candidate.app/Contents/Developer/Toolchains/XcodeDefault.xctoolchain/usr/lib/swift/host/libSwiftInProcPluginServer.dylib -parse-as-library -o /Users/admin/builder/spi-builder-workspace/.derivedData/Build/Intermediates.noindex/OSCCore.build/Debug-watchos/OSCCore-t.build/Objects-normal/arm64/Data+OSCMessageArgument.o -o /Users/admin/builder/spi-builder-workspace/.derivedData/Build/Intermediates.noindex/OSCCore.build/Debug-watchos/OSCCore-t.build/Objects-normal/arm64/Double+OSCMessageArgument.o -o /Users/admin/builder/spi-builder-workspace/.derivedData/Build/Intermediates.noindex/OSCCore.build/Debug-watchos/OSCCore-t.build/Objects-normal/arm64/Float+OSCMessageArgument.o -o /Users/admin/builder/spi-builder-workspace/.derivedData/Build/Intermediates.noindex/OSCCore.build/Debug-watchos/OSCCore-t.build/Objects-normal/arm64/Int+OSCMessageArgument.o -debug-module-path /Users/admin/builder/spi-builder-workspace/.derivedData/Build/Intermediates.noindex/OSCCore.build/Debug-watchos/OSCCore-t.build/Objects-normal/arm64/OSCCore.swiftmodule -index-unit-output-path /OSCCore.build/Debug-watchos/OSCCore-t.build/Objects-normal/arm64/Data+OSCMessageArgument.o -index-unit-output-path /OSCCore.build/Debug-watchos/OSCCore-t.build/Objects-normal/arm64/Double+OSCMessageArgument.o -index-unit-output-path /OSCCore.build/Debug-watchos/OSCCore-t.build/Objects-normal/arm64/Float+OSCMessageArgument.o -index-unit-output-path /OSCCore.build/Debug-watchos/OSCCore-t.build/Objects-normal/arm64/Int+OSCMessageArgument.o -index-store-path /Users/admin/builder/spi-builder-workspace/.derivedData/Index.noindex/DataStore -index-system-modules
SwiftCompile normal arm64 /Users/admin/builder/spi-builder-workspace/Source/OSCCore/conversion/Data+OSCMessageArgument.swift (in target 'OSCCore' from project 'OSCCore')
    cd /Users/admin/builder/spi-builder-workspace/.swiftpm/xcode
    builtin-SwiftPerFileCompile Data+OSCMessageArgument.swift
SwiftCompile normal arm64 /Users/admin/builder/spi-builder-workspace/Source/OSCCore/conversion/Double+OSCMessageArgument.swift (in target 'OSCCore' from project 'OSCCore')
    cd /Users/admin/builder/spi-builder-workspace/.swiftpm/xcode
    builtin-SwiftPerFileCompile Double+OSCMessageArgument.swift
SwiftCompile normal arm64 /Users/admin/builder/spi-builder-workspace/Source/OSCCore/conversion/Float+OSCMessageArgument.swift (in target 'OSCCore' from project 'OSCCore')
    cd /Users/admin/builder/spi-builder-workspace/.swiftpm/xcode
    builtin-SwiftPerFileCompile Float+OSCMessageArgument.swift
SwiftCompile normal arm64 /Users/admin/builder/spi-builder-workspace/Source/OSCCore/conversion/Int+OSCMessageArgument.swift (in target 'OSCCore' from project 'OSCCore')
    cd /Users/admin/builder/spi-builder-workspace/.swiftpm/xcode
    builtin-SwiftPerFileCompile Int+OSCMessageArgument.swift
SwiftDriverJobDiscovery normal arm64_32 Compiling BasicMessageDispatcher.swift, OSCBundle+MessageEventHandler.swift, events.swift (in target 'OSCCore' from project 'OSCCore')
SwiftCompile normal arm64_32 Compiling\ OSCTimeTag+OSCMessageArgument.swift,\ RGBA+OSCMessageArgument.swift,\ String+OSCMessageArgument.swift /Users/admin/builder/spi-builder-workspace/Source/OSCCore/conversion/OSCTimeTag+OSCMessageArgument.swift /Users/admin/builder/spi-builder-workspace/Source/OSCCore/conversion/RGBA+OSCMessageArgument.swift /Users/admin/builder/spi-builder-workspace/Source/OSCCore/conversion/String+OSCMessageArgument.swift (in target 'OSCCore' from project 'OSCCore')
SwiftCompile normal arm64_32 /Users/admin/builder/spi-builder-workspace/Source/OSCCore/conversion/OSCTimeTag+OSCMessageArgument.swift (in target 'OSCCore' from project 'OSCCore')
    cd /Users/admin/builder/spi-builder-workspace/.swiftpm/xcode
    builtin-SwiftPerFileCompile OSCTimeTag+OSCMessageArgument.swift
SwiftCompile normal arm64_32 /Users/admin/builder/spi-builder-workspace/Source/OSCCore/conversion/RGBA+OSCMessageArgument.swift (in target 'OSCCore' from project 'OSCCore')
    cd /Users/admin/builder/spi-builder-workspace/.swiftpm/xcode
    builtin-SwiftPerFileCompile RGBA+OSCMessageArgument.swift
SwiftCompile normal arm64_32 /Users/admin/builder/spi-builder-workspace/Source/OSCCore/conversion/String+OSCMessageArgument.swift (in target 'OSCCore' from project 'OSCCore')
    cd /Users/admin/builder/spi-builder-workspace/.swiftpm/xcode
    builtin-SwiftPerFileCompile String+OSCMessageArgument.swift
SwiftCompile normal arm64_32 Compiling\ Data+OSCMessageArgument.swift,\ Double+OSCMessageArgument.swift,\ Float+OSCMessageArgument.swift,\ Int+OSCMessageArgument.swift /Users/admin/builder/spi-builder-workspace/Source/OSCCore/conversion/Data+OSCMessageArgument.swift /Users/admin/builder/spi-builder-workspace/Source/OSCCore/conversion/Double+OSCMessageArgument.swift /Users/admin/builder/spi-builder-workspace/Source/OSCCore/conversion/Float+OSCMessageArgument.swift /Users/admin/builder/spi-builder-workspace/Source/OSCCore/conversion/Int+OSCMessageArgument.swift (in target 'OSCCore' from project 'OSCCore')
/Users/admin/builder/spi-builder-workspace/Source/OSCCore/conversion/Data+OSCMessageArgument.swift:42:25: warning: 'withUnsafeBytes' is deprecated: use `withUnsafeBytes<R>(_: (UnsafeRawBufferPointer) throws -> R) rethrows -> R` instead [#DeprecatedDeclaration]
40 |         payload += self.count.oscValue!
41 |
42 |         payload += self.withUnsafeBytes { (pointer: UnsafePointer<Byte>) -> [Byte] in
   |                         `- warning: 'withUnsafeBytes' is deprecated: use `withUnsafeBytes<R>(_: (UnsafeRawBufferPointer) throws -> R) rethrows -> R` instead [#DeprecatedDeclaration]
43 |             let buffer = UnsafeBufferPointer<Byte>(start: pointer, count: dataSize)
44 |             return [Byte](buffer)
/Users/admin/builder/spi-builder-workspace/Source/OSCCore/conversion/Float+OSCMessageArgument.swift:20:36: error: cannot find 'rawValue' in scope
18 |             let rawValue = htonl(self.bitPattern)
19 |         #endif
20 |         return [Byte](typetobinary(rawValue))
   |                                    `- error: cannot find 'rawValue' in scope
21 |     }
22 |
[#DeprecatedDeclaration]: <https://docs.swift.org/compiler/documentation/diagnostics/deprecated-declaration>
SwiftCompile normal arm64_32 /Users/admin/builder/spi-builder-workspace/Source/OSCCore/conversion/Data+OSCMessageArgument.swift (in target 'OSCCore' from project 'OSCCore')
    cd /Users/admin/builder/spi-builder-workspace/.swiftpm/xcode
    builtin-SwiftPerFileCompile Data+OSCMessageArgument.swift
SwiftCompile normal arm64_32 /Users/admin/builder/spi-builder-workspace/Source/OSCCore/conversion/Double+OSCMessageArgument.swift (in target 'OSCCore' from project 'OSCCore')
    cd /Users/admin/builder/spi-builder-workspace/.swiftpm/xcode
    builtin-SwiftPerFileCompile Double+OSCMessageArgument.swift
SwiftCompile normal arm64_32 /Users/admin/builder/spi-builder-workspace/Source/OSCCore/conversion/Float+OSCMessageArgument.swift (in target 'OSCCore' from project 'OSCCore')
    cd /Users/admin/builder/spi-builder-workspace/.swiftpm/xcode
    builtin-SwiftPerFileCompile Float+OSCMessageArgument.swift
SwiftCompile normal arm64_32 /Users/admin/builder/spi-builder-workspace/Source/OSCCore/conversion/Int+OSCMessageArgument.swift (in target 'OSCCore' from project 'OSCCore')
    cd /Users/admin/builder/spi-builder-workspace/.swiftpm/xcode
    builtin-SwiftPerFileCompile Int+OSCMessageArgument.swift
SwiftDriverJobDiscovery normal arm64_32 Emitting module for OSCCore (in target 'OSCCore' from project 'OSCCore')
SwiftDriverJobDiscovery normal arm64_32 Compiling OSCBundle.swift, OSCMessage.swift, OSCSymbol.swift (in target 'OSCCore' from project 'OSCCore')
SwiftDriver\ Compilation\ Requirements OSCCore normal arm64_32 com.apple.xcode.tools.swift.compiler (in target 'OSCCore' from project 'OSCCore')
    cd /Users/admin/builder/spi-builder-workspace/.swiftpm/xcode
    builtin-Swift-Compilation-Requirements -- /Applications/Xcode-27.0.0-Release.Candidate.app/Contents/Developer/Toolchains/XcodeDefault.xctoolchain/usr/bin/swiftc -parse-as-library -module-name OSCCore -Onone @/Users/admin/builder/spi-builder-workspace/.derivedData/Build/Intermediates.noindex/OSCCore.build/Debug-watchos/OSCCore-t.build/Objects-normal/arm64_32/OSCCore.SwiftFileList -DSWIFT_PACKAGE -DDEBUG -DSWIFT_MODULE_RESOURCE_BUNDLE_UNAVAILABLE -Xcc -fmodule-map-file\=/Users/admin/builder/spi-builder-workspace/.dependencies/checkouts/swift-atomics/Sources/_AtomicsShims/include/module.modulemap -Xcc -fmodule-map-file\=/Users/admin/builder/spi-builder-workspace/.derivedData/Build/Intermediates.noindex/GeneratedModuleMaps-watchos/CNIOPosix.modulemap -Xcc -fmodule-map-file\=/Users/admin/builder/spi-builder-workspace/.derivedData/Build/Intermediates.noindex/GeneratedModuleMaps-watchos/CNIOWASI.modulemap -Xcc -fmodule-map-file\=/Users/admin/builder/spi-builder-workspace/.dependencies/checkouts/swift-nio/Sources/CNIOWindows/include/module.modulemap -Xcc -fmodule-map-file\=/Users/admin/builder/spi-builder-workspace/.derivedData/Build/Intermediates.noindex/GeneratedModuleMaps-watchos/CNIOLinux.modulemap -Xcc -fmodule-map-file\=/Users/admin/builder/spi-builder-workspace/.derivedData/Build/Intermediates.noindex/GeneratedModuleMaps-watchos/CNIODarwin.modulemap -Xcc -fmodule-map-file\=/Users/admin/builder/spi-builder-workspace/.derivedData/Build/Intermediates.noindex/GeneratedModuleMaps-watchos/CNIOFreeBSD.modulemap -Xcc -fmodule-map-file\=/Users/admin/builder/spi-builder-workspace/.derivedData/Build/Intermediates.noindex/GeneratedModuleMaps-watchos/CNIOOpenBSD.modulemap -Xcc -fmodule-map-file\=/Users/admin/builder/spi-builder-workspace/.derivedData/Build/Intermediates.noindex/GeneratedModuleMaps-watchos/CNIOAtomics.modulemap -DXcode -plugin-path /Applications/Xcode-27.0.0-Release.Candidate.app/Contents/Developer/Toolchains/XcodeDefault.xctoolchain/usr/lib/swift/host/plugins/testing -enable-experimental-feature DebugDescriptionMacro -sdk /Applications/Xcode-27.0.0-Release.Candidate.app/Contents/Developer/Platforms/WatchOS.platform/Developer/SDKs/WatchOS27.0.sdk -target arm64_32-apple-watchos9.0 -g -module-cache-path /Users/admin/builder/spi-builder-workspace/.derivedData/ModuleCache.noindex -Xfrontend -serialize-debugging-options -profile-coverage-mapping -profile-generate -enable-testing -index-store-path /Users/admin/builder/spi-builder-workspace/.derivedData/Index.noindex/DataStore -Xcc -D_LIBCPP_HARDENING_MODE\=_LIBCPP_HARDENING_MODE_DEBUG -swift-version 5 -I /Users/admin/builder/spi-builder-workspace/.derivedData/Build/Products/Debug-watchos -Isystem /Applications/Xcode-27.0.0-Release.Candidate.app/Contents/Developer/Platforms/WatchOS.platform/Developer/usr/lib -F /Users/admin/builder/spi-builder-workspace/.derivedData/Build/Products/Debug-watchos/PackageFrameworks -F /Users/admin/builder/spi-builder-workspace/.derivedData/Build/Products/Debug-watchos -F /Applications/Xcode-27.0.0-Release.Candidate.app/Contents/Developer/Platforms/WatchOS.platform/Developer/Library/Frameworks -F /Applications/Xcode-27.0.0-Release.Candidate.app/Contents/Developer/Platforms/WatchOS.platform/Developer/SDKs/WatchOS27.0.sdk/Developer/Library/Frameworks -c -j10 -enable-batch-mode -incremental -Xcc -ivfsstatcache -Xcc /Users/admin/builder/spi-builder-workspace/.derivedData/SDKStatCaches.noindex/watchos27.0-24R360-e829b21a6f8c9b70876ba0858053c04477534ef55a1706bf4c1112bbb242f0a2.sdkstatcache -output-file-map /Users/admin/builder/spi-builder-workspace/.derivedData/Build/Intermediates.noindex/OSCCore.build/Debug-watchos/OSCCore-t.build/Objects-normal/arm64_32/OSCCore-OutputFileMap.json -save-temps -no-color-diagnostics -explicit-module-build -module-cache-path /Users/admin/builder/spi-builder-workspace/.derivedData/Build/Intermediates.noindex/SwiftExplicitPrecompiledModules -clang-scanner-module-cache-path /Users/admin/builder/spi-builder-workspace/.derivedData/ModuleCache.noindex -sdk-module-cache-path /Users/admin/builder/spi-builder-workspace/.derivedData/SDKExplicitPrecompiledModules -emit-dependencies -emit-module -emit-module-path /Users/admin/builder/spi-builder-workspace/.derivedData/Build/Intermediates.noindex/OSCCore.build/Debug-watchos/OSCCore-t.build/Objects-normal/arm64_32/OSCCore.swiftmodule -serialize-diagnostics -dependency-scan-serialize-diagnostics-path /Users/admin/builder/spi-builder-workspace/.derivedData/Build/Intermediates.noindex/OSCCore.build/Debug-watchos/OSCCore-t.build/Objects-normal/arm64_32/OSCCore-dependency-scan.dia -validate-clang-modules-once -clang-build-session-file /Users/admin/builder/spi-builder-workspace/.derivedData/ModuleCache.noindex/Session.modulevalidation -Xcc -fmodules-prune-interval\=86400 -Xcc -fmodules-prune-after\=345600 -emit-const-values -const-gather-protocols-list /Users/admin/builder/spi-builder-workspace/.derivedData/Build/Intermediates.noindex/OSCCore.build/Debug-watchos/OSCCore-t.build/Objects-normal/arm64_32/OSCCore_const_extract_protocols.json -Xcc -I/Users/admin/builder/spi-builder-workspace/.dependencies/checkouts/swift-atomics/Sources/_AtomicsShims/include -Xcc -I/Users/admin/builder/spi-builder-workspace/.dependencies/checkouts/swift-nio/Sources/CNIOPosix/include -Xcc -I/Users/admin/builder/spi-builder-workspace/.dependencies/checkouts/swift-nio/Sources/CNIOWASI/include -Xcc -I/Users/admin/builder/spi-builder-workspace/.dependencies/checkouts/swift-nio/Sources/CNIOWindows/include -Xcc -I/Users/admin/builder/spi-builder-workspace/.dependencies/checkouts/swift-nio/Sources/CNIOLinux/include -Xcc -I/Users/admin/builder/spi-builder-workspace/.dependencies/checkouts/swift-nio/Sources/CNIODarwin/include -Xcc -I/Users/admin/builder/spi-builder-workspace/.dependencies/checkouts/swift-nio/Sources/CNIOFreeBSD/include -Xcc -I/Users/admin/builder/spi-builder-workspace/.dependencies/checkouts/swift-nio/Sources/CNIOOpenBSD/include -Xcc -I/Users/admin/builder/spi-builder-workspace/.dependencies/checkouts/swift-nio/Sources/CNIOAtomics/include -Xcc -I/Users/admin/builder/spi-builder-workspace/.derivedData/Build/Products/Debug-watchos/include -Xcc -I/Users/admin/builder/spi-builder-workspace/.derivedData/Build/Intermediates.noindex/OSCCore.build/Debug-watchos/OSCCore-t.build/DerivedSources-normal/arm64_32 -Xcc -I/Users/admin/builder/spi-builder-workspace/.derivedData/Build/Intermediates.noindex/OSCCore.build/Debug-watchos/OSCCore-t.build/DerivedSources/arm64_32 -Xcc -I/Users/admin/builder/spi-builder-workspace/.derivedData/Build/Intermediates.noindex/OSCCore.build/Debug-watchos/OSCCore-t.build/DerivedSources -Xcc -DSWIFT_PACKAGE -Xcc -DDEBUG\=1 -emit-objc-header -emit-objc-header-path /Users/admin/builder/spi-builder-workspace/.derivedData/Build/Intermediates.noindex/OSCCore.build/Debug-watchos/OSCCore-t.build/Objects-normal/arm64_32/OSCCore-Swift.h -working-directory /Users/admin/builder/spi-builder-workspace/.swiftpm/xcode -experimental-emit-module-separately -disable-cmo
SwiftDriverJobDiscovery normal arm64 Compiling MIDI+OSCMessageArgument.swift, OSCBundle+OSCConvertible.swift, OSCConvertible.swift (in target 'OSCCore' from project 'OSCCore')
SwiftCompile normal arm64_32 Compiling\ OSCTimeTag.swift,\ RGBA.swift,\ TypeTagValues.swift /Users/admin/builder/spi-builder-workspace/Source/OSCCore/types/OSCTimeTag.swift /Users/admin/builder/spi-builder-workspace/Source/OSCCore/types/RGBA.swift /Users/admin/builder/spi-builder-workspace/Source/OSCCore/types/TypeTagValues.swift (in target 'OSCCore' from project 'OSCCore')
SwiftCompile normal arm64_32 /Users/admin/builder/spi-builder-workspace/Source/OSCCore/types/OSCTimeTag.swift (in target 'OSCCore' from project 'OSCCore')
    cd /Users/admin/builder/spi-builder-workspace/.swiftpm/xcode
    builtin-SwiftPerFileCompile OSCTimeTag.swift
SwiftCompile normal arm64_32 /Users/admin/builder/spi-builder-workspace/Source/OSCCore/types/RGBA.swift (in target 'OSCCore' from project 'OSCCore')
    cd /Users/admin/builder/spi-builder-workspace/.swiftpm/xcode
    builtin-SwiftPerFileCompile RGBA.swift
SwiftCompile normal arm64_32 /Users/admin/builder/spi-builder-workspace/Source/OSCCore/types/TypeTagValues.swift (in target 'OSCCore' from project 'OSCCore')
    cd /Users/admin/builder/spi-builder-workspace/.swiftpm/xcode
    builtin-SwiftPerFileCompile TypeTagValues.swift
SwiftMergeGeneratedHeaders /Users/admin/builder/spi-builder-workspace/.derivedData/Build/Intermediates.noindex/GeneratedModuleMaps-watchos/OSCCore-Swift.h /Users/admin/builder/spi-builder-workspace/.derivedData/Build/Intermediates.noindex/OSCCore.build/Debug-watchos/OSCCore-t.build/Objects-normal/arm64/OSCCore-Swift.h /Users/admin/builder/spi-builder-workspace/.derivedData/Build/Intermediates.noindex/OSCCore.build/Debug-watchos/OSCCore-t.build/Objects-normal/arm64_32/OSCCore-Swift.h (in target 'OSCCore' from project 'OSCCore')
    cd /Users/admin/builder/spi-builder-workspace
    builtin-swiftHeaderTool -arch arm64 /Users/admin/builder/spi-builder-workspace/.derivedData/Build/Intermediates.noindex/OSCCore.build/Debug-watchos/OSCCore-t.build/Objects-normal/arm64/OSCCore-Swift.h -arch arm64_32 /Users/admin/builder/spi-builder-workspace/.derivedData/Build/Intermediates.noindex/OSCCore.build/Debug-watchos/OSCCore-t.build/Objects-normal/arm64_32/OSCCore-Swift.h -o /Users/admin/builder/spi-builder-workspace/.derivedData/Build/Intermediates.noindex/GeneratedModuleMaps-watchos/OSCCore-Swift.h
SwiftDriverJobDiscovery normal arm64_32 Compiling alignment.swift, extract.swift, helpers.swift (in target 'OSCCore' from project 'OSCCore')
Copy /Users/admin/builder/spi-builder-workspace/.derivedData/Build/Products/Debug-watchos/OSCCore.swiftmodule/arm64_32-apple-watchos.swiftmodule /Users/admin/builder/spi-builder-workspace/.derivedData/Build/Intermediates.noindex/OSCCore.build/Debug-watchos/OSCCore-t.build/Objects-normal/arm64_32/OSCCore.swiftmodule (in target 'OSCCore' from project 'OSCCore')
    cd /Users/admin/builder/spi-builder-workspace
    builtin-copy -exclude .DS_Store -exclude CVS -exclude .svn -exclude .git -exclude .hg -resolve-src-symlinks -rename /Users/admin/builder/spi-builder-workspace/.derivedData/Build/Intermediates.noindex/OSCCore.build/Debug-watchos/OSCCore-t.build/Objects-normal/arm64_32/OSCCore.swiftmodule /Users/admin/builder/spi-builder-workspace/.derivedData/Build/Products/Debug-watchos/OSCCore.swiftmodule/arm64_32-apple-watchos.swiftmodule
Copy /Users/admin/builder/spi-builder-workspace/.derivedData/Build/Products/Debug-watchos/OSCCore.swiftmodule/arm64_32-apple-watchos.swiftdoc /Users/admin/builder/spi-builder-workspace/.derivedData/Build/Intermediates.noindex/OSCCore.build/Debug-watchos/OSCCore-t.build/Objects-normal/arm64_32/OSCCore.swiftdoc (in target 'OSCCore' from project 'OSCCore')
    cd /Users/admin/builder/spi-builder-workspace
    builtin-copy -exclude .DS_Store -exclude CVS -exclude .svn -exclude .git -exclude .hg -resolve-src-symlinks -rename /Users/admin/builder/spi-builder-workspace/.derivedData/Build/Intermediates.noindex/OSCCore.build/Debug-watchos/OSCCore-t.build/Objects-normal/arm64_32/OSCCore.swiftdoc /Users/admin/builder/spi-builder-workspace/.derivedData/Build/Products/Debug-watchos/OSCCore.swiftmodule/arm64_32-apple-watchos.swiftdoc
Copy /Users/admin/builder/spi-builder-workspace/.derivedData/Build/Products/Debug-watchos/OSCCore.swiftmodule/arm64_32-apple-watchos.abi.json /Users/admin/builder/spi-builder-workspace/.derivedData/Build/Intermediates.noindex/OSCCore.build/Debug-watchos/OSCCore-t.build/Objects-normal/arm64_32/OSCCore.abi.json (in target 'OSCCore' from project 'OSCCore')
    cd /Users/admin/builder/spi-builder-workspace
    builtin-copy -exclude .DS_Store -exclude CVS -exclude .svn -exclude .git -exclude .hg -resolve-src-symlinks -rename /Users/admin/builder/spi-builder-workspace/.derivedData/Build/Intermediates.noindex/OSCCore.build/Debug-watchos/OSCCore-t.build/Objects-normal/arm64_32/OSCCore.abi.json /Users/admin/builder/spi-builder-workspace/.derivedData/Build/Products/Debug-watchos/OSCCore.swiftmodule/arm64_32-apple-watchos.abi.json
Copy /Users/admin/builder/spi-builder-workspace/.derivedData/Build/Products/Debug-watchos/OSCCore.swiftmodule/Project/arm64_32-apple-watchos.swiftsourceinfo /Users/admin/builder/spi-builder-workspace/.derivedData/Build/Intermediates.noindex/OSCCore.build/Debug-watchos/OSCCore-t.build/Objects-normal/arm64_32/OSCCore.swiftsourceinfo (in target 'OSCCore' from project 'OSCCore')
    cd /Users/admin/builder/spi-builder-workspace
    builtin-copy -exclude .DS_Store -exclude CVS -exclude .svn -exclude .git -exclude .hg -resolve-src-symlinks -rename /Users/admin/builder/spi-builder-workspace/.derivedData/Build/Intermediates.noindex/OSCCore.build/Debug-watchos/OSCCore-t.build/Objects-normal/arm64_32/OSCCore.swiftsourceinfo /Users/admin/builder/spi-builder-workspace/.derivedData/Build/Products/Debug-watchos/OSCCore.swiftmodule/Project/arm64_32-apple-watchos.swiftsourceinfo
SwiftCompile normal arm64 Compiling\ OSCTimeTag+OSCMessageArgument.swift,\ RGBA+OSCMessageArgument.swift,\ String+OSCMessageArgument.swift /Users/admin/builder/spi-builder-workspace/Source/OSCCore/conversion/OSCTimeTag+OSCMessageArgument.swift /Users/admin/builder/spi-builder-workspace/Source/OSCCore/conversion/RGBA+OSCMessageArgument.swift /Users/admin/builder/spi-builder-workspace/Source/OSCCore/conversion/String+OSCMessageArgument.swift (in target 'OSCCore' from project 'OSCCore')
SwiftCompile normal arm64 /Users/admin/builder/spi-builder-workspace/Source/OSCCore/conversion/OSCTimeTag+OSCMessageArgument.swift (in target 'OSCCore' from project 'OSCCore')
    cd /Users/admin/builder/spi-builder-workspace/.swiftpm/xcode
    builtin-SwiftPerFileCompile OSCTimeTag+OSCMessageArgument.swift
SwiftCompile normal arm64 /Users/admin/builder/spi-builder-workspace/Source/OSCCore/conversion/RGBA+OSCMessageArgument.swift (in target 'OSCCore' from project 'OSCCore')
    cd /Users/admin/builder/spi-builder-workspace/.swiftpm/xcode
    builtin-SwiftPerFileCompile RGBA+OSCMessageArgument.swift
SwiftCompile normal arm64 /Users/admin/builder/spi-builder-workspace/Source/OSCCore/conversion/String+OSCMessageArgument.swift (in target 'OSCCore' from project 'OSCCore')
    cd /Users/admin/builder/spi-builder-workspace/.swiftpm/xcode
    builtin-SwiftPerFileCompile String+OSCMessageArgument.swift
SwiftDriverJobDiscovery normal arm64_32 Compiling Array+OSCMessageArgument.swift, Bool+OSCConvertible.swift, Byte.swift, Character+OSCConvertible.swift (in target 'OSCCore' from project 'OSCCore')
SwiftCompile normal arm64 Compiling\ OSCMessage+OSCConvertible.swift,\ OSCMessageArgument.swift,\ OSCSymbol+OSCMessageArgument.swift /Users/admin/builder/spi-builder-workspace/Source/OSCCore/conversion/OSCMessage+OSCConvertible.swift /Users/admin/builder/spi-builder-workspace/Source/OSCCore/conversion/OSCMessageArgument.swift /Users/admin/builder/spi-builder-workspace/Source/OSCCore/conversion/OSCSymbol+OSCMessageArgument.swift (in target 'OSCCore' from project 'OSCCore')
SwiftCompile normal arm64 /Users/admin/builder/spi-builder-workspace/Source/OSCCore/conversion/OSCMessage+OSCConvertible.swift (in target 'OSCCore' from project 'OSCCore')
    cd /Users/admin/builder/spi-builder-workspace/.swiftpm/xcode
    builtin-SwiftPerFileCompile OSCMessage+OSCConvertible.swift
SwiftCompile normal arm64 /Users/admin/builder/spi-builder-workspace/Source/OSCCore/conversion/OSCMessageArgument.swift (in target 'OSCCore' from project 'OSCCore')
    cd /Users/admin/builder/spi-builder-workspace/.swiftpm/xcode
    builtin-SwiftPerFileCompile OSCMessageArgument.swift
SwiftCompile normal arm64 /Users/admin/builder/spi-builder-workspace/Source/OSCCore/conversion/OSCSymbol+OSCMessageArgument.swift (in target 'OSCCore' from project 'OSCCore')
    cd /Users/admin/builder/spi-builder-workspace/.swiftpm/xcode
    builtin-SwiftPerFileCompile OSCSymbol+OSCMessageArgument.swift
SwiftDriverJobDiscovery normal arm64_32 Compiling matcher.swift, OSCPacketReader.swift, MIDI.swift (in target 'OSCCore' from project 'OSCCore')
SwiftDriver\ Compilation NIOPosix normal arm64_32 com.apple.xcode.tools.swift.compiler (in target 'NIOPosix' from project 'swift-nio')
    cd /Users/admin/builder/spi-builder-workspace/.swiftpm/xcode
    builtin-Swift-Compilation -- /Applications/Xcode-27.0.0-Release.Candidate.app/Contents/Developer/Toolchains/XcodeDefault.xctoolchain/usr/bin/swiftc -parse-as-library -module-name NIOPosix -Onone @/Users/admin/builder/spi-builder-workspace/.derivedData/Build/Intermediates.noindex/swift-nio.build/Debug-watchos/NIOPosix-t.build/Objects-normal/arm64_32/NIOPosix.SwiftFileList -DSWIFT_PACKAGE -DDEBUG -DSWIFT_MODULE_RESOURCE_BUNDLE_AVAILABLE -Xcc -fmodule-map-file\=/Users/admin/builder/spi-builder-workspace/.dependencies/checkouts/swift-atomics/Sources/_AtomicsShims/include/module.modulemap -Xcc -fmodule-map-file\=/Users/admin/builder/spi-builder-workspace/.derivedData/Build/Intermediates.noindex/GeneratedModuleMaps-watchos/CNIOPosix.modulemap -Xcc -fmodule-map-file\=/Users/admin/builder/spi-builder-workspace/.derivedData/Build/Intermediates.noindex/GeneratedModuleMaps-watchos/CNIOWASI.modulemap -Xcc -fmodule-map-file\=/Users/admin/builder/spi-builder-workspace/.derivedData/Build/Intermediates.noindex/GeneratedModuleMaps-watchos/CNIOFreeBSD.modulemap -Xcc -fmodule-map-file\=/Users/admin/builder/spi-builder-workspace/.derivedData/Build/Intermediates.noindex/GeneratedModuleMaps-watchos/CNIOAtomics.modulemap -Xcc -fmodule-map-file\=/Users/admin/builder/spi-builder-workspace/.dependencies/checkouts/swift-nio/Sources/CNIOWindows/include/module.modulemap -Xcc -fmodule-map-file\=/Users/admin/builder/spi-builder-workspace/.derivedData/Build/Intermediates.noindex/GeneratedModuleMaps-watchos/CNIODarwin.modulemap -Xcc -fmodule-map-file\=/Users/admin/builder/spi-builder-workspace/.derivedData/Build/Intermediates.noindex/GeneratedModuleMaps-watchos/CNIOLinux.modulemap -Xcc -fmodule-map-file\=/Users/admin/builder/spi-builder-workspace/.derivedData/Build/Intermediates.noindex/GeneratedModuleMaps-watchos/CNIOOpenBSD.modulemap -DXcode -enable-experimental-feature Lifetimes -enable-upcoming-feature MemberImportVisibility -plugin-path /Applications/Xcode-27.0.0-Release.Candidate.app/Contents/Developer/Toolchains/XcodeDefault.xctoolchain/usr/lib/swift/host/plugins/testing -enable-experimental-feature DebugDescriptionMacro -sdk /Applications/Xcode-27.0.0-Release.Candidate.app/Contents/Developer/Platforms/WatchOS.platform/Developer/SDKs/WatchOS27.0.sdk -target arm64_32-apple-watchos9.0 -g -module-cache-path /Users/admin/builder/spi-builder-workspace/.derivedData/ModuleCache.noindex -Xfrontend -serialize-debugging-options -profile-coverage-mapping -profile-generate -enable-testing -suppress-warnings -index-store-path /Users/admin/builder/spi-builder-workspace/.derivedData/Index.noindex/DataStore -Xcc -D_LIBCPP_HARDENING_MODE\=_LIBCPP_HARDENING_MODE_DEBUG -swift-version 6 -I /Users/admin/builder/spi-builder-workspace/.derivedData/Build/Products/Debug-watchos -Isystem /Applications/Xcode-27.0.0-Release.Candidate.app/Contents/Developer/Platforms/WatchOS.platform/Developer/usr/lib -F /Users/admin/builder/spi-builder-workspace/.derivedData/Build/Products/Debug-watchos/PackageFrameworks -F /Users/admin/builder/spi-builder-workspace/.derivedData/Build/Products/Debug-watchos -F /Applications/Xcode-27.0.0-Release.Candidate.app/Contents/Developer/Platforms/WatchOS.platform/Developer/Library/Frameworks -F /Applications/Xcode-27.0.0-Release.Candidate.app/Contents/Developer/Platforms/WatchOS.platform/Developer/SDKs/WatchOS27.0.sdk/Developer/Library/Frameworks -c -j10 -enable-batch-mode -incremental -Xcc -ivfsstatcache -Xcc /Users/admin/builder/spi-builder-workspace/.derivedData/SDKStatCaches.noindex/watchos27.0-24R360-e829b21a6f8c9b70876ba0858053c04477534ef55a1706bf4c1112bbb242f0a2.sdkstatcache -output-file-map /Users/admin/builder/spi-builder-workspace/.derivedData/Build/Intermediates.noindex/swift-nio.build/Debug-watchos/NIOPosix-t.build/Objects-normal/arm64_32/NIOPosix-OutputFileMap.json -save-temps -no-color-diagnostics -explicit-module-build -module-cache-path /Users/admin/builder/spi-builder-workspace/.derivedData/Build/Intermediates.noindex/SwiftExplicitPrecompiledModules -clang-scanner-module-cache-path /Users/admin/builder/spi-builder-workspace/.derivedData/ModuleCache.noindex -sdk-module-cache-path /Users/admin/builder/spi-builder-workspace/.derivedData/SDKExplicitPrecompiledModules -emit-dependencies -emit-module -emit-module-path /Users/admin/builder/spi-builder-workspace/.derivedData/Build/Intermediates.noindex/swift-nio.build/Debug-watchos/NIOPosix-t.build/Objects-normal/arm64_32/NIOPosix.swiftmodule -serialize-diagnostics -dependency-scan-serialize-diagnostics-path /Users/admin/builder/spi-builder-workspace/.derivedData/Build/Intermediates.noindex/swift-nio.build/Debug-watchos/NIOPosix-t.build/Objects-normal/arm64_32/NIOPosix-dependency-scan.dia -user-module-version 2.103.0 -validate-clang-modules-once -clang-build-session-file /Users/admin/builder/spi-builder-workspace/.derivedData/ModuleCache.noindex/Session.modulevalidation -Xcc -fmodules-prune-interval\=86400 -Xcc -fmodules-prune-after\=345600 -package-name swift_nio -emit-const-values -const-gather-protocols-list /Users/admin/builder/spi-builder-workspace/.derivedData/Build/Intermediates.noindex/swift-nio.build/Debug-watchos/NIOPosix-t.build/Objects-normal/arm64_32/NIOPosix_const_extract_protocols.json -Xcc -I/Users/admin/builder/spi-builder-workspace/.dependencies/checkouts/swift-atomics/Sources/_AtomicsShims/include -Xcc -I/Users/admin/builder/spi-builder-workspace/.dependencies/checkouts/swift-nio/Sources/CNIOPosix/include -Xcc -I/Users/admin/builder/spi-builder-workspace/.dependencies/checkouts/swift-nio/Sources/CNIOWASI/include -Xcc -I/Users/admin/builder/spi-builder-workspace/.dependencies/checkouts/swift-nio/Sources/CNIOFreeBSD/include -Xcc -I/Users/admin/builder/spi-builder-workspace/.dependencies/checkouts/swift-nio/Sources/CNIOAtomics/include -Xcc -I/Users/admin/builder/spi-builder-workspace/.dependencies/checkouts/swift-nio/Sources/CNIOWindows/include -Xcc -I/Users/admin/builder/spi-builder-workspace/.dependencies/checkouts/swift-nio/Sources/CNIODarwin/include -Xcc -I/Users/admin/builder/spi-builder-workspace/.dependencies/checkouts/swift-nio/Sources/CNIOLinux/include -Xcc -I/Users/admin/builder/spi-builder-workspace/.dependencies/checkouts/swift-nio/Sources/CNIOOpenBSD/include -Xcc -I/Users/admin/builder/spi-builder-workspace/.derivedData/Build/Products/Debug-watchos/include -Xcc -I/Users/admin/builder/spi-builder-workspace/.derivedData/Build/Intermediates.noindex/swift-nio.build/Debug-watchos/NIOPosix-t.build/DerivedSources-normal/arm64_32 -Xcc -I/Users/admin/builder/spi-builder-workspace/.derivedData/Build/Intermediates.noindex/swift-nio.build/Debug-watchos/NIOPosix-t.build/DerivedSources/arm64_32 -Xcc -I/Users/admin/builder/spi-builder-workspace/.derivedData/Build/Intermediates.noindex/swift-nio.build/Debug-watchos/NIOPosix-t.build/DerivedSources -Xcc -DSWIFT_PACKAGE -Xcc -DDEBUG\=1 -emit-objc-header -emit-objc-header-path /Users/admin/builder/spi-builder-workspace/.derivedData/Build/Intermediates.noindex/swift-nio.build/Debug-watchos/NIOPosix-t.build/Objects-normal/arm64_32/NIOPosix-Swift.h -working-directory /Users/admin/builder/spi-builder-workspace/.swiftpm/xcode -experimental-emit-module-separately -disable-cmo
Ld /Users/admin/builder/spi-builder-workspace/.derivedData/Build/Intermediates.noindex/swift-nio.build/Debug-watchos/NIOPosix-t.build/Objects-normal/arm64_32/Binary/NIOPosix.o normal arm64_32 (in target 'NIOPosix' from project 'swift-nio')
    cd /Users/admin/builder/spi-builder-workspace/.dependencies/checkouts/swift-nio
    /Applications/Xcode-27.0.0-Release.Candidate.app/Contents/Developer/Toolchains/XcodeDefault.xctoolchain/usr/bin/clang -Xlinker -reproducible -target arm64_32-apple-watchos9.0 -r -isysroot /Applications/Xcode-27.0.0-Release.Candidate.app/Contents/Developer/Platforms/WatchOS.platform/Developer/SDKs/WatchOS27.0.sdk -O0 -w -Xlinker -no_warn_duplicate_libraries -F/Users/admin/builder/spi-builder-workspace/.derivedData/Build/Intermediates.noindex/EagerLinkingTBDs/Debug-watchos -F/Users/admin/builder/spi-builder-workspace/.derivedData/Build/Products/Debug-watchos/PackageFrameworks -F/Users/admin/builder/spi-builder-workspace/.derivedData/Build/Products/Debug-watchos -iframework /Applications/Xcode-27.0.0-Release.Candidate.app/Contents/Developer/Platforms/WatchOS.platform/Developer/Library/Frameworks -iframework /Applications/Xcode-27.0.0-Release.Candidate.app/Contents/Developer/Platforms/WatchOS.platform/Developer/SDKs/WatchOS27.0.sdk/Developer/Library/Frameworks -filelist /Users/admin/builder/spi-builder-workspace/.derivedData/Build/Intermediates.noindex/swift-nio.build/Debug-watchos/NIOPosix-t.build/Objects-normal/arm64_32/NIOPosix.LinkFileList -nostdlib -Xlinker -object_path_lto -Xlinker /Users/admin/builder/spi-builder-workspace/.derivedData/Build/Intermediates.noindex/swift-nio.build/Debug-watchos/NIOPosix-t.build/Objects-normal/arm64_32/NIOPosix_lto.o -Xlinker -no_deduplicate -Xlinker -debug_variant -Xlinker -dependency_info -Xlinker /Users/admin/builder/spi-builder-workspace/.derivedData/Build/Intermediates.noindex/swift-nio.build/Debug-watchos/NIOPosix-t.build/Objects-normal/arm64_32/NIOPosix_dependency_info.dat -fobjc-link-runtime -L/Applications/Xcode-27.0.0-Release.Candidate.app/Contents/Developer/Toolchains/XcodeDefault.xctoolchain/usr/lib/swift/watchos -L/usr/lib/swift -Xlinker -add_ast_path -Xlinker /Users/admin/builder/spi-builder-workspace/.derivedData/Build/Intermediates.noindex/swift-nio.build/Debug-watchos/NIOPosix-t.build/Objects-normal/arm64_32/NIOPosix.swiftmodule -o /Users/admin/builder/spi-builder-workspace/.derivedData/Build/Intermediates.noindex/swift-nio.build/Debug-watchos/NIOPosix-t.build/Objects-normal/arm64_32/Binary/NIOPosix.o
PruneExplicitPrecompiledModules /Users/admin/builder/spi-builder-workspace/.derivedData/Build/Intermediates.noindex/SwiftExplicitPrecompiledModules
PruneExplicitPrecompiledModules /Users/admin/builder/spi-builder-workspace/.derivedData/SDKExplicitPrecompiledModules
PruneExplicitPrecompiledModules /Users/admin/builder/spi-builder-workspace/.derivedData/Build/Intermediates.noindex/ExplicitPrecompiledModules
2026-09-18 03:17:16.962 xcodebuild[797:4909] [MT] IDERunDestination: Supported platforms for the buildables in the current scheme is empty.
** BUILD FAILED **
The following build commands failed:
	SwiftCompile normal arm64 Compiling\ Data+OSCMessageArgument.swift,\ Double+OSCMessageArgument.swift,\ Float+OSCMessageArgument.swift,\ Int+OSCMessageArgument.swift /Users/admin/builder/spi-builder-workspace/Source/OSCCore/conversion/Data+OSCMessageArgument.swift /Users/admin/builder/spi-builder-workspace/Source/OSCCore/conversion/Double+OSCMessageArgument.swift /Users/admin/builder/spi-builder-workspace/Source/OSCCore/conversion/Float+OSCMessageArgument.swift /Users/admin/builder/spi-builder-workspace/Source/OSCCore/conversion/Int+OSCMessageArgument.swift (in target 'OSCCore' from project 'OSCCore')
	SwiftCompile normal arm64 /Users/admin/builder/spi-builder-workspace/Source/OSCCore/conversion/Float+OSCMessageArgument.swift (in target 'OSCCore' from project 'OSCCore')
	Building workspace OSCCore with scheme OSCCore-Package
(3 failures)
Command line invocation:
    /Applications/Xcode-27.0.0-Release.Candidate.app/Contents/Developer/usr/bin/xcodebuild -IDEClonedSourcePackagesDirPathOverride=/Users/admin/builder/spi-builder-workspace/.dependencies -resolvePackageDependencies
Resolve Package Graph
Resolved source packages:
  swift-system: https://github.com/apple/swift-system.git @ 1.8.1
  swift-atomics: https://github.com/apple/swift-atomics.git @ 1.3.1
  swift-collections: https://github.com/apple/swift-collections.git @ 1.6.0
  OSCCore: /Users/admin/builder/spi-builder-workspace
  swift-nio: https://github.com/apple/swift-nio @ 2.103.0
resolved source packages: swift-system, swift-atomics, swift-collections, OSCCore, swift-nio
2026-09-18 03:17:37.740 xcodebuild[1369:7808] [MT] IDERunDestination: Supported platforms for the buildables in the current scheme is empty.
{
  "dependencies" : [
    {
      "identity" : "swift-nio",
      "requirement" : {
        "range" : [
          {
            "lower_bound" : "2.0.0",
            "upper_bound" : "3.0.0"
          }
        ]
      },
      "type" : "sourceControl",
      "url" : "https://github.com/apple/swift-nio"
    }
  ],
  "manifest_display_name" : "OSCCore",
  "name" : "OSCCore",
  "path" : "/Users/admin/builder/spi-builder-workspace",
  "platforms" : [
  ],
  "products" : [
    {
      "name" : "OSCCore",
      "targets" : [
        "OSCCore"
      ],
      "type" : {
        "library" : [
          "automatic"
        ]
      }
    },
    {
      "name" : "BasicListener",
      "targets" : [
        "BasicListener"
      ],
      "type" : {
        "executable" : null
      }
    }
  ],
  "targets" : [
    {
      "c99name" : "OSCCoreTests",
      "module_type" : "SwiftTarget",
      "name" : "OSCCoreTests",
      "path" : "Tests/OSCCoreTests",
      "sources" : [
        "AddressMatcherTests.swift",
        "DispatcherTests.swift",
        "OSCBundleTests.swift",
        "OSCMessageTests.swift",
        "OSCTimeTagTests.swift",
        "ValueConversionTests.swift"
      ],
      "target_dependencies" : [
        "OSCCore"
      ],
      "type" : "test"
    },
    {
      "c99name" : "OSCCore",
      "module_type" : "SwiftTarget",
      "name" : "OSCCore",
      "path" : "Source/OSCCore",
      "product_dependencies" : [
        "NIO"
      ],
      "product_memberships" : [
        "OSCCore",
        "BasicListener"
      ],
      "sources" : [
        "conversion/Array+OSCMessageArgument.swift",
        "conversion/Bool+OSCConvertible.swift",
        "conversion/Byte.swift",
        "conversion/Character+OSCConvertible.swift",
        "conversion/Data+OSCMessageArgument.swift",
        "conversion/Double+OSCMessageArgument.swift",
        "conversion/Float+OSCMessageArgument.swift",
        "conversion/Int+OSCMessageArgument.swift",
        "conversion/MIDI+OSCMessageArgument.swift",
        "conversion/OSCBundle+OSCConvertible.swift",
        "conversion/OSCConvertible.swift",
        "conversion/OSCMessage+OSCConvertible.swift",
        "conversion/OSCMessageArgument.swift",
        "conversion/OSCSymbol+OSCMessageArgument.swift",
        "conversion/OSCTimeTag+OSCMessageArgument.swift",
        "conversion/RGBA+OSCMessageArgument.swift",
        "conversion/String+OSCMessageArgument.swift",
        "conversion/alignment.swift",
        "conversion/extract.swift",
        "conversion/helpers.swift",
        "dispatch/BasicMessageDispatcher.swift",
        "dispatch/OSCBundle+MessageEventHandler.swift",
        "dispatch/events.swift",
        "dispatch/matcher.swift",
        "nio/OSCPacketReader.swift",
        "types/MIDI.swift",
        "types/OSCBundle.swift",
        "types/OSCMessage.swift",
        "types/OSCSymbol.swift",
        "types/OSCTimeTag.swift",
        "types/RGBA.swift",
        "types/TypeTagValues.swift"
      ],
      "type" : "library"
    },
    {
      "c99name" : "BasicListener",
      "module_type" : "SwiftTarget",
      "name" : "BasicListener",
      "path" : "Source/BasicListener",
      "product_dependencies" : [
        "NIO"
      ],
      "product_memberships" : [
        "BasicListener"
      ],
      "sources" : [
        "main.swift"
      ],
      "target_dependencies" : [
        "OSCCore"
      ],
      "type" : "executable"
    }
  ],
  "tools_version" : "5.0"
}
{
  "workspace" : {
    "name" : "OSCCore",
    "schemes" : [
      "BasicListener",
      "OSCCore",
      "OSCCore-Package"
    ]
  }
}
2026-09-18 03:17:39.375 xcodebuild[1377:7875] [MT] IDERunDestination: Supported platforms for the buildables in the current scheme is empty.
Running build ...
env DEVELOPER_DIR=/Applications/Xcode-27.0.0-Release.Candidate.app xcrun xcodebuild -IDEClonedSourcePackagesDirPathOverride=$PWD/.dependencies -skipMacroValidation -skipPackagePluginValidation -derivedDataPath $PWD/.derivedData build -scheme OSCCore-Package -destination generic/platform=watchOS
Command line invocation:
    /Applications/Xcode-27.0.0-Release.Candidate.app/Contents/Developer/usr/bin/xcodebuild -IDEClonedSourcePackagesDirPathOverride=/Users/admin/builder/spi-builder-workspace/.dependencies -skipMacroValidation -skipPackagePluginValidation -derivedDataPath /Users/admin/builder/spi-builder-workspace/.derivedData build -scheme OSCCore-Package -destination generic/platform=watchOS
Resolve Package Graph
Resolved source packages:
  swift-collections: https://github.com/apple/swift-collections.git @ 1.6.0
  OSCCore: /Users/admin/builder/spi-builder-workspace
  swift-nio: https://github.com/apple/swift-nio @ 2.103.0
  swift-system: https://github.com/apple/swift-system.git @ 1.8.1
  swift-atomics: https://github.com/apple/swift-atomics.git @ 1.3.1
ComputePackagePrebuildTargetDependencyGraph
Prepare packages
CreateBuildRequest
SendProjectDescription
CreateBuildOperation
ComputeTargetDependencyGraph
note: Building targets in dependency order
note: Target dependency graph (27 targets)
    Target 'BasicListener-product' in project 'OSCCore'
        ➜ Explicit dependency on target 'OSCCore' in project 'OSCCore'
        ➜ Explicit dependency on target 'NIO-product' in project 'swift-nio'
    Target 'OSCCore-product' in project 'OSCCore'
        ➜ Explicit dependency on target 'OSCCore' in project 'OSCCore'
        ➜ Explicit dependency on target 'NIO-product' in project 'swift-nio'
    Target 'OSCCore' in project 'OSCCore'
        ➜ Explicit dependency on target 'NIO-product' in project 'swift-nio'
    Target 'NIO-product' in project 'swift-nio'
        ➜ Explicit dependency on target 'NIO' in project 'swift-nio'
        ➜ Explicit dependency on target 'CNIOAtomics' in project 'swift-nio'
        ➜ Explicit dependency on target 'NIOConcurrencyHelpers' in project 'swift-nio'
        ➜ Explicit dependency on target '_NIOBase64' in project 'swift-nio'
        ➜ Explicit dependency on target 'CNIOOpenBSD' in project 'swift-nio'
        ➜ Explicit dependency on target 'CNIOFreeBSD' in project 'swift-nio'
        ➜ Explicit dependency on target 'CNIODarwin' in project 'swift-nio'
        ➜ Explicit dependency on target 'CNIOLinux' in project 'swift-nio'
        ➜ Explicit dependency on target 'CNIOWindows' in project 'swift-nio'
        ➜ Explicit dependency on target 'CNIOWASI' in project 'swift-nio'
        ➜ Explicit dependency on target '_NIODataStructures' in project 'swift-nio'
        ➜ Explicit dependency on target 'NIOCore' in project 'swift-nio'
        ➜ Explicit dependency on target 'NIOEmbedded' in project 'swift-nio'
        ➜ Explicit dependency on target 'CNIOPosix' in project 'swift-nio'
        ➜ Explicit dependency on target 'NIOPosix' in project 'swift-nio'
        ➜ Explicit dependency on target 'DequeModule-product' in project 'swift-collections'
        ➜ Explicit dependency on target 'Atomics-product' in project 'swift-atomics'
    Target 'NIO' in project 'swift-nio'
        ➜ Explicit dependency on target 'CNIOAtomics' in project 'swift-nio'
        ➜ Explicit dependency on target 'NIOConcurrencyHelpers' in project 'swift-nio'
        ➜ Explicit dependency on target '_NIOBase64' in project 'swift-nio'
        ➜ Explicit dependency on target 'CNIOOpenBSD' in project 'swift-nio'
        ➜ Explicit dependency on target 'CNIOFreeBSD' in project 'swift-nio'
        ➜ Explicit dependency on target 'CNIODarwin' in project 'swift-nio'
        ➜ Explicit dependency on target 'CNIOLinux' in project 'swift-nio'
        ➜ Explicit dependency on target 'CNIOWindows' in project 'swift-nio'
        ➜ Explicit dependency on target 'CNIOWASI' in project 'swift-nio'
        ➜ Explicit dependency on target '_NIODataStructures' in project 'swift-nio'
        ➜ Explicit dependency on target 'NIOCore' in project 'swift-nio'
        ➜ Explicit dependency on target 'NIOEmbedded' in project 'swift-nio'
        ➜ Explicit dependency on target 'CNIOPosix' in project 'swift-nio'
        ➜ Explicit dependency on target 'NIOPosix' in project 'swift-nio'
        ➜ Explicit dependency on target 'DequeModule-product' in project 'swift-collections'
        ➜ Explicit dependency on target 'Atomics-product' in project 'swift-atomics'
    Target 'NIOPosix' in project 'swift-nio'
        ➜ Explicit dependency on target 'swift-nio_NIOPosix' in project 'swift-nio'
        ➜ Explicit dependency on target 'CNIOOpenBSD' in project 'swift-nio'
        ➜ Explicit dependency on target 'CNIOLinux' in project 'swift-nio'
        ➜ Explicit dependency on target 'CNIODarwin' in project 'swift-nio'
        ➜ Explicit dependency on target 'CNIOWindows' in project 'swift-nio'
        ➜ Explicit dependency on target 'CNIOAtomics' in project 'swift-nio'
        ➜ Explicit dependency on target 'NIOConcurrencyHelpers' in project 'swift-nio'
        ➜ Explicit dependency on target '_NIOBase64' in project 'swift-nio'
        ➜ Explicit dependency on target 'CNIOFreeBSD' in project 'swift-nio'
        ➜ Explicit dependency on target 'CNIOWASI' in project 'swift-nio'
        ➜ Explicit dependency on target '_NIODataStructures' in project 'swift-nio'
        ➜ Explicit dependency on target 'NIOCore' in project 'swift-nio'
        ➜ Explicit dependency on target 'CNIOPosix' in project 'swift-nio'
        ➜ Explicit dependency on target 'DequeModule-product' in project 'swift-collections'
        ➜ Explicit dependency on target 'Atomics-product' in project 'swift-atomics'
    Target 'swift-nio_NIOPosix' in project 'swift-nio' (no dependencies)
    Target 'CNIOPosix' in project 'swift-nio' (no dependencies)
    Target 'NIOEmbedded' in project 'swift-nio'
        ➜ Explicit dependency on target 'CNIOAtomics' in project 'swift-nio'
        ➜ Explicit dependency on target 'NIOConcurrencyHelpers' in project 'swift-nio'
        ➜ Explicit dependency on target '_NIOBase64' in project 'swift-nio'
        ➜ Explicit dependency on target 'CNIOOpenBSD' in project 'swift-nio'
        ➜ Explicit dependency on target 'CNIOFreeBSD' in project 'swift-nio'
        ➜ Explicit dependency on target 'CNIODarwin' in project 'swift-nio'
        ➜ Explicit dependency on target 'CNIOLinux' in project 'swift-nio'
        ➜ Explicit dependency on target 'CNIOWindows' in project 'swift-nio'
        ➜ Explicit dependency on target 'CNIOWASI' in project 'swift-nio'
        ➜ Explicit dependency on target '_NIODataStructures' in project 'swift-nio'
        ➜ Explicit dependency on target 'NIOCore' in project 'swift-nio'
        ➜ Explicit dependency on target 'DequeModule-product' in project 'swift-collections'
        ➜ Explicit dependency on target 'Atomics-product' in project 'swift-atomics'
    Target 'NIOCore' in project 'swift-nio'
        ➜ Explicit dependency on target 'CNIOAtomics' in project 'swift-nio'
        ➜ Explicit dependency on target 'NIOConcurrencyHelpers' in project 'swift-nio'
        ➜ Explicit dependency on target '_NIOBase64' in project 'swift-nio'
        ➜ Explicit dependency on target 'CNIOOpenBSD' in project 'swift-nio'
        ➜ Explicit dependency on target 'CNIOFreeBSD' in project 'swift-nio'
        ➜ Explicit dependency on target 'CNIODarwin' in project 'swift-nio'
        ➜ Explicit dependency on target 'CNIOLinux' in project 'swift-nio'
        ➜ Explicit dependency on target 'CNIOWindows' in project 'swift-nio'
        ➜ Explicit dependency on target 'CNIOWASI' in project 'swift-nio'
        ➜ Explicit dependency on target '_NIODataStructures' in project 'swift-nio'
        ➜ Explicit dependency on target 'DequeModule-product' in project 'swift-collections'
        ➜ Explicit dependency on target 'Atomics-product' in project 'swift-atomics'
    Target 'Atomics-product' in project 'swift-atomics'
        ➜ Explicit dependency on target 'Atomics' in project 'swift-atomics'
        ➜ Explicit dependency on target '_AtomicsShims' in project 'swift-atomics'
    Target 'Atomics' in project 'swift-atomics'
        ➜ Explicit dependency on target '_AtomicsShims' in project 'swift-atomics'
    Target '_AtomicsShims' in project 'swift-atomics' (no dependencies)
    Target 'DequeModule-product' in project 'swift-collections'
        ➜ Explicit dependency on target 'DequeModule' in project 'swift-collections'
        ➜ Explicit dependency on target 'InternalCollectionsUtilities' in project 'swift-collections'
        ➜ Explicit dependency on target 'ContainersPreview' in project 'swift-collections'
    Target 'DequeModule' in project 'swift-collections'
        ➜ Explicit dependency on target 'InternalCollectionsUtilities' in project 'swift-collections'
        ➜ Explicit dependency on target 'ContainersPreview' in project 'swift-collections'
    Target 'ContainersPreview' in project 'swift-collections'
        ➜ Explicit dependency on target 'InternalCollectionsUtilities' in project 'swift-collections'
    Target 'InternalCollectionsUtilities' in project 'swift-collections' (no dependencies)
    Target '_NIODataStructures' in project 'swift-nio' (no dependencies)
    Target 'CNIOWASI' in project 'swift-nio' (no dependencies)
    Target 'CNIOWindows' in project 'swift-nio' (no dependencies)
    Target 'CNIOLinux' in project 'swift-nio' (no dependencies)
    Target 'CNIODarwin' in project 'swift-nio' (no dependencies)
    Target 'CNIOFreeBSD' in project 'swift-nio' (no dependencies)
    Target 'CNIOOpenBSD' in project 'swift-nio' (no dependencies)
    Target '_NIOBase64' in project 'swift-nio' (no dependencies)
    Target 'NIOConcurrencyHelpers' in project 'swift-nio'
        ➜ Explicit dependency on target 'CNIOAtomics' in project 'swift-nio'
    Target 'CNIOAtomics' in project 'swift-nio' (no dependencies)
GatherProvisioningInputs
CreateBuildDescription
ClangStatCache /Applications/Xcode-27.0.0-Release.Candidate.app/Contents/Developer/Toolchains/XcodeDefault.xctoolchain/usr/bin/clang-stat-cache /Applications/Xcode-27.0.0-Release.Candidate.app/Contents/Developer/Platforms/WatchOS.platform/Developer/SDKs/WatchOS27.0.sdk /Users/admin/builder/spi-builder-workspace/.derivedData/SDKStatCaches.noindex/watchos27.0-24R360-e829b21a6f8c9b70876ba0858053c04477534ef55a1706bf4c1112bbb242f0a2.sdkstatcache
    cd /Users/admin/builder/spi-builder-workspace/.swiftpm/xcode
    /Applications/Xcode-27.0.0-Release.Candidate.app/Contents/Developer/Toolchains/XcodeDefault.xctoolchain/usr/bin/clang-stat-cache /Applications/Xcode-27.0.0-Release.Candidate.app/Contents/Developer/Platforms/WatchOS.platform/Developer/SDKs/WatchOS27.0.sdk -o /Users/admin/builder/spi-builder-workspace/.derivedData/SDKStatCaches.noindex/watchos27.0-24R360-e829b21a6f8c9b70876ba0858053c04477534ef55a1706bf4c1112bbb242f0a2.sdkstatcache
Ld /Users/admin/builder/spi-builder-workspace/.derivedData/Build/Intermediates.noindex/swift-nio.build/Debug-watchos/NIOPosix-t.build/Objects-normal/arm64_32/Binary/NIOPosix.o normal arm64_32 (in target 'NIOPosix' from project 'swift-nio')
    cd /Users/admin/builder/spi-builder-workspace/.dependencies/checkouts/swift-nio
    /Applications/Xcode-27.0.0-Release.Candidate.app/Contents/Developer/Toolchains/XcodeDefault.xctoolchain/usr/bin/clang -Xlinker -reproducible -target arm64_32-apple-watchos9.0 -r -isysroot /Applications/Xcode-27.0.0-Release.Candidate.app/Contents/Developer/Platforms/WatchOS.platform/Developer/SDKs/WatchOS27.0.sdk -O0 -w -Xlinker -no_warn_duplicate_libraries -F/Users/admin/builder/spi-builder-workspace/.derivedData/Build/Intermediates.noindex/EagerLinkingTBDs/Debug-watchos -F/Users/admin/builder/spi-builder-workspace/.derivedData/Build/Products/Debug-watchos/PackageFrameworks -F/Users/admin/builder/spi-builder-workspace/.derivedData/Build/Products/Debug-watchos -iframework /Applications/Xcode-27.0.0-Release.Candidate.app/Contents/Developer/Platforms/WatchOS.platform/Developer/Library/Frameworks -iframework /Applications/Xcode-27.0.0-Release.Candidate.app/Contents/Developer/Platforms/WatchOS.platform/Developer/SDKs/WatchOS27.0.sdk/Developer/Library/Frameworks -filelist /Users/admin/builder/spi-builder-workspace/.derivedData/Build/Intermediates.noindex/swift-nio.build/Debug-watchos/NIOPosix-t.build/Objects-normal/arm64_32/NIOPosix.LinkFileList -nostdlib -Xlinker -object_path_lto -Xlinker /Users/admin/builder/spi-builder-workspace/.derivedData/Build/Intermediates.noindex/swift-nio.build/Debug-watchos/NIOPosix-t.build/Objects-normal/arm64_32/NIOPosix_lto.o -Xlinker -no_deduplicate -Xlinker -debug_variant -Xlinker -dependency_info -Xlinker /Users/admin/builder/spi-builder-workspace/.derivedData/Build/Intermediates.noindex/swift-nio.build/Debug-watchos/NIOPosix-t.build/Objects-normal/arm64_32/NIOPosix_dependency_info.dat -fobjc-link-runtime -L/Applications/Xcode-27.0.0-Release.Candidate.app/Contents/Developer/Toolchains/XcodeDefault.xctoolchain/usr/lib/swift/watchos -L/usr/lib/swift -Xlinker -add_ast_path -Xlinker /Users/admin/builder/spi-builder-workspace/.derivedData/Build/Intermediates.noindex/swift-nio.build/Debug-watchos/NIOPosix-t.build/Objects-normal/arm64_32/NIOPosix.swiftmodule -o /Users/admin/builder/spi-builder-workspace/.derivedData/Build/Intermediates.noindex/swift-nio.build/Debug-watchos/NIOPosix-t.build/Objects-normal/arm64_32/Binary/NIOPosix.o
SwiftDriver OSCCore normal arm64 com.apple.xcode.tools.swift.compiler (in target 'OSCCore' from project 'OSCCore')
    cd /Users/admin/builder/spi-builder-workspace/.swiftpm/xcode
    builtin-SwiftDriver -- /Applications/Xcode-27.0.0-Release.Candidate.app/Contents/Developer/Toolchains/XcodeDefault.xctoolchain/usr/bin/swiftc -parse-as-library -module-name OSCCore -Onone @/Users/admin/builder/spi-builder-workspace/.derivedData/Build/Intermediates.noindex/OSCCore.build/Debug-watchos/OSCCore-t.build/Objects-normal/arm64/OSCCore.SwiftFileList -DSWIFT_PACKAGE -DDEBUG -DSWIFT_MODULE_RESOURCE_BUNDLE_UNAVAILABLE -Xcc -fmodule-map-file\=/Users/admin/builder/spi-builder-workspace/.dependencies/checkouts/swift-atomics/Sources/_AtomicsShims/include/module.modulemap -Xcc -fmodule-map-file\=/Users/admin/builder/spi-builder-workspace/.derivedData/Build/Intermediates.noindex/GeneratedModuleMaps-watchos/CNIOPosix.modulemap -Xcc -fmodule-map-file\=/Users/admin/builder/spi-builder-workspace/.derivedData/Build/Intermediates.noindex/GeneratedModuleMaps-watchos/CNIOWASI.modulemap -Xcc -fmodule-map-file\=/Users/admin/builder/spi-builder-workspace/.dependencies/checkouts/swift-nio/Sources/CNIOWindows/include/module.modulemap -Xcc -fmodule-map-file\=/Users/admin/builder/spi-builder-workspace/.derivedData/Build/Intermediates.noindex/GeneratedModuleMaps-watchos/CNIOLinux.modulemap -Xcc -fmodule-map-file\=/Users/admin/builder/spi-builder-workspace/.derivedData/Build/Intermediates.noindex/GeneratedModuleMaps-watchos/CNIODarwin.modulemap -Xcc -fmodule-map-file\=/Users/admin/builder/spi-builder-workspace/.derivedData/Build/Intermediates.noindex/GeneratedModuleMaps-watchos/CNIOFreeBSD.modulemap -Xcc -fmodule-map-file\=/Users/admin/builder/spi-builder-workspace/.derivedData/Build/Intermediates.noindex/GeneratedModuleMaps-watchos/CNIOOpenBSD.modulemap -Xcc -fmodule-map-file\=/Users/admin/builder/spi-builder-workspace/.derivedData/Build/Intermediates.noindex/GeneratedModuleMaps-watchos/CNIOAtomics.modulemap -DXcode -plugin-path /Applications/Xcode-27.0.0-Release.Candidate.app/Contents/Developer/Toolchains/XcodeDefault.xctoolchain/usr/lib/swift/host/plugins/testing -enable-experimental-feature DebugDescriptionMacro -sdk /Applications/Xcode-27.0.0-Release.Candidate.app/Contents/Developer/Platforms/WatchOS.platform/Developer/SDKs/WatchOS27.0.sdk -target arm64-apple-watchos9.0 -g -module-cache-path /Users/admin/builder/spi-builder-workspace/.derivedData/ModuleCache.noindex -Xfrontend -serialize-debugging-options -profile-coverage-mapping -profile-generate -enable-testing -index-store-path /Users/admin/builder/spi-builder-workspace/.derivedData/Index.noindex/DataStore -Xcc -D_LIBCPP_HARDENING_MODE\=_LIBCPP_HARDENING_MODE_DEBUG -swift-version 5 -I /Users/admin/builder/spi-builder-workspace/.derivedData/Build/Products/Debug-watchos -Isystem /Applications/Xcode-27.0.0-Release.Candidate.app/Contents/Developer/Platforms/WatchOS.platform/Developer/usr/lib -F /Users/admin/builder/spi-builder-workspace/.derivedData/Build/Products/Debug-watchos/PackageFrameworks -F /Users/admin/builder/spi-builder-workspace/.derivedData/Build/Products/Debug-watchos -F /Applications/Xcode-27.0.0-Release.Candidate.app/Contents/Developer/Platforms/WatchOS.platform/Developer/Library/Frameworks -F /Applications/Xcode-27.0.0-Release.Candidate.app/Contents/Developer/Platforms/WatchOS.platform/Developer/SDKs/WatchOS27.0.sdk/Developer/Library/Frameworks -c -j10 -enable-batch-mode -incremental -Xcc -ivfsstatcache -Xcc /Users/admin/builder/spi-builder-workspace/.derivedData/SDKStatCaches.noindex/watchos27.0-24R360-e829b21a6f8c9b70876ba0858053c04477534ef55a1706bf4c1112bbb242f0a2.sdkstatcache -output-file-map /Users/admin/builder/spi-builder-workspace/.derivedData/Build/Intermediates.noindex/OSCCore.build/Debug-watchos/OSCCore-t.build/Objects-normal/arm64/OSCCore-OutputFileMap.json -save-temps -no-color-diagnostics -explicit-module-build -module-cache-path /Users/admin/builder/spi-builder-workspace/.derivedData/Build/Intermediates.noindex/SwiftExplicitPrecompiledModules -clang-scanner-module-cache-path /Users/admin/builder/spi-builder-workspace/.derivedData/ModuleCache.noindex -sdk-module-cache-path /Users/admin/builder/spi-builder-workspace/.derivedData/SDKExplicitPrecompiledModules -emit-dependencies -emit-module -emit-module-path /Users/admin/builder/spi-builder-workspace/.derivedData/Build/Intermediates.noindex/OSCCore.build/Debug-watchos/OSCCore-t.build/Objects-normal/arm64/OSCCore.swiftmodule -serialize-diagnostics -dependency-scan-serialize-diagnostics-path /Users/admin/builder/spi-builder-workspace/.derivedData/Build/Intermediates.noindex/OSCCore.build/Debug-watchos/OSCCore-t.build/Objects-normal/arm64/OSCCore-dependency-scan.dia -validate-clang-modules-once -clang-build-session-file /Users/admin/builder/spi-builder-workspace/.derivedData/ModuleCache.noindex/Session.modulevalidation -Xcc -fmodules-prune-interval\=86400 -Xcc -fmodules-prune-after\=345600 -emit-const-values -const-gather-protocols-list /Users/admin/builder/spi-builder-workspace/.derivedData/Build/Intermediates.noindex/OSCCore.build/Debug-watchos/OSCCore-t.build/Objects-normal/arm64/OSCCore_const_extract_protocols.json -Xcc -I/Users/admin/builder/spi-builder-workspace/.dependencies/checkouts/swift-atomics/Sources/_AtomicsShims/include -Xcc -I/Users/admin/builder/spi-builder-workspace/.dependencies/checkouts/swift-nio/Sources/CNIOPosix/include -Xcc -I/Users/admin/builder/spi-builder-workspace/.dependencies/checkouts/swift-nio/Sources/CNIOWASI/include -Xcc -I/Users/admin/builder/spi-builder-workspace/.dependencies/checkouts/swift-nio/Sources/CNIOWindows/include -Xcc -I/Users/admin/builder/spi-builder-workspace/.dependencies/checkouts/swift-nio/Sources/CNIOLinux/include -Xcc -I/Users/admin/builder/spi-builder-workspace/.dependencies/checkouts/swift-nio/Sources/CNIODarwin/include -Xcc -I/Users/admin/builder/spi-builder-workspace/.dependencies/checkouts/swift-nio/Sources/CNIOFreeBSD/include -Xcc -I/Users/admin/builder/spi-builder-workspace/.dependencies/checkouts/swift-nio/Sources/CNIOOpenBSD/include -Xcc -I/Users/admin/builder/spi-builder-workspace/.dependencies/checkouts/swift-nio/Sources/CNIOAtomics/include -Xcc -I/Users/admin/builder/spi-builder-workspace/.derivedData/Build/Products/Debug-watchos/include -Xcc -I/Users/admin/builder/spi-builder-workspace/.derivedData/Build/Intermediates.noindex/OSCCore.build/Debug-watchos/OSCCore-t.build/DerivedSources-normal/arm64 -Xcc -I/Users/admin/builder/spi-builder-workspace/.derivedData/Build/Intermediates.noindex/OSCCore.build/Debug-watchos/OSCCore-t.build/DerivedSources/arm64 -Xcc -I/Users/admin/builder/spi-builder-workspace/.derivedData/Build/Intermediates.noindex/OSCCore.build/Debug-watchos/OSCCore-t.build/DerivedSources -Xcc -DSWIFT_PACKAGE -Xcc -DDEBUG\=1 -emit-objc-header -emit-objc-header-path /Users/admin/builder/spi-builder-workspace/.derivedData/Build/Intermediates.noindex/OSCCore.build/Debug-watchos/OSCCore-t.build/Objects-normal/arm64/OSCCore-Swift.h -working-directory /Users/admin/builder/spi-builder-workspace/.swiftpm/xcode -experimental-emit-module-separately -disable-cmo
SwiftDriver OSCCore normal arm64_32 com.apple.xcode.tools.swift.compiler (in target 'OSCCore' from project 'OSCCore')
    cd /Users/admin/builder/spi-builder-workspace/.swiftpm/xcode
    builtin-SwiftDriver -- /Applications/Xcode-27.0.0-Release.Candidate.app/Contents/Developer/Toolchains/XcodeDefault.xctoolchain/usr/bin/swiftc -parse-as-library -module-name OSCCore -Onone @/Users/admin/builder/spi-builder-workspace/.derivedData/Build/Intermediates.noindex/OSCCore.build/Debug-watchos/OSCCore-t.build/Objects-normal/arm64_32/OSCCore.SwiftFileList -DSWIFT_PACKAGE -DDEBUG -DSWIFT_MODULE_RESOURCE_BUNDLE_UNAVAILABLE -Xcc -fmodule-map-file\=/Users/admin/builder/spi-builder-workspace/.dependencies/checkouts/swift-atomics/Sources/_AtomicsShims/include/module.modulemap -Xcc -fmodule-map-file\=/Users/admin/builder/spi-builder-workspace/.derivedData/Build/Intermediates.noindex/GeneratedModuleMaps-watchos/CNIOPosix.modulemap -Xcc -fmodule-map-file\=/Users/admin/builder/spi-builder-workspace/.derivedData/Build/Intermediates.noindex/GeneratedModuleMaps-watchos/CNIOWASI.modulemap -Xcc -fmodule-map-file\=/Users/admin/builder/spi-builder-workspace/.dependencies/checkouts/swift-nio/Sources/CNIOWindows/include/module.modulemap -Xcc -fmodule-map-file\=/Users/admin/builder/spi-builder-workspace/.derivedData/Build/Intermediates.noindex/GeneratedModuleMaps-watchos/CNIOLinux.modulemap -Xcc -fmodule-map-file\=/Users/admin/builder/spi-builder-workspace/.derivedData/Build/Intermediates.noindex/GeneratedModuleMaps-watchos/CNIODarwin.modulemap -Xcc -fmodule-map-file\=/Users/admin/builder/spi-builder-workspace/.derivedData/Build/Intermediates.noindex/GeneratedModuleMaps-watchos/CNIOFreeBSD.modulemap -Xcc -fmodule-map-file\=/Users/admin/builder/spi-builder-workspace/.derivedData/Build/Intermediates.noindex/GeneratedModuleMaps-watchos/CNIOOpenBSD.modulemap -Xcc -fmodule-map-file\=/Users/admin/builder/spi-builder-workspace/.derivedData/Build/Intermediates.noindex/GeneratedModuleMaps-watchos/CNIOAtomics.modulemap -DXcode -plugin-path /Applications/Xcode-27.0.0-Release.Candidate.app/Contents/Developer/Toolchains/XcodeDefault.xctoolchain/usr/lib/swift/host/plugins/testing -enable-experimental-feature DebugDescriptionMacro -sdk /Applications/Xcode-27.0.0-Release.Candidate.app/Contents/Developer/Platforms/WatchOS.platform/Developer/SDKs/WatchOS27.0.sdk -target arm64_32-apple-watchos9.0 -g -module-cache-path /Users/admin/builder/spi-builder-workspace/.derivedData/ModuleCache.noindex -Xfrontend -serialize-debugging-options -profile-coverage-mapping -profile-generate -enable-testing -index-store-path /Users/admin/builder/spi-builder-workspace/.derivedData/Index.noindex/DataStore -Xcc -D_LIBCPP_HARDENING_MODE\=_LIBCPP_HARDENING_MODE_DEBUG -swift-version 5 -I /Users/admin/builder/spi-builder-workspace/.derivedData/Build/Products/Debug-watchos -Isystem /Applications/Xcode-27.0.0-Release.Candidate.app/Contents/Developer/Platforms/WatchOS.platform/Developer/usr/lib -F /Users/admin/builder/spi-builder-workspace/.derivedData/Build/Products/Debug-watchos/PackageFrameworks -F /Users/admin/builder/spi-builder-workspace/.derivedData/Build/Products/Debug-watchos -F /Applications/Xcode-27.0.0-Release.Candidate.app/Contents/Developer/Platforms/WatchOS.platform/Developer/Library/Frameworks -F /Applications/Xcode-27.0.0-Release.Candidate.app/Contents/Developer/Platforms/WatchOS.platform/Developer/SDKs/WatchOS27.0.sdk/Developer/Library/Frameworks -c -j10 -enable-batch-mode -incremental -Xcc -ivfsstatcache -Xcc /Users/admin/builder/spi-builder-workspace/.derivedData/SDKStatCaches.noindex/watchos27.0-24R360-e829b21a6f8c9b70876ba0858053c04477534ef55a1706bf4c1112bbb242f0a2.sdkstatcache -output-file-map /Users/admin/builder/spi-builder-workspace/.derivedData/Build/Intermediates.noindex/OSCCore.build/Debug-watchos/OSCCore-t.build/Objects-normal/arm64_32/OSCCore-OutputFileMap.json -save-temps -no-color-diagnostics -explicit-module-build -module-cache-path /Users/admin/builder/spi-builder-workspace/.derivedData/Build/Intermediates.noindex/SwiftExplicitPrecompiledModules -clang-scanner-module-cache-path /Users/admin/builder/spi-builder-workspace/.derivedData/ModuleCache.noindex -sdk-module-cache-path /Users/admin/builder/spi-builder-workspace/.derivedData/SDKExplicitPrecompiledModules -emit-dependencies -emit-module -emit-module-path /Users/admin/builder/spi-builder-workspace/.derivedData/Build/Intermediates.noindex/OSCCore.build/Debug-watchos/OSCCore-t.build/Objects-normal/arm64_32/OSCCore.swiftmodule -serialize-diagnostics -dependency-scan-serialize-diagnostics-path /Users/admin/builder/spi-builder-workspace/.derivedData/Build/Intermediates.noindex/OSCCore.build/Debug-watchos/OSCCore-t.build/Objects-normal/arm64_32/OSCCore-dependency-scan.dia -validate-clang-modules-once -clang-build-session-file /Users/admin/builder/spi-builder-workspace/.derivedData/ModuleCache.noindex/Session.modulevalidation -Xcc -fmodules-prune-interval\=86400 -Xcc -fmodules-prune-after\=345600 -emit-const-values -const-gather-protocols-list /Users/admin/builder/spi-builder-workspace/.derivedData/Build/Intermediates.noindex/OSCCore.build/Debug-watchos/OSCCore-t.build/Objects-normal/arm64_32/OSCCore_const_extract_protocols.json -Xcc -I/Users/admin/builder/spi-builder-workspace/.dependencies/checkouts/swift-atomics/Sources/_AtomicsShims/include -Xcc -I/Users/admin/builder/spi-builder-workspace/.dependencies/checkouts/swift-nio/Sources/CNIOPosix/include -Xcc -I/Users/admin/builder/spi-builder-workspace/.dependencies/checkouts/swift-nio/Sources/CNIOWASI/include -Xcc -I/Users/admin/builder/spi-builder-workspace/.dependencies/checkouts/swift-nio/Sources/CNIOWindows/include -Xcc -I/Users/admin/builder/spi-builder-workspace/.dependencies/checkouts/swift-nio/Sources/CNIOLinux/include -Xcc -I/Users/admin/builder/spi-builder-workspace/.dependencies/checkouts/swift-nio/Sources/CNIODarwin/include -Xcc -I/Users/admin/builder/spi-builder-workspace/.dependencies/checkouts/swift-nio/Sources/CNIOFreeBSD/include -Xcc -I/Users/admin/builder/spi-builder-workspace/.dependencies/checkouts/swift-nio/Sources/CNIOOpenBSD/include -Xcc -I/Users/admin/builder/spi-builder-workspace/.dependencies/checkouts/swift-nio/Sources/CNIOAtomics/include -Xcc -I/Users/admin/builder/spi-builder-workspace/.derivedData/Build/Products/Debug-watchos/include -Xcc -I/Users/admin/builder/spi-builder-workspace/.derivedData/Build/Intermediates.noindex/OSCCore.build/Debug-watchos/OSCCore-t.build/DerivedSources-normal/arm64_32 -Xcc -I/Users/admin/builder/spi-builder-workspace/.derivedData/Build/Intermediates.noindex/OSCCore.build/Debug-watchos/OSCCore-t.build/DerivedSources/arm64_32 -Xcc -I/Users/admin/builder/spi-builder-workspace/.derivedData/Build/Intermediates.noindex/OSCCore.build/Debug-watchos/OSCCore-t.build/DerivedSources -Xcc -DSWIFT_PACKAGE -Xcc -DDEBUG\=1 -emit-objc-header -emit-objc-header-path /Users/admin/builder/spi-builder-workspace/.derivedData/Build/Intermediates.noindex/OSCCore.build/Debug-watchos/OSCCore-t.build/Objects-normal/arm64_32/OSCCore-Swift.h -working-directory /Users/admin/builder/spi-builder-workspace/.swiftpm/xcode -experimental-emit-module-separately -disable-cmo
SwiftDriver NIOPosix normal arm64 com.apple.xcode.tools.swift.compiler (in target 'NIOPosix' from project 'swift-nio')
    cd /Users/admin/builder/spi-builder-workspace/.swiftpm/xcode
    builtin-SwiftDriver -- /Applications/Xcode-27.0.0-Release.Candidate.app/Contents/Developer/Toolchains/XcodeDefault.xctoolchain/usr/bin/swiftc -parse-as-library -module-name NIOPosix -Onone @/Users/admin/builder/spi-builder-workspace/.derivedData/Build/Intermediates.noindex/swift-nio.build/Debug-watchos/NIOPosix-t.build/Objects-normal/arm64/NIOPosix.SwiftFileList -DSWIFT_PACKAGE -DDEBUG -DSWIFT_MODULE_RESOURCE_BUNDLE_AVAILABLE -Xcc -fmodule-map-file\=/Users/admin/builder/spi-builder-workspace/.dependencies/checkouts/swift-atomics/Sources/_AtomicsShims/include/module.modulemap -Xcc -fmodule-map-file\=/Users/admin/builder/spi-builder-workspace/.derivedData/Build/Intermediates.noindex/GeneratedModuleMaps-watchos/CNIOPosix.modulemap -Xcc -fmodule-map-file\=/Users/admin/builder/spi-builder-workspace/.derivedData/Build/Intermediates.noindex/GeneratedModuleMaps-watchos/CNIOWASI.modulemap -Xcc -fmodule-map-file\=/Users/admin/builder/spi-builder-workspace/.derivedData/Build/Intermediates.noindex/GeneratedModuleMaps-watchos/CNIOFreeBSD.modulemap -Xcc -fmodule-map-file\=/Users/admin/builder/spi-builder-workspace/.derivedData/Build/Intermediates.noindex/GeneratedModuleMaps-watchos/CNIOAtomics.modulemap -Xcc -fmodule-map-file\=/Users/admin/builder/spi-builder-workspace/.dependencies/checkouts/swift-nio/Sources/CNIOWindows/include/module.modulemap -Xcc -fmodule-map-file\=/Users/admin/builder/spi-builder-workspace/.derivedData/Build/Intermediates.noindex/GeneratedModuleMaps-watchos/CNIODarwin.modulemap -Xcc -fmodule-map-file\=/Users/admin/builder/spi-builder-workspace/.derivedData/Build/Intermediates.noindex/GeneratedModuleMaps-watchos/CNIOLinux.modulemap -Xcc -fmodule-map-file\=/Users/admin/builder/spi-builder-workspace/.derivedData/Build/Intermediates.noindex/GeneratedModuleMaps-watchos/CNIOOpenBSD.modulemap -DXcode -enable-experimental-feature Lifetimes -enable-upcoming-feature MemberImportVisibility -plugin-path /Applications/Xcode-27.0.0-Release.Candidate.app/Contents/Developer/Toolchains/XcodeDefault.xctoolchain/usr/lib/swift/host/plugins/testing -enable-experimental-feature DebugDescriptionMacro -sdk /Applications/Xcode-27.0.0-Release.Candidate.app/Contents/Developer/Platforms/WatchOS.platform/Developer/SDKs/WatchOS27.0.sdk -target arm64-apple-watchos9.0 -g -module-cache-path /Users/admin/builder/spi-builder-workspace/.derivedData/ModuleCache.noindex -Xfrontend -serialize-debugging-options -profile-coverage-mapping -profile-generate -enable-testing -suppress-warnings -index-store-path /Users/admin/builder/spi-builder-workspace/.derivedData/Index.noindex/DataStore -Xcc -D_LIBCPP_HARDENING_MODE\=_LIBCPP_HARDENING_MODE_DEBUG -swift-version 6 -I /Users/admin/builder/spi-builder-workspace/.derivedData/Build/Products/Debug-watchos -Isystem /Applications/Xcode-27.0.0-Release.Candidate.app/Contents/Developer/Platforms/WatchOS.platform/Developer/usr/lib -F /Users/admin/builder/spi-builder-workspace/.derivedData/Build/Products/Debug-watchos/PackageFrameworks -F /Users/admin/builder/spi-builder-workspace/.derivedData/Build/Products/Debug-watchos -F /Applications/Xcode-27.0.0-Release.Candidate.app/Contents/Developer/Platforms/WatchOS.platform/Developer/Library/Frameworks -F /Applications/Xcode-27.0.0-Release.Candidate.app/Contents/Developer/Platforms/WatchOS.platform/Developer/SDKs/WatchOS27.0.sdk/Developer/Library/Frameworks -c -j10 -enable-batch-mode -incremental -Xcc -ivfsstatcache -Xcc /Users/admin/builder/spi-builder-workspace/.derivedData/SDKStatCaches.noindex/watchos27.0-24R360-e829b21a6f8c9b70876ba0858053c04477534ef55a1706bf4c1112bbb242f0a2.sdkstatcache -output-file-map /Users/admin/builder/spi-builder-workspace/.derivedData/Build/Intermediates.noindex/swift-nio.build/Debug-watchos/NIOPosix-t.build/Objects-normal/arm64/NIOPosix-OutputFileMap.json -save-temps -no-color-diagnostics -explicit-module-build -module-cache-path /Users/admin/builder/spi-builder-workspace/.derivedData/Build/Intermediates.noindex/SwiftExplicitPrecompiledModules -clang-scanner-module-cache-path /Users/admin/builder/spi-builder-workspace/.derivedData/ModuleCache.noindex -sdk-module-cache-path /Users/admin/builder/spi-builder-workspace/.derivedData/SDKExplicitPrecompiledModules -emit-dependencies -emit-module -emit-module-path /Users/admin/builder/spi-builder-workspace/.derivedData/Build/Intermediates.noindex/swift-nio.build/Debug-watchos/NIOPosix-t.build/Objects-normal/arm64/NIOPosix.swiftmodule -serialize-diagnostics -dependency-scan-serialize-diagnostics-path /Users/admin/builder/spi-builder-workspace/.derivedData/Build/Intermediates.noindex/swift-nio.build/Debug-watchos/NIOPosix-t.build/Objects-normal/arm64/NIOPosix-dependency-scan.dia -user-module-version 2.103.0 -validate-clang-modules-once -clang-build-session-file /Users/admin/builder/spi-builder-workspace/.derivedData/ModuleCache.noindex/Session.modulevalidation -Xcc -fmodules-prune-interval\=86400 -Xcc -fmodules-prune-after\=345600 -package-name swift_nio -emit-const-values -const-gather-protocols-list /Users/admin/builder/spi-builder-workspace/.derivedData/Build/Intermediates.noindex/swift-nio.build/Debug-watchos/NIOPosix-t.build/Objects-normal/arm64/NIOPosix_const_extract_protocols.json -Xcc -I/Users/admin/builder/spi-builder-workspace/.dependencies/checkouts/swift-atomics/Sources/_AtomicsShims/include -Xcc -I/Users/admin/builder/spi-builder-workspace/.dependencies/checkouts/swift-nio/Sources/CNIOPosix/include -Xcc -I/Users/admin/builder/spi-builder-workspace/.dependencies/checkouts/swift-nio/Sources/CNIOWASI/include -Xcc -I/Users/admin/builder/spi-builder-workspace/.dependencies/checkouts/swift-nio/Sources/CNIOFreeBSD/include -Xcc -I/Users/admin/builder/spi-builder-workspace/.dependencies/checkouts/swift-nio/Sources/CNIOAtomics/include -Xcc -I/Users/admin/builder/spi-builder-workspace/.dependencies/checkouts/swift-nio/Sources/CNIOWindows/include -Xcc -I/Users/admin/builder/spi-builder-workspace/.dependencies/checkouts/swift-nio/Sources/CNIODarwin/include -Xcc -I/Users/admin/builder/spi-builder-workspace/.dependencies/checkouts/swift-nio/Sources/CNIOLinux/include -Xcc -I/Users/admin/builder/spi-builder-workspace/.dependencies/checkouts/swift-nio/Sources/CNIOOpenBSD/include -Xcc -I/Users/admin/builder/spi-builder-workspace/.derivedData/Build/Products/Debug-watchos/include -Xcc -I/Users/admin/builder/spi-builder-workspace/.derivedData/Build/Intermediates.noindex/swift-nio.build/Debug-watchos/NIOPosix-t.build/DerivedSources-normal/arm64 -Xcc -I/Users/admin/builder/spi-builder-workspace/.derivedData/Build/Intermediates.noindex/swift-nio.build/Debug-watchos/NIOPosix-t.build/DerivedSources/arm64 -Xcc -I/Users/admin/builder/spi-builder-workspace/.derivedData/Build/Intermediates.noindex/swift-nio.build/Debug-watchos/NIOPosix-t.build/DerivedSources -Xcc -DSWIFT_PACKAGE -Xcc -DDEBUG\=1 -emit-objc-header -emit-objc-header-path /Users/admin/builder/spi-builder-workspace/.derivedData/Build/Intermediates.noindex/swift-nio.build/Debug-watchos/NIOPosix-t.build/Objects-normal/arm64/NIOPosix-Swift.h -working-directory /Users/admin/builder/spi-builder-workspace/.swiftpm/xcode -experimental-emit-module-separately -disable-cmo
SwiftDriver BasicListener normal arm64 com.apple.xcode.tools.swift.compiler (in target 'BasicListener-product' from project 'OSCCore')
    cd /Users/admin/builder/spi-builder-workspace/.swiftpm/xcode
    builtin-SwiftDriver -- /Applications/Xcode-27.0.0-Release.Candidate.app/Contents/Developer/Toolchains/XcodeDefault.xctoolchain/usr/bin/swiftc -module-name BasicListener -Onone @/Users/admin/builder/spi-builder-workspace/.derivedData/Build/Intermediates.noindex/OSCCore.build/Debug-watchos/BasicListener-p.build/Objects-normal/arm64/BasicListener.SwiftFileList -DSWIFT_PACKAGE -DDEBUG -Xcc -fmodule-map-file\=/Users/admin/builder/spi-builder-workspace/.dependencies/checkouts/swift-atomics/Sources/_AtomicsShims/include/module.modulemap -Xcc -fmodule-map-file\=/Users/admin/builder/spi-builder-workspace/.derivedData/Build/Intermediates.noindex/GeneratedModuleMaps-watchos/CNIOPosix.modulemap -Xcc -fmodule-map-file\=/Users/admin/builder/spi-builder-workspace/.derivedData/Build/Intermediates.noindex/GeneratedModuleMaps-watchos/CNIOWASI.modulemap -Xcc -fmodule-map-file\=/Users/admin/builder/spi-builder-workspace/.dependencies/checkouts/swift-nio/Sources/CNIOWindows/include/module.modulemap -Xcc -fmodule-map-file\=/Users/admin/builder/spi-builder-workspace/.derivedData/Build/Intermediates.noindex/GeneratedModuleMaps-watchos/CNIOLinux.modulemap -Xcc -fmodule-map-file\=/Users/admin/builder/spi-builder-workspace/.derivedData/Build/Intermediates.noindex/GeneratedModuleMaps-watchos/CNIODarwin.modulemap -Xcc -fmodule-map-file\=/Users/admin/builder/spi-builder-workspace/.derivedData/Build/Intermediates.noindex/GeneratedModuleMaps-watchos/CNIOFreeBSD.modulemap -Xcc -fmodule-map-file\=/Users/admin/builder/spi-builder-workspace/.derivedData/Build/Intermediates.noindex/GeneratedModuleMaps-watchos/CNIOOpenBSD.modulemap -Xcc -fmodule-map-file\=/Users/admin/builder/spi-builder-workspace/.derivedData/Build/Intermediates.noindex/GeneratedModuleMaps-watchos/CNIOAtomics.modulemap -DXcode -plugin-path /Applications/Xcode-27.0.0-Release.Candidate.app/Contents/Developer/Toolchains/XcodeDefault.xctoolchain/usr/lib/swift/host/plugins/testing -enable-experimental-feature DebugDescriptionMacro -sdk /Applications/Xcode-27.0.0-Release.Candidate.app/Contents/Developer/Platforms/WatchOS.platform/Developer/SDKs/WatchOS27.0.sdk -target arm64-apple-watchos9.0 -g -module-cache-path /Users/admin/builder/spi-builder-workspace/.derivedData/ModuleCache.noindex -Xfrontend -serialize-debugging-options -profile-coverage-mapping -profile-generate -enable-testing -index-store-path /Users/admin/builder/spi-builder-workspace/.derivedData/Index.noindex/DataStore -Xcc -D_LIBCPP_HARDENING_MODE\=_LIBCPP_HARDENING_MODE_DEBUG -swift-version 5 -I /Users/admin/builder/spi-builder-workspace/.derivedData/Build/Products/Debug-watchos -Isystem /Applications/Xcode-27.0.0-Release.Candidate.app/Contents/Developer/Platforms/WatchOS.platform/Developer/usr/lib -F /Users/admin/builder/spi-builder-workspace/.derivedData/Build/Products/Debug-watchos/PackageFrameworks -F /Users/admin/builder/spi-builder-workspace/.derivedData/Build/Products/Debug-watchos -F /Applications/Xcode-27.0.0-Release.Candidate.app/Contents/Developer/Platforms/WatchOS.platform/Developer/Library/Frameworks -F /Applications/Xcode-27.0.0-Release.Candidate.app/Contents/Developer/Platforms/WatchOS.platform/Developer/SDKs/WatchOS27.0.sdk/Developer/Library/Frameworks -c -j10 -enable-batch-mode -incremental -Xcc -ivfsstatcache -Xcc /Users/admin/builder/spi-builder-workspace/.derivedData/SDKStatCaches.noindex/watchos27.0-24R360-e829b21a6f8c9b70876ba0858053c04477534ef55a1706bf4c1112bbb242f0a2.sdkstatcache -output-file-map /Users/admin/builder/spi-builder-workspace/.derivedData/Build/Intermediates.noindex/OSCCore.build/Debug-watchos/BasicListener-p.build/Objects-normal/arm64/BasicListener-OutputFileMap.json -save-temps -no-color-diagnostics -explicit-module-build -module-cache-path /Users/admin/builder/spi-builder-workspace/.derivedData/Build/Intermediates.noindex/SwiftExplicitPrecompiledModules -clang-scanner-module-cache-path /Users/admin/builder/spi-builder-workspace/.derivedData/ModuleCache.noindex -sdk-module-cache-path /Users/admin/builder/spi-builder-workspace/.derivedData/SDKExplicitPrecompiledModules -emit-dependencies -emit-module -emit-module-path /Users/admin/builder/spi-builder-workspace/.derivedData/Build/Intermediates.noindex/OSCCore.build/Debug-watchos/BasicListener-p.build/Objects-normal/arm64/BasicListener.swiftmodule -serialize-diagnostics -dependency-scan-serialize-diagnostics-path /Users/admin/builder/spi-builder-workspace/.derivedData/Build/Intermediates.noindex/OSCCore.build/Debug-watchos/BasicListener-p.build/Objects-normal/arm64/BasicListener-dependency-scan.dia -validate-clang-modules-once -clang-build-session-file /Users/admin/builder/spi-builder-workspace/.derivedData/ModuleCache.noindex/Session.modulevalidation -Xcc -fmodules-prune-interval\=86400 -Xcc -fmodules-prune-after\=345600 -emit-const-values -const-gather-protocols-list /Users/admin/builder/spi-builder-workspace/.derivedData/Build/Intermediates.noindex/OSCCore.build/Debug-watchos/BasicListener-p.build/Objects-normal/arm64/BasicListener_const_extract_protocols.json -Xcc -I/Users/admin/builder/spi-builder-workspace/.dependencies/checkouts/swift-atomics/Sources/_AtomicsShims/include -Xcc -I/Users/admin/builder/spi-builder-workspace/.dependencies/checkouts/swift-nio/Sources/CNIOPosix/include -Xcc -I/Users/admin/builder/spi-builder-workspace/.dependencies/checkouts/swift-nio/Sources/CNIOWASI/include -Xcc -I/Users/admin/builder/spi-builder-workspace/.dependencies/checkouts/swift-nio/Sources/CNIOWindows/include -Xcc -I/Users/admin/builder/spi-builder-workspace/.dependencies/checkouts/swift-nio/Sources/CNIOLinux/include -Xcc -I/Users/admin/builder/spi-builder-workspace/.dependencies/checkouts/swift-nio/Sources/CNIODarwin/include -Xcc -I/Users/admin/builder/spi-builder-workspace/.dependencies/checkouts/swift-nio/Sources/CNIOFreeBSD/include -Xcc -I/Users/admin/builder/spi-builder-workspace/.dependencies/checkouts/swift-nio/Sources/CNIOOpenBSD/include -Xcc -I/Users/admin/builder/spi-builder-workspace/.dependencies/checkouts/swift-nio/Sources/CNIOAtomics/include -Xcc -I/Users/admin/builder/spi-builder-workspace/.derivedData/Build/Products/Debug-watchos/include -Xcc -I/Users/admin/builder/spi-builder-workspace/.derivedData/Build/Intermediates.noindex/OSCCore.build/Debug-watchos/BasicListener-p.build/DerivedSources-normal/arm64 -Xcc -I/Users/admin/builder/spi-builder-workspace/.derivedData/Build/Intermediates.noindex/OSCCore.build/Debug-watchos/BasicListener-p.build/DerivedSources/arm64 -Xcc -I/Users/admin/builder/spi-builder-workspace/.derivedData/Build/Intermediates.noindex/OSCCore.build/Debug-watchos/BasicListener-p.build/DerivedSources -Xcc -DSWIFT_PACKAGE -Xcc -DDEBUG\=1 -working-directory /Users/admin/builder/spi-builder-workspace/.swiftpm/xcode -experimental-emit-module-separately -disable-cmo
SwiftDriver BasicListener normal arm64_32 com.apple.xcode.tools.swift.compiler (in target 'BasicListener-product' from project 'OSCCore')
    cd /Users/admin/builder/spi-builder-workspace/.swiftpm/xcode
    builtin-SwiftDriver -- /Applications/Xcode-27.0.0-Release.Candidate.app/Contents/Developer/Toolchains/XcodeDefault.xctoolchain/usr/bin/swiftc -module-name BasicListener -Onone @/Users/admin/builder/spi-builder-workspace/.derivedData/Build/Intermediates.noindex/OSCCore.build/Debug-watchos/BasicListener-p.build/Objects-normal/arm64_32/BasicListener.SwiftFileList -DSWIFT_PACKAGE -DDEBUG -Xcc -fmodule-map-file\=/Users/admin/builder/spi-builder-workspace/.dependencies/checkouts/swift-atomics/Sources/_AtomicsShims/include/module.modulemap -Xcc -fmodule-map-file\=/Users/admin/builder/spi-builder-workspace/.derivedData/Build/Intermediates.noindex/GeneratedModuleMaps-watchos/CNIOPosix.modulemap -Xcc -fmodule-map-file\=/Users/admin/builder/spi-builder-workspace/.derivedData/Build/Intermediates.noindex/GeneratedModuleMaps-watchos/CNIOWASI.modulemap -Xcc -fmodule-map-file\=/Users/admin/builder/spi-builder-workspace/.dependencies/checkouts/swift-nio/Sources/CNIOWindows/include/module.modulemap -Xcc -fmodule-map-file\=/Users/admin/builder/spi-builder-workspace/.derivedData/Build/Intermediates.noindex/GeneratedModuleMaps-watchos/CNIOLinux.modulemap -Xcc -fmodule-map-file\=/Users/admin/builder/spi-builder-workspace/.derivedData/Build/Intermediates.noindex/GeneratedModuleMaps-watchos/CNIODarwin.modulemap -Xcc -fmodule-map-file\=/Users/admin/builder/spi-builder-workspace/.derivedData/Build/Intermediates.noindex/GeneratedModuleMaps-watchos/CNIOFreeBSD.modulemap -Xcc -fmodule-map-file\=/Users/admin/builder/spi-builder-workspace/.derivedData/Build/Intermediates.noindex/GeneratedModuleMaps-watchos/CNIOOpenBSD.modulemap -Xcc -fmodule-map-file\=/Users/admin/builder/spi-builder-workspace/.derivedData/Build/Intermediates.noindex/GeneratedModuleMaps-watchos/CNIOAtomics.modulemap -DXcode -plugin-path /Applications/Xcode-27.0.0-Release.Candidate.app/Contents/Developer/Toolchains/XcodeDefault.xctoolchain/usr/lib/swift/host/plugins/testing -enable-experimental-feature DebugDescriptionMacro -sdk /Applications/Xcode-27.0.0-Release.Candidate.app/Contents/Developer/Platforms/WatchOS.platform/Developer/SDKs/WatchOS27.0.sdk -target arm64_32-apple-watchos9.0 -g -module-cache-path /Users/admin/builder/spi-builder-workspace/.derivedData/ModuleCache.noindex -Xfrontend -serialize-debugging-options -profile-coverage-mapping -profile-generate -enable-testing -index-store-path /Users/admin/builder/spi-builder-workspace/.derivedData/Index.noindex/DataStore -Xcc -D_LIBCPP_HARDENING_MODE\=_LIBCPP_HARDENING_MODE_DEBUG -swift-version 5 -I /Users/admin/builder/spi-builder-workspace/.derivedData/Build/Products/Debug-watchos -Isystem /Applications/Xcode-27.0.0-Release.Candidate.app/Contents/Developer/Platforms/WatchOS.platform/Developer/usr/lib -F /Users/admin/builder/spi-builder-workspace/.derivedData/Build/Products/Debug-watchos/PackageFrameworks -F /Users/admin/builder/spi-builder-workspace/.derivedData/Build/Products/Debug-watchos -F /Applications/Xcode-27.0.0-Release.Candidate.app/Contents/Developer/Platforms/WatchOS.platform/Developer/Library/Frameworks -F /Applications/Xcode-27.0.0-Release.Candidate.app/Contents/Developer/Platforms/WatchOS.platform/Developer/SDKs/WatchOS27.0.sdk/Developer/Library/Frameworks -c -j10 -enable-batch-mode -incremental -Xcc -ivfsstatcache -Xcc /Users/admin/builder/spi-builder-workspace/.derivedData/SDKStatCaches.noindex/watchos27.0-24R360-e829b21a6f8c9b70876ba0858053c04477534ef55a1706bf4c1112bbb242f0a2.sdkstatcache -output-file-map /Users/admin/builder/spi-builder-workspace/.derivedData/Build/Intermediates.noindex/OSCCore.build/Debug-watchos/BasicListener-p.build/Objects-normal/arm64_32/BasicListener-OutputFileMap.json -save-temps -no-color-diagnostics -explicit-module-build -module-cache-path /Users/admin/builder/spi-builder-workspace/.derivedData/Build/Intermediates.noindex/SwiftExplicitPrecompiledModules -clang-scanner-module-cache-path /Users/admin/builder/spi-builder-workspace/.derivedData/ModuleCache.noindex -sdk-module-cache-path /Users/admin/builder/spi-builder-workspace/.derivedData/SDKExplicitPrecompiledModules -emit-dependencies -emit-module -emit-module-path /Users/admin/builder/spi-builder-workspace/.derivedData/Build/Intermediates.noindex/OSCCore.build/Debug-watchos/BasicListener-p.build/Objects-normal/arm64_32/BasicListener.swiftmodule -serialize-diagnostics -dependency-scan-serialize-diagnostics-path /Users/admin/builder/spi-builder-workspace/.derivedData/Build/Intermediates.noindex/OSCCore.build/Debug-watchos/BasicListener-p.build/Objects-normal/arm64_32/BasicListener-dependency-scan.dia -validate-clang-modules-once -clang-build-session-file /Users/admin/builder/spi-builder-workspace/.derivedData/ModuleCache.noindex/Session.modulevalidation -Xcc -fmodules-prune-interval\=86400 -Xcc -fmodules-prune-after\=345600 -emit-const-values -const-gather-protocols-list /Users/admin/builder/spi-builder-workspace/.derivedData/Build/Intermediates.noindex/OSCCore.build/Debug-watchos/BasicListener-p.build/Objects-normal/arm64_32/BasicListener_const_extract_protocols.json -Xcc -I/Users/admin/builder/spi-builder-workspace/.dependencies/checkouts/swift-atomics/Sources/_AtomicsShims/include -Xcc -I/Users/admin/builder/spi-builder-workspace/.dependencies/checkouts/swift-nio/Sources/CNIOPosix/include -Xcc -I/Users/admin/builder/spi-builder-workspace/.dependencies/checkouts/swift-nio/Sources/CNIOWASI/include -Xcc -I/Users/admin/builder/spi-builder-workspace/.dependencies/checkouts/swift-nio/Sources/CNIOWindows/include -Xcc -I/Users/admin/builder/spi-builder-workspace/.dependencies/checkouts/swift-nio/Sources/CNIOLinux/include -Xcc -I/Users/admin/builder/spi-builder-workspace/.dependencies/checkouts/swift-nio/Sources/CNIODarwin/include -Xcc -I/Users/admin/builder/spi-builder-workspace/.dependencies/checkouts/swift-nio/Sources/CNIOFreeBSD/include -Xcc -I/Users/admin/builder/spi-builder-workspace/.dependencies/checkouts/swift-nio/Sources/CNIOOpenBSD/include -Xcc -I/Users/admin/builder/spi-builder-workspace/.dependencies/checkouts/swift-nio/Sources/CNIOAtomics/include -Xcc -I/Users/admin/builder/spi-builder-workspace/.derivedData/Build/Products/Debug-watchos/include -Xcc -I/Users/admin/builder/spi-builder-workspace/.derivedData/Build/Intermediates.noindex/OSCCore.build/Debug-watchos/BasicListener-p.build/DerivedSources-normal/arm64_32 -Xcc -I/Users/admin/builder/spi-builder-workspace/.derivedData/Build/Intermediates.noindex/OSCCore.build/Debug-watchos/BasicListener-p.build/DerivedSources/arm64_32 -Xcc -I/Users/admin/builder/spi-builder-workspace/.derivedData/Build/Intermediates.noindex/OSCCore.build/Debug-watchos/BasicListener-p.build/DerivedSources -Xcc -DSWIFT_PACKAGE -Xcc -DDEBUG\=1 -working-directory /Users/admin/builder/spi-builder-workspace/.swiftpm/xcode -experimental-emit-module-separately -disable-cmo
SwiftEmitModule normal arm64 Emitting\ module\ for\ BasicListener (in target 'BasicListener-product' from project 'OSCCore')
SwiftCompile normal arm64 (in target 'BasicListener-product' from project 'OSCCore')
    cd /Users/admin/builder/spi-builder-workspace/.swiftpm/xcode

SwiftCompile normal arm64 Compiling\ main.swift /Users/admin/builder/spi-builder-workspace/Source/BasicListener/main.swift (in target 'BasicListener-product' from project 'OSCCore')
SwiftCompile normal arm64 /Users/admin/builder/spi-builder-workspace/Source/BasicListener/main.swift (in target 'BasicListener-product' from project 'OSCCore')
    cd /Users/admin/builder/spi-builder-workspace/.swiftpm/xcode
    builtin-SwiftPerFileCompile main.swift
SwiftCompile normal arm64_32 Compiling\ main.swift /Users/admin/builder/spi-builder-workspace/Source/BasicListener/main.swift (in target 'BasicListener-product' from project 'OSCCore')
SwiftCompile normal arm64_32 /Users/admin/builder/spi-builder-workspace/Source/BasicListener/main.swift (in target 'BasicListener-product' from project 'OSCCore')
    cd /Users/admin/builder/spi-builder-workspace/.swiftpm/xcode
    builtin-SwiftPerFileCompile main.swift
SwiftEmitModule normal arm64_32 Emitting\ module\ for\ BasicListener (in target 'BasicListener-product' from project 'OSCCore')
SwiftCompile normal arm64_32 (in target 'BasicListener-product' from project 'OSCCore')
    cd /Users/admin/builder/spi-builder-workspace/.swiftpm/xcode

SwiftDriverJobDiscovery normal arm64_32 Emitting module for BasicListener (in target 'BasicListener-product' from project 'OSCCore')
SwiftDriver\ Compilation\ Requirements BasicListener normal arm64_32 com.apple.xcode.tools.swift.compiler (in target 'BasicListener-product' from project 'OSCCore')
    cd /Users/admin/builder/spi-builder-workspace/.swiftpm/xcode
    builtin-Swift-Compilation-Requirements -- /Applications/Xcode-27.0.0-Release.Candidate.app/Contents/Developer/Toolchains/XcodeDefault.xctoolchain/usr/bin/swiftc -module-name BasicListener -Onone @/Users/admin/builder/spi-builder-workspace/.derivedData/Build/Intermediates.noindex/OSCCore.build/Debug-watchos/BasicListener-p.build/Objects-normal/arm64_32/BasicListener.SwiftFileList -DSWIFT_PACKAGE -DDEBUG -Xcc -fmodule-map-file\=/Users/admin/builder/spi-builder-workspace/.dependencies/checkouts/swift-atomics/Sources/_AtomicsShims/include/module.modulemap -Xcc -fmodule-map-file\=/Users/admin/builder/spi-builder-workspace/.derivedData/Build/Intermediates.noindex/GeneratedModuleMaps-watchos/CNIOPosix.modulemap -Xcc -fmodule-map-file\=/Users/admin/builder/spi-builder-workspace/.derivedData/Build/Intermediates.noindex/GeneratedModuleMaps-watchos/CNIOWASI.modulemap -Xcc -fmodule-map-file\=/Users/admin/builder/spi-builder-workspace/.dependencies/checkouts/swift-nio/Sources/CNIOWindows/include/module.modulemap -Xcc -fmodule-map-file\=/Users/admin/builder/spi-builder-workspace/.derivedData/Build/Intermediates.noindex/GeneratedModuleMaps-watchos/CNIOLinux.modulemap -Xcc -fmodule-map-file\=/Users/admin/builder/spi-builder-workspace/.derivedData/Build/Intermediates.noindex/GeneratedModuleMaps-watchos/CNIODarwin.modulemap -Xcc -fmodule-map-file\=/Users/admin/builder/spi-builder-workspace/.derivedData/Build/Intermediates.noindex/GeneratedModuleMaps-watchos/CNIOFreeBSD.modulemap -Xcc -fmodule-map-file\=/Users/admin/builder/spi-builder-workspace/.derivedData/Build/Intermediates.noindex/GeneratedModuleMaps-watchos/CNIOOpenBSD.modulemap -Xcc -fmodule-map-file\=/Users/admin/builder/spi-builder-workspace/.derivedData/Build/Intermediates.noindex/GeneratedModuleMaps-watchos/CNIOAtomics.modulemap -DXcode -plugin-path /Applications/Xcode-27.0.0-Release.Candidate.app/Contents/Developer/Toolchains/XcodeDefault.xctoolchain/usr/lib/swift/host/plugins/testing -enable-experimental-feature DebugDescriptionMacro -sdk /Applications/Xcode-27.0.0-Release.Candidate.app/Contents/Developer/Platforms/WatchOS.platform/Developer/SDKs/WatchOS27.0.sdk -target arm64_32-apple-watchos9.0 -g -module-cache-path /Users/admin/builder/spi-builder-workspace/.derivedData/ModuleCache.noindex -Xfrontend -serialize-debugging-options -profile-coverage-mapping -profile-generate -enable-testing -index-store-path /Users/admin/builder/spi-builder-workspace/.derivedData/Index.noindex/DataStore -Xcc -D_LIBCPP_HARDENING_MODE\=_LIBCPP_HARDENING_MODE_DEBUG -swift-version 5 -I /Users/admin/builder/spi-builder-workspace/.derivedData/Build/Products/Debug-watchos -Isystem /Applications/Xcode-27.0.0-Release.Candidate.app/Contents/Developer/Platforms/WatchOS.platform/Developer/usr/lib -F /Users/admin/builder/spi-builder-workspace/.derivedData/Build/Products/Debug-watchos/PackageFrameworks -F /Users/admin/builder/spi-builder-workspace/.derivedData/Build/Products/Debug-watchos -F /Applications/Xcode-27.0.0-Release.Candidate.app/Contents/Developer/Platforms/WatchOS.platform/Developer/Library/Frameworks -F /Applications/Xcode-27.0.0-Release.Candidate.app/Contents/Developer/Platforms/WatchOS.platform/Developer/SDKs/WatchOS27.0.sdk/Developer/Library/Frameworks -c -j10 -enable-batch-mode -incremental -Xcc -ivfsstatcache -Xcc /Users/admin/builder/spi-builder-workspace/.derivedData/SDKStatCaches.noindex/watchos27.0-24R360-e829b21a6f8c9b70876ba0858053c04477534ef55a1706bf4c1112bbb242f0a2.sdkstatcache -output-file-map /Users/admin/builder/spi-builder-workspace/.derivedData/Build/Intermediates.noindex/OSCCore.build/Debug-watchos/BasicListener-p.build/Objects-normal/arm64_32/BasicListener-OutputFileMap.json -save-temps -no-color-diagnostics -explicit-module-build -module-cache-path /Users/admin/builder/spi-builder-workspace/.derivedData/Build/Intermediates.noindex/SwiftExplicitPrecompiledModules -clang-scanner-module-cache-path /Users/admin/builder/spi-builder-workspace/.derivedData/ModuleCache.noindex -sdk-module-cache-path /Users/admin/builder/spi-builder-workspace/.derivedData/SDKExplicitPrecompiledModules -emit-dependencies -emit-module -emit-module-path /Users/admin/builder/spi-builder-workspace/.derivedData/Build/Intermediates.noindex/OSCCore.build/Debug-watchos/BasicListener-p.build/Objects-normal/arm64_32/BasicListener.swiftmodule -serialize-diagnostics -dependency-scan-serialize-diagnostics-path /Users/admin/builder/spi-builder-workspace/.derivedData/Build/Intermediates.noindex/OSCCore.build/Debug-watchos/BasicListener-p.build/Objects-normal/arm64_32/BasicListener-dependency-scan.dia -validate-clang-modules-once -clang-build-session-file /Users/admin/builder/spi-builder-workspace/.derivedData/ModuleCache.noindex/Session.modulevalidation -Xcc -fmodules-prune-interval\=86400 -Xcc -fmodules-prune-after\=345600 -emit-const-values -const-gather-protocols-list /Users/admin/builder/spi-builder-workspace/.derivedData/Build/Intermediates.noindex/OSCCore.build/Debug-watchos/BasicListener-p.build/Objects-normal/arm64_32/BasicListener_const_extract_protocols.json -Xcc -I/Users/admin/builder/spi-builder-workspace/.dependencies/checkouts/swift-atomics/Sources/_AtomicsShims/include -Xcc -I/Users/admin/builder/spi-builder-workspace/.dependencies/checkouts/swift-nio/Sources/CNIOPosix/include -Xcc -I/Users/admin/builder/spi-builder-workspace/.dependencies/checkouts/swift-nio/Sources/CNIOWASI/include -Xcc -I/Users/admin/builder/spi-builder-workspace/.dependencies/checkouts/swift-nio/Sources/CNIOWindows/include -Xcc -I/Users/admin/builder/spi-builder-workspace/.dependencies/checkouts/swift-nio/Sources/CNIOLinux/include -Xcc -I/Users/admin/builder/spi-builder-workspace/.dependencies/checkouts/swift-nio/Sources/CNIODarwin/include -Xcc -I/Users/admin/builder/spi-builder-workspace/.dependencies/checkouts/swift-nio/Sources/CNIOFreeBSD/include -Xcc -I/Users/admin/builder/spi-builder-workspace/.dependencies/checkouts/swift-nio/Sources/CNIOOpenBSD/include -Xcc -I/Users/admin/builder/spi-builder-workspace/.dependencies/checkouts/swift-nio/Sources/CNIOAtomics/include -Xcc -I/Users/admin/builder/spi-builder-workspace/.derivedData/Build/Products/Debug-watchos/include -Xcc -I/Users/admin/builder/spi-builder-workspace/.derivedData/Build/Intermediates.noindex/OSCCore.build/Debug-watchos/BasicListener-p.build/DerivedSources-normal/arm64_32 -Xcc -I/Users/admin/builder/spi-builder-workspace/.derivedData/Build/Intermediates.noindex/OSCCore.build/Debug-watchos/BasicListener-p.build/DerivedSources/arm64_32 -Xcc -I/Users/admin/builder/spi-builder-workspace/.derivedData/Build/Intermediates.noindex/OSCCore.build/Debug-watchos/BasicListener-p.build/DerivedSources -Xcc -DSWIFT_PACKAGE -Xcc -DDEBUG\=1 -working-directory /Users/admin/builder/spi-builder-workspace/.swiftpm/xcode -experimental-emit-module-separately -disable-cmo
SwiftDriverJobDiscovery normal arm64 Emitting module for BasicListener (in target 'BasicListener-product' from project 'OSCCore')
SwiftDriver\ Compilation\ Requirements BasicListener normal arm64 com.apple.xcode.tools.swift.compiler (in target 'BasicListener-product' from project 'OSCCore')
    cd /Users/admin/builder/spi-builder-workspace/.swiftpm/xcode
    builtin-Swift-Compilation-Requirements -- /Applications/Xcode-27.0.0-Release.Candidate.app/Contents/Developer/Toolchains/XcodeDefault.xctoolchain/usr/bin/swiftc -module-name BasicListener -Onone @/Users/admin/builder/spi-builder-workspace/.derivedData/Build/Intermediates.noindex/OSCCore.build/Debug-watchos/BasicListener-p.build/Objects-normal/arm64/BasicListener.SwiftFileList -DSWIFT_PACKAGE -DDEBUG -Xcc -fmodule-map-file\=/Users/admin/builder/spi-builder-workspace/.dependencies/checkouts/swift-atomics/Sources/_AtomicsShims/include/module.modulemap -Xcc -fmodule-map-file\=/Users/admin/builder/spi-builder-workspace/.derivedData/Build/Intermediates.noindex/GeneratedModuleMaps-watchos/CNIOPosix.modulemap -Xcc -fmodule-map-file\=/Users/admin/builder/spi-builder-workspace/.derivedData/Build/Intermediates.noindex/GeneratedModuleMaps-watchos/CNIOWASI.modulemap -Xcc -fmodule-map-file\=/Users/admin/builder/spi-builder-workspace/.dependencies/checkouts/swift-nio/Sources/CNIOWindows/include/module.modulemap -Xcc -fmodule-map-file\=/Users/admin/builder/spi-builder-workspace/.derivedData/Build/Intermediates.noindex/GeneratedModuleMaps-watchos/CNIOLinux.modulemap -Xcc -fmodule-map-file\=/Users/admin/builder/spi-builder-workspace/.derivedData/Build/Intermediates.noindex/GeneratedModuleMaps-watchos/CNIODarwin.modulemap -Xcc -fmodule-map-file\=/Users/admin/builder/spi-builder-workspace/.derivedData/Build/Intermediates.noindex/GeneratedModuleMaps-watchos/CNIOFreeBSD.modulemap -Xcc -fmodule-map-file\=/Users/admin/builder/spi-builder-workspace/.derivedData/Build/Intermediates.noindex/GeneratedModuleMaps-watchos/CNIOOpenBSD.modulemap -Xcc -fmodule-map-file\=/Users/admin/builder/spi-builder-workspace/.derivedData/Build/Intermediates.noindex/GeneratedModuleMaps-watchos/CNIOAtomics.modulemap -DXcode -plugin-path /Applications/Xcode-27.0.0-Release.Candidate.app/Contents/Developer/Toolchains/XcodeDefault.xctoolchain/usr/lib/swift/host/plugins/testing -enable-experimental-feature DebugDescriptionMacro -sdk /Applications/Xcode-27.0.0-Release.Candidate.app/Contents/Developer/Platforms/WatchOS.platform/Developer/SDKs/WatchOS27.0.sdk -target arm64-apple-watchos9.0 -g -module-cache-path /Users/admin/builder/spi-builder-workspace/.derivedData/ModuleCache.noindex -Xfrontend -serialize-debugging-options -profile-coverage-mapping -profile-generate -enable-testing -index-store-path /Users/admin/builder/spi-builder-workspace/.derivedData/Index.noindex/DataStore -Xcc -D_LIBCPP_HARDENING_MODE\=_LIBCPP_HARDENING_MODE_DEBUG -swift-version 5 -I /Users/admin/builder/spi-builder-workspace/.derivedData/Build/Products/Debug-watchos -Isystem /Applications/Xcode-27.0.0-Release.Candidate.app/Contents/Developer/Platforms/WatchOS.platform/Developer/usr/lib -F /Users/admin/builder/spi-builder-workspace/.derivedData/Build/Products/Debug-watchos/PackageFrameworks -F /Users/admin/builder/spi-builder-workspace/.derivedData/Build/Products/Debug-watchos -F /Applications/Xcode-27.0.0-Release.Candidate.app/Contents/Developer/Platforms/WatchOS.platform/Developer/Library/Frameworks -F /Applications/Xcode-27.0.0-Release.Candidate.app/Contents/Developer/Platforms/WatchOS.platform/Developer/SDKs/WatchOS27.0.sdk/Developer/Library/Frameworks -c -j10 -enable-batch-mode -incremental -Xcc -ivfsstatcache -Xcc /Users/admin/builder/spi-builder-workspace/.derivedData/SDKStatCaches.noindex/watchos27.0-24R360-e829b21a6f8c9b70876ba0858053c04477534ef55a1706bf4c1112bbb242f0a2.sdkstatcache -output-file-map /Users/admin/builder/spi-builder-workspace/.derivedData/Build/Intermediates.noindex/OSCCore.build/Debug-watchos/BasicListener-p.build/Objects-normal/arm64/BasicListener-OutputFileMap.json -save-temps -no-color-diagnostics -explicit-module-build -module-cache-path /Users/admin/builder/spi-builder-workspace/.derivedData/Build/Intermediates.noindex/SwiftExplicitPrecompiledModules -clang-scanner-module-cache-path /Users/admin/builder/spi-builder-workspace/.derivedData/ModuleCache.noindex -sdk-module-cache-path /Users/admin/builder/spi-builder-workspace/.derivedData/SDKExplicitPrecompiledModules -emit-dependencies -emit-module -emit-module-path /Users/admin/builder/spi-builder-workspace/.derivedData/Build/Intermediates.noindex/OSCCore.build/Debug-watchos/BasicListener-p.build/Objects-normal/arm64/BasicListener.swiftmodule -serialize-diagnostics -dependency-scan-serialize-diagnostics-path /Users/admin/builder/spi-builder-workspace/.derivedData/Build/Intermediates.noindex/OSCCore.build/Debug-watchos/BasicListener-p.build/Objects-normal/arm64/BasicListener-dependency-scan.dia -validate-clang-modules-once -clang-build-session-file /Users/admin/builder/spi-builder-workspace/.derivedData/ModuleCache.noindex/Session.modulevalidation -Xcc -fmodules-prune-interval\=86400 -Xcc -fmodules-prune-after\=345600 -emit-const-values -const-gather-protocols-list /Users/admin/builder/spi-builder-workspace/.derivedData/Build/Intermediates.noindex/OSCCore.build/Debug-watchos/BasicListener-p.build/Objects-normal/arm64/BasicListener_const_extract_protocols.json -Xcc -I/Users/admin/builder/spi-builder-workspace/.dependencies/checkouts/swift-atomics/Sources/_AtomicsShims/include -Xcc -I/Users/admin/builder/spi-builder-workspace/.dependencies/checkouts/swift-nio/Sources/CNIOPosix/include -Xcc -I/Users/admin/builder/spi-builder-workspace/.dependencies/checkouts/swift-nio/Sources/CNIOWASI/include -Xcc -I/Users/admin/builder/spi-builder-workspace/.dependencies/checkouts/swift-nio/Sources/CNIOWindows/include -Xcc -I/Users/admin/builder/spi-builder-workspace/.dependencies/checkouts/swift-nio/Sources/CNIOLinux/include -Xcc -I/Users/admin/builder/spi-builder-workspace/.dependencies/checkouts/swift-nio/Sources/CNIODarwin/include -Xcc -I/Users/admin/builder/spi-builder-workspace/.dependencies/checkouts/swift-nio/Sources/CNIOFreeBSD/include -Xcc -I/Users/admin/builder/spi-builder-workspace/.dependencies/checkouts/swift-nio/Sources/CNIOOpenBSD/include -Xcc -I/Users/admin/builder/spi-builder-workspace/.dependencies/checkouts/swift-nio/Sources/CNIOAtomics/include -Xcc -I/Users/admin/builder/spi-builder-workspace/.derivedData/Build/Products/Debug-watchos/include -Xcc -I/Users/admin/builder/spi-builder-workspace/.derivedData/Build/Intermediates.noindex/OSCCore.build/Debug-watchos/BasicListener-p.build/DerivedSources-normal/arm64 -Xcc -I/Users/admin/builder/spi-builder-workspace/.derivedData/Build/Intermediates.noindex/OSCCore.build/Debug-watchos/BasicListener-p.build/DerivedSources/arm64 -Xcc -I/Users/admin/builder/spi-builder-workspace/.derivedData/Build/Intermediates.noindex/OSCCore.build/Debug-watchos/BasicListener-p.build/DerivedSources -Xcc -DSWIFT_PACKAGE -Xcc -DDEBUG\=1 -working-directory /Users/admin/builder/spi-builder-workspace/.swiftpm/xcode -experimental-emit-module-separately -disable-cmo
SwiftDriverJobDiscovery normal arm64 Compiling main.swift (in target 'BasicListener-product' from project 'OSCCore')
SwiftDriver\ Compilation BasicListener normal arm64 com.apple.xcode.tools.swift.compiler (in target 'BasicListener-product' from project 'OSCCore')
    cd /Users/admin/builder/spi-builder-workspace/.swiftpm/xcode
    builtin-Swift-Compilation -- /Applications/Xcode-27.0.0-Release.Candidate.app/Contents/Developer/Toolchains/XcodeDefault.xctoolchain/usr/bin/swiftc -module-name BasicListener -Onone @/Users/admin/builder/spi-builder-workspace/.derivedData/Build/Intermediates.noindex/OSCCore.build/Debug-watchos/BasicListener-p.build/Objects-normal/arm64/BasicListener.SwiftFileList -DSWIFT_PACKAGE -DDEBUG -Xcc -fmodule-map-file\=/Users/admin/builder/spi-builder-workspace/.dependencies/checkouts/swift-atomics/Sources/_AtomicsShims/include/module.modulemap -Xcc -fmodule-map-file\=/Users/admin/builder/spi-builder-workspace/.derivedData/Build/Intermediates.noindex/GeneratedModuleMaps-watchos/CNIOPosix.modulemap -Xcc -fmodule-map-file\=/Users/admin/builder/spi-builder-workspace/.derivedData/Build/Intermediates.noindex/GeneratedModuleMaps-watchos/CNIOWASI.modulemap -Xcc -fmodule-map-file\=/Users/admin/builder/spi-builder-workspace/.dependencies/checkouts/swift-nio/Sources/CNIOWindows/include/module.modulemap -Xcc -fmodule-map-file\=/Users/admin/builder/spi-builder-workspace/.derivedData/Build/Intermediates.noindex/GeneratedModuleMaps-watchos/CNIOLinux.modulemap -Xcc -fmodule-map-file\=/Users/admin/builder/spi-builder-workspace/.derivedData/Build/Intermediates.noindex/GeneratedModuleMaps-watchos/CNIODarwin.modulemap -Xcc -fmodule-map-file\=/Users/admin/builder/spi-builder-workspace/.derivedData/Build/Intermediates.noindex/GeneratedModuleMaps-watchos/CNIOFreeBSD.modulemap -Xcc -fmodule-map-file\=/Users/admin/builder/spi-builder-workspace/.derivedData/Build/Intermediates.noindex/GeneratedModuleMaps-watchos/CNIOOpenBSD.modulemap -Xcc -fmodule-map-file\=/Users/admin/builder/spi-builder-workspace/.derivedData/Build/Intermediates.noindex/GeneratedModuleMaps-watchos/CNIOAtomics.modulemap -DXcode -plugin-path /Applications/Xcode-27.0.0-Release.Candidate.app/Contents/Developer/Toolchains/XcodeDefault.xctoolchain/usr/lib/swift/host/plugins/testing -enable-experimental-feature DebugDescriptionMacro -sdk /Applications/Xcode-27.0.0-Release.Candidate.app/Contents/Developer/Platforms/WatchOS.platform/Developer/SDKs/WatchOS27.0.sdk -target arm64-apple-watchos9.0 -g -module-cache-path /Users/admin/builder/spi-builder-workspace/.derivedData/ModuleCache.noindex -Xfrontend -serialize-debugging-options -profile-coverage-mapping -profile-generate -enable-testing -index-store-path /Users/admin/builder/spi-builder-workspace/.derivedData/Index.noindex/DataStore -Xcc -D_LIBCPP_HARDENING_MODE\=_LIBCPP_HARDENING_MODE_DEBUG -swift-version 5 -I /Users/admin/builder/spi-builder-workspace/.derivedData/Build/Products/Debug-watchos -Isystem /Applications/Xcode-27.0.0-Release.Candidate.app/Contents/Developer/Platforms/WatchOS.platform/Developer/usr/lib -F /Users/admin/builder/spi-builder-workspace/.derivedData/Build/Products/Debug-watchos/PackageFrameworks -F /Users/admin/builder/spi-builder-workspace/.derivedData/Build/Products/Debug-watchos -F /Applications/Xcode-27.0.0-Release.Candidate.app/Contents/Developer/Platforms/WatchOS.platform/Developer/Library/Frameworks -F /Applications/Xcode-27.0.0-Release.Candidate.app/Contents/Developer/Platforms/WatchOS.platform/Developer/SDKs/WatchOS27.0.sdk/Developer/Library/Frameworks -c -j10 -enable-batch-mode -incremental -Xcc -ivfsstatcache -Xcc /Users/admin/builder/spi-builder-workspace/.derivedData/SDKStatCaches.noindex/watchos27.0-24R360-e829b21a6f8c9b70876ba0858053c04477534ef55a1706bf4c1112bbb242f0a2.sdkstatcache -output-file-map /Users/admin/builder/spi-builder-workspace/.derivedData/Build/Intermediates.noindex/OSCCore.build/Debug-watchos/BasicListener-p.build/Objects-normal/arm64/BasicListener-OutputFileMap.json -save-temps -no-color-diagnostics -explicit-module-build -module-cache-path /Users/admin/builder/spi-builder-workspace/.derivedData/Build/Intermediates.noindex/SwiftExplicitPrecompiledModules -clang-scanner-module-cache-path /Users/admin/builder/spi-builder-workspace/.derivedData/ModuleCache.noindex -sdk-module-cache-path /Users/admin/builder/spi-builder-workspace/.derivedData/SDKExplicitPrecompiledModules -emit-dependencies -emit-module -emit-module-path /Users/admin/builder/spi-builder-workspace/.derivedData/Build/Intermediates.noindex/OSCCore.build/Debug-watchos/BasicListener-p.build/Objects-normal/arm64/BasicListener.swiftmodule -serialize-diagnostics -dependency-scan-serialize-diagnostics-path /Users/admin/builder/spi-builder-workspace/.derivedData/Build/Intermediates.noindex/OSCCore.build/Debug-watchos/BasicListener-p.build/Objects-normal/arm64/BasicListener-dependency-scan.dia -validate-clang-modules-once -clang-build-session-file /Users/admin/builder/spi-builder-workspace/.derivedData/ModuleCache.noindex/Session.modulevalidation -Xcc -fmodules-prune-interval\=86400 -Xcc -fmodules-prune-after\=345600 -emit-const-values -const-gather-protocols-list /Users/admin/builder/spi-builder-workspace/.derivedData/Build/Intermediates.noindex/OSCCore.build/Debug-watchos/BasicListener-p.build/Objects-normal/arm64/BasicListener_const_extract_protocols.json -Xcc -I/Users/admin/builder/spi-builder-workspace/.dependencies/checkouts/swift-atomics/Sources/_AtomicsShims/include -Xcc -I/Users/admin/builder/spi-builder-workspace/.dependencies/checkouts/swift-nio/Sources/CNIOPosix/include -Xcc -I/Users/admin/builder/spi-builder-workspace/.dependencies/checkouts/swift-nio/Sources/CNIOWASI/include -Xcc -I/Users/admin/builder/spi-builder-workspace/.dependencies/checkouts/swift-nio/Sources/CNIOWindows/include -Xcc -I/Users/admin/builder/spi-builder-workspace/.dependencies/checkouts/swift-nio/Sources/CNIOLinux/include -Xcc -I/Users/admin/builder/spi-builder-workspace/.dependencies/checkouts/swift-nio/Sources/CNIODarwin/include -Xcc -I/Users/admin/builder/spi-builder-workspace/.dependencies/checkouts/swift-nio/Sources/CNIOFreeBSD/include -Xcc -I/Users/admin/builder/spi-builder-workspace/.dependencies/checkouts/swift-nio/Sources/CNIOOpenBSD/include -Xcc -I/Users/admin/builder/spi-builder-workspace/.dependencies/checkouts/swift-nio/Sources/CNIOAtomics/include -Xcc -I/Users/admin/builder/spi-builder-workspace/.derivedData/Build/Products/Debug-watchos/include -Xcc -I/Users/admin/builder/spi-builder-workspace/.derivedData/Build/Intermediates.noindex/OSCCore.build/Debug-watchos/BasicListener-p.build/DerivedSources-normal/arm64 -Xcc -I/Users/admin/builder/spi-builder-workspace/.derivedData/Build/Intermediates.noindex/OSCCore.build/Debug-watchos/BasicListener-p.build/DerivedSources/arm64 -Xcc -I/Users/admin/builder/spi-builder-workspace/.derivedData/Build/Intermediates.noindex/OSCCore.build/Debug-watchos/BasicListener-p.build/DerivedSources -Xcc -DSWIFT_PACKAGE -Xcc -DDEBUG\=1 -working-directory /Users/admin/builder/spi-builder-workspace/.swiftpm/xcode -experimental-emit-module-separately -disable-cmo
SwiftDriverJobDiscovery normal arm64_32 Compiling main.swift (in target 'BasicListener-product' from project 'OSCCore')
SwiftDriver\ Compilation BasicListener normal arm64_32 com.apple.xcode.tools.swift.compiler (in target 'BasicListener-product' from project 'OSCCore')
    cd /Users/admin/builder/spi-builder-workspace/.swiftpm/xcode
    builtin-Swift-Compilation -- /Applications/Xcode-27.0.0-Release.Candidate.app/Contents/Developer/Toolchains/XcodeDefault.xctoolchain/usr/bin/swiftc -module-name BasicListener -Onone @/Users/admin/builder/spi-builder-workspace/.derivedData/Build/Intermediates.noindex/OSCCore.build/Debug-watchos/BasicListener-p.build/Objects-normal/arm64_32/BasicListener.SwiftFileList -DSWIFT_PACKAGE -DDEBUG -Xcc -fmodule-map-file\=/Users/admin/builder/spi-builder-workspace/.dependencies/checkouts/swift-atomics/Sources/_AtomicsShims/include/module.modulemap -Xcc -fmodule-map-file\=/Users/admin/builder/spi-builder-workspace/.derivedData/Build/Intermediates.noindex/GeneratedModuleMaps-watchos/CNIOPosix.modulemap -Xcc -fmodule-map-file\=/Users/admin/builder/spi-builder-workspace/.derivedData/Build/Intermediates.noindex/GeneratedModuleMaps-watchos/CNIOWASI.modulemap -Xcc -fmodule-map-file\=/Users/admin/builder/spi-builder-workspace/.dependencies/checkouts/swift-nio/Sources/CNIOWindows/include/module.modulemap -Xcc -fmodule-map-file\=/Users/admin/builder/spi-builder-workspace/.derivedData/Build/Intermediates.noindex/GeneratedModuleMaps-watchos/CNIOLinux.modulemap -Xcc -fmodule-map-file\=/Users/admin/builder/spi-builder-workspace/.derivedData/Build/Intermediates.noindex/GeneratedModuleMaps-watchos/CNIODarwin.modulemap -Xcc -fmodule-map-file\=/Users/admin/builder/spi-builder-workspace/.derivedData/Build/Intermediates.noindex/GeneratedModuleMaps-watchos/CNIOFreeBSD.modulemap -Xcc -fmodule-map-file\=/Users/admin/builder/spi-builder-workspace/.derivedData/Build/Intermediates.noindex/GeneratedModuleMaps-watchos/CNIOOpenBSD.modulemap -Xcc -fmodule-map-file\=/Users/admin/builder/spi-builder-workspace/.derivedData/Build/Intermediates.noindex/GeneratedModuleMaps-watchos/CNIOAtomics.modulemap -DXcode -plugin-path /Applications/Xcode-27.0.0-Release.Candidate.app/Contents/Developer/Toolchains/XcodeDefault.xctoolchain/usr/lib/swift/host/plugins/testing -enable-experimental-feature DebugDescriptionMacro -sdk /Applications/Xcode-27.0.0-Release.Candidate.app/Contents/Developer/Platforms/WatchOS.platform/Developer/SDKs/WatchOS27.0.sdk -target arm64_32-apple-watchos9.0 -g -module-cache-path /Users/admin/builder/spi-builder-workspace/.derivedData/ModuleCache.noindex -Xfrontend -serialize-debugging-options -profile-coverage-mapping -profile-generate -enable-testing -index-store-path /Users/admin/builder/spi-builder-workspace/.derivedData/Index.noindex/DataStore -Xcc -D_LIBCPP_HARDENING_MODE\=_LIBCPP_HARDENING_MODE_DEBUG -swift-version 5 -I /Users/admin/builder/spi-builder-workspace/.derivedData/Build/Products/Debug-watchos -Isystem /Applications/Xcode-27.0.0-Release.Candidate.app/Contents/Developer/Platforms/WatchOS.platform/Developer/usr/lib -F /Users/admin/builder/spi-builder-workspace/.derivedData/Build/Products/Debug-watchos/PackageFrameworks -F /Users/admin/builder/spi-builder-workspace/.derivedData/Build/Products/Debug-watchos -F /Applications/Xcode-27.0.0-Release.Candidate.app/Contents/Developer/Platforms/WatchOS.platform/Developer/Library/Frameworks -F /Applications/Xcode-27.0.0-Release.Candidate.app/Contents/Developer/Platforms/WatchOS.platform/Developer/SDKs/WatchOS27.0.sdk/Developer/Library/Frameworks -c -j10 -enable-batch-mode -incremental -Xcc -ivfsstatcache -Xcc /Users/admin/builder/spi-builder-workspace/.derivedData/SDKStatCaches.noindex/watchos27.0-24R360-e829b21a6f8c9b70876ba0858053c04477534ef55a1706bf4c1112bbb242f0a2.sdkstatcache -output-file-map /Users/admin/builder/spi-builder-workspace/.derivedData/Build/Intermediates.noindex/OSCCore.build/Debug-watchos/BasicListener-p.build/Objects-normal/arm64_32/BasicListener-OutputFileMap.json -save-temps -no-color-diagnostics -explicit-module-build -module-cache-path /Users/admin/builder/spi-builder-workspace/.derivedData/Build/Intermediates.noindex/SwiftExplicitPrecompiledModules -clang-scanner-module-cache-path /Users/admin/builder/spi-builder-workspace/.derivedData/ModuleCache.noindex -sdk-module-cache-path /Users/admin/builder/spi-builder-workspace/.derivedData/SDKExplicitPrecompiledModules -emit-dependencies -emit-module -emit-module-path /Users/admin/builder/spi-builder-workspace/.derivedData/Build/Intermediates.noindex/OSCCore.build/Debug-watchos/BasicListener-p.build/Objects-normal/arm64_32/BasicListener.swiftmodule -serialize-diagnostics -dependency-scan-serialize-diagnostics-path /Users/admin/builder/spi-builder-workspace/.derivedData/Build/Intermediates.noindex/OSCCore.build/Debug-watchos/BasicListener-p.build/Objects-normal/arm64_32/BasicListener-dependency-scan.dia -validate-clang-modules-once -clang-build-session-file /Users/admin/builder/spi-builder-workspace/.derivedData/ModuleCache.noindex/Session.modulevalidation -Xcc -fmodules-prune-interval\=86400 -Xcc -fmodules-prune-after\=345600 -emit-const-values -const-gather-protocols-list /Users/admin/builder/spi-builder-workspace/.derivedData/Build/Intermediates.noindex/OSCCore.build/Debug-watchos/BasicListener-p.build/Objects-normal/arm64_32/BasicListener_const_extract_protocols.json -Xcc -I/Users/admin/builder/spi-builder-workspace/.dependencies/checkouts/swift-atomics/Sources/_AtomicsShims/include -Xcc -I/Users/admin/builder/spi-builder-workspace/.dependencies/checkouts/swift-nio/Sources/CNIOPosix/include -Xcc -I/Users/admin/builder/spi-builder-workspace/.dependencies/checkouts/swift-nio/Sources/CNIOWASI/include -Xcc -I/Users/admin/builder/spi-builder-workspace/.dependencies/checkouts/swift-nio/Sources/CNIOWindows/include -Xcc -I/Users/admin/builder/spi-builder-workspace/.dependencies/checkouts/swift-nio/Sources/CNIOLinux/include -Xcc -I/Users/admin/builder/spi-builder-workspace/.dependencies/checkouts/swift-nio/Sources/CNIODarwin/include -Xcc -I/Users/admin/builder/spi-builder-workspace/.dependencies/checkouts/swift-nio/Sources/CNIOFreeBSD/include -Xcc -I/Users/admin/builder/spi-builder-workspace/.dependencies/checkouts/swift-nio/Sources/CNIOOpenBSD/include -Xcc -I/Users/admin/builder/spi-builder-workspace/.dependencies/checkouts/swift-nio/Sources/CNIOAtomics/include -Xcc -I/Users/admin/builder/spi-builder-workspace/.derivedData/Build/Products/Debug-watchos/include -Xcc -I/Users/admin/builder/spi-builder-workspace/.derivedData/Build/Intermediates.noindex/OSCCore.build/Debug-watchos/BasicListener-p.build/DerivedSources-normal/arm64_32 -Xcc -I/Users/admin/builder/spi-builder-workspace/.derivedData/Build/Intermediates.noindex/OSCCore.build/Debug-watchos/BasicListener-p.build/DerivedSources/arm64_32 -Xcc -I/Users/admin/builder/spi-builder-workspace/.derivedData/Build/Intermediates.noindex/OSCCore.build/Debug-watchos/BasicListener-p.build/DerivedSources -Xcc -DSWIFT_PACKAGE -Xcc -DDEBUG\=1 -working-directory /Users/admin/builder/spi-builder-workspace/.swiftpm/xcode -experimental-emit-module-separately -disable-cmo
SwiftCompile normal arm64 Compiling\ Data+OSCMessageArgument.swift /Users/admin/builder/spi-builder-workspace/Source/OSCCore/conversion/Data+OSCMessageArgument.swift (in target 'OSCCore' from project 'OSCCore')
SwiftCompile normal arm64 /Users/admin/builder/spi-builder-workspace/Source/OSCCore/conversion/Data+OSCMessageArgument.swift (in target 'OSCCore' from project 'OSCCore')
    cd /Users/admin/builder/spi-builder-workspace/.swiftpm/xcode
    builtin-SwiftPerFileCompile Data+OSCMessageArgument.swift
/Users/admin/builder/spi-builder-workspace/Source/OSCCore/conversion/Data+OSCMessageArgument.swift:42:25: warning: 'withUnsafeBytes' is deprecated: use `withUnsafeBytes<R>(_: (UnsafeRawBufferPointer) throws -> R) rethrows -> R` instead [#DeprecatedDeclaration]
40 |         payload += self.count.oscValue!
41 |
42 |         payload += self.withUnsafeBytes { (pointer: UnsafePointer<Byte>) -> [Byte] in
   |                         `- warning: 'withUnsafeBytes' is deprecated: use `withUnsafeBytes<R>(_: (UnsafeRawBufferPointer) throws -> R) rethrows -> R` instead [#DeprecatedDeclaration]
43 |             let buffer = UnsafeBufferPointer<Byte>(start: pointer, count: dataSize)
44 |             return [Byte](buffer)
[#DeprecatedDeclaration]: <https://docs.swift.org/compiler/documentation/diagnostics/deprecated-declaration>
SwiftCompile normal arm64 Compiling\ OSCSymbol+OSCMessageArgument.swift /Users/admin/builder/spi-builder-workspace/Source/OSCCore/conversion/OSCSymbol+OSCMessageArgument.swift (in target 'OSCCore' from project 'OSCCore')
SwiftCompile normal arm64 /Users/admin/builder/spi-builder-workspace/Source/OSCCore/conversion/OSCSymbol+OSCMessageArgument.swift (in target 'OSCCore' from project 'OSCCore')
    cd /Users/admin/builder/spi-builder-workspace/.swiftpm/xcode
    builtin-SwiftPerFileCompile OSCSymbol+OSCMessageArgument.swift
SwiftEmitModule normal arm64 Emitting\ module\ for\ OSCCore (in target 'OSCCore' from project 'OSCCore')
SwiftCompile normal arm64 (in target 'OSCCore' from project 'OSCCore')
    cd /Users/admin/builder/spi-builder-workspace/.swiftpm/xcode

SwiftCompile normal arm64 Compiling\ Double+OSCMessageArgument.swift /Users/admin/builder/spi-builder-workspace/Source/OSCCore/conversion/Double+OSCMessageArgument.swift (in target 'OSCCore' from project 'OSCCore')
SwiftCompile normal arm64 /Users/admin/builder/spi-builder-workspace/Source/OSCCore/conversion/Double+OSCMessageArgument.swift (in target 'OSCCore' from project 'OSCCore')
    cd /Users/admin/builder/spi-builder-workspace/.swiftpm/xcode
    builtin-SwiftPerFileCompile Double+OSCMessageArgument.swift
SwiftCompile normal arm64_32 Compiling\ OSCConvertible.swift,\ OSCMessage+OSCConvertible.swift /Users/admin/builder/spi-builder-workspace/Source/OSCCore/conversion/OSCConvertible.swift /Users/admin/builder/spi-builder-workspace/Source/OSCCore/conversion/OSCMessage+OSCConvertible.swift (in target 'OSCCore' from project 'OSCCore')
SwiftCompile normal arm64_32 /Users/admin/builder/spi-builder-workspace/Source/OSCCore/conversion/OSCConvertible.swift (in target 'OSCCore' from project 'OSCCore')
    cd /Users/admin/builder/spi-builder-workspace/.swiftpm/xcode
    builtin-SwiftPerFileCompile OSCConvertible.swift
SwiftCompile normal arm64_32 /Users/admin/builder/spi-builder-workspace/Source/OSCCore/conversion/OSCMessage+OSCConvertible.swift (in target 'OSCCore' from project 'OSCCore')
    cd /Users/admin/builder/spi-builder-workspace/.swiftpm/xcode
    builtin-SwiftPerFileCompile OSCMessage+OSCConvertible.swift
SwiftCompile normal arm64 Compiling\ RGBA+OSCMessageArgument.swift /Users/admin/builder/spi-builder-workspace/Source/OSCCore/conversion/RGBA+OSCMessageArgument.swift (in target 'OSCCore' from project 'OSCCore')
SwiftCompile normal arm64 /Users/admin/builder/spi-builder-workspace/Source/OSCCore/conversion/RGBA+OSCMessageArgument.swift (in target 'OSCCore' from project 'OSCCore')
    cd /Users/admin/builder/spi-builder-workspace/.swiftpm/xcode
    builtin-SwiftPerFileCompile RGBA+OSCMessageArgument.swift
SwiftEmitModule normal arm64_32 Emitting\ module\ for\ OSCCore (in target 'OSCCore' from project 'OSCCore')
SwiftCompile normal arm64_32 (in target 'OSCCore' from project 'OSCCore')
    cd /Users/admin/builder/spi-builder-workspace/.swiftpm/xcode

SwiftCompile normal arm64_32 Compiling\ String+OSCMessageArgument.swift /Users/admin/builder/spi-builder-workspace/Source/OSCCore/conversion/String+OSCMessageArgument.swift (in target 'OSCCore' from project 'OSCCore')
SwiftCompile normal arm64_32 /Users/admin/builder/spi-builder-workspace/Source/OSCCore/conversion/String+OSCMessageArgument.swift (in target 'OSCCore' from project 'OSCCore')
    cd /Users/admin/builder/spi-builder-workspace/.swiftpm/xcode
    builtin-SwiftPerFileCompile String+OSCMessageArgument.swift
SwiftCompile normal arm64_32 Compiling\ OSCTimeTag+OSCMessageArgument.swift,\ RGBA+OSCMessageArgument.swift /Users/admin/builder/spi-builder-workspace/Source/OSCCore/conversion/OSCTimeTag+OSCMessageArgument.swift /Users/admin/builder/spi-builder-workspace/Source/OSCCore/conversion/RGBA+OSCMessageArgument.swift (in target 'OSCCore' from project 'OSCCore')
SwiftCompile normal arm64_32 /Users/admin/builder/spi-builder-workspace/Source/OSCCore/conversion/OSCTimeTag+OSCMessageArgument.swift (in target 'OSCCore' from project 'OSCCore')
    cd /Users/admin/builder/spi-builder-workspace/.swiftpm/xcode
    builtin-SwiftPerFileCompile OSCTimeTag+OSCMessageArgument.swift
SwiftCompile normal arm64_32 /Users/admin/builder/spi-builder-workspace/Source/OSCCore/conversion/RGBA+OSCMessageArgument.swift (in target 'OSCCore' from project 'OSCCore')
    cd /Users/admin/builder/spi-builder-workspace/.swiftpm/xcode
    builtin-SwiftPerFileCompile RGBA+OSCMessageArgument.swift
SwiftCompile normal arm64 Compiling\ OSCTimeTag+OSCMessageArgument.swift /Users/admin/builder/spi-builder-workspace/Source/OSCCore/conversion/OSCTimeTag+OSCMessageArgument.swift (in target 'OSCCore' from project 'OSCCore')
SwiftCompile normal arm64 /Users/admin/builder/spi-builder-workspace/Source/OSCCore/conversion/OSCTimeTag+OSCMessageArgument.swift (in target 'OSCCore' from project 'OSCCore')
    cd /Users/admin/builder/spi-builder-workspace/.swiftpm/xcode
    builtin-SwiftPerFileCompile OSCTimeTag+OSCMessageArgument.swift
SwiftEmitModule normal arm64 Emitting\ module\ for\ NIOPosix (in target 'NIOPosix' from project 'swift-nio')
SwiftCompile normal arm64 (in target 'NIOPosix' from project 'swift-nio')
    cd /Users/admin/builder/spi-builder-workspace/.swiftpm/xcode

SwiftDriverJobDiscovery normal arm64 Compiling OSCSymbol+OSCMessageArgument.swift (in target 'OSCCore' from project 'OSCCore')
SwiftCompile normal arm64_32 Compiling\ MIDI+OSCMessageArgument.swift,\ OSCBundle+OSCConvertible.swift /Users/admin/builder/spi-builder-workspace/Source/OSCCore/conversion/MIDI+OSCMessageArgument.swift /Users/admin/builder/spi-builder-workspace/Source/OSCCore/conversion/OSCBundle+OSCConvertible.swift (in target 'OSCCore' from project 'OSCCore')
SwiftCompile normal arm64_32 /Users/admin/builder/spi-builder-workspace/Source/OSCCore/conversion/MIDI+OSCMessageArgument.swift (in target 'OSCCore' from project 'OSCCore')
    cd /Users/admin/builder/spi-builder-workspace/.swiftpm/xcode
    builtin-SwiftPerFileCompile MIDI+OSCMessageArgument.swift
SwiftCompile normal arm64_32 /Users/admin/builder/spi-builder-workspace/Source/OSCCore/conversion/OSCBundle+OSCConvertible.swift (in target 'OSCCore' from project 'OSCCore')
    cd /Users/admin/builder/spi-builder-workspace/.swiftpm/xcode
    builtin-SwiftPerFileCompile OSCBundle+OSCConvertible.swift
SwiftDriverJobDiscovery normal arm64 Compiling Double+OSCMessageArgument.swift (in target 'OSCCore' from project 'OSCCore')
SwiftCompile normal arm64 Compiling\ OSCBundle.swift /Users/admin/builder/spi-builder-workspace/Source/OSCCore/types/OSCBundle.swift (in target 'OSCCore' from project 'OSCCore')
SwiftCompile normal arm64 /Users/admin/builder/spi-builder-workspace/Source/OSCCore/types/OSCBundle.swift (in target 'OSCCore' from project 'OSCCore')
    cd /Users/admin/builder/spi-builder-workspace/.swiftpm/xcode
    builtin-SwiftPerFileCompile OSCBundle.swift
SwiftDriverJobDiscovery normal arm64_32 Compiling String+OSCMessageArgument.swift (in target 'OSCCore' from project 'OSCCore')
SwiftCompile normal arm64 Compiling\ OSCTimeTag.swift /Users/admin/builder/spi-builder-workspace/Source/OSCCore/types/OSCTimeTag.swift (in target 'OSCCore' from project 'OSCCore')
SwiftCompile normal arm64 /Users/admin/builder/spi-builder-workspace/Source/OSCCore/types/OSCTimeTag.swift (in target 'OSCCore' from project 'OSCCore')
    cd /Users/admin/builder/spi-builder-workspace/.swiftpm/xcode
    builtin-SwiftPerFileCompile OSCTimeTag.swift
SwiftCompile normal arm64 Compiling\ extract.swift /Users/admin/builder/spi-builder-workspace/Source/OSCCore/conversion/extract.swift (in target 'OSCCore' from project 'OSCCore')
SwiftCompile normal arm64 /Users/admin/builder/spi-builder-workspace/Source/OSCCore/conversion/extract.swift (in target 'OSCCore' from project 'OSCCore')
    cd /Users/admin/builder/spi-builder-workspace/.swiftpm/xcode
    builtin-SwiftPerFileCompile extract.swift
SwiftCompile normal arm64_32 Compiling\ OSCMessage.swift /Users/admin/builder/spi-builder-workspace/Source/OSCCore/types/OSCMessage.swift (in target 'OSCCore' from project 'OSCCore')
SwiftCompile normal arm64_32 /Users/admin/builder/spi-builder-workspace/Source/OSCCore/types/OSCMessage.swift (in target 'OSCCore' from project 'OSCCore')
    cd /Users/admin/builder/spi-builder-workspace/.swiftpm/xcode
    builtin-SwiftPerFileCompile OSCMessage.swift
SwiftDriverJobDiscovery normal arm64 Compiling Data+OSCMessageArgument.swift (in target 'OSCCore' from project 'OSCCore')
SwiftCompile normal arm64_32 Compiling\ Character+OSCConvertible.swift /Users/admin/builder/spi-builder-workspace/Source/OSCCore/conversion/Character+OSCConvertible.swift (in target 'OSCCore' from project 'OSCCore')
SwiftCompile normal arm64_32 /Users/admin/builder/spi-builder-workspace/Source/OSCCore/conversion/Character+OSCConvertible.swift (in target 'OSCCore' from project 'OSCCore')
    cd /Users/admin/builder/spi-builder-workspace/.swiftpm/xcode
    builtin-SwiftPerFileCompile Character+OSCConvertible.swift
SwiftDriverJobDiscovery normal arm64 Compiling RGBA+OSCMessageArgument.swift (in target 'OSCCore' from project 'OSCCore')
SwiftCompile normal arm64_32 Compiling\ matcher.swift /Users/admin/builder/spi-builder-workspace/Source/OSCCore/dispatch/matcher.swift (in target 'OSCCore' from project 'OSCCore')
SwiftCompile normal arm64_32 /Users/admin/builder/spi-builder-workspace/Source/OSCCore/dispatch/matcher.swift (in target 'OSCCore' from project 'OSCCore')
    cd /Users/admin/builder/spi-builder-workspace/.swiftpm/xcode
    builtin-SwiftPerFileCompile matcher.swift
SwiftDriverJobDiscovery normal arm64_32 Compiling OSCConvertible.swift, OSCMessage+OSCConvertible.swift (in target 'OSCCore' from project 'OSCCore')
SwiftCompile normal arm64 Compiling\ alignment.swift /Users/admin/builder/spi-builder-workspace/Source/OSCCore/conversion/alignment.swift (in target 'OSCCore' from project 'OSCCore')
SwiftCompile normal arm64 /Users/admin/builder/spi-builder-workspace/Source/OSCCore/conversion/alignment.swift (in target 'OSCCore' from project 'OSCCore')
    cd /Users/admin/builder/spi-builder-workspace/.swiftpm/xcode
    builtin-SwiftPerFileCompile alignment.swift
SwiftDriverJobDiscovery normal arm64 Compiling OSCTimeTag+OSCMessageArgument.swift (in target 'OSCCore' from project 'OSCCore')
SwiftCompile normal arm64_32 Compiling\ OSCBundle.swift /Users/admin/builder/spi-builder-workspace/Source/OSCCore/types/OSCBundle.swift (in target 'OSCCore' from project 'OSCCore')
SwiftCompile normal arm64_32 /Users/admin/builder/spi-builder-workspace/Source/OSCCore/types/OSCBundle.swift (in target 'OSCCore' from project 'OSCCore')
    cd /Users/admin/builder/spi-builder-workspace/.swiftpm/xcode
    builtin-SwiftPerFileCompile OSCBundle.swift
SwiftDriverJobDiscovery normal arm64 Compiling OSCBundle.swift (in target 'OSCCore' from project 'OSCCore')
SwiftCompile normal arm64_32 Compiling\ OSCPacketReader.swift /Users/admin/builder/spi-builder-workspace/Source/OSCCore/nio/OSCPacketReader.swift (in target 'OSCCore' from project 'OSCCore')
SwiftCompile normal arm64_32 /Users/admin/builder/spi-builder-workspace/Source/OSCCore/nio/OSCPacketReader.swift (in target 'OSCCore' from project 'OSCCore')
    cd /Users/admin/builder/spi-builder-workspace/.swiftpm/xcode
    builtin-SwiftPerFileCompile OSCPacketReader.swift
SwiftDriverJobDiscovery normal arm64 Compiling extract.swift (in target 'OSCCore' from project 'OSCCore')
SwiftCompile normal arm64_32 Compiling\ Array+OSCMessageArgument.swift /Users/admin/builder/spi-builder-workspace/Source/OSCCore/conversion/Array+OSCMessageArgument.swift (in target 'OSCCore' from project 'OSCCore')
SwiftCompile normal arm64_32 /Users/admin/builder/spi-builder-workspace/Source/OSCCore/conversion/Array+OSCMessageArgument.swift (in target 'OSCCore' from project 'OSCCore')
    cd /Users/admin/builder/spi-builder-workspace/.swiftpm/xcode
    builtin-SwiftPerFileCompile Array+OSCMessageArgument.swift
SwiftDriverJobDiscovery normal arm64_32 Compiling OSCMessage.swift (in target 'OSCCore' from project 'OSCCore')
SwiftCompile normal arm64_32 Compiling\ events.swift /Users/admin/builder/spi-builder-workspace/Source/OSCCore/dispatch/events.swift (in target 'OSCCore' from project 'OSCCore')
SwiftCompile normal arm64_32 /Users/admin/builder/spi-builder-workspace/Source/OSCCore/dispatch/events.swift (in target 'OSCCore' from project 'OSCCore')
    cd /Users/admin/builder/spi-builder-workspace/.swiftpm/xcode
    builtin-SwiftPerFileCompile events.swift
SwiftDriverJobDiscovery normal arm64 Compiling OSCTimeTag.swift (in target 'OSCCore' from project 'OSCCore')
SwiftCompile normal arm64_32 Compiling\ extract.swift /Users/admin/builder/spi-builder-workspace/Source/OSCCore/conversion/extract.swift (in target 'OSCCore' from project 'OSCCore')
SwiftCompile normal arm64_32 /Users/admin/builder/spi-builder-workspace/Source/OSCCore/conversion/extract.swift (in target 'OSCCore' from project 'OSCCore')
    cd /Users/admin/builder/spi-builder-workspace/.swiftpm/xcode
    builtin-SwiftPerFileCompile extract.swift
SwiftDriverJobDiscovery normal arm64_32 Compiling OSCTimeTag+OSCMessageArgument.swift, RGBA+OSCMessageArgument.swift (in target 'OSCCore' from project 'OSCCore')
SwiftCompile normal arm64 Compiling\ OSCBundle+OSCConvertible.swift /Users/admin/builder/spi-builder-workspace/Source/OSCCore/conversion/OSCBundle+OSCConvertible.swift (in target 'OSCCore' from project 'OSCCore')
SwiftCompile normal arm64 /Users/admin/builder/spi-builder-workspace/Source/OSCCore/conversion/OSCBundle+OSCConvertible.swift (in target 'OSCCore' from project 'OSCCore')
    cd /Users/admin/builder/spi-builder-workspace/.swiftpm/xcode
    builtin-SwiftPerFileCompile OSCBundle+OSCConvertible.swift
SwiftDriverJobDiscovery normal arm64_32 Compiling Character+OSCConvertible.swift (in target 'OSCCore' from project 'OSCCore')
SwiftCompile normal arm64_32 Compiling\ OSCMessageArgument.swift,\ OSCSymbol+OSCMessageArgument.swift /Users/admin/builder/spi-builder-workspace/Source/OSCCore/conversion/OSCMessageArgument.swift /Users/admin/builder/spi-builder-workspace/Source/OSCCore/conversion/OSCSymbol+OSCMessageArgument.swift (in target 'OSCCore' from project 'OSCCore')
SwiftCompile normal arm64_32 /Users/admin/builder/spi-builder-workspace/Source/OSCCore/conversion/OSCMessageArgument.swift (in target 'OSCCore' from project 'OSCCore')
    cd /Users/admin/builder/spi-builder-workspace/.swiftpm/xcode
    builtin-SwiftPerFileCompile OSCMessageArgument.swift
SwiftCompile normal arm64_32 /Users/admin/builder/spi-builder-workspace/Source/OSCCore/conversion/OSCSymbol+OSCMessageArgument.swift (in target 'OSCCore' from project 'OSCCore')
    cd /Users/admin/builder/spi-builder-workspace/.swiftpm/xcode
    builtin-SwiftPerFileCompile OSCSymbol+OSCMessageArgument.swift
SwiftDriverJobDiscovery normal arm64_32 Compiling OSCBundle.swift (in target 'OSCCore' from project 'OSCCore')
SwiftCompile normal arm64_32 Compiling\ Bool+OSCConvertible.swift /Users/admin/builder/spi-builder-workspace/Source/OSCCore/conversion/Bool+OSCConvertible.swift (in target 'OSCCore' from project 'OSCCore')
SwiftCompile normal arm64_32 /Users/admin/builder/spi-builder-workspace/Source/OSCCore/conversion/Bool+OSCConvertible.swift (in target 'OSCCore' from project 'OSCCore')
    cd /Users/admin/builder/spi-builder-workspace/.swiftpm/xcode
    builtin-SwiftPerFileCompile Bool+OSCConvertible.swift
SwiftDriverJobDiscovery normal arm64_32 Compiling OSCPacketReader.swift (in target 'OSCCore' from project 'OSCCore')
SwiftCompile normal arm64_32 Compiling\ helpers.swift /Users/admin/builder/spi-builder-workspace/Source/OSCCore/conversion/helpers.swift (in target 'OSCCore' from project 'OSCCore')
SwiftCompile normal arm64_32 /Users/admin/builder/spi-builder-workspace/Source/OSCCore/conversion/helpers.swift (in target 'OSCCore' from project 'OSCCore')
    cd /Users/admin/builder/spi-builder-workspace/.swiftpm/xcode
    builtin-SwiftPerFileCompile helpers.swift
SwiftDriverJobDiscovery normal arm64 Compiling alignment.swift (in target 'OSCCore' from project 'OSCCore')
SwiftCompile normal arm64 Compiling\ OSCMessageArgument.swift /Users/admin/builder/spi-builder-workspace/Source/OSCCore/conversion/OSCMessageArgument.swift (in target 'OSCCore' from project 'OSCCore')
SwiftCompile normal arm64 /Users/admin/builder/spi-builder-workspace/Source/OSCCore/conversion/OSCMessageArgument.swift (in target 'OSCCore' from project 'OSCCore')
    cd /Users/admin/builder/spi-builder-workspace/.swiftpm/xcode
    builtin-SwiftPerFileCompile OSCMessageArgument.swift
SwiftDriverJobDiscovery normal arm64_32 Compiling events.swift (in target 'OSCCore' from project 'OSCCore')
SwiftCompile normal arm64 Compiling\ OSCMessage+OSCConvertible.swift /Users/admin/builder/spi-builder-workspace/Source/OSCCore/conversion/OSCMessage+OSCConvertible.swift (in target 'OSCCore' from project 'OSCCore')
SwiftCompile normal arm64 /Users/admin/builder/spi-builder-workspace/Source/OSCCore/conversion/OSCMessage+OSCConvertible.swift (in target 'OSCCore' from project 'OSCCore')
    cd /Users/admin/builder/spi-builder-workspace/.swiftpm/xcode
    builtin-SwiftPerFileCompile OSCMessage+OSCConvertible.swift
SwiftDriverJobDiscovery normal arm64_32 Compiling Array+OSCMessageArgument.swift (in target 'OSCCore' from project 'OSCCore')
SwiftCompile normal arm64 Compiling\ Float+OSCMessageArgument.swift /Users/admin/builder/spi-builder-workspace/Source/OSCCore/conversion/Float+OSCMessageArgument.swift (in target 'OSCCore' from project 'OSCCore')
/Users/admin/builder/spi-builder-workspace/Source/OSCCore/conversion/Float+OSCMessageArgument.swift:20:36: error: cannot find 'rawValue' in scope
18 |             let rawValue = htonl(self.bitPattern)
19 |         #endif
20 |         return [Byte](typetobinary(rawValue))
   |                                    `- error: cannot find 'rawValue' in scope
21 |     }
22 |
Failed frontend command:
/Applications/Xcode-27.0.0-Release.Candidate.app/Contents/Developer/Toolchains/XcodeDefault.xctoolchain/usr/bin/swift-frontend -frontend -c /Users/admin/builder/spi-builder-workspace/Source/OSCCore/conversion/Array+OSCMessageArgument.swift /Users/admin/builder/spi-builder-workspace/Source/OSCCore/conversion/Bool+OSCConvertible.swift /Users/admin/builder/spi-builder-workspace/Source/OSCCore/conversion/Byte.swift /Users/admin/builder/spi-builder-workspace/Source/OSCCore/conversion/Character+OSCConvertible.swift /Users/admin/builder/spi-builder-workspace/Source/OSCCore/conversion/Data+OSCMessageArgument.swift /Users/admin/builder/spi-builder-workspace/Source/OSCCore/conversion/Double+OSCMessageArgument.swift -primary-file /Users/admin/builder/spi-builder-workspace/Source/OSCCore/conversion/Float+OSCMessageArgument.swift /Users/admin/builder/spi-builder-workspace/Source/OSCCore/conversion/Int+OSCMessageArgument.swift /Users/admin/builder/spi-builder-workspace/Source/OSCCore/conversion/MIDI+OSCMessageArgument.swift /Users/admin/builder/spi-builder-workspace/Source/OSCCore/conversion/OSCBundle+OSCConvertible.swift /Users/admin/builder/spi-builder-workspace/Source/OSCCore/conversion/OSCConvertible.swift /Users/admin/builder/spi-builder-workspace/Source/OSCCore/conversion/OSCMessage+OSCConvertible.swift /Users/admin/builder/spi-builder-workspace/Source/OSCCore/conversion/OSCMessageArgument.swift /Users/admin/builder/spi-builder-workspace/Source/OSCCore/conversion/OSCSymbol+OSCMessageArgument.swift /Users/admin/builder/spi-builder-workspace/Source/OSCCore/conversion/OSCTimeTag+OSCMessageArgument.swift /Users/admin/builder/spi-builder-workspace/Source/OSCCore/conversion/RGBA+OSCMessageArgument.swift /Users/admin/builder/spi-builder-workspace/Source/OSCCore/conversion/String+OSCMessageArgument.swift /Users/admin/builder/spi-builder-workspace/Source/OSCCore/conversion/alignment.swift /Users/admin/builder/spi-builder-workspace/Source/OSCCore/conversion/extract.swift /Users/admin/builder/spi-builder-workspace/Source/OSCCore/conversion/helpers.swift /Users/admin/builder/spi-builder-workspace/Source/OSCCore/dispatch/BasicMessageDispatcher.swift /Users/admin/builder/spi-builder-workspace/Source/OSCCore/dispatch/OSCBundle+MessageEventHandler.swift /Users/admin/builder/spi-builder-workspace/Source/OSCCore/dispatch/events.swift /Users/admin/builder/spi-builder-workspace/Source/OSCCore/dispatch/matcher.swift /Users/admin/builder/spi-builder-workspace/Source/OSCCore/nio/OSCPacketReader.swift /Users/admin/builder/spi-builder-workspace/Source/OSCCore/types/MIDI.swift /Users/admin/builder/spi-builder-workspace/Source/OSCCore/types/OSCBundle.swift /Users/admin/builder/spi-builder-workspace/Source/OSCCore/types/OSCMessage.swift /Users/admin/builder/spi-builder-workspace/Source/OSCCore/types/OSCSymbol.swift /Users/admin/builder/spi-builder-workspace/Source/OSCCore/types/OSCTimeTag.swift /Users/admin/builder/spi-builder-workspace/Source/OSCCore/types/RGBA.swift /Users/admin/builder/spi-builder-workspace/Source/OSCCore/types/TypeTagValues.swift -emit-dependencies-path /Users/admin/builder/spi-builder-workspace/.derivedData/Build/Intermediates.noindex/OSCCore.build/Debug-watchos/OSCCore-t.build/Objects-normal/arm64/Float+OSCMessageArgument.d -emit-const-values-path /Users/admin/builder/spi-builder-workspace/.derivedData/Build/Intermediates.noindex/OSCCore.build/Debug-watchos/OSCCore-t.build/Objects-normal/arm64/Float+OSCMessageArgument.swiftconstvalues -emit-reference-dependencies-path /Users/admin/builder/spi-builder-workspace/.derivedData/Build/Intermediates.noindex/OSCCore.build/Debug-watchos/OSCCore-t.build/Objects-normal/arm64/Float+OSCMessageArgument.swiftdeps -serialize-diagnostics-path /Users/admin/builder/spi-builder-workspace/.derivedData/Build/Intermediates.noindex/OSCCore.build/Debug-watchos/OSCCore-t.build/Objects-normal/arm64/Float+OSCMessageArgument.dia -target arm64-apple-watchos9.0 -disable-cross-import-overlay-search -swift-module-cross-import Darwin /Applications/Xcode-27.0.0-Release.Candidate.app/Contents/Developer/Platforms/WatchOS.platform/Developer/SDKs/WatchOS.sdk/usr/include/Darwin.swiftcrossimport/xlocale.swiftoverlay -load-resolved-plugin /Applications/Xcode-27.0.0-Release.Candidate.app/Contents/Developer/Platforms/WatchOS.platform/Developer/usr/lib/swift/host/plugins/libFoundationMacros.dylib\#/Applications/Xcode-27.0.0-Release.Candidate.app/Contents/Developer/Platforms/WatchOS.platform/Developer/usr/bin/swift-plugin-server\#FoundationMacros -load-resolved-plugin /Applications/Xcode-27.0.0-Release.Candidate.app/Contents/Developer/Platforms/WatchOS.platform/Developer/usr/lib/swift/host/plugins/libObservationMacros.dylib\#/Applications/Xcode-27.0.0-Release.Candidate.app/Contents/Developer/Platforms/WatchOS.platform/Developer/usr/bin/swift-plugin-server\#ObservationMacros -load-resolved-plugin /Applications/Xcode-27.0.0-Release.Candidate.app/Contents/Developer/Platforms/WatchOS.platform/Developer/usr/lib/swift/host/plugins/libSwiftMacros.dylib\#/Applications/Xcode-27.0.0-Release.Candidate.app/Contents/Developer/Platforms/WatchOS.platform/Developer/usr/bin/swift-plugin-server\#SwiftMacros -disable-implicit-swift-modules -Xcc -fno-implicit-modules -Xcc -fno-implicit-module-maps -explicit-swift-module-map-file /Users/admin/builder/spi-builder-workspace/.derivedData/Build/Intermediates.noindex/OSCCore.build/Debug-watchos/OSCCore-t.build/Objects-normal/arm64/OSCCore-dependencies-1.json -Xllvm -aarch64-use-tbi -enable-objc-interop -stack-check -sdk /Applications/Xcode-27.0.0-Release.Candidate.app/Contents/Developer/Platforms/WatchOS.platform/Developer/SDKs/WatchOS27.0.sdk -I /Users/admin/builder/spi-builder-workspace/.derivedData/Build/Products/Debug-watchos -Isystem /Applications/Xcode-27.0.0-Release.Candidate.app/Contents/Developer/Platforms/WatchOS.platform/Developer/usr/lib -F /Users/admin/builder/spi-builder-workspace/.derivedData/Build/Products/Debug-watchos/PackageFrameworks -F /Users/admin/builder/spi-builder-workspace/.derivedData/Build/Products/Debug-watchos -F /Applications/Xcode-27.0.0-Release.Candidate.app/Contents/Developer/Platforms/WatchOS.platform/Developer/Library/Frameworks -F /Applications/Xcode-27.0.0-Release.Candidate.app/Contents/Developer/Platforms/WatchOS.platform/Developer/SDKs/WatchOS27.0.sdk/Developer/Library/Frameworks -module-cache-path /Users/admin/builder/spi-builder-workspace/.derivedData/Build/Intermediates.noindex/SwiftExplicitPrecompiledModules -no-color-diagnostics -Xcc -fno-color-diagnostics -enable-testing -g -debug-info-format\=dwarf -dwarf-version\=4 -profile-generate -profile-coverage-mapping -swift-version 5 -Onone -D SWIFT_PACKAGE -D DEBUG -D SWIFT_MODULE_RESOURCE_BUNDLE_UNAVAILABLE -D Xcode -serialize-debugging-options -enable-experimental-feature DebugDescriptionMacro -empty-abi-descriptor -validate-clang-modules-once -clang-build-session-file /Users/admin/builder/spi-builder-workspace/.derivedData/ModuleCache.noindex/Session.modulevalidation -Xcc -working-directory -Xcc /Users/admin/builder/spi-builder-workspace/.swiftpm/xcode -enable-anonymous-context-mangled-names -file-compilation-dir /Users/admin/builder/spi-builder-workspace/.swiftpm/xcode -Xcc -fmodule-map-file\=/Users/admin/builder/spi-builder-workspace/.dependencies/checkouts/swift-atomics/Sources/_AtomicsShims/include/module.modulemap -Xcc -fmodule-map-file\=/Users/admin/builder/spi-builder-workspace/.derivedData/Build/Intermediates.noindex/GeneratedModuleMaps-watchos/CNIOPosix.modulemap -Xcc -fmodule-map-file\=/Users/admin/builder/spi-builder-workspace/.derivedData/Build/Intermediates.noindex/GeneratedModuleMaps-watchos/CNIOWASI.modulemap -Xcc -fmodule-map-file\=/Users/admin/builder/spi-builder-workspace/.dependencies/checkouts/swift-nio/Sources/CNIOWindows/include/module.modulemap -Xcc -fmodule-map-file\=/Users/admin/builder/spi-builder-workspace/.derivedData/Build/Intermediates.noindex/GeneratedModuleMaps-watchos/CNIOLinux.modulemap -Xcc -fmodule-map-file\=/Users/admin/builder/spi-builder-workspace/.derivedData/Build/Intermediates.noindex/GeneratedModuleMaps-watchos/CNIODarwin.modulemap -Xcc -fmodule-map-file\=/Users/admin/builder/spi-builder-workspace/.derivedData/Build/Intermediates.noindex/GeneratedModuleMaps-watchos/CNIOFreeBSD.modulemap -Xcc -fmodule-map-file\=/Users/admin/builder/spi-builder-workspace/.derivedData/Build/Intermediates.noindex/GeneratedModuleMaps-watchos/CNIOOpenBSD.modulemap -Xcc -fmodule-map-file\=/Users/admin/builder/spi-builder-workspace/.derivedData/Build/Intermediates.noindex/GeneratedModuleMaps-watchos/CNIOAtomics.modulemap -Xcc -D_LIBCPP_HARDENING_MODE\=_LIBCPP_HARDENING_MODE_DEBUG -Xcc -ivfsstatcache -Xcc /Users/admin/builder/spi-builder-workspace/.derivedData/SDKStatCaches.noindex/watchos27.0-24R360-e829b21a6f8c9b70876ba0858053c04477534ef55a1706bf4c1112bbb242f0a2.sdkstatcache -Xcc -fmodules-prune-interval\=86400 -Xcc -fmodules-prune-after\=345600 -Xcc -I/Users/admin/builder/spi-builder-workspace/.dependencies/checkouts/swift-atomics/Sources/_AtomicsShims/include -Xcc -I/Users/admin/builder/spi-builder-workspace/.dependencies/checkouts/swift-nio/Sources/CNIOPosix/include -Xcc -I/Users/admin/builder/spi-builder-workspace/.dependencies/checkouts/swift-nio/Sources/CNIOWASI/include -Xcc -I/Users/admin/builder/spi-builder-workspace/.dependencies/checkouts/swift-nio/Sources/CNIOWindows/include -Xcc -I/Users/admin/builder/spi-builder-workspace/.dependencies/checkouts/swift-nio/Sources/CNIOLinux/include -Xcc -I/Users/admin/builder/spi-builder-workspace/.dependencies/checkouts/swift-nio/Sources/CNIODarwin/include -Xcc -I/Users/admin/builder/spi-builder-workspace/.dependencies/checkouts/swift-nio/Sources/CNIOFreeBSD/include -Xcc -I/Users/admin/builder/spi-builder-workspace/.dependencies/checkouts/swift-nio/Sources/CNIOOpenBSD/include -Xcc -I/Users/admin/builder/spi-builder-workspace/.dependencies/checkouts/swift-nio/Sources/CNIOAtomics/include -Xcc -I/Users/admin/builder/spi-builder-workspace/.derivedData/Build/Products/Debug-watchos/include -Xcc -I/Users/admin/builder/spi-builder-workspace/.derivedData/Build/Intermediates.noindex/OSCCore.build/Debug-watchos/OSCCore-t.build/DerivedSources-normal/arm64 -Xcc -I/Users/admin/builder/spi-builder-workspace/.derivedData/Build/Intermediates.noindex/OSCCore.build/Debug-watchos/OSCCore-t.build/DerivedSources/arm64 -Xcc -I/Users/admin/builder/spi-builder-workspace/.derivedData/Build/Intermediates.noindex/OSCCore.build/Debug-watchos/OSCCore-t.build/DerivedSources -Xcc -DSWIFT_PACKAGE -Xcc -DDEBUG\=1 -no-auto-bridging-header-chaining -module-name OSCCore -const-gather-protocols-file /Users/admin/builder/spi-builder-workspace/.derivedData/Build/Intermediates.noindex/OSCCore.build/Debug-watchos/OSCCore-t.build/Objects-normal/arm64/OSCCore_const_extract_protocols.json -disable-clang-spi -clang-target arm64-apple-watchos27.0 -target-sdk-version 27.0 -target-sdk-name watchos27.0 -in-process-plugin-server-path /Applications/Xcode-27.0.0-Release.Candidate.app/Contents/Developer/Toolchains/XcodeDefault.xctoolchain/usr/lib/swift/host/libSwiftInProcPluginServer.dylib -parse-as-library -o /Users/admin/builder/spi-builder-workspace/.derivedData/Build/Intermediates.noindex/OSCCore.build/Debug-watchos/OSCCore-t.build/Objects-normal/arm64/Float+OSCMessageArgument.o -debug-module-path /Users/admin/builder/spi-builder-workspace/.derivedData/Build/Intermediates.noindex/OSCCore.build/Debug-watchos/OSCCore-t.build/Objects-normal/arm64/OSCCore.swiftmodule -index-unit-output-path /OSCCore.build/Debug-watchos/OSCCore-t.build/Objects-normal/arm64/Float+OSCMessageArgument.o -index-store-path /Users/admin/builder/spi-builder-workspace/.derivedData/Index.noindex/DataStore -index-system-modules
SwiftCompile normal arm64 /Users/admin/builder/spi-builder-workspace/Source/OSCCore/conversion/Float+OSCMessageArgument.swift (in target 'OSCCore' from project 'OSCCore')
    cd /Users/admin/builder/spi-builder-workspace/.swiftpm/xcode
    builtin-SwiftPerFileCompile Float+OSCMessageArgument.swift
SwiftDriverJobDiscovery normal arm64_32 Compiling extract.swift (in target 'OSCCore' from project 'OSCCore')
SwiftCompile normal arm64_32 Compiling\ BasicMessageDispatcher.swift /Users/admin/builder/spi-builder-workspace/Source/OSCCore/dispatch/BasicMessageDispatcher.swift (in target 'OSCCore' from project 'OSCCore')
SwiftCompile normal arm64_32 /Users/admin/builder/spi-builder-workspace/Source/OSCCore/dispatch/BasicMessageDispatcher.swift (in target 'OSCCore' from project 'OSCCore')
    cd /Users/admin/builder/spi-builder-workspace/.swiftpm/xcode
    builtin-SwiftPerFileCompile BasicMessageDispatcher.swift
SwiftDriverJobDiscovery normal arm64_32 Compiling MIDI+OSCMessageArgument.swift, OSCBundle+OSCConvertible.swift (in target 'OSCCore' from project 'OSCCore')
SwiftCompile normal arm64_32 Compiling\ alignment.swift /Users/admin/builder/spi-builder-workspace/Source/OSCCore/conversion/alignment.swift (in target 'OSCCore' from project 'OSCCore')
SwiftCompile normal arm64_32 /Users/admin/builder/spi-builder-workspace/Source/OSCCore/conversion/alignment.swift (in target 'OSCCore' from project 'OSCCore')
    cd /Users/admin/builder/spi-builder-workspace/.swiftpm/xcode
    builtin-SwiftPerFileCompile alignment.swift
SwiftDriverJobDiscovery normal arm64_32 Compiling matcher.swift (in target 'OSCCore' from project 'OSCCore')
SwiftCompile normal arm64 Compiling\ RGBA.swift /Users/admin/builder/spi-builder-workspace/Source/OSCCore/types/RGBA.swift (in target 'OSCCore' from project 'OSCCore')
SwiftCompile normal arm64 /Users/admin/builder/spi-builder-workspace/Source/OSCCore/types/RGBA.swift (in target 'OSCCore' from project 'OSCCore')
    cd /Users/admin/builder/spi-builder-workspace/.swiftpm/xcode
    builtin-SwiftPerFileCompile RGBA.swift
SwiftDriverJobDiscovery normal arm64_32 Compiling OSCMessageArgument.swift, OSCSymbol+OSCMessageArgument.swift (in target 'OSCCore' from project 'OSCCore')
SwiftCompile normal arm64 Compiling\ OSCBundle+MessageEventHandler.swift /Users/admin/builder/spi-builder-workspace/Source/OSCCore/dispatch/OSCBundle+MessageEventHandler.swift (in target 'OSCCore' from project 'OSCCore')
SwiftCompile normal arm64 /Users/admin/builder/spi-builder-workspace/Source/OSCCore/dispatch/OSCBundle+MessageEventHandler.swift (in target 'OSCCore' from project 'OSCCore')
    cd /Users/admin/builder/spi-builder-workspace/.swiftpm/xcode
    builtin-SwiftPerFileCompile OSCBundle+MessageEventHandler.swift
SwiftDriverJobDiscovery normal arm64 Compiling OSCMessageArgument.swift (in target 'OSCCore' from project 'OSCCore')
SwiftCompile normal arm64 Compiling\ Array+OSCMessageArgument.swift,\ Bool+OSCConvertible.swift /Users/admin/builder/spi-builder-workspace/Source/OSCCore/conversion/Array+OSCMessageArgument.swift /Users/admin/builder/spi-builder-workspace/Source/OSCCore/conversion/Bool+OSCConvertible.swift (in target 'OSCCore' from project 'OSCCore')
SwiftCompile normal arm64 /Users/admin/builder/spi-builder-workspace/Source/OSCCore/conversion/Array+OSCMessageArgument.swift (in target 'OSCCore' from project 'OSCCore')
    cd /Users/admin/builder/spi-builder-workspace/.swiftpm/xcode
    builtin-SwiftPerFileCompile Array+OSCMessageArgument.swift
SwiftCompile normal arm64 /Users/admin/builder/spi-builder-workspace/Source/OSCCore/conversion/Bool+OSCConvertible.swift (in target 'OSCCore' from project 'OSCCore')
    cd /Users/admin/builder/spi-builder-workspace/.swiftpm/xcode
    builtin-SwiftPerFileCompile Bool+OSCConvertible.swift
SwiftDriverJobDiscovery normal arm64_32 Compiling helpers.swift (in target 'OSCCore' from project 'OSCCore')
PruneExplicitPrecompiledModules /Users/admin/builder/spi-builder-workspace/.derivedData/SDKExplicitPrecompiledModules
PruneExplicitPrecompiledModules /Users/admin/builder/spi-builder-workspace/.derivedData/Build/Intermediates.noindex/SwiftExplicitPrecompiledModules
PruneExplicitPrecompiledModules /Users/admin/builder/spi-builder-workspace/.derivedData/Build/Intermediates.noindex/ExplicitPrecompiledModules
2026-09-18 03:17:40.757 xcodebuild[1378:7904] [MT] IDERunDestination: Supported platforms for the buildables in the current scheme is empty.
** BUILD FAILED **
The following build commands failed:
	SwiftCompile normal arm64 Compiling\ Float+OSCMessageArgument.swift /Users/admin/builder/spi-builder-workspace/Source/OSCCore/conversion/Float+OSCMessageArgument.swift (in target 'OSCCore' from project 'OSCCore')
	SwiftCompile normal arm64 /Users/admin/builder/spi-builder-workspace/Source/OSCCore/conversion/Float+OSCMessageArgument.swift (in target 'OSCCore' from project 'OSCCore')
	Building workspace OSCCore with scheme OSCCore-Package
(3 failures)
BUILD FAILURE 6.4 watchOS