The Swift Package Index logo.Swift Package Index

Build Information

Failed to build BbcNews, reference main (161a58), with Swift 6.4 for watchOS using Xcode 27.0 on 21 Sep 2026 11:54:39 UTC.

Build Command

env DEVELOPER_DIR=/Applications/Xcode-27.0.0-Release.Candidate.app xcrun xcodebuild -IDEClonedSourcePackagesDirPathOverride=$PWD/.dependencies -skipMacroValidation -skipPackagePluginValidation -derivedDataPath $PWD/.derivedData build -scheme BbcNews -destination generic/platform=watchOS

Build Log

========================================
RunAll
========================================
Builder version: 5.1.0
Interrupt handler set up.
========================================
Checkout
========================================
Clone URL: https://github.com/bilaalrashid/bbc-news-swift.git
Reference: main
Initialized empty Git repository in /Users/admin/builder/spi-builder-workspace/.git/
From https://github.com/bilaalrashid/bbc-news-swift
 * branch            main       -> FETCH_HEAD
 * [new branch]      main       -> origin/main
HEAD is now at 161a58d Merge pull request #54 from bilaalrashid/bilaal/swift-6-ci
Cloned https://github.com/bilaalrashid/bbc-news-swift.git
Revision (git rev-parse @):
161a58dd4c914fb58c4c8518e236986e2818736a
SPI manifest file found: $PWD/.spi.yml
SUCCESS checkout https://github.com/bilaalrashid/bbc-news-swift.git at main
========================================
Build
========================================
Selected platform:         watchOS
Swift version:             6.4
Building package at path:  $PWD
https://github.com/bilaalrashid/bbc-news-swift.git
Command line invocation:
    /Applications/Xcode-27.0.0-Release.Candidate.app/Contents/Developer/usr/bin/xcodebuild -IDEClonedSourcePackagesDirPathOverride=/Users/admin/builder/spi-builder-workspace/.dependencies -resolvePackageDependencies
Resolve Package Graph
Resolve Package Graph
Resolved source packages:
  BbcNews: /Users/admin/builder/spi-builder-workspace
resolved source packages: BbcNews
2026-09-21 07:53:49.049 xcodebuild[529:3036] [MT] IDERunDestination: Supported platforms for the buildables in the current scheme is empty.
2026-09-21 07:53:49.198 xcodebuild[529:3036] [MT] IDERunDestination: Supported platforms for the buildables in the current scheme is empty.
2026-09-21 07:53:50.814 xcodebuild[529:3036] [MT] IDERunDestination: Supported platforms for the buildables in the current scheme is empty.
{
  "dependencies" : [
  ],
  "manifest_display_name" : "BbcNews",
  "name" : "BbcNews",
  "path" : "/Users/admin/builder/spi-builder-workspace",
  "platforms" : [
    {
      "name" : "ios",
      "version" : "16.0"
    },
    {
      "name" : "macos",
      "version" : "13.0"
    },
    {
      "name" : "maccatalyst",
      "version" : "13.0"
    },
    {
      "name" : "tvos",
      "version" : "16.0"
    },
    {
      "name" : "watchos",
      "version" : "9.0"
    },
    {
      "name" : "visionos",
      "version" : "1.0"
    }
  ],
  "products" : [
    {
      "name" : "BbcNews",
      "targets" : [
        "BbcNews"
      ],
      "type" : {
        "library" : [
          "automatic"
        ]
      }
    }
  ],
  "targets" : [
    {
      "c99name" : "BbcNewsTests",
      "module_type" : "SwiftTarget",
      "name" : "BbcNewsTests",
      "path" : "Tests/BbcNewsTests",
      "resources" : [
        {
          "path" : "/Users/admin/builder/spi-builder-workspace/Tests/BbcNewsTests/Resources",
          "rule" : {
            "copy" : {
            }
          }
        }
      ],
      "sources" : [
        "BbcNewsTests.swift",
        "FDImageTests.swift",
        "FDLinkDestinationTests.swift",
        "SchemaTests.swift",
        "UnknownableTests.swift"
      ],
      "target_dependencies" : [
        "BbcNews"
      ],
      "type" : "test"
    },
    {
      "c99name" : "BbcNews",
      "module_type" : "SwiftTarget",
      "name" : "BbcNews",
      "path" : "Sources/BbcNews",
      "product_memberships" : [
        "BbcNews"
      ],
      "sources" : [
        "BbcNews.swift",
        "Models/Discovery/Collection/FDBillboard.swift",
        "Models/Discovery/Collection/FDCarousel.swift",
        "Models/Discovery/Collection/FDCollection.swift",
        "Models/Discovery/Collection/FDHierarchicalCollection.swift",
        "Models/Discovery/Collection/FDSimpleCollection.swift",
        "Models/Discovery/Collection/FDSimplePromoGrid.swift",
        "Models/Discovery/FDBadge.swift",
        "Models/Discovery/FDBadgeType.swift",
        "Models/Discovery/FDBrand.swift",
        "Models/Discovery/FDCallToActionBanner.swift",
        "Models/Discovery/FDCallToActionButton.swift",
        "Models/Discovery/FDChipList.swift",
        "Models/Discovery/FDCollectionHeader.swift",
        "Models/Discovery/FDCopyright.swift",
        "Models/Discovery/FDSourceFormat.swift",
        "Models/Discovery/FDStoryPromo.swift",
        "Models/Discovery/FDStoryPromoStyle.swift",
        "Models/Discovery/FDTopic.swift",
        "Models/Discovery/FDTopicButton.swift",
        "Models/Discovery/FDTrackedEvent.swift",
        "Models/Discovery/FDTracker.swift",
        "Models/Discovery/FDTrackerPayload.swift",
        "Models/Discovery/Link/FDContentSource.swift",
        "Models/Discovery/Link/FDLink.swift",
        "Models/Discovery/Link/FDLinkDestination.swift",
        "Models/Discovery/Link/FDPresentation.swift",
        "Models/Discovery/Link/FDPresentationType.swift",
        "Models/Discovery/Weather/FDTemperature.swift",
        "Models/Discovery/Weather/FDWeatherForecast.swift",
        "Models/Discovery/Weather/FDWeatherIcon.swift",
        "Models/Discovery/Weather/FDWeatherLocation.swift",
        "Models/Discovery/Weather/FDWeatherPromoSummary.swift",
        "Models/Request/ReleaseTrack.swift",
        "Models/Request/Service.swift",
        "Models/ResolverResult/FDResolverResponse.swift",
        "Models/ResolverResult/FDResolverResult.swift",
        "Models/Result/FDData.swift",
        "Models/Result/FDDataMetadata.swift",
        "Models/Result/FDItem.swift",
        "Models/Result/FDResult.swift",
        "Models/Story/FDByline.swift",
        "Models/Story/FDBylineContributor.swift",
        "Models/Story/FDContentList.swift",
        "Models/Story/FDContentListOrder.swift",
        "Models/Story/FDHeadline.swift",
        "Models/Story/FDHeadlineByline.swift",
        "Models/Story/FDSectionHeader.swift",
        "Models/Story/FDVideoPortraitStory.swift",
        "Models/Story/Image/FDImage.swift",
        "Models/Story/Image/FDImageContainer.swift",
        "Models/Story/Image/FDImageMetadata.swift",
        "Models/Story/Image/FDImageSizingMethod.swift",
        "Models/Story/Image/FDImageSizingMethodType.swift",
        "Models/Story/Image/FDImageSource.swift",
        "Models/Story/Media/FDMedia.swift",
        "Models/Story/Media/FDMediaMetaData.swift",
        "Models/Story/Media/FDMediaSource.swift",
        "Models/Story/Media/FDMediaType.swift",
        "Models/Story/Text/FDAttribute.swift",
        "Models/Story/Text/FDAttributeType.swift",
        "Models/Story/Text/FDAttributedText.swift",
        "Models/Story/Text/FDAttributedTextSpan.swift",
        "Models/Story/Text/FDTextContainer.swift",
        "Models/Story/Text/FDTextContainerType.swift",
        "Utils/FailableCodable.swift",
        "Utils/JSONDecoder+DecodeWithoutThrowing.swift",
        "Utils/Logger.swift",
        "Utils/NetworkError.swift",
        "Utils/UIDevice+ModelIdentifier.swift",
        "Utils/Unknownable.swift"
      ],
      "type" : "library"
    }
  ],
  "tools_version" : "6.0"
}
{
  "workspace" : {
    "name" : "BbcNews",
    "schemes" : [
      "BbcNews"
    ]
  }
}
2026-09-21 07:54:27.297 xcodebuild[626:3853] [MT] IDERunDestination: Supported platforms for the buildables in the current scheme is empty.
2026-09-21 07:54:27.396 xcodebuild[626:3853] [MT] IDERunDestination: Supported platforms for the buildables in the current scheme is empty.
Running build ...
env DEVELOPER_DIR=/Applications/Xcode-27.0.0-Release.Candidate.app xcrun xcodebuild -IDEClonedSourcePackagesDirPathOverride=$PWD/.dependencies -skipMacroValidation -skipPackagePluginValidation -derivedDataPath $PWD/.derivedData build -scheme BbcNews -destination generic/platform=watchOS
Command line invocation:
    /Applications/Xcode-27.0.0-Release.Candidate.app/Contents/Developer/usr/bin/xcodebuild -IDEClonedSourcePackagesDirPathOverride=/Users/admin/builder/spi-builder-workspace/.dependencies -skipMacroValidation -skipPackagePluginValidation -derivedDataPath /Users/admin/builder/spi-builder-workspace/.derivedData build -scheme BbcNews -destination generic/platform=watchOS
Resolve Package Graph
Resolved source packages:
  BbcNews: /Users/admin/builder/spi-builder-workspace
ComputePackagePrebuildTargetDependencyGraph
Prepare packages
CreateBuildRequest
SendProjectDescription
CreateBuildOperation
ComputeTargetDependencyGraph
note: Building targets in dependency order
note: Target dependency graph (4 targets)
    Target 'BbcNewsTests-product' in project 'BbcNews'
        ➜ Explicit dependency on target 'BbcNews_BbcNewsTests' in project 'BbcNews'
        ➜ Explicit dependency on target 'BbcNews' in project 'BbcNews'
    Target 'BbcNews_BbcNewsTests' in project 'BbcNews' (no dependencies)
    Target 'BbcNews-product' in project 'BbcNews'
        ➜ Explicit dependency on target 'BbcNews' in project 'BbcNews'
    Target 'BbcNews' in project 'BbcNews' (no dependencies)
GatherProvisioningInputs
CreateBuildDescription
ExecuteExternalTool /Applications/Xcode-27.0.0-Release.Candidate.app/Contents/Developer/Toolchains/XcodeDefault.xctoolchain/usr/bin/clang -v -E -dM -isysroot /Applications/Xcode-27.0.0-Release.Candidate.app/Contents/Developer/Platforms/WatchOS.platform/Developer/SDKs/WatchOS27.0.sdk -x c -c /dev/null
ExecuteExternalTool /Applications/Xcode-27.0.0-Release.Candidate.app/Contents/Developer/Toolchains/XcodeDefault.xctoolchain/usr/bin/swiftc --version
ExecuteExternalTool /Applications/Xcode-27.0.0-Release.Candidate.app/Contents/Developer/Toolchains/XcodeDefault.xctoolchain/usr/bin/ld -version_details
Build description signature: 99312ee8920dc811bc982a768c9fc90d
Build description path: /Users/admin/builder/spi-builder-workspace/.derivedData/Build/Intermediates.noindex/XCBuildData/99312ee8920dc811bc982a768c9fc90d.xcbuilddata
CreateBuildDirectory /Users/admin/builder/spi-builder-workspace/.derivedData/SDKExplicitPrecompiledModules
    cd /Users/admin/builder/spi-builder-workspace/.swiftpm/xcode
    builtin-create-build-directory /Users/admin/builder/spi-builder-workspace/.derivedData/SDKExplicitPrecompiledModules
CreateBuildDirectory /Users/admin/builder/spi-builder-workspace/.derivedData/CompilationCache.noindex
    cd /Users/admin/builder/spi-builder-workspace/.swiftpm/xcode
    builtin-create-build-directory /Users/admin/builder/spi-builder-workspace/.derivedData/CompilationCache.noindex
CreateBuildDirectory /Users/admin/builder/spi-builder-workspace/.derivedData/ModuleCache.noindex
    cd /Users/admin/builder/spi-builder-workspace/.swiftpm/xcode
    builtin-create-build-directory /Users/admin/builder/spi-builder-workspace/.derivedData/ModuleCache.noindex
ClangStatCache /Applications/Xcode-27.0.0-Release.Candidate.app/Contents/Developer/Toolchains/XcodeDefault.xctoolchain/usr/bin/clang-stat-cache /Applications/Xcode-27.0.0-Release.Candidate.app/Contents/Developer/Platforms/WatchOS.platform/Developer/SDKs/WatchOS27.0.sdk /Users/admin/builder/spi-builder-workspace/.derivedData/SDKStatCaches.noindex/watchos27.0-24R360-e829b21a6f8c9b70876ba0858053c04477534ef55a1706bf4c1112bbb242f0a2.sdkstatcache
    cd /Users/admin/builder/spi-builder-workspace/.swiftpm/xcode
    /Applications/Xcode-27.0.0-Release.Candidate.app/Contents/Developer/Toolchains/XcodeDefault.xctoolchain/usr/bin/clang-stat-cache /Applications/Xcode-27.0.0-Release.Candidate.app/Contents/Developer/Platforms/WatchOS.platform/Developer/SDKs/WatchOS27.0.sdk -o /Users/admin/builder/spi-builder-workspace/.derivedData/SDKStatCaches.noindex/watchos27.0-24R360-e829b21a6f8c9b70876ba0858053c04477534ef55a1706bf4c1112bbb242f0a2.sdkstatcache
CreateBuildDirectory /Users/admin/builder/spi-builder-workspace/.derivedData/Build/Intermediates.noindex
    cd /Users/admin/builder/spi-builder-workspace/.swiftpm/xcode
    builtin-create-build-directory /Users/admin/builder/spi-builder-workspace/.derivedData/Build/Intermediates.noindex
CreateBuildDirectory /Users/admin/builder/spi-builder-workspace/.derivedData/Build/Products
    cd /Users/admin/builder/spi-builder-workspace/.swiftpm/xcode
    builtin-create-build-directory /Users/admin/builder/spi-builder-workspace/.derivedData/Build/Products
CreateBuildDirectory /Users/admin/builder/spi-builder-workspace/.derivedData/Build/Intermediates.noindex/SwiftExplicitPrecompiledModules
    cd /Users/admin/builder/spi-builder-workspace/.swiftpm/xcode
    builtin-create-build-directory /Users/admin/builder/spi-builder-workspace/.derivedData/Build/Intermediates.noindex/SwiftExplicitPrecompiledModules
CreateBuildDirectory /Users/admin/builder/spi-builder-workspace/.derivedData/Build/Intermediates.noindex/PrecompiledHeaders
    cd /Users/admin/builder/spi-builder-workspace/.swiftpm/xcode
    builtin-create-build-directory /Users/admin/builder/spi-builder-workspace/.derivedData/Build/Intermediates.noindex/PrecompiledHeaders
CreateBuildDirectory /Users/admin/builder/spi-builder-workspace/.derivedData/Build/Intermediates.noindex/ExplicitPrecompiledModules
    cd /Users/admin/builder/spi-builder-workspace/.swiftpm/xcode
    builtin-create-build-directory /Users/admin/builder/spi-builder-workspace/.derivedData/Build/Intermediates.noindex/ExplicitPrecompiledModules
CreateBuildDirectory /Users/admin/builder/spi-builder-workspace/.derivedData/Build/Intermediates.noindex/EagerLinkingTBDs/Debug-watchos
    cd /Users/admin/builder/spi-builder-workspace/.swiftpm/xcode
    builtin-create-build-directory /Users/admin/builder/spi-builder-workspace/.derivedData/Build/Intermediates.noindex/EagerLinkingTBDs/Debug-watchos
CreateBuildDirectory /Users/admin/builder/spi-builder-workspace/.derivedData/Build/Products/Debug-watchos
    cd /Users/admin/builder/spi-builder-workspace/.swiftpm/xcode
    builtin-create-build-directory /Users/admin/builder/spi-builder-workspace/.derivedData/Build/Products/Debug-watchos
CreateBuildDirectory /Users/admin/builder/spi-builder-workspace/.derivedData/Build/Products/Debug-watchos/PackageFrameworks
    cd /Users/admin/builder/spi-builder-workspace/.swiftpm/xcode
    builtin-create-build-directory /Users/admin/builder/spi-builder-workspace/.derivedData/Build/Products/Debug-watchos/PackageFrameworks
WriteAuxiliaryFile /Users/admin/builder/spi-builder-workspace/.derivedData/Build/Intermediates.noindex/BbcNews.build/Debug-watchos/BbcNewsTests-p.build/empty-BbcNewsTests.plist (in target 'BbcNewsTests-product' from project 'BbcNews')
    cd /Users/admin/builder/spi-builder-workspace
    write-file /Users/admin/builder/spi-builder-workspace/.derivedData/Build/Intermediates.noindex/BbcNews.build/Debug-watchos/BbcNewsTests-p.build/empty-BbcNewsTests.plist
WriteAuxiliaryFile /Users/admin/builder/spi-builder-workspace/.derivedData/Build/Intermediates.noindex/BbcNews.build/Debug-watchos/BbcNewsTests-p.build/Objects-normal/arm64_32/BbcNewsTests_const_extract_protocols.json (in target 'BbcNewsTests-product' from project 'BbcNews')
    cd /Users/admin/builder/spi-builder-workspace
    write-file /Users/admin/builder/spi-builder-workspace/.derivedData/Build/Intermediates.noindex/BbcNews.build/Debug-watchos/BbcNewsTests-p.build/Objects-normal/arm64_32/BbcNewsTests_const_extract_protocols.json
WriteAuxiliaryFile /Users/admin/builder/spi-builder-workspace/.derivedData/Build/Intermediates.noindex/BbcNews.build/Debug-watchos/BbcNewsTests-p.build/Objects-normal/arm64_32/BbcNewsTests.LinkFileList (in target 'BbcNewsTests-product' from project 'BbcNews')
    cd /Users/admin/builder/spi-builder-workspace
    write-file /Users/admin/builder/spi-builder-workspace/.derivedData/Build/Intermediates.noindex/BbcNews.build/Debug-watchos/BbcNewsTests-p.build/Objects-normal/arm64_32/BbcNewsTests.LinkFileList
WriteAuxiliaryFile /Users/admin/builder/spi-builder-workspace/.derivedData/Build/Intermediates.noindex/BbcNews.build/Debug-watchos/BbcNewsTests-p.build/Objects-normal/arm64/BbcNewsTests.SwiftConstValuesFileList (in target 'BbcNewsTests-product' from project 'BbcNews')
    cd /Users/admin/builder/spi-builder-workspace
    write-file /Users/admin/builder/spi-builder-workspace/.derivedData/Build/Intermediates.noindex/BbcNews.build/Debug-watchos/BbcNewsTests-p.build/Objects-normal/arm64/BbcNewsTests.SwiftConstValuesFileList
WriteAuxiliaryFile /Users/admin/builder/spi-builder-workspace/.derivedData/Build/Intermediates.noindex/BbcNews.build/Debug-watchos/BbcNewsTests-p.build/Objects-normal/arm64_32/BbcNewsTests.SwiftConstValuesFileList (in target 'BbcNewsTests-product' from project 'BbcNews')
    cd /Users/admin/builder/spi-builder-workspace
    write-file /Users/admin/builder/spi-builder-workspace/.derivedData/Build/Intermediates.noindex/BbcNews.build/Debug-watchos/BbcNewsTests-p.build/Objects-normal/arm64_32/BbcNewsTests.SwiftConstValuesFileList
WriteAuxiliaryFile /Users/admin/builder/spi-builder-workspace/.derivedData/Build/Intermediates.noindex/BbcNews.build/Debug-watchos/BbcNewsTests-p.build/Objects-normal/arm64/BbcNewsTests_const_extract_protocols.json (in target 'BbcNewsTests-product' from project 'BbcNews')
    cd /Users/admin/builder/spi-builder-workspace
    write-file /Users/admin/builder/spi-builder-workspace/.derivedData/Build/Intermediates.noindex/BbcNews.build/Debug-watchos/BbcNewsTests-p.build/Objects-normal/arm64/BbcNewsTests_const_extract_protocols.json
WriteAuxiliaryFile /Users/admin/builder/spi-builder-workspace/.derivedData/Build/Intermediates.noindex/BbcNews.build/Debug-watchos/BbcNewsTests-p.build/Objects-normal/arm64_32/BbcNewsTests-OutputFileMap.json (in target 'BbcNewsTests-product' from project 'BbcNews')
    cd /Users/admin/builder/spi-builder-workspace
    write-file /Users/admin/builder/spi-builder-workspace/.derivedData/Build/Intermediates.noindex/BbcNews.build/Debug-watchos/BbcNewsTests-p.build/Objects-normal/arm64_32/BbcNewsTests-OutputFileMap.json
WriteAuxiliaryFile /Users/admin/builder/spi-builder-workspace/.derivedData/Build/Intermediates.noindex/BbcNews.build/Debug-watchos/BbcNewsTests-p.build/Objects-normal/arm64_32/BbcNewsTests.SwiftFileList (in target 'BbcNewsTests-product' from project 'BbcNews')
    cd /Users/admin/builder/spi-builder-workspace
    write-file /Users/admin/builder/spi-builder-workspace/.derivedData/Build/Intermediates.noindex/BbcNews.build/Debug-watchos/BbcNewsTests-p.build/Objects-normal/arm64_32/BbcNewsTests.SwiftFileList
WriteAuxiliaryFile /Users/admin/builder/spi-builder-workspace/.derivedData/Build/Intermediates.noindex/BbcNews.build/Debug-watchos/BbcNewsTests-p.build/Objects-normal/arm64/BbcNewsTests.SwiftFileList (in target 'BbcNewsTests-product' from project 'BbcNews')
    cd /Users/admin/builder/spi-builder-workspace
    write-file /Users/admin/builder/spi-builder-workspace/.derivedData/Build/Intermediates.noindex/BbcNews.build/Debug-watchos/BbcNewsTests-p.build/Objects-normal/arm64/BbcNewsTests.SwiftFileList
WriteAuxiliaryFile /Users/admin/builder/spi-builder-workspace/.derivedData/Build/Intermediates.noindex/BbcNews.build/Debug-watchos/BbcNews_BbcNewsTests-b.build/empty-BbcNews_BbcNewsTests.plist (in target 'BbcNews_BbcNewsTests' from project 'BbcNews')
    cd /Users/admin/builder/spi-builder-workspace
    write-file /Users/admin/builder/spi-builder-workspace/.derivedData/Build/Intermediates.noindex/BbcNews.build/Debug-watchos/BbcNews_BbcNewsTests-b.build/empty-BbcNews_BbcNewsTests.plist
WriteAuxiliaryFile /Users/admin/builder/spi-builder-workspace/.derivedData/Build/Intermediates.noindex/BbcNews.build/Debug-watchos/BbcNews_BbcNewsTests-b.build/BbcNews_BbcNewsTests.DependencyStaticMetadataFileList (in target 'BbcNews_BbcNewsTests' from project 'BbcNews')
    cd /Users/admin/builder/spi-builder-workspace
    write-file /Users/admin/builder/spi-builder-workspace/.derivedData/Build/Intermediates.noindex/BbcNews.build/Debug-watchos/BbcNews_BbcNewsTests-b.build/BbcNews_BbcNewsTests.DependencyStaticMetadataFileList
WriteAuxiliaryFile /Users/admin/builder/spi-builder-workspace/.derivedData/Build/Intermediates.noindex/BbcNews.build/Debug-watchos/BbcNews_BbcNewsTests-b.build/BbcNews_BbcNewsTests.DependencyMetadataFileList (in target 'BbcNews_BbcNewsTests' from project 'BbcNews')
    cd /Users/admin/builder/spi-builder-workspace
    write-file /Users/admin/builder/spi-builder-workspace/.derivedData/Build/Intermediates.noindex/BbcNews.build/Debug-watchos/BbcNews_BbcNewsTests-b.build/BbcNews_BbcNewsTests.DependencyMetadataFileList
WriteAuxiliaryFile /Users/admin/builder/spi-builder-workspace/.derivedData/Build/Intermediates.noindex/BbcNews.build/Debug-watchos/BbcNewsTests-p.build/Objects-normal/arm64/BbcNewsTests.LinkFileList (in target 'BbcNewsTests-product' from project 'BbcNews')
    cd /Users/admin/builder/spi-builder-workspace
    write-file /Users/admin/builder/spi-builder-workspace/.derivedData/Build/Intermediates.noindex/BbcNews.build/Debug-watchos/BbcNewsTests-p.build/Objects-normal/arm64/BbcNewsTests.LinkFileList
WriteAuxiliaryFile /Users/admin/builder/spi-builder-workspace/.derivedData/Build/Intermediates.noindex/BbcNews.build/Debug-watchos/BbcNewsTests-p.build/Objects-normal/arm64/BbcNewsTests-OutputFileMap.json (in target 'BbcNewsTests-product' from project 'BbcNews')
    cd /Users/admin/builder/spi-builder-workspace
    write-file /Users/admin/builder/spi-builder-workspace/.derivedData/Build/Intermediates.noindex/BbcNews.build/Debug-watchos/BbcNewsTests-p.build/Objects-normal/arm64/BbcNewsTests-OutputFileMap.json
WriteAuxiliaryFile /Users/admin/builder/spi-builder-workspace/.derivedData/Build/Intermediates.noindex/BbcNews.build/Debug-watchos/BbcNewsTests-p.build/BbcNewsTests.DependencyStaticMetadataFileList (in target 'BbcNewsTests-product' from project 'BbcNews')
    cd /Users/admin/builder/spi-builder-workspace
    write-file /Users/admin/builder/spi-builder-workspace/.derivedData/Build/Intermediates.noindex/BbcNews.build/Debug-watchos/BbcNewsTests-p.build/BbcNewsTests.DependencyStaticMetadataFileList
WriteAuxiliaryFile /Users/admin/builder/spi-builder-workspace/.derivedData/Build/Intermediates.noindex/BbcNews.build/Debug-watchos/BbcNewsTests-p.build/BbcNewsTests.DependencyMetadataFileList (in target 'BbcNewsTests-product' from project 'BbcNews')
    cd /Users/admin/builder/spi-builder-workspace
    write-file /Users/admin/builder/spi-builder-workspace/.derivedData/Build/Intermediates.noindex/BbcNews.build/Debug-watchos/BbcNewsTests-p.build/BbcNewsTests.DependencyMetadataFileList
WriteAuxiliaryFile /Users/admin/builder/spi-builder-workspace/.derivedData/Build/Intermediates.noindex/BbcNews.build/Debug-watchos/BbcNewsTests-p.build/DerivedSources/resource_bundle_accessor.swift (in target 'BbcNewsTests-product' from project 'BbcNews')
    cd /Users/admin/builder/spi-builder-workspace
    write-file /Users/admin/builder/spi-builder-workspace/.derivedData/Build/Intermediates.noindex/BbcNews.build/Debug-watchos/BbcNewsTests-p.build/DerivedSources/resource_bundle_accessor.swift
WriteAuxiliaryFile /Users/admin/builder/spi-builder-workspace/.derivedData/Build/Intermediates.noindex/BbcNews.build/Debug-watchos/BbcNews-t.build/Objects-normal/arm64_32/BbcNews_const_extract_protocols.json (in target 'BbcNews' from project 'BbcNews')
    cd /Users/admin/builder/spi-builder-workspace
    write-file /Users/admin/builder/spi-builder-workspace/.derivedData/Build/Intermediates.noindex/BbcNews.build/Debug-watchos/BbcNews-t.build/Objects-normal/arm64_32/BbcNews_const_extract_protocols.json
WriteAuxiliaryFile /Users/admin/builder/spi-builder-workspace/.derivedData/Build/Intermediates.noindex/BbcNews.build/Debug-watchos/BbcNews-t.build/Objects-normal/arm64_32/BbcNews.SwiftFileList (in target 'BbcNews' from project 'BbcNews')
    cd /Users/admin/builder/spi-builder-workspace
    write-file /Users/admin/builder/spi-builder-workspace/.derivedData/Build/Intermediates.noindex/BbcNews.build/Debug-watchos/BbcNews-t.build/Objects-normal/arm64_32/BbcNews.SwiftFileList
WriteAuxiliaryFile /Users/admin/builder/spi-builder-workspace/.derivedData/Build/Intermediates.noindex/BbcNews.build/Debug-watchos/BbcNews-t.build/Objects-normal/arm64_32/BbcNews.SwiftConstValuesFileList (in target 'BbcNews' from project 'BbcNews')
    cd /Users/admin/builder/spi-builder-workspace
    write-file /Users/admin/builder/spi-builder-workspace/.derivedData/Build/Intermediates.noindex/BbcNews.build/Debug-watchos/BbcNews-t.build/Objects-normal/arm64_32/BbcNews.SwiftConstValuesFileList
WriteAuxiliaryFile /Users/admin/builder/spi-builder-workspace/.derivedData/Build/Intermediates.noindex/BbcNews.build/Debug-watchos/BbcNews-t.build/Objects-normal/arm64_32/BbcNews.LinkFileList (in target 'BbcNews' from project 'BbcNews')
    cd /Users/admin/builder/spi-builder-workspace
    write-file /Users/admin/builder/spi-builder-workspace/.derivedData/Build/Intermediates.noindex/BbcNews.build/Debug-watchos/BbcNews-t.build/Objects-normal/arm64_32/BbcNews.LinkFileList
WriteAuxiliaryFile /Users/admin/builder/spi-builder-workspace/.derivedData/Build/Intermediates.noindex/BbcNews.build/Debug-watchos/BbcNews-t.build/Objects-normal/arm64_32/BbcNews-OutputFileMap.json (in target 'BbcNews' from project 'BbcNews')
    cd /Users/admin/builder/spi-builder-workspace
    write-file /Users/admin/builder/spi-builder-workspace/.derivedData/Build/Intermediates.noindex/BbcNews.build/Debug-watchos/BbcNews-t.build/Objects-normal/arm64_32/BbcNews-OutputFileMap.json
WriteAuxiliaryFile /Users/admin/builder/spi-builder-workspace/.derivedData/Build/Intermediates.noindex/BbcNews.build/Debug-watchos/BbcNews-t.build/Objects-normal/arm64/BbcNews_const_extract_protocols.json (in target 'BbcNews' from project 'BbcNews')
    cd /Users/admin/builder/spi-builder-workspace
    write-file /Users/admin/builder/spi-builder-workspace/.derivedData/Build/Intermediates.noindex/BbcNews.build/Debug-watchos/BbcNews-t.build/Objects-normal/arm64/BbcNews_const_extract_protocols.json
WriteAuxiliaryFile /Users/admin/builder/spi-builder-workspace/.derivedData/Build/Intermediates.noindex/BbcNews.build/Debug-watchos/BbcNews-t.build/Objects-normal/arm64/BbcNews.SwiftFileList (in target 'BbcNews' from project 'BbcNews')
    cd /Users/admin/builder/spi-builder-workspace
    write-file /Users/admin/builder/spi-builder-workspace/.derivedData/Build/Intermediates.noindex/BbcNews.build/Debug-watchos/BbcNews-t.build/Objects-normal/arm64/BbcNews.SwiftFileList
WriteAuxiliaryFile /Users/admin/builder/spi-builder-workspace/.derivedData/Build/Intermediates.noindex/BbcNews.build/Debug-watchos/BbcNews-t.build/Objects-normal/arm64/BbcNews.SwiftConstValuesFileList (in target 'BbcNews' from project 'BbcNews')
    cd /Users/admin/builder/spi-builder-workspace
    write-file /Users/admin/builder/spi-builder-workspace/.derivedData/Build/Intermediates.noindex/BbcNews.build/Debug-watchos/BbcNews-t.build/Objects-normal/arm64/BbcNews.SwiftConstValuesFileList
WriteAuxiliaryFile /Users/admin/builder/spi-builder-workspace/.derivedData/Build/Intermediates.noindex/BbcNews.build/Debug-watchos/BbcNews-t.build/Objects-normal/arm64/BbcNews.LinkFileList (in target 'BbcNews' from project 'BbcNews')
    cd /Users/admin/builder/spi-builder-workspace
    write-file /Users/admin/builder/spi-builder-workspace/.derivedData/Build/Intermediates.noindex/BbcNews.build/Debug-watchos/BbcNews-t.build/Objects-normal/arm64/BbcNews.LinkFileList
WriteAuxiliaryFile /Users/admin/builder/spi-builder-workspace/.derivedData/Build/Intermediates.noindex/BbcNews.build/Debug-watchos/BbcNews-t.build/Objects-normal/arm64/BbcNews-OutputFileMap.json (in target 'BbcNews' from project 'BbcNews')
    cd /Users/admin/builder/spi-builder-workspace
    write-file /Users/admin/builder/spi-builder-workspace/.derivedData/Build/Intermediates.noindex/BbcNews.build/Debug-watchos/BbcNews-t.build/Objects-normal/arm64/BbcNews-OutputFileMap.json
WriteAuxiliaryFile /Users/admin/builder/spi-builder-workspace/.derivedData/Build/Intermediates.noindex/BbcNews.build/Debug-watchos/BbcNews-t.build/BbcNews.modulemap (in target 'BbcNews' from project 'BbcNews')
    cd /Users/admin/builder/spi-builder-workspace
    write-file /Users/admin/builder/spi-builder-workspace/.derivedData/Build/Intermediates.noindex/BbcNews.build/Debug-watchos/BbcNews-t.build/BbcNews.modulemap
WriteAuxiliaryFile /Users/admin/builder/spi-builder-workspace/.derivedData/Build/Intermediates.noindex/BbcNews.build/Debug-watchos/BbcNews-t.build/BbcNews.DependencyStaticMetadataFileList (in target 'BbcNews' from project 'BbcNews')
    cd /Users/admin/builder/spi-builder-workspace
    write-file /Users/admin/builder/spi-builder-workspace/.derivedData/Build/Intermediates.noindex/BbcNews.build/Debug-watchos/BbcNews-t.build/BbcNews.DependencyStaticMetadataFileList
WriteAuxiliaryFile /Users/admin/builder/spi-builder-workspace/.derivedData/Build/Intermediates.noindex/BbcNews.build/Debug-watchos/BbcNews-t.build/BbcNews.DependencyMetadataFileList (in target 'BbcNews' from project 'BbcNews')
    cd /Users/admin/builder/spi-builder-workspace
    write-file /Users/admin/builder/spi-builder-workspace/.derivedData/Build/Intermediates.noindex/BbcNews.build/Debug-watchos/BbcNews-t.build/BbcNews.DependencyMetadataFileList
MkDir /Users/admin/builder/spi-builder-workspace/.derivedData/Build/Products/Debug-watchos/BbcNews_BbcNewsTests.bundle (in target 'BbcNews_BbcNewsTests' from project 'BbcNews')
    cd /Users/admin/builder/spi-builder-workspace
    /bin/mkdir -p /Users/admin/builder/spi-builder-workspace/.derivedData/Build/Products/Debug-watchos/BbcNews_BbcNewsTests.bundle
MkDir /Users/admin/builder/spi-builder-workspace/.derivedData/Build/Products/Debug-watchos/BbcNewsTests.xctest (in target 'BbcNewsTests-product' from project 'BbcNews')
    cd /Users/admin/builder/spi-builder-workspace
    /bin/mkdir -p /Users/admin/builder/spi-builder-workspace/.derivedData/Build/Products/Debug-watchos/BbcNewsTests.xctest
Copy /Users/admin/builder/spi-builder-workspace/.derivedData/Build/Intermediates.noindex/GeneratedModuleMaps-watchos/BbcNews.modulemap /Users/admin/builder/spi-builder-workspace/.derivedData/Build/Intermediates.noindex/BbcNews.build/Debug-watchos/BbcNews-t.build/BbcNews.modulemap (in target 'BbcNews' from project 'BbcNews')
    cd /Users/admin/builder/spi-builder-workspace
    builtin-copy -exclude .DS_Store -exclude CVS -exclude .svn -exclude .git -exclude .hg -resolve-src-symlinks /Users/admin/builder/spi-builder-workspace/.derivedData/Build/Intermediates.noindex/BbcNews.build/Debug-watchos/BbcNews-t.build/BbcNews.modulemap /Users/admin/builder/spi-builder-workspace/.derivedData/Build/Intermediates.noindex/GeneratedModuleMaps-watchos
CpResource /Users/admin/builder/spi-builder-workspace/.derivedData/Build/Products/Debug-watchos/BbcNews_BbcNewsTests.bundle/Resources /Users/admin/builder/spi-builder-workspace/Tests/BbcNewsTests/Resources (in target 'BbcNews_BbcNewsTests' from project 'BbcNews')
    cd /Users/admin/builder/spi-builder-workspace
    builtin-copy -exclude .DS_Store -exclude CVS -exclude .svn -exclude .git -exclude .hg -resolve-src-symlinks /Users/admin/builder/spi-builder-workspace/Tests/BbcNewsTests/Resources /Users/admin/builder/spi-builder-workspace/.derivedData/Build/Products/Debug-watchos/BbcNews_BbcNewsTests.bundle
ProcessInfoPlistFile /Users/admin/builder/spi-builder-workspace/.derivedData/Build/Products/Debug-watchos/BbcNews_BbcNewsTests.bundle/Info.plist /Users/admin/builder/spi-builder-workspace/.derivedData/Build/Intermediates.noindex/BbcNews.build/Debug-watchos/BbcNews_BbcNewsTests-b.build/empty-BbcNews_BbcNewsTests.plist (in target 'BbcNews_BbcNewsTests' from project 'BbcNews')
    cd /Users/admin/builder/spi-builder-workspace
    builtin-infoPlistUtility /Users/admin/builder/spi-builder-workspace/.derivedData/Build/Intermediates.noindex/BbcNews.build/Debug-watchos/BbcNews_BbcNewsTests-b.build/empty-BbcNews_BbcNewsTests.plist -producttype com.apple.product-type.bundle -expandbuildsettings -format binary -platform watchos -o /Users/admin/builder/spi-builder-workspace/.derivedData/Build/Products/Debug-watchos/BbcNews_BbcNewsTests.bundle/Info.plist
RegisterExecutionPolicyException /Users/admin/builder/spi-builder-workspace/.derivedData/Build/Products/Debug-watchos/BbcNews_BbcNewsTests.bundle (in target 'BbcNews_BbcNewsTests' from project 'BbcNews')
    cd /Users/admin/builder/spi-builder-workspace
    builtin-RegisterExecutionPolicyException /Users/admin/builder/spi-builder-workspace/.derivedData/Build/Products/Debug-watchos/BbcNews_BbcNewsTests.bundle
Touch /Users/admin/builder/spi-builder-workspace/.derivedData/Build/Products/Debug-watchos/BbcNews_BbcNewsTests.bundle (in target 'BbcNews_BbcNewsTests' from project 'BbcNews')
    cd /Users/admin/builder/spi-builder-workspace
    /usr/bin/touch -c /Users/admin/builder/spi-builder-workspace/.derivedData/Build/Products/Debug-watchos/BbcNews_BbcNewsTests.bundle
SwiftDriver BbcNews normal arm64 com.apple.xcode.tools.swift.compiler (in target 'BbcNews' from project 'BbcNews')
    cd /Users/admin/builder/spi-builder-workspace/.swiftpm/xcode
    builtin-SwiftDriver -- /Applications/Xcode-27.0.0-Release.Candidate.app/Contents/Developer/Toolchains/XcodeDefault.xctoolchain/usr/bin/swiftc -parse-as-library -module-name BbcNews -Onone @/Users/admin/builder/spi-builder-workspace/.derivedData/Build/Intermediates.noindex/BbcNews.build/Debug-watchos/BbcNews-t.build/Objects-normal/arm64/BbcNews.SwiftFileList -DSWIFT_PACKAGE -DDEBUG -DSWIFT_MODULE_RESOURCE_BUNDLE_UNAVAILABLE -DXcode -plugin-path /Applications/Xcode-27.0.0-Release.Candidate.app/Contents/Developer/Toolchains/XcodeDefault.xctoolchain/usr/lib/swift/host/plugins/testing -enable-experimental-feature DebugDescriptionMacro -sdk /Applications/Xcode-27.0.0-Release.Candidate.app/Contents/Developer/Platforms/WatchOS.platform/Developer/SDKs/WatchOS27.0.sdk -target arm64-apple-watchos9.0 -g -module-cache-path /Users/admin/builder/spi-builder-workspace/.derivedData/ModuleCache.noindex -Xfrontend -serialize-debugging-options -profile-coverage-mapping -profile-generate -enable-testing -index-store-path /Users/admin/builder/spi-builder-workspace/.derivedData/Index.noindex/DataStore -Xcc -D_LIBCPP_HARDENING_MODE\=_LIBCPP_HARDENING_MODE_DEBUG -swift-version 6 -I /Users/admin/builder/spi-builder-workspace/.derivedData/Build/Products/Debug-watchos -Isystem /Applications/Xcode-27.0.0-Release.Candidate.app/Contents/Developer/Platforms/WatchOS.platform/Developer/usr/lib -F /Users/admin/builder/spi-builder-workspace/.derivedData/Build/Products/Debug-watchos -F /Applications/Xcode-27.0.0-Release.Candidate.app/Contents/Developer/Platforms/WatchOS.platform/Developer/Library/Frameworks -F /Applications/Xcode-27.0.0-Release.Candidate.app/Contents/Developer/Platforms/WatchOS.platform/Developer/SDKs/WatchOS27.0.sdk/Developer/Library/Frameworks -c -j10 -enable-batch-mode -incremental -Xcc -ivfsstatcache -Xcc /Users/admin/builder/spi-builder-workspace/.derivedData/SDKStatCaches.noindex/watchos27.0-24R360-e829b21a6f8c9b70876ba0858053c04477534ef55a1706bf4c1112bbb242f0a2.sdkstatcache -output-file-map /Users/admin/builder/spi-builder-workspace/.derivedData/Build/Intermediates.noindex/BbcNews.build/Debug-watchos/BbcNews-t.build/Objects-normal/arm64/BbcNews-OutputFileMap.json -save-temps -no-color-diagnostics -explicit-module-build -module-cache-path /Users/admin/builder/spi-builder-workspace/.derivedData/Build/Intermediates.noindex/SwiftExplicitPrecompiledModules -clang-scanner-module-cache-path /Users/admin/builder/spi-builder-workspace/.derivedData/ModuleCache.noindex -sdk-module-cache-path /Users/admin/builder/spi-builder-workspace/.derivedData/SDKExplicitPrecompiledModules -emit-dependencies -emit-module -emit-module-path /Users/admin/builder/spi-builder-workspace/.derivedData/Build/Intermediates.noindex/BbcNews.build/Debug-watchos/BbcNews-t.build/Objects-normal/arm64/BbcNews.swiftmodule -serialize-diagnostics -dependency-scan-serialize-diagnostics-path /Users/admin/builder/spi-builder-workspace/.derivedData/Build/Intermediates.noindex/BbcNews.build/Debug-watchos/BbcNews-t.build/Objects-normal/arm64/BbcNews-dependency-scan.dia -validate-clang-modules-once -clang-build-session-file /Users/admin/builder/spi-builder-workspace/.derivedData/ModuleCache.noindex/Session.modulevalidation -Xcc -fmodules-prune-interval\=86400 -Xcc -fmodules-prune-after\=345600 -package-name spi_builder_workspace -emit-const-values -const-gather-protocols-list /Users/admin/builder/spi-builder-workspace/.derivedData/Build/Intermediates.noindex/BbcNews.build/Debug-watchos/BbcNews-t.build/Objects-normal/arm64/BbcNews_const_extract_protocols.json -Xcc -I/Users/admin/builder/spi-builder-workspace/.derivedData/Build/Products/Debug-watchos/include -Xcc -I/Users/admin/builder/spi-builder-workspace/.derivedData/Build/Intermediates.noindex/BbcNews.build/Debug-watchos/BbcNews-t.build/DerivedSources-normal/arm64 -Xcc -I/Users/admin/builder/spi-builder-workspace/.derivedData/Build/Intermediates.noindex/BbcNews.build/Debug-watchos/BbcNews-t.build/DerivedSources/arm64 -Xcc -I/Users/admin/builder/spi-builder-workspace/.derivedData/Build/Intermediates.noindex/BbcNews.build/Debug-watchos/BbcNews-t.build/DerivedSources -Xcc -DSWIFT_PACKAGE -Xcc -DDEBUG\=1 -emit-objc-header -emit-objc-header-path /Users/admin/builder/spi-builder-workspace/.derivedData/Build/Intermediates.noindex/BbcNews.build/Debug-watchos/BbcNews-t.build/Objects-normal/arm64/BbcNews-Swift.h -working-directory /Users/admin/builder/spi-builder-workspace/.swiftpm/xcode -experimental-emit-module-separately -disable-cmo
SwiftDriver BbcNews normal arm64_32 com.apple.xcode.tools.swift.compiler (in target 'BbcNews' from project 'BbcNews')
    cd /Users/admin/builder/spi-builder-workspace/.swiftpm/xcode
    builtin-SwiftDriver -- /Applications/Xcode-27.0.0-Release.Candidate.app/Contents/Developer/Toolchains/XcodeDefault.xctoolchain/usr/bin/swiftc -parse-as-library -module-name BbcNews -Onone @/Users/admin/builder/spi-builder-workspace/.derivedData/Build/Intermediates.noindex/BbcNews.build/Debug-watchos/BbcNews-t.build/Objects-normal/arm64_32/BbcNews.SwiftFileList -DSWIFT_PACKAGE -DDEBUG -DSWIFT_MODULE_RESOURCE_BUNDLE_UNAVAILABLE -DXcode -plugin-path /Applications/Xcode-27.0.0-Release.Candidate.app/Contents/Developer/Toolchains/XcodeDefault.xctoolchain/usr/lib/swift/host/plugins/testing -enable-experimental-feature DebugDescriptionMacro -sdk /Applications/Xcode-27.0.0-Release.Candidate.app/Contents/Developer/Platforms/WatchOS.platform/Developer/SDKs/WatchOS27.0.sdk -target arm64_32-apple-watchos9.0 -g -module-cache-path /Users/admin/builder/spi-builder-workspace/.derivedData/ModuleCache.noindex -Xfrontend -serialize-debugging-options -profile-coverage-mapping -profile-generate -enable-testing -index-store-path /Users/admin/builder/spi-builder-workspace/.derivedData/Index.noindex/DataStore -Xcc -D_LIBCPP_HARDENING_MODE\=_LIBCPP_HARDENING_MODE_DEBUG -swift-version 6 -I /Users/admin/builder/spi-builder-workspace/.derivedData/Build/Products/Debug-watchos -Isystem /Applications/Xcode-27.0.0-Release.Candidate.app/Contents/Developer/Platforms/WatchOS.platform/Developer/usr/lib -F /Users/admin/builder/spi-builder-workspace/.derivedData/Build/Products/Debug-watchos -F /Applications/Xcode-27.0.0-Release.Candidate.app/Contents/Developer/Platforms/WatchOS.platform/Developer/Library/Frameworks -F /Applications/Xcode-27.0.0-Release.Candidate.app/Contents/Developer/Platforms/WatchOS.platform/Developer/SDKs/WatchOS27.0.sdk/Developer/Library/Frameworks -c -j10 -enable-batch-mode -incremental -Xcc -ivfsstatcache -Xcc /Users/admin/builder/spi-builder-workspace/.derivedData/SDKStatCaches.noindex/watchos27.0-24R360-e829b21a6f8c9b70876ba0858053c04477534ef55a1706bf4c1112bbb242f0a2.sdkstatcache -output-file-map /Users/admin/builder/spi-builder-workspace/.derivedData/Build/Intermediates.noindex/BbcNews.build/Debug-watchos/BbcNews-t.build/Objects-normal/arm64_32/BbcNews-OutputFileMap.json -save-temps -no-color-diagnostics -explicit-module-build -module-cache-path /Users/admin/builder/spi-builder-workspace/.derivedData/Build/Intermediates.noindex/SwiftExplicitPrecompiledModules -clang-scanner-module-cache-path /Users/admin/builder/spi-builder-workspace/.derivedData/ModuleCache.noindex -sdk-module-cache-path /Users/admin/builder/spi-builder-workspace/.derivedData/SDKExplicitPrecompiledModules -emit-dependencies -emit-module -emit-module-path /Users/admin/builder/spi-builder-workspace/.derivedData/Build/Intermediates.noindex/BbcNews.build/Debug-watchos/BbcNews-t.build/Objects-normal/arm64_32/BbcNews.swiftmodule -serialize-diagnostics -dependency-scan-serialize-diagnostics-path /Users/admin/builder/spi-builder-workspace/.derivedData/Build/Intermediates.noindex/BbcNews.build/Debug-watchos/BbcNews-t.build/Objects-normal/arm64_32/BbcNews-dependency-scan.dia -validate-clang-modules-once -clang-build-session-file /Users/admin/builder/spi-builder-workspace/.derivedData/ModuleCache.noindex/Session.modulevalidation -Xcc -fmodules-prune-interval\=86400 -Xcc -fmodules-prune-after\=345600 -package-name spi_builder_workspace -emit-const-values -const-gather-protocols-list /Users/admin/builder/spi-builder-workspace/.derivedData/Build/Intermediates.noindex/BbcNews.build/Debug-watchos/BbcNews-t.build/Objects-normal/arm64_32/BbcNews_const_extract_protocols.json -Xcc -I/Users/admin/builder/spi-builder-workspace/.derivedData/Build/Products/Debug-watchos/include -Xcc -I/Users/admin/builder/spi-builder-workspace/.derivedData/Build/Intermediates.noindex/BbcNews.build/Debug-watchos/BbcNews-t.build/DerivedSources-normal/arm64_32 -Xcc -I/Users/admin/builder/spi-builder-workspace/.derivedData/Build/Intermediates.noindex/BbcNews.build/Debug-watchos/BbcNews-t.build/DerivedSources/arm64_32 -Xcc -I/Users/admin/builder/spi-builder-workspace/.derivedData/Build/Intermediates.noindex/BbcNews.build/Debug-watchos/BbcNews-t.build/DerivedSources -Xcc -DSWIFT_PACKAGE -Xcc -DDEBUG\=1 -emit-objc-header -emit-objc-header-path /Users/admin/builder/spi-builder-workspace/.derivedData/Build/Intermediates.noindex/BbcNews.build/Debug-watchos/BbcNews-t.build/Objects-normal/arm64_32/BbcNews-Swift.h -working-directory /Users/admin/builder/spi-builder-workspace/.swiftpm/xcode -experimental-emit-module-separately -disable-cmo
SwiftExplicitDependencyGeneratePcm arm64_32 /Users/admin/builder/spi-builder-workspace/.derivedData/SDKExplicitPrecompiledModules/_AvailabilityInternal-22ZP1ILSQW16KHXZS5GBZHOCS.pcm
SwiftExplicitDependencyGeneratePcm arm64_32 /Users/admin/builder/spi-builder-workspace/.derivedData/SDKExplicitPrecompiledModules/_Builtin_stdbool-84ZA1VDW90AGWZ2LF5KOCM8DZ.pcm
SwiftExplicitDependencyGeneratePcm arm64_32 /Users/admin/builder/spi-builder-workspace/.derivedData/SDKExplicitPrecompiledModules/_Builtin_stddef-2F9BFIPBQ5EWNSK5G7G7V4EKL.pcm
SwiftExplicitDependencyGeneratePcm arm64_32 /Users/admin/builder/spi-builder-workspace/.derivedData/SDKExplicitPrecompiledModules/SwiftShims-D9VBB138U50XYYGW2C2V21N3L.pcm
SwiftExplicitDependencyGeneratePcm arm64_32 /Users/admin/builder/spi-builder-workspace/.derivedData/SDKExplicitPrecompiledModules/_SwiftConcurrencyShims-58G4ISYSYDV3AT1DDGEE0QCUF.pcm
SwiftExplicitDependencyGeneratePcm arm64_32 /Users/admin/builder/spi-builder-workspace/.derivedData/SDKExplicitPrecompiledModules/ptrcheck-EAZ3I917ZFA9H6ZCL6PGLG4TR.pcm
SwiftExplicitDependencyGeneratePcm arm64_32 /Users/admin/builder/spi-builder-workspace/.derivedData/SDKExplicitPrecompiledModules/_Builtin_float-372PLGDQ1U3B6Z5EA5DJMDORJ.pcm
SwiftExplicitDependencyGeneratePcm arm64_32 /Users/admin/builder/spi-builder-workspace/.derivedData/SDKExplicitPrecompiledModules/_Builtin_stdarg-EYJP6DFYQL9GJLH1TJ84A8MHV.pcm
SwiftExplicitDependencyGeneratePcm arm64_32 /Users/admin/builder/spi-builder-workspace/.derivedData/SDKExplicitPrecompiledModules/ptrauth-EW7YZZ7LEZE1QZF2T8148IPSA.pcm
SwiftExplicitDependencyGeneratePcm arm64_32 /Users/admin/builder/spi-builder-workspace/.derivedData/SDKExplicitPrecompiledModules/DeveloperToolsSupport-3FQKKPF3BW0SWE1YUZ86OZWIB.pcm
SwiftExplicitDependencyGeneratePcm arm64 /Users/admin/builder/spi-builder-workspace/.derivedData/SDKExplicitPrecompiledModules/_Builtin_stdbool-B692L2PMR118794VVYBG37897.pcm
SwiftExplicitDependencyGeneratePcm arm64 /Users/admin/builder/spi-builder-workspace/.derivedData/SDKExplicitPrecompiledModules/_Builtin_float-E4M4A8689VXF1T7P7BV56IKBT.pcm
SwiftExplicitDependencyGeneratePcm arm64 /Users/admin/builder/spi-builder-workspace/.derivedData/SDKExplicitPrecompiledModules/_SwiftConcurrencyShims-CTPSFSTDCBVSSQFHL6I305U72.pcm
SwiftExplicitDependencyGeneratePcm arm64 /Users/admin/builder/spi-builder-workspace/.derivedData/SDKExplicitPrecompiledModules/_Builtin_stddef-5OH846KKUPSJJT7GCX9XU1TKG.pcm
SwiftExplicitDependencyGeneratePcm arm64 /Users/admin/builder/spi-builder-workspace/.derivedData/SDKExplicitPrecompiledModules/ptrauth-C7VQASAJ967Q4Q6SRD4I3CFWZ.pcm
SwiftExplicitDependencyGeneratePcm arm64 /Users/admin/builder/spi-builder-workspace/.derivedData/SDKExplicitPrecompiledModules/_AvailabilityInternal-42EVAC8Q6P1ZT6G3A168N97G4.pcm
SwiftExplicitDependencyGeneratePcm arm64 /Users/admin/builder/spi-builder-workspace/.derivedData/SDKExplicitPrecompiledModules/ptrcheck-8K07997SIHO7YGY7UQ3LOQ3TJ.pcm
SwiftExplicitDependencyGeneratePcm arm64 /Users/admin/builder/spi-builder-workspace/.derivedData/SDKExplicitPrecompiledModules/SwiftShims-AJ4AZYHQNC33R5RLN7AGEIOMP.pcm
SwiftExplicitDependencyGeneratePcm arm64 /Users/admin/builder/spi-builder-workspace/.derivedData/SDKExplicitPrecompiledModules/_Builtin_stdarg-3X4KLXUYEI0UGBILP4X7D0CYW.pcm
SwiftExplicitDependencyGeneratePcm arm64_32 /Users/admin/builder/spi-builder-workspace/.derivedData/SDKExplicitPrecompiledModules/_DarwinFoundation1-5SNIO0SFHX9KJZTLQGIPAPXUZ.pcm
SwiftExplicitDependencyGeneratePcm arm64 /Users/admin/builder/spi-builder-workspace/.derivedData/SDKExplicitPrecompiledModules/DeveloperToolsSupport-CL5QT3CW0ZM498PFTWG64QMLA.pcm
SwiftExplicitDependencyGeneratePcm arm64 /Users/admin/builder/spi-builder-workspace/.derivedData/SDKExplicitPrecompiledModules/_DarwinFoundation1-7YQ9TVI7XTOGQU9OADRXP33D1.pcm
SwiftExplicitDependencyGeneratePcm arm64_32 /Users/admin/builder/spi-builder-workspace/.derivedData/SDKExplicitPrecompiledModules/_DarwinFoundation2-FP2Q8F1Q2HR151SBYKTU6Q8B.pcm
SwiftExplicitDependencyGeneratePcm arm64_32 /Users/admin/builder/spi-builder-workspace/.derivedData/SDKExplicitPrecompiledModules/_Builtin_limits-AQMEC9CLG0FZQN6TLGDQ6WF78.pcm
SwiftExplicitDependencyGeneratePcm arm64 /Users/admin/builder/spi-builder-workspace/.derivedData/SDKExplicitPrecompiledModules/_DarwinFoundation2-CUPL4FH2SA95GMALQP4M6O8UA.pcm
SwiftExplicitDependencyGeneratePcm arm64 /Users/admin/builder/spi-builder-workspace/.derivedData/SDKExplicitPrecompiledModules/_Builtin_limits-75TRA1C7IHYOFCG3KJXQVTHJ4.pcm
SwiftExplicitDependencyGeneratePcm arm64_32 /Users/admin/builder/spi-builder-workspace/.derivedData/SDKExplicitPrecompiledModules/_Builtin_stdint-6IWJLTRH2WB6RCG4THPA65RDS.pcm
SwiftExplicitDependencyGeneratePcm arm64_32 /Users/admin/builder/spi-builder-workspace/.derivedData/SDKExplicitPrecompiledModules/sys_types-65NN51P1G7GN2GUAUPC53JJ7N.pcm
SwiftExplicitDependencyGeneratePcm arm64_32 /Users/admin/builder/spi-builder-workspace/.derivedData/SDKExplicitPrecompiledModules/string_h-8QY7P4ZQXQAF14WVDITTM4R70.pcm
SwiftExplicitDependencyGeneratePcm arm64_32 /Users/admin/builder/spi-builder-workspace/.derivedData/SDKExplicitPrecompiledModules/_Builtin_tgmath-414CVW1GW3IL0HRLCNNCS6Q0U.pcm
SwiftExplicitDependencyGeneratePcm arm64 /Users/admin/builder/spi-builder-workspace/.derivedData/SDKExplicitPrecompiledModules/string_h-4N9Z22C0HUO8GV7GFPCLZRZA2.pcm
SwiftExplicitDependencyGeneratePcm arm64 /Users/admin/builder/spi-builder-workspace/.derivedData/SDKExplicitPrecompiledModules/sys_types-9KPVYINL86WUSHF45TU8PWZZ1.pcm
SwiftExplicitDependencyGeneratePcm arm64 /Users/admin/builder/spi-builder-workspace/.derivedData/SDKExplicitPrecompiledModules/_Builtin_stdint-6TUACK4YPMARFT56PLIO388SJ.pcm
SwiftExplicitDependencyGeneratePcm arm64 /Users/admin/builder/spi-builder-workspace/.derivedData/SDKExplicitPrecompiledModules/_Builtin_tgmath-7JP2AE1NQHA1DV5JYP2OHQ3BF.pcm
SwiftExplicitDependencyGeneratePcm arm64_32 /Users/admin/builder/spi-builder-workspace/.derivedData/SDKExplicitPrecompiledModules/_DarwinFoundation3-3YOBOPIW2MF1LRNQH7JBUBY4G.pcm
SwiftExplicitDependencyGeneratePcm arm64_32 /Users/admin/builder/spi-builder-workspace/.derivedData/SDKExplicitPrecompiledModules/_Builtin_intrinsics-2K07JIG9ZANIKHSNPO3O6L1K6.pcm
SwiftExplicitDependencyGeneratePcm arm64_32 /Users/admin/builder/spi-builder-workspace/.derivedData/SDKExplicitPrecompiledModules/_Builtin_stdatomic-D2FE5M7JS5NQA5JDADVERWJM4.pcm
SwiftExplicitDependencyGeneratePcm arm64 /Users/admin/builder/spi-builder-workspace/.derivedData/SDKExplicitPrecompiledModules/_DarwinFoundation3-EJXZKD8LN9EYM9OWP9VLJ49PK.pcm
SwiftExplicitDependencyGeneratePcm arm64 /Users/admin/builder/spi-builder-workspace/.derivedData/SDKExplicitPrecompiledModules/_Builtin_intrinsics-SQV576LJA0QE7RW5HF7CQ1BX.pcm
SwiftExplicitDependencyGeneratePcm arm64 /Users/admin/builder/spi-builder-workspace/.derivedData/SDKExplicitPrecompiledModules/_Builtin_stdatomic-25T9UW3XDYID74302F31PX0RP.pcm
SwiftExplicitDependencyGeneratePcm arm64_32 /Users/admin/builder/spi-builder-workspace/.derivedData/SDKExplicitPrecompiledModules/_Builtin_inttypes-BPZJ68HW1IMYWSHROAZ0IMUJP.pcm
SwiftExplicitDependencyGeneratePcm arm64_32 /Users/admin/builder/spi-builder-workspace/.derivedData/SDKExplicitPrecompiledModules/Darwin-10D35ZJWCWG7LJAF579U7I5V7.pcm
SwiftExplicitDependencyGeneratePcm arm64 /Users/admin/builder/spi-builder-workspace/.derivedData/SDKExplicitPrecompiledModules/_Builtin_inttypes-86YTNV5YADPJXFMJ82N3R4GWQ.pcm
SwiftExplicitDependencyGeneratePcm arm64 /Users/admin/builder/spi-builder-workspace/.derivedData/SDKExplicitPrecompiledModules/Darwin-CSB8C43KELVSFIQVR0803IZPN.pcm
SwiftExplicitDependencyGeneratePcm arm64_32 /Users/admin/builder/spi-builder-workspace/.derivedData/SDKExplicitPrecompiledModules/simd-1W6O8NR1QUSWJGAN44DNNWVHX.pcm
SwiftExplicitDependencyGeneratePcm arm64 /Users/admin/builder/spi-builder-workspace/.derivedData/SDKExplicitPrecompiledModules/simd-2C11HKTI5TJB05T724EWNFZXD.pcm
SwiftExplicitDependencyGeneratePcm arm64_32 /Users/admin/builder/spi-builder-workspace/.derivedData/SDKExplicitPrecompiledModules/MachO-F47JQRYVH1SLPOQSJD8RK9MSX.pcm
SwiftExplicitDependencyGeneratePcm arm64_32 /Users/admin/builder/spi-builder-workspace/.derivedData/SDKExplicitPrecompiledModules/ObjectiveC-71AGZNHLBMR2QK817EJNUN54E.pcm
SwiftExplicitDependencyGeneratePcm arm64 /Users/admin/builder/spi-builder-workspace/.derivedData/SDKExplicitPrecompiledModules/MachO-4RYXFVY68ZDEUZYFMVL57WEKU.pcm
SwiftExplicitDependencyGeneratePcm arm64 /Users/admin/builder/spi-builder-workspace/.derivedData/SDKExplicitPrecompiledModules/ObjectiveC-22CZPC4WYQC9G8T393WT2KKLW.pcm
SwiftExplicitDependencyGeneratePcm arm64_32 /Users/admin/builder/spi-builder-workspace/.derivedData/SDKExplicitPrecompiledModules/os_object-CTXVQBCWDOH6JHUXIFDUOWFRL.pcm
SwiftExplicitDependencyGeneratePcm arm64 /Users/admin/builder/spi-builder-workspace/.derivedData/SDKExplicitPrecompiledModules/os_object-6KYGGZ4DPVZ3BBAZ6QICZN8LI.pcm
SwiftExplicitDependencyGeneratePcm arm64_32 /Users/admin/builder/spi-builder-workspace/.derivedData/SDKExplicitPrecompiledModules/os_workgroup-9L9R05BT5LTFRZ2NM68BZTVV2.pcm
SwiftExplicitDependencyGeneratePcm arm64_32 /Users/admin/builder/spi-builder-workspace/.derivedData/SDKExplicitPrecompiledModules/Spatial-4XS0QRL16224ZE9KE9TMKASKT.pcm
SwiftExplicitDependencyGeneratePcm arm64 /Users/admin/builder/spi-builder-workspace/.derivedData/SDKExplicitPrecompiledModules/os_workgroup-AHE7ULDQBKER38CYPIKDTZF4M.pcm
SwiftExplicitDependencyGeneratePcm arm64_32 /Users/admin/builder/spi-builder-workspace/.derivedData/SDKExplicitPrecompiledModules/Dispatch-CGIMI9KQKHNRQHR2IECIPRG14.pcm
SwiftExplicitDependencyGeneratePcm arm64 /Users/admin/builder/spi-builder-workspace/.derivedData/SDKExplicitPrecompiledModules/Spatial-EZKKX4XFW72RZCTOIG80Z93AP.pcm
SwiftExplicitDependencyGeneratePcm arm64 /Users/admin/builder/spi-builder-workspace/.derivedData/SDKExplicitPrecompiledModules/Dispatch-39VR0G01IUJ09PQKMFGOHXZ4L.pcm
SwiftExplicitDependencyGeneratePcm arm64_32 /Users/admin/builder/spi-builder-workspace/.derivedData/SDKExplicitPrecompiledModules/XPC-7SLKI45KYLKXH9QET2WYS3UZ4.pcm
SwiftExplicitDependencyGeneratePcm arm64_32 /Users/admin/builder/spi-builder-workspace/.derivedData/SDKExplicitPrecompiledModules/CoreFoundation-76B9WJP9MDYT33HZQVSNNZQZD.pcm
SwiftExplicitDependencyGeneratePcm arm64 /Users/admin/builder/spi-builder-workspace/.derivedData/SDKExplicitPrecompiledModules/CoreFoundation-59XKO8YNRGGYNC5U5LK8B4EM.pcm
SwiftExplicitDependencyGeneratePcm arm64 /Users/admin/builder/spi-builder-workspace/.derivedData/SDKExplicitPrecompiledModules/XPC-650JAZBTM6I0OMHYO6CKM0CWJ.pcm
SwiftExplicitDependencyGeneratePcm arm64_32 /Users/admin/builder/spi-builder-workspace/.derivedData/SDKExplicitPrecompiledModules/os-D9NWGT7PQGY2OD43XMA2KGLJK.pcm
SwiftExplicitDependencyGeneratePcm arm64 /Users/admin/builder/spi-builder-workspace/.derivedData/SDKExplicitPrecompiledModules/os-6BCTB8I5DCBBKFJ0Y0G4WQDDJ.pcm
SwiftExplicitDependencyGeneratePcm arm64_32 /Users/admin/builder/spi-builder-workspace/.derivedData/SDKExplicitPrecompiledModules/Security-1W411BS4UH2UNMNII2341429S.pcm
SwiftExplicitDependencyGeneratePcm arm64_32 /Users/admin/builder/spi-builder-workspace/.derivedData/SDKExplicitPrecompiledModules/CoreGraphics-A4WOQTM8SYZAQP223LI6RRPEK.pcm
SwiftExplicitDependencyGeneratePcm arm64 /Users/admin/builder/spi-builder-workspace/.derivedData/SDKExplicitPrecompiledModules/CoreGraphics-5488DA9QVJJ7QOFXPYOYIYFUX.pcm
SwiftExplicitDependencyGeneratePcm arm64 /Users/admin/builder/spi-builder-workspace/.derivedData/SDKExplicitPrecompiledModules/Security-69WNGEAVQP55EDBQHP3BLE8QU.pcm
SwiftExplicitDependencyGeneratePcm arm64_32 /Users/admin/builder/spi-builder-workspace/.derivedData/SDKExplicitPrecompiledModules/Foundation-AIQ30TCDC2B0LBUU6FPQZ0HWI.pcm
SwiftExplicitDependencyGeneratePcm arm64_32 /Users/admin/builder/spi-builder-workspace/.derivedData/SDKExplicitPrecompiledModules/CoreText-34U50N378SZT64826L0B62MN6.pcm
SwiftExplicitDependencyGeneratePcm arm64_32 /Users/admin/builder/spi-builder-workspace/.derivedData/SDKExplicitPrecompiledModules/CoreVideo-BX0NALWCB2F1YOTF0NZGV9FWU.pcm
SwiftExplicitDependencyGeneratePcm arm64 /Users/admin/builder/spi-builder-workspace/.derivedData/SDKExplicitPrecompiledModules/Foundation-B3IXODHI7VO4VRX2RWRXLVJZT.pcm
SwiftExplicitDependencyGeneratePcm arm64 /Users/admin/builder/spi-builder-workspace/.derivedData/SDKExplicitPrecompiledModules/CoreText-BEC0M2J7FJN53VXNFDZDKL9U2.pcm
SwiftExplicitDependencyGeneratePcm arm64 /Users/admin/builder/spi-builder-workspace/.derivedData/SDKExplicitPrecompiledModules/CoreVideo-2YRZ292TS6QDW2V2V92NZMPWM.pcm
SwiftExplicitDependencyGeneratePcm arm64_32 /Users/admin/builder/spi-builder-workspace/.derivedData/SDKExplicitPrecompiledModules/UserNotifications-F5AOMF9V2Y10QV8U00QNX8B7Q.pcm
SwiftExplicitDependencyGeneratePcm arm64_32 /Users/admin/builder/spi-builder-workspace/.derivedData/SDKExplicitPrecompiledModules/DataDetection-8EDL8T61430CB5CU94L1E3L0C.pcm
SwiftExplicitDependencyGeneratePcm arm64_32 /Users/admin/builder/spi-builder-workspace/.derivedData/SDKExplicitPrecompiledModules/CoreTransferable-DSXZOKFM7XQLZ0FRNNKFDWZT0.pcm
SwiftExplicitDependencyGeneratePcm arm64_32 /Users/admin/builder/spi-builder-workspace/.derivedData/SDKExplicitPrecompiledModules/_LocationEssentials-1XWTF8V96VX3IAHKJO7PJZDU0.pcm
SwiftExplicitDependencyGeneratePcm arm64_32 /Users/admin/builder/spi-builder-workspace/.derivedData/SDKExplicitPrecompiledModules/QuartzCore-72UYR37X0O2APTD1XMSJ20X5X.pcm
SwiftExplicitDependencyGeneratePcm arm64_32 /Users/admin/builder/spi-builder-workspace/.derivedData/SDKExplicitPrecompiledModules/UniformTypeIdentifiers-EH256724QTCKT0XATY095QHVP.pcm
SwiftExplicitDependencyGeneratePcm arm64_32 /Users/admin/builder/spi-builder-workspace/.derivedData/SDKExplicitPrecompiledModules/OSLog-DXCLJ0K1EEBRV5MFYJOV1HIUX.pcm
SwiftExplicitDependencyGeneratePcm arm64_32 /Users/admin/builder/spi-builder-workspace/.derivedData/SDKExplicitPrecompiledModules/UIUtilities-ABH83C7CSGMIJAARTF384TV0L.pcm
SwiftExplicitDependencyGeneratePcm arm64_32 /Users/admin/builder/spi-builder-workspace/.derivedData/SDKExplicitPrecompiledModules/Accessibility-BBXP8Z81UOB3UBBTO3GG9FEEO.pcm
SwiftExplicitDependencyGeneratePcm arm64_32 /Users/admin/builder/spi-builder-workspace/.derivedData/SDKExplicitPrecompiledModules/Symbols-DP67QJL9W7VSYP70ZVEBE3KRT.pcm
SwiftExplicitDependencyGeneratePcm arm64 /Users/admin/builder/spi-builder-workspace/.derivedData/SDKExplicitPrecompiledModules/UniformTypeIdentifiers-47SS6PHE8KOUZX5UOQUNKH397.pcm
SwiftExplicitDependencyGeneratePcm arm64 /Users/admin/builder/spi-builder-workspace/.derivedData/SDKExplicitPrecompiledModules/DataDetection-8RQ09UCIV0XSYRF8TQQD54MWN.pcm
SwiftExplicitDependencyGeneratePcm arm64 /Users/admin/builder/spi-builder-workspace/.derivedData/SDKExplicitPrecompiledModules/Symbols-B8SNL2YULCKW9SYIL0T5QLMV.pcm
SwiftExplicitDependencyGeneratePcm arm64 /Users/admin/builder/spi-builder-workspace/.derivedData/SDKExplicitPrecompiledModules/OSLog-ESJZZ70KT229YQNKF5CWYQVLA.pcm
SwiftExplicitDependencyGeneratePcm arm64_32 /Users/admin/builder/spi-builder-workspace/.derivedData/SDKExplicitPrecompiledModules/CoreLocation-4AZRAZ8X3W0CS36SZ1GS4LT05.pcm
SwiftExplicitDependencyGeneratePcm arm64 /Users/admin/builder/spi-builder-workspace/.derivedData/SDKExplicitPrecompiledModules/_LocationEssentials-C3HYVW8P89QAUDLD9VRHUF48Q.pcm
SwiftExplicitDependencyGeneratePcm arm64 /Users/admin/builder/spi-builder-workspace/.derivedData/SDKExplicitPrecompiledModules/QuartzCore-BRDP6VIMJ6A6HG4W4NYXZ8BI3.pcm
SwiftExplicitDependencyGeneratePcm arm64 /Users/admin/builder/spi-builder-workspace/.derivedData/SDKExplicitPrecompiledModules/Accessibility-DB0V1GY4JDAXG2CZ5MW826DDE.pcm
SwiftExplicitDependencyGeneratePcm arm64 /Users/admin/builder/spi-builder-workspace/.derivedData/SDKExplicitPrecompiledModules/CoreTransferable-EULYJN53RZTIP2D6F171CT1YZ.pcm
SwiftExplicitDependencyGeneratePcm arm64 /Users/admin/builder/spi-builder-workspace/.derivedData/SDKExplicitPrecompiledModules/UserNotifications-7VIERZPAA371031RT8VBKFYKJ.pcm
SwiftExplicitDependencyGeneratePcm arm64_32 /Users/admin/builder/spi-builder-workspace/.derivedData/SDKExplicitPrecompiledModules/SwiftUICore-TURER010MQ2QH6SN4BGDJJKP.pcm
SwiftExplicitDependencyGeneratePcm arm64 /Users/admin/builder/spi-builder-workspace/.derivedData/SDKExplicitPrecompiledModules/UIUtilities-AR3EDJH6PMDGNUXQGV2JND65S.pcm
SwiftExplicitDependencyGeneratePcm arm64 /Users/admin/builder/spi-builder-workspace/.derivedData/SDKExplicitPrecompiledModules/CoreLocation-B0A9Z3B1UDU8OLBQROLWD03N3.pcm
SwiftExplicitDependencyGeneratePcm arm64_32 /Users/admin/builder/spi-builder-workspace/.derivedData/SDKExplicitPrecompiledModules/CoreMotion-E9C6K7MOTJF3RC93DULCZ130U.pcm
SwiftExplicitDependencyGeneratePcm arm64 /Users/admin/builder/spi-builder-workspace/.derivedData/SDKExplicitPrecompiledModules/SwiftUICore-D4BOUT6VJWDXKNATG8P2F95W3.pcm
SwiftExplicitDependencyGeneratePcm arm64 /Users/admin/builder/spi-builder-workspace/.derivedData/SDKExplicitPrecompiledModules/CoreMotion-70RNUQRT1QM2F8WR42WPP4KQV.pcm
SwiftExplicitDependencyGeneratePcm arm64_32 /Users/admin/builder/spi-builder-workspace/.derivedData/SDKExplicitPrecompiledModules/UIKit-BGAQE5HOOTG6M9C46O1HHPCDR.pcm
SwiftExplicitDependencyGeneratePcm arm64 /Users/admin/builder/spi-builder-workspace/.derivedData/SDKExplicitPrecompiledModules/UIKit-2XWL6VFNA7WRWSTXI42YLU909.pcm
SwiftCompile normal arm64_32 Compiling\ FDImageContainer.swift,\ FDImageMetadata.swift,\ FDImageSizingMethod.swift,\ FDImageSizingMethodType.swift,\ FDImageSource.swift,\ FDMedia.swift,\ FDMediaMetaData.swift /Users/admin/builder/spi-builder-workspace/Sources/BbcNews/Models/Story/Image/FDImageContainer.swift /Users/admin/builder/spi-builder-workspace/Sources/BbcNews/Models/Story/Image/FDImageMetadata.swift /Users/admin/builder/spi-builder-workspace/Sources/BbcNews/Models/Story/Image/FDImageSizingMethod.swift /Users/admin/builder/spi-builder-workspace/Sources/BbcNews/Models/Story/Image/FDImageSizingMethodType.swift /Users/admin/builder/spi-builder-workspace/Sources/BbcNews/Models/Story/Image/FDImageSource.swift /Users/admin/builder/spi-builder-workspace/Sources/BbcNews/Models/Story/Media/FDMedia.swift /Users/admin/builder/spi-builder-workspace/Sources/BbcNews/Models/Story/Media/FDMediaMetaData.swift (in target 'BbcNews' from project 'BbcNews')
SwiftCompile normal arm64_32 /Users/admin/builder/spi-builder-workspace/Sources/BbcNews/Models/Story/Image/FDImageContainer.swift (in target 'BbcNews' from project 'BbcNews')
    cd /Users/admin/builder/spi-builder-workspace/.swiftpm/xcode
    builtin-SwiftPerFileCompile FDImageContainer.swift
SwiftCompile normal arm64_32 /Users/admin/builder/spi-builder-workspace/Sources/BbcNews/Models/Story/Image/FDImageMetadata.swift (in target 'BbcNews' from project 'BbcNews')
    cd /Users/admin/builder/spi-builder-workspace/.swiftpm/xcode
    builtin-SwiftPerFileCompile FDImageMetadata.swift
SwiftCompile normal arm64_32 /Users/admin/builder/spi-builder-workspace/Sources/BbcNews/Models/Story/Image/FDImageSizingMethod.swift (in target 'BbcNews' from project 'BbcNews')
    cd /Users/admin/builder/spi-builder-workspace/.swiftpm/xcode
    builtin-SwiftPerFileCompile FDImageSizingMethod.swift
SwiftCompile normal arm64_32 /Users/admin/builder/spi-builder-workspace/Sources/BbcNews/Models/Story/Image/FDImageSizingMethodType.swift (in target 'BbcNews' from project 'BbcNews')
    cd /Users/admin/builder/spi-builder-workspace/.swiftpm/xcode
    builtin-SwiftPerFileCompile FDImageSizingMethodType.swift
SwiftCompile normal arm64_32 /Users/admin/builder/spi-builder-workspace/Sources/BbcNews/Models/Story/Image/FDImageSource.swift (in target 'BbcNews' from project 'BbcNews')
    cd /Users/admin/builder/spi-builder-workspace/.swiftpm/xcode
    builtin-SwiftPerFileCompile FDImageSource.swift
SwiftCompile normal arm64_32 /Users/admin/builder/spi-builder-workspace/Sources/BbcNews/Models/Story/Media/FDMedia.swift (in target 'BbcNews' from project 'BbcNews')
    cd /Users/admin/builder/spi-builder-workspace/.swiftpm/xcode
    builtin-SwiftPerFileCompile FDMedia.swift
SwiftCompile normal arm64_32 /Users/admin/builder/spi-builder-workspace/Sources/BbcNews/Models/Story/Media/FDMediaMetaData.swift (in target 'BbcNews' from project 'BbcNews')
    cd /Users/admin/builder/spi-builder-workspace/.swiftpm/xcode
    builtin-SwiftPerFileCompile FDMediaMetaData.swift
SwiftCompile normal arm64_32 Compiling\ FDContentList.swift,\ FDContentListOrder.swift,\ FDHeadline.swift,\ FDHeadlineByline.swift,\ FDSectionHeader.swift,\ FDVideoPortraitStory.swift,\ FDImage.swift /Users/admin/builder/spi-builder-workspace/Sources/BbcNews/Models/Story/FDContentList.swift /Users/admin/builder/spi-builder-workspace/Sources/BbcNews/Models/Story/FDContentListOrder.swift /Users/admin/builder/spi-builder-workspace/Sources/BbcNews/Models/Story/FDHeadline.swift /Users/admin/builder/spi-builder-workspace/Sources/BbcNews/Models/Story/FDHeadlineByline.swift /Users/admin/builder/spi-builder-workspace/Sources/BbcNews/Models/Story/FDSectionHeader.swift /Users/admin/builder/spi-builder-workspace/Sources/BbcNews/Models/Story/FDVideoPortraitStory.swift /Users/admin/builder/spi-builder-workspace/Sources/BbcNews/Models/Story/Image/FDImage.swift (in target 'BbcNews' from project 'BbcNews')
SwiftCompile normal arm64_32 /Users/admin/builder/spi-builder-workspace/Sources/BbcNews/Models/Story/FDContentList.swift (in target 'BbcNews' from project 'BbcNews')
    cd /Users/admin/builder/spi-builder-workspace/.swiftpm/xcode
    builtin-SwiftPerFileCompile FDContentList.swift
SwiftCompile normal arm64_32 /Users/admin/builder/spi-builder-workspace/Sources/BbcNews/Models/Story/FDContentListOrder.swift (in target 'BbcNews' from project 'BbcNews')
    cd /Users/admin/builder/spi-builder-workspace/.swiftpm/xcode
    builtin-SwiftPerFileCompile FDContentListOrder.swift
SwiftCompile normal arm64_32 /Users/admin/builder/spi-builder-workspace/Sources/BbcNews/Models/Story/FDHeadline.swift (in target 'BbcNews' from project 'BbcNews')
    cd /Users/admin/builder/spi-builder-workspace/.swiftpm/xcode
    builtin-SwiftPerFileCompile FDHeadline.swift
SwiftCompile normal arm64_32 /Users/admin/builder/spi-builder-workspace/Sources/BbcNews/Models/Story/FDHeadlineByline.swift (in target 'BbcNews' from project 'BbcNews')
    cd /Users/admin/builder/spi-builder-workspace/.swiftpm/xcode
    builtin-SwiftPerFileCompile FDHeadlineByline.swift
SwiftCompile normal arm64_32 /Users/admin/builder/spi-builder-workspace/Sources/BbcNews/Models/Story/FDSectionHeader.swift (in target 'BbcNews' from project 'BbcNews')
    cd /Users/admin/builder/spi-builder-workspace/.swiftpm/xcode
    builtin-SwiftPerFileCompile FDSectionHeader.swift
SwiftCompile normal arm64_32 /Users/admin/builder/spi-builder-workspace/Sources/BbcNews/Models/Story/FDVideoPortraitStory.swift (in target 'BbcNews' from project 'BbcNews')
    cd /Users/admin/builder/spi-builder-workspace/.swiftpm/xcode
    builtin-SwiftPerFileCompile FDVideoPortraitStory.swift
SwiftCompile normal arm64_32 /Users/admin/builder/spi-builder-workspace/Sources/BbcNews/Models/Story/Image/FDImage.swift (in target 'BbcNews' from project 'BbcNews')
    cd /Users/admin/builder/spi-builder-workspace/.swiftpm/xcode
    builtin-SwiftPerFileCompile FDImage.swift
SwiftCompile normal arm64_32 Compiling\ FDResolverResult.swift,\ FDData.swift,\ FDDataMetadata.swift,\ FDItem.swift,\ FDResult.swift,\ FDByline.swift,\ FDBylineContributor.swift /Users/admin/builder/spi-builder-workspace/Sources/BbcNews/Models/ResolverResult/FDResolverResult.swift /Users/admin/builder/spi-builder-workspace/Sources/BbcNews/Models/Result/FDData.swift /Users/admin/builder/spi-builder-workspace/Sources/BbcNews/Models/Result/FDDataMetadata.swift /Users/admin/builder/spi-builder-workspace/Sources/BbcNews/Models/Result/FDItem.swift /Users/admin/builder/spi-builder-workspace/Sources/BbcNews/Models/Result/FDResult.swift /Users/admin/builder/spi-builder-workspace/Sources/BbcNews/Models/Story/FDByline.swift /Users/admin/builder/spi-builder-workspace/Sources/BbcNews/Models/Story/FDBylineContributor.swift (in target 'BbcNews' from project 'BbcNews')
SwiftCompile normal arm64_32 /Users/admin/builder/spi-builder-workspace/Sources/BbcNews/Models/ResolverResult/FDResolverResult.swift (in target 'BbcNews' from project 'BbcNews')
    cd /Users/admin/builder/spi-builder-workspace/.swiftpm/xcode
    builtin-SwiftPerFileCompile FDResolverResult.swift
SwiftCompile normal arm64_32 /Users/admin/builder/spi-builder-workspace/Sources/BbcNews/Models/Result/FDData.swift (in target 'BbcNews' from project 'BbcNews')
    cd /Users/admin/builder/spi-builder-workspace/.swiftpm/xcode
    builtin-SwiftPerFileCompile FDData.swift
SwiftCompile normal arm64_32 /Users/admin/builder/spi-builder-workspace/Sources/BbcNews/Models/Result/FDDataMetadata.swift (in target 'BbcNews' from project 'BbcNews')
    cd /Users/admin/builder/spi-builder-workspace/.swiftpm/xcode
    builtin-SwiftPerFileCompile FDDataMetadata.swift
SwiftCompile normal arm64_32 /Users/admin/builder/spi-builder-workspace/Sources/BbcNews/Models/Result/FDItem.swift (in target 'BbcNews' from project 'BbcNews')
    cd /Users/admin/builder/spi-builder-workspace/.swiftpm/xcode
    builtin-SwiftPerFileCompile FDItem.swift
SwiftCompile normal arm64_32 /Users/admin/builder/spi-builder-workspace/Sources/BbcNews/Models/Result/FDResult.swift (in target 'BbcNews' from project 'BbcNews')
    cd /Users/admin/builder/spi-builder-workspace/.swiftpm/xcode
    builtin-SwiftPerFileCompile FDResult.swift
SwiftCompile normal arm64_32 /Users/admin/builder/spi-builder-workspace/Sources/BbcNews/Models/Story/FDByline.swift (in target 'BbcNews' from project 'BbcNews')
    cd /Users/admin/builder/spi-builder-workspace/.swiftpm/xcode
    builtin-SwiftPerFileCompile FDByline.swift
SwiftCompile normal arm64_32 /Users/admin/builder/spi-builder-workspace/Sources/BbcNews/Models/Story/FDBylineContributor.swift (in target 'BbcNews' from project 'BbcNews')
    cd /Users/admin/builder/spi-builder-workspace/.swiftpm/xcode
    builtin-SwiftPerFileCompile FDBylineContributor.swift
SwiftCompile normal arm64_32 Compiling\ FDTextContainerType.swift,\ FailableCodable.swift,\ JSONDecoder+DecodeWithoutThrowing.swift,\ Logger.swift,\ NetworkError.swift,\ UIDevice+ModelIdentifier.swift,\ Unknownable.swift /Users/admin/builder/spi-builder-workspace/Sources/BbcNews/Models/Story/Text/FDTextContainerType.swift /Users/admin/builder/spi-builder-workspace/Sources/BbcNews/Utils/FailableCodable.swift /Users/admin/builder/spi-builder-workspace/Sources/BbcNews/Utils/JSONDecoder+DecodeWithoutThrowing.swift /Users/admin/builder/spi-builder-workspace/Sources/BbcNews/Utils/Logger.swift /Users/admin/builder/spi-builder-workspace/Sources/BbcNews/Utils/NetworkError.swift /Users/admin/builder/spi-builder-workspace/Sources/BbcNews/Utils/UIDevice+ModelIdentifier.swift /Users/admin/builder/spi-builder-workspace/Sources/BbcNews/Utils/Unknownable.swift (in target 'BbcNews' from project 'BbcNews')
/Users/admin/builder/spi-builder-workspace/Sources/BbcNews/Utils/NetworkError.swift:30:10: warning: associated value 'undecodableResponse(url:type:underlyingError:)' of 'Sendable'-conforming enum 'NetworkError' contains non-Sendable type 'any Decodable.Type'
28 |
29 |     /// A response was returned that was unable to be decoded into a type.
30 |     case undecodableResponse(url: URL, type: Decodable.Type, underlyingError: DecodingError)
   |          `- warning: associated value 'undecodableResponse(url:type:underlyingError:)' of 'Sendable'-conforming enum 'NetworkError' contains non-Sendable type 'any Decodable.Type'
31 |
32 |     /// A generic error encountered when performing a networking operation.
SwiftCompile normal arm64_32 /Users/admin/builder/spi-builder-workspace/Sources/BbcNews/Models/Story/Text/FDTextContainerType.swift (in target 'BbcNews' from project 'BbcNews')
    cd /Users/admin/builder/spi-builder-workspace/.swiftpm/xcode
    builtin-SwiftPerFileCompile FDTextContainerType.swift
SwiftCompile normal arm64_32 /Users/admin/builder/spi-builder-workspace/Sources/BbcNews/Utils/FailableCodable.swift (in target 'BbcNews' from project 'BbcNews')
    cd /Users/admin/builder/spi-builder-workspace/.swiftpm/xcode
    builtin-SwiftPerFileCompile FailableCodable.swift
SwiftCompile normal arm64_32 /Users/admin/builder/spi-builder-workspace/Sources/BbcNews/Utils/JSONDecoder+DecodeWithoutThrowing.swift (in target 'BbcNews' from project 'BbcNews')
    cd /Users/admin/builder/spi-builder-workspace/.swiftpm/xcode
    builtin-SwiftPerFileCompile JSONDecoder+DecodeWithoutThrowing.swift
SwiftCompile normal arm64_32 /Users/admin/builder/spi-builder-workspace/Sources/BbcNews/Utils/Logger.swift (in target 'BbcNews' from project 'BbcNews')
    cd /Users/admin/builder/spi-builder-workspace/.swiftpm/xcode
    builtin-SwiftPerFileCompile Logger.swift
SwiftCompile normal arm64_32 /Users/admin/builder/spi-builder-workspace/Sources/BbcNews/Utils/NetworkError.swift (in target 'BbcNews' from project 'BbcNews')
    cd /Users/admin/builder/spi-builder-workspace/.swiftpm/xcode
    builtin-SwiftPerFileCompile NetworkError.swift
SwiftCompile normal arm64_32 /Users/admin/builder/spi-builder-workspace/Sources/BbcNews/Utils/UIDevice+ModelIdentifier.swift (in target 'BbcNews' from project 'BbcNews')
    cd /Users/admin/builder/spi-builder-workspace/.swiftpm/xcode
    builtin-SwiftPerFileCompile UIDevice+ModelIdentifier.swift
SwiftCompile normal arm64_32 /Users/admin/builder/spi-builder-workspace/Sources/BbcNews/Utils/Unknownable.swift (in target 'BbcNews' from project 'BbcNews')
    cd /Users/admin/builder/spi-builder-workspace/.swiftpm/xcode
    builtin-SwiftPerFileCompile Unknownable.swift
SwiftCompile normal arm64_32 Compiling\ FDMediaSource.swift,\ FDMediaType.swift,\ FDAttribute.swift,\ FDAttributeType.swift,\ FDAttributedText.swift,\ FDAttributedTextSpan.swift,\ FDTextContainer.swift /Users/admin/builder/spi-builder-workspace/Sources/BbcNews/Models/Story/Media/FDMediaSource.swift /Users/admin/builder/spi-builder-workspace/Sources/BbcNews/Models/Story/Media/FDMediaType.swift /Users/admin/builder/spi-builder-workspace/Sources/BbcNews/Models/Story/Text/FDAttribute.swift /Users/admin/builder/spi-builder-workspace/Sources/BbcNews/Models/Story/Text/FDAttributeType.swift /Users/admin/builder/spi-builder-workspace/Sources/BbcNews/Models/Story/Text/FDAttributedText.swift /Users/admin/builder/spi-builder-workspace/Sources/BbcNews/Models/Story/Text/FDAttributedTextSpan.swift /Users/admin/builder/spi-builder-workspace/Sources/BbcNews/Models/Story/Text/FDTextContainer.swift (in target 'BbcNews' from project 'BbcNews')
SwiftCompile normal arm64_32 /Users/admin/builder/spi-builder-workspace/Sources/BbcNews/Models/Story/Media/FDMediaSource.swift (in target 'BbcNews' from project 'BbcNews')
    cd /Users/admin/builder/spi-builder-workspace/.swiftpm/xcode
    builtin-SwiftPerFileCompile FDMediaSource.swift
SwiftCompile normal arm64_32 /Users/admin/builder/spi-builder-workspace/Sources/BbcNews/Models/Story/Media/FDMediaType.swift (in target 'BbcNews' from project 'BbcNews')
    cd /Users/admin/builder/spi-builder-workspace/.swiftpm/xcode
    builtin-SwiftPerFileCompile FDMediaType.swift
SwiftCompile normal arm64_32 /Users/admin/builder/spi-builder-workspace/Sources/BbcNews/Models/Story/Text/FDAttribute.swift (in target 'BbcNews' from project 'BbcNews')
    cd /Users/admin/builder/spi-builder-workspace/.swiftpm/xcode
    builtin-SwiftPerFileCompile FDAttribute.swift
SwiftCompile normal arm64_32 /Users/admin/builder/spi-builder-workspace/Sources/BbcNews/Models/Story/Text/FDAttributeType.swift (in target 'BbcNews' from project 'BbcNews')
    cd /Users/admin/builder/spi-builder-workspace/.swiftpm/xcode
    builtin-SwiftPerFileCompile FDAttributeType.swift
SwiftCompile normal arm64_32 /Users/admin/builder/spi-builder-workspace/Sources/BbcNews/Models/Story/Text/FDAttributedText.swift (in target 'BbcNews' from project 'BbcNews')
    cd /Users/admin/builder/spi-builder-workspace/.swiftpm/xcode
    builtin-SwiftPerFileCompile FDAttributedText.swift
SwiftCompile normal arm64_32 /Users/admin/builder/spi-builder-workspace/Sources/BbcNews/Models/Story/Text/FDAttributedTextSpan.swift (in target 'BbcNews' from project 'BbcNews')
    cd /Users/admin/builder/spi-builder-workspace/.swiftpm/xcode
    builtin-SwiftPerFileCompile FDAttributedTextSpan.swift
SwiftCompile normal arm64_32 /Users/admin/builder/spi-builder-workspace/Sources/BbcNews/Models/Story/Text/FDTextContainer.swift (in target 'BbcNews' from project 'BbcNews')
    cd /Users/admin/builder/spi-builder-workspace/.swiftpm/xcode
    builtin-SwiftPerFileCompile FDTextContainer.swift
SwiftEmitModule normal arm64_32 Emitting\ module\ for\ BbcNews (in target 'BbcNews' from project 'BbcNews')
/Users/admin/builder/spi-builder-workspace/Sources/BbcNews/Utils/NetworkError.swift:30:10: warning: associated value 'undecodableResponse(url:type:underlyingError:)' of 'Sendable'-conforming enum 'NetworkError' contains non-Sendable type 'any Decodable.Type'
28 |
29 |     /// A response was returned that was unable to be decoded into a type.
30 |     case undecodableResponse(url: URL, type: Decodable.Type, underlyingError: DecodingError)
   |          `- warning: associated value 'undecodableResponse(url:type:underlyingError:)' of 'Sendable'-conforming enum 'NetworkError' contains non-Sendable type 'any Decodable.Type'
31 |
32 |     /// A generic error encountered when performing a networking operation.
/Users/admin/builder/spi-builder-workspace/Sources/BbcNews/Utils/UIDevice+ModelIdentifier.swift:11:11: error: 'UIDevice' is unavailable in watchOS
 9 | import UIKit
10 |
11 | extension UIDevice {
   |           `- error: 'UIDevice' is unavailable in watchOS
12 |     /// The model identifier of the device e.g. `iPhone15,2`
13 |     var modelIdentifier: String {
/Applications/Xcode-27.0.0-Release.Candidate.app/Contents/Developer/Platforms/WatchOS.platform/Developer/SDKs/WatchOS27.0.sdk/System/Library/Frameworks/UIKit.framework/Headers/UIDevice.h:35:12: note: 'UIDevice' has been explicitly marked unavailable here
33 |
34 | UIKIT_EXTERN API_AVAILABLE(ios(2.0)) API_UNAVAILABLE(watchos) NS_SWIFT_UI_ACTOR
35 | @interface UIDevice : NSObject
   |            `- note: 'UIDevice' has been explicitly marked unavailable here
36 |
37 | @property(class, nonatomic, readonly) UIDevice *currentDevice;
Failed frontend command:
/Applications/Xcode-27.0.0-Release.Candidate.app/Contents/Developer/Toolchains/XcodeDefault.xctoolchain/usr/bin/swift-frontend -frontend -emit-module -experimental-skip-non-inlinable-function-bodies-without-types /Users/admin/builder/spi-builder-workspace/Sources/BbcNews/BbcNews.swift /Users/admin/builder/spi-builder-workspace/Sources/BbcNews/Models/Discovery/Collection/FDBillboard.swift /Users/admin/builder/spi-builder-workspace/Sources/BbcNews/Models/Discovery/Collection/FDCarousel.swift /Users/admin/builder/spi-builder-workspace/Sources/BbcNews/Models/Discovery/Collection/FDCollection.swift /Users/admin/builder/spi-builder-workspace/Sources/BbcNews/Models/Discovery/Collection/FDHierarchicalCollection.swift /Users/admin/builder/spi-builder-workspace/Sources/BbcNews/Models/Discovery/Collection/FDSimpleCollection.swift /Users/admin/builder/spi-builder-workspace/Sources/BbcNews/Models/Discovery/Collection/FDSimplePromoGrid.swift /Users/admin/builder/spi-builder-workspace/Sources/BbcNews/Models/Discovery/FDBadge.swift /Users/admin/builder/spi-builder-workspace/Sources/BbcNews/Models/Discovery/FDBadgeType.swift /Users/admin/builder/spi-builder-workspace/Sources/BbcNews/Models/Discovery/FDBrand.swift /Users/admin/builder/spi-builder-workspace/Sources/BbcNews/Models/Discovery/FDCallToActionBanner.swift /Users/admin/builder/spi-builder-workspace/Sources/BbcNews/Models/Discovery/FDCallToActionButton.swift /Users/admin/builder/spi-builder-workspace/Sources/BbcNews/Models/Discovery/FDChipList.swift /Users/admin/builder/spi-builder-workspace/Sources/BbcNews/Models/Discovery/FDCollectionHeader.swift /Users/admin/builder/spi-builder-workspace/Sources/BbcNews/Models/Discovery/FDCopyright.swift /Users/admin/builder/spi-builder-workspace/Sources/BbcNews/Models/Discovery/FDSourceFormat.swift /Users/admin/builder/spi-builder-workspace/Sources/BbcNews/Models/Discovery/FDStoryPromo.swift /Users/admin/builder/spi-builder-workspace/Sources/BbcNews/Models/Discovery/FDStoryPromoStyle.swift /Users/admin/builder/spi-builder-workspace/Sources/BbcNews/Models/Discovery/FDTopic.swift /Users/admin/builder/spi-builder-workspace/Sources/BbcNews/Models/Discovery/FDTopicButton.swift /Users/admin/builder/spi-builder-workspace/Sources/BbcNews/Models/Discovery/FDTrackedEvent.swift /Users/admin/builder/spi-builder-workspace/Sources/BbcNews/Models/Discovery/FDTracker.swift /Users/admin/builder/spi-builder-workspace/Sources/BbcNews/Models/Discovery/FDTrackerPayload.swift /Users/admin/builder/spi-builder-workspace/Sources/BbcNews/Models/Discovery/Link/FDContentSource.swift /Users/admin/builder/spi-builder-workspace/Sources/BbcNews/Models/Discovery/Link/FDLink.swift /Users/admin/builder/spi-builder-workspace/Sources/BbcNews/Models/Discovery/Link/FDLinkDestination.swift /Users/admin/builder/spi-builder-workspace/Sources/BbcNews/Models/Discovery/Link/FDPresentation.swift /Users/admin/builder/spi-builder-workspace/Sources/BbcNews/Models/Discovery/Link/FDPresentationType.swift /Users/admin/builder/spi-builder-workspace/Sources/BbcNews/Models/Discovery/Weather/FDTemperature.swift /Users/admin/builder/spi-builder-workspace/Sources/BbcNews/Models/Discovery/Weather/FDWeatherForecast.swift /Users/admin/builder/spi-builder-workspace/Sources/BbcNews/Models/Discovery/Weather/FDWeatherIcon.swift /Users/admin/builder/spi-builder-workspace/Sources/BbcNews/Models/Discovery/Weather/FDWeatherLocation.swift /Users/admin/builder/spi-builder-workspace/Sources/BbcNews/Models/Discovery/Weather/FDWeatherPromoSummary.swift /Users/admin/builder/spi-builder-workspace/Sources/BbcNews/Models/Request/ReleaseTrack.swift /Users/admin/builder/spi-builder-workspace/Sources/BbcNews/Models/Request/Service.swift /Users/admin/builder/spi-builder-workspace/Sources/BbcNews/Models/ResolverResult/FDResolverResponse.swift /Users/admin/builder/spi-builder-workspace/Sources/BbcNews/Models/ResolverResult/FDResolverResult.swift /Users/admin/builder/spi-builder-workspace/Sources/BbcNews/Models/Result/FDData.swift /Users/admin/builder/spi-builder-workspace/Sources/BbcNews/Models/Result/FDDataMetadata.swift /Users/admin/builder/spi-builder-workspace/Sources/BbcNews/Models/Result/FDItem.swift /Users/admin/builder/spi-builder-workspace/Sources/BbcNews/Models/Result/FDResult.swift /Users/admin/builder/spi-builder-workspace/Sources/BbcNews/Models/Story/FDByline.swift /Users/admin/builder/spi-builder-workspace/Sources/BbcNews/Models/Story/FDBylineContributor.swift /Users/admin/builder/spi-builder-workspace/Sources/BbcNews/Models/Story/FDContentList.swift /Users/admin/builder/spi-builder-workspace/Sources/BbcNews/Models/Story/FDContentListOrder.swift /Users/admin/builder/spi-builder-workspace/Sources/BbcNews/Models/Story/FDHeadline.swift /Users/admin/builder/spi-builder-workspace/Sources/BbcNews/Models/Story/FDHeadlineByline.swift /Users/admin/builder/spi-builder-workspace/Sources/BbcNews/Models/Story/FDSectionHeader.swift /Users/admin/builder/spi-builder-workspace/Sources/BbcNews/Models/Story/FDVideoPortraitStory.swift /Users/admin/builder/spi-builder-workspace/Sources/BbcNews/Models/Story/Image/FDImage.swift /Users/admin/builder/spi-builder-workspace/Sources/BbcNews/Models/Story/Image/FDImageContainer.swift /Users/admin/builder/spi-builder-workspace/Sources/BbcNews/Models/Story/Image/FDImageMetadata.swift /Users/admin/builder/spi-builder-workspace/Sources/BbcNews/Models/Story/Image/FDImageSizingMethod.swift /Users/admin/builder/spi-builder-workspace/Sources/BbcNews/Models/Story/Image/FDImageSizingMethodType.swift /Users/admin/builder/spi-builder-workspace/Sources/BbcNews/Models/Story/Image/FDImageSource.swift /Users/admin/builder/spi-builder-workspace/Sources/BbcNews/Models/Story/Media/FDMedia.swift /Users/admin/builder/spi-builder-workspace/Sources/BbcNews/Models/Story/Media/FDMediaMetaData.swift /Users/admin/builder/spi-builder-workspace/Sources/BbcNews/Models/Story/Media/FDMediaSource.swift /Users/admin/builder/spi-builder-workspace/Sources/BbcNews/Models/Story/Media/FDMediaType.swift /Users/admin/builder/spi-builder-workspace/Sources/BbcNews/Models/Story/Text/FDAttribute.swift /Users/admin/builder/spi-builder-workspace/Sources/BbcNews/Models/Story/Text/FDAttributeType.swift /Users/admin/builder/spi-builder-workspace/Sources/BbcNews/Models/Story/Text/FDAttributedText.swift /Users/admin/builder/spi-builder-workspace/Sources/BbcNews/Models/Story/Text/FDAttributedTextSpan.swift /Users/admin/builder/spi-builder-workspace/Sources/BbcNews/Models/Story/Text/FDTextContainer.swift /Users/admin/builder/spi-builder-workspace/Sources/BbcNews/Models/Story/Text/FDTextContainerType.swift /Users/admin/builder/spi-builder-workspace/Sources/BbcNews/Utils/FailableCodable.swift /Users/admin/builder/spi-builder-workspace/Sources/BbcNews/Utils/JSONDecoder+DecodeWithoutThrowing.swift /Users/admin/builder/spi-builder-workspace/Sources/BbcNews/Utils/Logger.swift /Users/admin/builder/spi-builder-workspace/Sources/BbcNews/Utils/NetworkError.swift /Users/admin/builder/spi-builder-workspace/Sources/BbcNews/Utils/UIDevice+ModelIdentifier.swift /Users/admin/builder/spi-builder-workspace/Sources/BbcNews/Utils/Unknownable.swift -target arm64_32-apple-watchos9.0 -module-can-import-version OSLog 10 1966.4.1 -module-can-import-version UIKit 9127.0.84.1 9127.0.84 -disable-cross-import-overlay-search -load-resolved-plugin /Applications/Xcode-27.0.0-Release.Candidate.app/Contents/Developer/Platforms/WatchOS.platform/Developer/usr/lib/swift/host/plugins/libFoundationMacros.dylib\#/Applications/Xcode-27.0.0-Release.Candidate.app/Contents/Developer/Platforms/WatchOS.platform/Developer/usr/bin/swift-plugin-server\#FoundationMacros -load-resolved-plugin /Applications/Xcode-27.0.0-Release.Candidate.app/Contents/Developer/Platforms/WatchOS.platform/Developer/usr/lib/swift/host/plugins/libObservationMacros.dylib\#/Applications/Xcode-27.0.0-Release.Candidate.app/Contents/Developer/Platforms/WatchOS.platform/Developer/usr/bin/swift-plugin-server\#ObservationMacros -load-resolved-plugin /Applications/Xcode-27.0.0-Release.Candidate.app/Contents/Developer/Platforms/WatchOS.platform/Developer/usr/lib/swift/host/plugins/libSwiftMacros.dylib\#/Applications/Xcode-27.0.0-Release.Candidate.app/Contents/Developer/Platforms/WatchOS.platform/Developer/usr/bin/swift-plugin-server\#SwiftMacros -load-resolved-plugin /Applications/Xcode-27.0.0-Release.Candidate.app/Contents/Developer/Platforms/WatchOS.platform/Developer/usr/lib/swift/host/plugins/libSwiftUIMacros.dylib\#/Applications/Xcode-27.0.0-Release.Candidate.app/Contents/Developer/Platforms/WatchOS.platform/Developer/usr/bin/swift-plugin-server\#SwiftUIMacros -disable-implicit-swift-modules -Xcc -fno-implicit-modules -Xcc -fno-implicit-module-maps -explicit-swift-module-map-file /Users/admin/builder/spi-builder-workspace/.derivedData/Build/Intermediates.noindex/BbcNews.build/Debug-watchos/BbcNews-t.build/Objects-normal/arm64_32/BbcNews-dependencies-2.json -enable-objc-interop -sdk /Applications/Xcode-27.0.0-Release.Candidate.app/Contents/Developer/Platforms/WatchOS.platform/Developer/SDKs/WatchOS27.0.sdk -I /Users/admin/builder/spi-builder-workspace/.derivedData/Build/Products/Debug-watchos -Isystem /Applications/Xcode-27.0.0-Release.Candidate.app/Contents/Developer/Platforms/WatchOS.platform/Developer/usr/lib -F /Users/admin/builder/spi-builder-workspace/.derivedData/Build/Products/Debug-watchos -F /Applications/Xcode-27.0.0-Release.Candidate.app/Contents/Developer/Platforms/WatchOS.platform/Developer/Library/Frameworks -F /Applications/Xcode-27.0.0-Release.Candidate.app/Contents/Developer/Platforms/WatchOS.platform/Developer/SDKs/WatchOS27.0.sdk/Developer/Library/Frameworks -module-cache-path /Users/admin/builder/spi-builder-workspace/.derivedData/Build/Intermediates.noindex/SwiftExplicitPrecompiledModules -no-color-diagnostics -Xcc -fno-color-diagnostics -enable-testing -g -debug-info-format\=dwarf -dwarf-version\=4 -profile-generate -profile-coverage-mapping -swift-version 6 -Onone -D SWIFT_PACKAGE -D DEBUG -D SWIFT_MODULE_RESOURCE_BUNDLE_UNAVAILABLE -D Xcode -serialize-debugging-options -enable-experimental-feature DebugDescriptionMacro -empty-abi-descriptor -validate-clang-modules-once -clang-build-session-file /Users/admin/builder/spi-builder-workspace/.derivedData/ModuleCache.noindex/Session.modulevalidation -Xcc -working-directory -Xcc /Users/admin/builder/spi-builder-workspace/.swiftpm/xcode -enable-anonymous-context-mangled-names -file-compilation-dir /Users/admin/builder/spi-builder-workspace/.swiftpm/xcode -Xcc -D_LIBCPP_HARDENING_MODE\=_LIBCPP_HARDENING_MODE_DEBUG -Xcc -ivfsstatcache -Xcc /Users/admin/builder/spi-builder-workspace/.derivedData/SDKStatCaches.noindex/watchos27.0-24R360-e829b21a6f8c9b70876ba0858053c04477534ef55a1706bf4c1112bbb242f0a2.sdkstatcache -Xcc -fmodules-prune-interval\=86400 -Xcc -fmodules-prune-after\=345600 -Xcc -I/Users/admin/builder/spi-builder-workspace/.derivedData/Build/Products/Debug-watchos/include -Xcc -I/Users/admin/builder/spi-builder-workspace/.derivedData/Build/Intermediates.noindex/BbcNews.build/Debug-watchos/BbcNews-t.build/DerivedSources-normal/arm64_32 -Xcc -I/Users/admin/builder/spi-builder-workspace/.derivedData/Build/Intermediates.noindex/BbcNews.build/Debug-watchos/BbcNews-t.build/DerivedSources/arm64_32 -Xcc -I/Users/admin/builder/spi-builder-workspace/.derivedData/Build/Intermediates.noindex/BbcNews.build/Debug-watchos/BbcNews-t.build/DerivedSources -Xcc -DSWIFT_PACKAGE -Xcc -DDEBUG\=1 -no-auto-bridging-header-chaining -module-name BbcNews -package-name spi_builder_workspace -const-gather-protocols-file /Users/admin/builder/spi-builder-workspace/.derivedData/Build/Intermediates.noindex/BbcNews.build/Debug-watchos/BbcNews-t.build/Objects-normal/arm64_32/BbcNews_const_extract_protocols.json -disable-clang-spi -clang-target arm64_32-apple-watchos27.0 -target-sdk-version 27.0 -target-sdk-name watchos27.0 -in-process-plugin-server-path /Applications/Xcode-27.0.0-Release.Candidate.app/Contents/Developer/Toolchains/XcodeDefault.xctoolchain/usr/lib/swift/host/libSwiftInProcPluginServer.dylib -emit-module-doc-path /Users/admin/builder/spi-builder-workspace/.derivedData/Build/Intermediates.noindex/BbcNews.build/Debug-watchos/BbcNews-t.build/Objects-normal/arm64_32/BbcNews.swiftdoc -emit-module-source-info-path /Users/admin/builder/spi-builder-workspace/.derivedData/Build/Intermediates.noindex/BbcNews.build/Debug-watchos/BbcNews-t.build/Objects-normal/arm64_32/BbcNews.swiftsourceinfo -emit-objc-header-path /Users/admin/builder/spi-builder-workspace/.derivedData/Build/Intermediates.noindex/BbcNews.build/Debug-watchos/BbcNews-t.build/Objects-normal/arm64_32/BbcNews-Swift.h -serialize-diagnostics-path /Users/admin/builder/spi-builder-workspace/.derivedData/Build/Intermediates.noindex/BbcNews.build/Debug-watchos/BbcNews-t.build/Objects-normal/arm64_32/BbcNews-primary-emit-module.dia -emit-dependencies-path /Users/admin/builder/spi-builder-workspace/.derivedData/Build/Intermediates.noindex/BbcNews.build/Debug-watchos/BbcNews-t.build/Objects-normal/arm64_32/BbcNews-primary-emit-module.d -parse-as-library -o /Users/admin/builder/spi-builder-workspace/.derivedData/Build/Intermediates.noindex/BbcNews.build/Debug-watchos/BbcNews-t.build/Objects-normal/arm64_32/BbcNews.swiftmodule -emit-abi-descriptor-path /Users/admin/builder/spi-builder-workspace/.derivedData/Build/Intermediates.noindex/BbcNews.build/Debug-watchos/BbcNews-t.build/Objects-normal/arm64_32/BbcNews.abi.json
SwiftCompile normal arm64_32 (in target 'BbcNews' from project 'BbcNews')
    cd /Users/admin/builder/spi-builder-workspace/.swiftpm/xcode

SwiftCompile normal arm64_32 Compiling\ BbcNews.swift,\ FDBillboard.swift,\ FDCarousel.swift,\ FDCollection.swift,\ FDHierarchicalCollection.swift,\ FDSimpleCollection.swift,\ FDSimplePromoGrid.swift,\ FDBadge.swift /Users/admin/builder/spi-builder-workspace/Sources/BbcNews/BbcNews.swift /Users/admin/builder/spi-builder-workspace/Sources/BbcNews/Models/Discovery/Collection/FDBillboard.swift /Users/admin/builder/spi-builder-workspace/Sources/BbcNews/Models/Discovery/Collection/FDCarousel.swift /Users/admin/builder/spi-builder-workspace/Sources/BbcNews/Models/Discovery/Collection/FDCollection.swift /Users/admin/builder/spi-builder-workspace/Sources/BbcNews/Models/Discovery/Collection/FDHierarchicalCollection.swift /Users/admin/builder/spi-builder-workspace/Sources/BbcNews/Models/Discovery/Collection/FDSimpleCollection.swift /Users/admin/builder/spi-builder-workspace/Sources/BbcNews/Models/Discovery/Collection/FDSimplePromoGrid.swift /Users/admin/builder/spi-builder-workspace/Sources/BbcNews/Models/Discovery/FDBadge.swift (in target 'BbcNews' from project 'BbcNews')
SwiftCompile normal arm64_32 /Users/admin/builder/spi-builder-workspace/Sources/BbcNews/BbcNews.swift (in target 'BbcNews' from project 'BbcNews')
    cd /Users/admin/builder/spi-builder-workspace/.swiftpm/xcode
    builtin-SwiftPerFileCompile BbcNews.swift
SwiftCompile normal arm64_32 /Users/admin/builder/spi-builder-workspace/Sources/BbcNews/Models/Discovery/Collection/FDBillboard.swift (in target 'BbcNews' from project 'BbcNews')
    cd /Users/admin/builder/spi-builder-workspace/.swiftpm/xcode
    builtin-SwiftPerFileCompile FDBillboard.swift
SwiftCompile normal arm64_32 /Users/admin/builder/spi-builder-workspace/Sources/BbcNews/Models/Discovery/Collection/FDCarousel.swift (in target 'BbcNews' from project 'BbcNews')
    cd /Users/admin/builder/spi-builder-workspace/.swiftpm/xcode
    builtin-SwiftPerFileCompile FDCarousel.swift
SwiftCompile normal arm64_32 /Users/admin/builder/spi-builder-workspace/Sources/BbcNews/Models/Discovery/Collection/FDCollection.swift (in target 'BbcNews' from project 'BbcNews')
    cd /Users/admin/builder/spi-builder-workspace/.swiftpm/xcode
    builtin-SwiftPerFileCompile FDCollection.swift
SwiftCompile normal arm64_32 /Users/admin/builder/spi-builder-workspace/Sources/BbcNews/Models/Discovery/Collection/FDHierarchicalCollection.swift (in target 'BbcNews' from project 'BbcNews')
    cd /Users/admin/builder/spi-builder-workspace/.swiftpm/xcode
    builtin-SwiftPerFileCompile FDHierarchicalCollection.swift
SwiftCompile normal arm64_32 /Users/admin/builder/spi-builder-workspace/Sources/BbcNews/Models/Discovery/Collection/FDSimpleCollection.swift (in target 'BbcNews' from project 'BbcNews')
    cd /Users/admin/builder/spi-builder-workspace/.swiftpm/xcode
    builtin-SwiftPerFileCompile FDSimpleCollection.swift
SwiftCompile normal arm64_32 /Users/admin/builder/spi-builder-workspace/Sources/BbcNews/Models/Discovery/Collection/FDSimplePromoGrid.swift (in target 'BbcNews' from project 'BbcNews')
    cd /Users/admin/builder/spi-builder-workspace/.swiftpm/xcode
    builtin-SwiftPerFileCompile FDSimplePromoGrid.swift
SwiftCompile normal arm64_32 /Users/admin/builder/spi-builder-workspace/Sources/BbcNews/Models/Discovery/FDBadge.swift (in target 'BbcNews' from project 'BbcNews')
    cd /Users/admin/builder/spi-builder-workspace/.swiftpm/xcode
    builtin-SwiftPerFileCompile FDBadge.swift
SwiftCompile normal arm64_32 Compiling\ FDTrackerPayload.swift,\ FDContentSource.swift,\ FDLink.swift,\ FDLinkDestination.swift,\ FDPresentation.swift,\ FDPresentationType.swift,\ FDTemperature.swift /Users/admin/builder/spi-builder-workspace/Sources/BbcNews/Models/Discovery/FDTrackerPayload.swift /Users/admin/builder/spi-builder-workspace/Sources/BbcNews/Models/Discovery/Link/FDContentSource.swift /Users/admin/builder/spi-builder-workspace/Sources/BbcNews/Models/Discovery/Link/FDLink.swift /Users/admin/builder/spi-builder-workspace/Sources/BbcNews/Models/Discovery/Link/FDLinkDestination.swift /Users/admin/builder/spi-builder-workspace/Sources/BbcNews/Models/Discovery/Link/FDPresentation.swift /Users/admin/builder/spi-builder-workspace/Sources/BbcNews/Models/Discovery/Link/FDPresentationType.swift /Users/admin/builder/spi-builder-workspace/Sources/BbcNews/Models/Discovery/Weather/FDTemperature.swift (in target 'BbcNews' from project 'BbcNews')
SwiftCompile normal arm64_32 /Users/admin/builder/spi-builder-workspace/Sources/BbcNews/Models/Discovery/FDTrackerPayload.swift (in target 'BbcNews' from project 'BbcNews')
    cd /Users/admin/builder/spi-builder-workspace/.swiftpm/xcode
    builtin-SwiftPerFileCompile FDTrackerPayload.swift
SwiftCompile normal arm64_32 /Users/admin/builder/spi-builder-workspace/Sources/BbcNews/Models/Discovery/Link/FDContentSource.swift (in target 'BbcNews' from project 'BbcNews')
    cd /Users/admin/builder/spi-builder-workspace/.swiftpm/xcode
    builtin-SwiftPerFileCompile FDContentSource.swift
SwiftCompile normal arm64_32 /Users/admin/builder/spi-builder-workspace/Sources/BbcNews/Models/Discovery/Link/FDLink.swift (in target 'BbcNews' from project 'BbcNews')
    cd /Users/admin/builder/spi-builder-workspace/.swiftpm/xcode
    builtin-SwiftPerFileCompile FDLink.swift
SwiftCompile normal arm64_32 /Users/admin/builder/spi-builder-workspace/Sources/BbcNews/Models/Discovery/Link/FDLinkDestination.swift (in target 'BbcNews' from project 'BbcNews')
    cd /Users/admin/builder/spi-builder-workspace/.swiftpm/xcode
    builtin-SwiftPerFileCompile FDLinkDestination.swift
SwiftCompile normal arm64_32 /Users/admin/builder/spi-builder-workspace/Sources/BbcNews/Models/Discovery/Link/FDPresentation.swift (in target 'BbcNews' from project 'BbcNews')
    cd /Users/admin/builder/spi-builder-workspace/.swiftpm/xcode
    builtin-SwiftPerFileCompile FDPresentation.swift
SwiftCompile normal arm64_32 /Users/admin/builder/spi-builder-workspace/Sources/BbcNews/Models/Discovery/Link/FDPresentationType.swift (in target 'BbcNews' from project 'BbcNews')
    cd /Users/admin/builder/spi-builder-workspace/.swiftpm/xcode
    builtin-SwiftPerFileCompile FDPresentationType.swift
SwiftCompile normal arm64_32 /Users/admin/builder/spi-builder-workspace/Sources/BbcNews/Models/Discovery/Weather/FDTemperature.swift (in target 'BbcNews' from project 'BbcNews')
    cd /Users/admin/builder/spi-builder-workspace/.swiftpm/xcode
    builtin-SwiftPerFileCompile FDTemperature.swift
SwiftCompile normal arm64_32 Compiling\ FDBadgeType.swift,\ FDBrand.swift,\ FDCallToActionBanner.swift,\ FDCallToActionButton.swift,\ FDChipList.swift,\ FDCollectionHeader.swift,\ FDCopyright.swift /Users/admin/builder/spi-builder-workspace/Sources/BbcNews/Models/Discovery/FDBadgeType.swift /Users/admin/builder/spi-builder-workspace/Sources/BbcNews/Models/Discovery/FDBrand.swift /Users/admin/builder/spi-builder-workspace/Sources/BbcNews/Models/Discovery/FDCallToActionBanner.swift /Users/admin/builder/spi-builder-workspace/Sources/BbcNews/Models/Discovery/FDCallToActionButton.swift /Users/admin/builder/spi-builder-workspace/Sources/BbcNews/Models/Discovery/FDChipList.swift /Users/admin/builder/spi-builder-workspace/Sources/BbcNews/Models/Discovery/FDCollectionHeader.swift /Users/admin/builder/spi-builder-workspace/Sources/BbcNews/Models/Discovery/FDCopyright.swift (in target 'BbcNews' from project 'BbcNews')
SwiftCompile normal arm64_32 /Users/admin/builder/spi-builder-workspace/Sources/BbcNews/Models/Discovery/FDBadgeType.swift (in target 'BbcNews' from project 'BbcNews')
    cd /Users/admin/builder/spi-builder-workspace/.swiftpm/xcode
    builtin-SwiftPerFileCompile FDBadgeType.swift
SwiftCompile normal arm64_32 /Users/admin/builder/spi-builder-workspace/Sources/BbcNews/Models/Discovery/FDBrand.swift (in target 'BbcNews' from project 'BbcNews')
    cd /Users/admin/builder/spi-builder-workspace/.swiftpm/xcode
    builtin-SwiftPerFileCompile FDBrand.swift
SwiftCompile normal arm64_32 /Users/admin/builder/spi-builder-workspace/Sources/BbcNews/Models/Discovery/FDCallToActionBanner.swift (in target 'BbcNews' from project 'BbcNews')
    cd /Users/admin/builder/spi-builder-workspace/.swiftpm/xcode
    builtin-SwiftPerFileCompile FDCallToActionBanner.swift
SwiftCompile normal arm64_32 /Users/admin/builder/spi-builder-workspace/Sources/BbcNews/Models/Discovery/FDCallToActionButton.swift (in target 'BbcNews' from project 'BbcNews')
    cd /Users/admin/builder/spi-builder-workspace/.swiftpm/xcode
    builtin-SwiftPerFileCompile FDCallToActionButton.swift
SwiftCompile normal arm64_32 /Users/admin/builder/spi-builder-workspace/Sources/BbcNews/Models/Discovery/FDChipList.swift (in target 'BbcNews' from project 'BbcNews')
    cd /Users/admin/builder/spi-builder-workspace/.swiftpm/xcode
    builtin-SwiftPerFileCompile FDChipList.swift
SwiftCompile normal arm64_32 /Users/admin/builder/spi-builder-workspace/Sources/BbcNews/Models/Discovery/FDCollectionHeader.swift (in target 'BbcNews' from project 'BbcNews')
    cd /Users/admin/builder/spi-builder-workspace/.swiftpm/xcode
    builtin-SwiftPerFileCompile FDCollectionHeader.swift
SwiftCompile normal arm64_32 /Users/admin/builder/spi-builder-workspace/Sources/BbcNews/Models/Discovery/FDCopyright.swift (in target 'BbcNews' from project 'BbcNews')
    cd /Users/admin/builder/spi-builder-workspace/.swiftpm/xcode
    builtin-SwiftPerFileCompile FDCopyright.swift
SwiftCompile normal arm64_32 Compiling\ FDWeatherForecast.swift,\ FDWeatherIcon.swift,\ FDWeatherLocation.swift,\ FDWeatherPromoSummary.swift,\ ReleaseTrack.swift,\ Service.swift,\ FDResolverResponse.swift /Users/admin/builder/spi-builder-workspace/Sources/BbcNews/Models/Discovery/Weather/FDWeatherForecast.swift /Users/admin/builder/spi-builder-workspace/Sources/BbcNews/Models/Discovery/Weather/FDWeatherIcon.swift /Users/admin/builder/spi-builder-workspace/Sources/BbcNews/Models/Discovery/Weather/FDWeatherLocation.swift /Users/admin/builder/spi-builder-workspace/Sources/BbcNews/Models/Discovery/Weather/FDWeatherPromoSummary.swift /Users/admin/builder/spi-builder-workspace/Sources/BbcNews/Models/Request/ReleaseTrack.swift /Users/admin/builder/spi-builder-workspace/Sources/BbcNews/Models/Request/Service.swift /Users/admin/builder/spi-builder-workspace/Sources/BbcNews/Models/ResolverResult/FDResolverResponse.swift (in target 'BbcNews' from project 'BbcNews')
SwiftCompile normal arm64_32 /Users/admin/builder/spi-builder-workspace/Sources/BbcNews/Models/Discovery/Weather/FDWeatherForecast.swift (in target 'BbcNews' from project 'BbcNews')
    cd /Users/admin/builder/spi-builder-workspace/.swiftpm/xcode
    builtin-SwiftPerFileCompile FDWeatherForecast.swift
SwiftCompile normal arm64_32 /Users/admin/builder/spi-builder-workspace/Sources/BbcNews/Models/Discovery/Weather/FDWeatherIcon.swift (in target 'BbcNews' from project 'BbcNews')
    cd /Users/admin/builder/spi-builder-workspace/.swiftpm/xcode
    builtin-SwiftPerFileCompile FDWeatherIcon.swift
SwiftCompile normal arm64_32 /Users/admin/builder/spi-builder-workspace/Sources/BbcNews/Models/Discovery/Weather/FDWeatherLocation.swift (in target 'BbcNews' from project 'BbcNews')
    cd /Users/admin/builder/spi-builder-workspace/.swiftpm/xcode
    builtin-SwiftPerFileCompile FDWeatherLocation.swift
SwiftCompile normal arm64_32 /Users/admin/builder/spi-builder-workspace/Sources/BbcNews/Models/Discovery/Weather/FDWeatherPromoSummary.swift (in target 'BbcNews' from project 'BbcNews')
    cd /Users/admin/builder/spi-builder-workspace/.swiftpm/xcode
    builtin-SwiftPerFileCompile FDWeatherPromoSummary.swift
SwiftCompile normal arm64_32 /Users/admin/builder/spi-builder-workspace/Sources/BbcNews/Models/Request/ReleaseTrack.swift (in target 'BbcNews' from project 'BbcNews')
    cd /Users/admin/builder/spi-builder-workspace/.swiftpm/xcode
    builtin-SwiftPerFileCompile ReleaseTrack.swift
SwiftCompile normal arm64_32 /Users/admin/builder/spi-builder-workspace/Sources/BbcNews/Models/Request/Service.swift (in target 'BbcNews' from project 'BbcNews')
    cd /Users/admin/builder/spi-builder-workspace/.swiftpm/xcode
    builtin-SwiftPerFileCompile Service.swift
SwiftCompile normal arm64_32 /Users/admin/builder/spi-builder-workspace/Sources/BbcNews/Models/ResolverResult/FDResolverResponse.swift (in target 'BbcNews' from project 'BbcNews')
    cd /Users/admin/builder/spi-builder-workspace/.swiftpm/xcode
    builtin-SwiftPerFileCompile FDResolverResponse.swift
SwiftEmitModule normal arm64 Emitting\ module\ for\ BbcNews (in target 'BbcNews' from project 'BbcNews')
SwiftCompile normal arm64 (in target 'BbcNews' from project 'BbcNews')
    cd /Users/admin/builder/spi-builder-workspace/.swiftpm/xcode

PruneExplicitPrecompiledModules /Users/admin/builder/spi-builder-workspace/.derivedData/SDKExplicitPrecompiledModules
PruneExplicitPrecompiledModules /Users/admin/builder/spi-builder-workspace/.derivedData/Build/Intermediates.noindex/SwiftExplicitPrecompiledModules
PruneExplicitPrecompiledModules /Users/admin/builder/spi-builder-workspace/.derivedData/Build/Intermediates.noindex/ExplicitPrecompiledModules
2026-09-21 07:54:28.232 xcodebuild[627:3898] [MT] IDERunDestination: Supported platforms for the buildables in the current scheme is empty.
2026-09-21 07:54:28.335 xcodebuild[627:3898] [MT] IDERunDestination: Supported platforms for the buildables in the current scheme is empty.
** BUILD FAILED **
The following build commands failed:
	SwiftEmitModule normal arm64_32 Emitting\ module\ for\ BbcNews (in target 'BbcNews' from project 'BbcNews')
	SwiftCompile normal arm64_32 (in target 'BbcNews' from project 'BbcNews')
	Building workspace BbcNews with scheme BbcNews
(3 failures)
Command line invocation:
    /Applications/Xcode-27.0.0-Release.Candidate.app/Contents/Developer/usr/bin/xcodebuild -IDEClonedSourcePackagesDirPathOverride=/Users/admin/builder/spi-builder-workspace/.dependencies -resolvePackageDependencies
Resolve Package Graph
Resolved source packages:
  BbcNews: /Users/admin/builder/spi-builder-workspace
resolved source packages: BbcNews
2026-09-21 07:54:35.465 xcodebuild[789:4666] [MT] IDERunDestination: Supported platforms for the buildables in the current scheme is empty.
2026-09-21 07:54:35.569 xcodebuild[789:4666] [MT] IDERunDestination: Supported platforms for the buildables in the current scheme is empty.
{
  "dependencies" : [
  ],
  "manifest_display_name" : "BbcNews",
  "name" : "BbcNews",
  "path" : "/Users/admin/builder/spi-builder-workspace",
  "platforms" : [
    {
      "name" : "ios",
      "version" : "16.0"
    },
    {
      "name" : "macos",
      "version" : "13.0"
    },
    {
      "name" : "maccatalyst",
      "version" : "13.0"
    },
    {
      "name" : "tvos",
      "version" : "16.0"
    },
    {
      "name" : "watchos",
      "version" : "9.0"
    },
    {
      "name" : "visionos",
      "version" : "1.0"
    }
  ],
  "products" : [
    {
      "name" : "BbcNews",
      "targets" : [
        "BbcNews"
      ],
      "type" : {
        "library" : [
          "automatic"
        ]
      }
    }
  ],
  "targets" : [
    {
      "c99name" : "BbcNewsTests",
      "module_type" : "SwiftTarget",
      "name" : "BbcNewsTests",
      "path" : "Tests/BbcNewsTests",
      "resources" : [
        {
          "path" : "/Users/admin/builder/spi-builder-workspace/Tests/BbcNewsTests/Resources",
          "rule" : {
            "copy" : {
            }
          }
        }
      ],
      "sources" : [
        "BbcNewsTests.swift",
        "FDImageTests.swift",
        "FDLinkDestinationTests.swift",
        "SchemaTests.swift",
        "UnknownableTests.swift"
      ],
      "target_dependencies" : [
        "BbcNews"
      ],
      "type" : "test"
    },
    {
      "c99name" : "BbcNews",
      "module_type" : "SwiftTarget",
      "name" : "BbcNews",
      "path" : "Sources/BbcNews",
      "product_memberships" : [
        "BbcNews"
      ],
      "sources" : [
        "BbcNews.swift",
        "Models/Discovery/Collection/FDBillboard.swift",
        "Models/Discovery/Collection/FDCarousel.swift",
        "Models/Discovery/Collection/FDCollection.swift",
        "Models/Discovery/Collection/FDHierarchicalCollection.swift",
        "Models/Discovery/Collection/FDSimpleCollection.swift",
        "Models/Discovery/Collection/FDSimplePromoGrid.swift",
        "Models/Discovery/FDBadge.swift",
        "Models/Discovery/FDBadgeType.swift",
        "Models/Discovery/FDBrand.swift",
        "Models/Discovery/FDCallToActionBanner.swift",
        "Models/Discovery/FDCallToActionButton.swift",
        "Models/Discovery/FDChipList.swift",
        "Models/Discovery/FDCollectionHeader.swift",
        "Models/Discovery/FDCopyright.swift",
        "Models/Discovery/FDSourceFormat.swift",
        "Models/Discovery/FDStoryPromo.swift",
        "Models/Discovery/FDStoryPromoStyle.swift",
        "Models/Discovery/FDTopic.swift",
        "Models/Discovery/FDTopicButton.swift",
        "Models/Discovery/FDTrackedEvent.swift",
        "Models/Discovery/FDTracker.swift",
        "Models/Discovery/FDTrackerPayload.swift",
        "Models/Discovery/Link/FDContentSource.swift",
        "Models/Discovery/Link/FDLink.swift",
        "Models/Discovery/Link/FDLinkDestination.swift",
        "Models/Discovery/Link/FDPresentation.swift",
        "Models/Discovery/Link/FDPresentationType.swift",
        "Models/Discovery/Weather/FDTemperature.swift",
        "Models/Discovery/Weather/FDWeatherForecast.swift",
        "Models/Discovery/Weather/FDWeatherIcon.swift",
        "Models/Discovery/Weather/FDWeatherLocation.swift",
        "Models/Discovery/Weather/FDWeatherPromoSummary.swift",
        "Models/Request/ReleaseTrack.swift",
        "Models/Request/Service.swift",
        "Models/ResolverResult/FDResolverResponse.swift",
        "Models/ResolverResult/FDResolverResult.swift",
        "Models/Result/FDData.swift",
        "Models/Result/FDDataMetadata.swift",
        "Models/Result/FDItem.swift",
        "Models/Result/FDResult.swift",
        "Models/Story/FDByline.swift",
        "Models/Story/FDBylineContributor.swift",
        "Models/Story/FDContentList.swift",
        "Models/Story/FDContentListOrder.swift",
        "Models/Story/FDHeadline.swift",
        "Models/Story/FDHeadlineByline.swift",
        "Models/Story/FDSectionHeader.swift",
        "Models/Story/FDVideoPortraitStory.swift",
        "Models/Story/Image/FDImage.swift",
        "Models/Story/Image/FDImageContainer.swift",
        "Models/Story/Image/FDImageMetadata.swift",
        "Models/Story/Image/FDImageSizingMethod.swift",
        "Models/Story/Image/FDImageSizingMethodType.swift",
        "Models/Story/Image/FDImageSource.swift",
        "Models/Story/Media/FDMedia.swift",
        "Models/Story/Media/FDMediaMetaData.swift",
        "Models/Story/Media/FDMediaSource.swift",
        "Models/Story/Media/FDMediaType.swift",
        "Models/Story/Text/FDAttribute.swift",
        "Models/Story/Text/FDAttributeType.swift",
        "Models/Story/Text/FDAttributedText.swift",
        "Models/Story/Text/FDAttributedTextSpan.swift",
        "Models/Story/Text/FDTextContainer.swift",
        "Models/Story/Text/FDTextContainerType.swift",
        "Utils/FailableCodable.swift",
        "Utils/JSONDecoder+DecodeWithoutThrowing.swift",
        "Utils/Logger.swift",
        "Utils/NetworkError.swift",
        "Utils/UIDevice+ModelIdentifier.swift",
        "Utils/Unknownable.swift"
      ],
      "type" : "library"
    }
  ],
  "tools_version" : "6.0"
}
{
  "workspace" : {
    "name" : "BbcNews",
    "schemes" : [
      "BbcNews"
    ]
  }
}
2026-09-21 07:54:36.699 xcodebuild[797:4735] [MT] IDERunDestination: Supported platforms for the buildables in the current scheme is empty.
2026-09-21 07:54:36.798 xcodebuild[797:4735] [MT] IDERunDestination: Supported platforms for the buildables in the current scheme is empty.
Running build ...
env DEVELOPER_DIR=/Applications/Xcode-27.0.0-Release.Candidate.app xcrun xcodebuild -IDEClonedSourcePackagesDirPathOverride=$PWD/.dependencies -skipMacroValidation -skipPackagePluginValidation -derivedDataPath $PWD/.derivedData build -scheme BbcNews -destination generic/platform=watchOS
Command line invocation:
    /Applications/Xcode-27.0.0-Release.Candidate.app/Contents/Developer/usr/bin/xcodebuild -IDEClonedSourcePackagesDirPathOverride=/Users/admin/builder/spi-builder-workspace/.dependencies -skipMacroValidation -skipPackagePluginValidation -derivedDataPath /Users/admin/builder/spi-builder-workspace/.derivedData build -scheme BbcNews -destination generic/platform=watchOS
Resolve Package Graph
Resolved source packages:
  BbcNews: /Users/admin/builder/spi-builder-workspace
ComputePackagePrebuildTargetDependencyGraph
Prepare packages
CreateBuildRequest
SendProjectDescription
CreateBuildOperation
ComputeTargetDependencyGraph
note: Building targets in dependency order
note: Target dependency graph (4 targets)
    Target 'BbcNewsTests-product' in project 'BbcNews'
        ➜ Explicit dependency on target 'BbcNews_BbcNewsTests' in project 'BbcNews'
        ➜ Explicit dependency on target 'BbcNews' in project 'BbcNews'
    Target 'BbcNews_BbcNewsTests' in project 'BbcNews' (no dependencies)
    Target 'BbcNews-product' in project 'BbcNews'
        ➜ Explicit dependency on target 'BbcNews' in project 'BbcNews'
    Target 'BbcNews' in project 'BbcNews' (no dependencies)
GatherProvisioningInputs
CreateBuildDescription
ClangStatCache /Applications/Xcode-27.0.0-Release.Candidate.app/Contents/Developer/Toolchains/XcodeDefault.xctoolchain/usr/bin/clang-stat-cache /Applications/Xcode-27.0.0-Release.Candidate.app/Contents/Developer/Platforms/WatchOS.platform/Developer/SDKs/WatchOS27.0.sdk /Users/admin/builder/spi-builder-workspace/.derivedData/SDKStatCaches.noindex/watchos27.0-24R360-e829b21a6f8c9b70876ba0858053c04477534ef55a1706bf4c1112bbb242f0a2.sdkstatcache
    cd /Users/admin/builder/spi-builder-workspace/.swiftpm/xcode
    /Applications/Xcode-27.0.0-Release.Candidate.app/Contents/Developer/Toolchains/XcodeDefault.xctoolchain/usr/bin/clang-stat-cache /Applications/Xcode-27.0.0-Release.Candidate.app/Contents/Developer/Platforms/WatchOS.platform/Developer/SDKs/WatchOS27.0.sdk -o /Users/admin/builder/spi-builder-workspace/.derivedData/SDKStatCaches.noindex/watchos27.0-24R360-e829b21a6f8c9b70876ba0858053c04477534ef55a1706bf4c1112bbb242f0a2.sdkstatcache
SwiftDriver BbcNews normal arm64 com.apple.xcode.tools.swift.compiler (in target 'BbcNews' from project 'BbcNews')
    cd /Users/admin/builder/spi-builder-workspace/.swiftpm/xcode
    builtin-SwiftDriver -- /Applications/Xcode-27.0.0-Release.Candidate.app/Contents/Developer/Toolchains/XcodeDefault.xctoolchain/usr/bin/swiftc -parse-as-library -module-name BbcNews -Onone @/Users/admin/builder/spi-builder-workspace/.derivedData/Build/Intermediates.noindex/BbcNews.build/Debug-watchos/BbcNews-t.build/Objects-normal/arm64/BbcNews.SwiftFileList -DSWIFT_PACKAGE -DDEBUG -DSWIFT_MODULE_RESOURCE_BUNDLE_UNAVAILABLE -DXcode -plugin-path /Applications/Xcode-27.0.0-Release.Candidate.app/Contents/Developer/Toolchains/XcodeDefault.xctoolchain/usr/lib/swift/host/plugins/testing -enable-experimental-feature DebugDescriptionMacro -sdk /Applications/Xcode-27.0.0-Release.Candidate.app/Contents/Developer/Platforms/WatchOS.platform/Developer/SDKs/WatchOS27.0.sdk -target arm64-apple-watchos9.0 -g -module-cache-path /Users/admin/builder/spi-builder-workspace/.derivedData/ModuleCache.noindex -Xfrontend -serialize-debugging-options -profile-coverage-mapping -profile-generate -enable-testing -index-store-path /Users/admin/builder/spi-builder-workspace/.derivedData/Index.noindex/DataStore -Xcc -D_LIBCPP_HARDENING_MODE\=_LIBCPP_HARDENING_MODE_DEBUG -swift-version 6 -I /Users/admin/builder/spi-builder-workspace/.derivedData/Build/Products/Debug-watchos -Isystem /Applications/Xcode-27.0.0-Release.Candidate.app/Contents/Developer/Platforms/WatchOS.platform/Developer/usr/lib -F /Users/admin/builder/spi-builder-workspace/.derivedData/Build/Products/Debug-watchos -F /Applications/Xcode-27.0.0-Release.Candidate.app/Contents/Developer/Platforms/WatchOS.platform/Developer/Library/Frameworks -F /Applications/Xcode-27.0.0-Release.Candidate.app/Contents/Developer/Platforms/WatchOS.platform/Developer/SDKs/WatchOS27.0.sdk/Developer/Library/Frameworks -c -j10 -enable-batch-mode -incremental -Xcc -ivfsstatcache -Xcc /Users/admin/builder/spi-builder-workspace/.derivedData/SDKStatCaches.noindex/watchos27.0-24R360-e829b21a6f8c9b70876ba0858053c04477534ef55a1706bf4c1112bbb242f0a2.sdkstatcache -output-file-map /Users/admin/builder/spi-builder-workspace/.derivedData/Build/Intermediates.noindex/BbcNews.build/Debug-watchos/BbcNews-t.build/Objects-normal/arm64/BbcNews-OutputFileMap.json -save-temps -no-color-diagnostics -explicit-module-build -module-cache-path /Users/admin/builder/spi-builder-workspace/.derivedData/Build/Intermediates.noindex/SwiftExplicitPrecompiledModules -clang-scanner-module-cache-path /Users/admin/builder/spi-builder-workspace/.derivedData/ModuleCache.noindex -sdk-module-cache-path /Users/admin/builder/spi-builder-workspace/.derivedData/SDKExplicitPrecompiledModules -emit-dependencies -emit-module -emit-module-path /Users/admin/builder/spi-builder-workspace/.derivedData/Build/Intermediates.noindex/BbcNews.build/Debug-watchos/BbcNews-t.build/Objects-normal/arm64/BbcNews.swiftmodule -serialize-diagnostics -dependency-scan-serialize-diagnostics-path /Users/admin/builder/spi-builder-workspace/.derivedData/Build/Intermediates.noindex/BbcNews.build/Debug-watchos/BbcNews-t.build/Objects-normal/arm64/BbcNews-dependency-scan.dia -validate-clang-modules-once -clang-build-session-file /Users/admin/builder/spi-builder-workspace/.derivedData/ModuleCache.noindex/Session.modulevalidation -Xcc -fmodules-prune-interval\=86400 -Xcc -fmodules-prune-after\=345600 -package-name spi_builder_workspace -emit-const-values -const-gather-protocols-list /Users/admin/builder/spi-builder-workspace/.derivedData/Build/Intermediates.noindex/BbcNews.build/Debug-watchos/BbcNews-t.build/Objects-normal/arm64/BbcNews_const_extract_protocols.json -Xcc -I/Users/admin/builder/spi-builder-workspace/.derivedData/Build/Products/Debug-watchos/include -Xcc -I/Users/admin/builder/spi-builder-workspace/.derivedData/Build/Intermediates.noindex/BbcNews.build/Debug-watchos/BbcNews-t.build/DerivedSources-normal/arm64 -Xcc -I/Users/admin/builder/spi-builder-workspace/.derivedData/Build/Intermediates.noindex/BbcNews.build/Debug-watchos/BbcNews-t.build/DerivedSources/arm64 -Xcc -I/Users/admin/builder/spi-builder-workspace/.derivedData/Build/Intermediates.noindex/BbcNews.build/Debug-watchos/BbcNews-t.build/DerivedSources -Xcc -DSWIFT_PACKAGE -Xcc -DDEBUG\=1 -emit-objc-header -emit-objc-header-path /Users/admin/builder/spi-builder-workspace/.derivedData/Build/Intermediates.noindex/BbcNews.build/Debug-watchos/BbcNews-t.build/Objects-normal/arm64/BbcNews-Swift.h -working-directory /Users/admin/builder/spi-builder-workspace/.swiftpm/xcode -experimental-emit-module-separately -disable-cmo
SwiftDriver BbcNews normal arm64_32 com.apple.xcode.tools.swift.compiler (in target 'BbcNews' from project 'BbcNews')
    cd /Users/admin/builder/spi-builder-workspace/.swiftpm/xcode
    builtin-SwiftDriver -- /Applications/Xcode-27.0.0-Release.Candidate.app/Contents/Developer/Toolchains/XcodeDefault.xctoolchain/usr/bin/swiftc -parse-as-library -module-name BbcNews -Onone @/Users/admin/builder/spi-builder-workspace/.derivedData/Build/Intermediates.noindex/BbcNews.build/Debug-watchos/BbcNews-t.build/Objects-normal/arm64_32/BbcNews.SwiftFileList -DSWIFT_PACKAGE -DDEBUG -DSWIFT_MODULE_RESOURCE_BUNDLE_UNAVAILABLE -DXcode -plugin-path /Applications/Xcode-27.0.0-Release.Candidate.app/Contents/Developer/Toolchains/XcodeDefault.xctoolchain/usr/lib/swift/host/plugins/testing -enable-experimental-feature DebugDescriptionMacro -sdk /Applications/Xcode-27.0.0-Release.Candidate.app/Contents/Developer/Platforms/WatchOS.platform/Developer/SDKs/WatchOS27.0.sdk -target arm64_32-apple-watchos9.0 -g -module-cache-path /Users/admin/builder/spi-builder-workspace/.derivedData/ModuleCache.noindex -Xfrontend -serialize-debugging-options -profile-coverage-mapping -profile-generate -enable-testing -index-store-path /Users/admin/builder/spi-builder-workspace/.derivedData/Index.noindex/DataStore -Xcc -D_LIBCPP_HARDENING_MODE\=_LIBCPP_HARDENING_MODE_DEBUG -swift-version 6 -I /Users/admin/builder/spi-builder-workspace/.derivedData/Build/Products/Debug-watchos -Isystem /Applications/Xcode-27.0.0-Release.Candidate.app/Contents/Developer/Platforms/WatchOS.platform/Developer/usr/lib -F /Users/admin/builder/spi-builder-workspace/.derivedData/Build/Products/Debug-watchos -F /Applications/Xcode-27.0.0-Release.Candidate.app/Contents/Developer/Platforms/WatchOS.platform/Developer/Library/Frameworks -F /Applications/Xcode-27.0.0-Release.Candidate.app/Contents/Developer/Platforms/WatchOS.platform/Developer/SDKs/WatchOS27.0.sdk/Developer/Library/Frameworks -c -j10 -enable-batch-mode -incremental -Xcc -ivfsstatcache -Xcc /Users/admin/builder/spi-builder-workspace/.derivedData/SDKStatCaches.noindex/watchos27.0-24R360-e829b21a6f8c9b70876ba0858053c04477534ef55a1706bf4c1112bbb242f0a2.sdkstatcache -output-file-map /Users/admin/builder/spi-builder-workspace/.derivedData/Build/Intermediates.noindex/BbcNews.build/Debug-watchos/BbcNews-t.build/Objects-normal/arm64_32/BbcNews-OutputFileMap.json -save-temps -no-color-diagnostics -explicit-module-build -module-cache-path /Users/admin/builder/spi-builder-workspace/.derivedData/Build/Intermediates.noindex/SwiftExplicitPrecompiledModules -clang-scanner-module-cache-path /Users/admin/builder/spi-builder-workspace/.derivedData/ModuleCache.noindex -sdk-module-cache-path /Users/admin/builder/spi-builder-workspace/.derivedData/SDKExplicitPrecompiledModules -emit-dependencies -emit-module -emit-module-path /Users/admin/builder/spi-builder-workspace/.derivedData/Build/Intermediates.noindex/BbcNews.build/Debug-watchos/BbcNews-t.build/Objects-normal/arm64_32/BbcNews.swiftmodule -serialize-diagnostics -dependency-scan-serialize-diagnostics-path /Users/admin/builder/spi-builder-workspace/.derivedData/Build/Intermediates.noindex/BbcNews.build/Debug-watchos/BbcNews-t.build/Objects-normal/arm64_32/BbcNews-dependency-scan.dia -validate-clang-modules-once -clang-build-session-file /Users/admin/builder/spi-builder-workspace/.derivedData/ModuleCache.noindex/Session.modulevalidation -Xcc -fmodules-prune-interval\=86400 -Xcc -fmodules-prune-after\=345600 -package-name spi_builder_workspace -emit-const-values -const-gather-protocols-list /Users/admin/builder/spi-builder-workspace/.derivedData/Build/Intermediates.noindex/BbcNews.build/Debug-watchos/BbcNews-t.build/Objects-normal/arm64_32/BbcNews_const_extract_protocols.json -Xcc -I/Users/admin/builder/spi-builder-workspace/.derivedData/Build/Products/Debug-watchos/include -Xcc -I/Users/admin/builder/spi-builder-workspace/.derivedData/Build/Intermediates.noindex/BbcNews.build/Debug-watchos/BbcNews-t.build/DerivedSources-normal/arm64_32 -Xcc -I/Users/admin/builder/spi-builder-workspace/.derivedData/Build/Intermediates.noindex/BbcNews.build/Debug-watchos/BbcNews-t.build/DerivedSources/arm64_32 -Xcc -I/Users/admin/builder/spi-builder-workspace/.derivedData/Build/Intermediates.noindex/BbcNews.build/Debug-watchos/BbcNews-t.build/DerivedSources -Xcc -DSWIFT_PACKAGE -Xcc -DDEBUG\=1 -emit-objc-header -emit-objc-header-path /Users/admin/builder/spi-builder-workspace/.derivedData/Build/Intermediates.noindex/BbcNews.build/Debug-watchos/BbcNews-t.build/Objects-normal/arm64_32/BbcNews-Swift.h -working-directory /Users/admin/builder/spi-builder-workspace/.swiftpm/xcode -experimental-emit-module-separately -disable-cmo
SwiftEmitModule normal arm64_32 Emitting\ module\ for\ BbcNews (in target 'BbcNews' from project 'BbcNews')
/Users/admin/builder/spi-builder-workspace/Sources/BbcNews/Utils/NetworkError.swift:30:10: warning: associated value 'undecodableResponse(url:type:underlyingError:)' of 'Sendable'-conforming enum 'NetworkError' contains non-Sendable type 'any Decodable.Type'
28 |
29 |     /// A response was returned that was unable to be decoded into a type.
30 |     case undecodableResponse(url: URL, type: Decodable.Type, underlyingError: DecodingError)
   |          `- warning: associated value 'undecodableResponse(url:type:underlyingError:)' of 'Sendable'-conforming enum 'NetworkError' contains non-Sendable type 'any Decodable.Type'
31 |
32 |     /// A generic error encountered when performing a networking operation.
/Users/admin/builder/spi-builder-workspace/Sources/BbcNews/Utils/UIDevice+ModelIdentifier.swift:11:11: error: 'UIDevice' is unavailable in watchOS
 9 | import UIKit
10 |
11 | extension UIDevice {
   |           `- error: 'UIDevice' is unavailable in watchOS
12 |     /// The model identifier of the device e.g. `iPhone15,2`
13 |     var modelIdentifier: String {
/Applications/Xcode-27.0.0-Release.Candidate.app/Contents/Developer/Platforms/WatchOS.platform/Developer/SDKs/WatchOS27.0.sdk/System/Library/Frameworks/UIKit.framework/Headers/UIDevice.h:35:12: note: 'UIDevice' has been explicitly marked unavailable here
33 |
34 | UIKIT_EXTERN API_AVAILABLE(ios(2.0)) API_UNAVAILABLE(watchos) NS_SWIFT_UI_ACTOR
35 | @interface UIDevice : NSObject
   |            `- note: 'UIDevice' has been explicitly marked unavailable here
36 |
37 | @property(class, nonatomic, readonly) UIDevice *currentDevice;
Failed frontend command:
SwiftCompile normal arm64_32 (in target 'BbcNews' from project 'BbcNews')
    cd /Users/admin/builder/spi-builder-workspace/.swiftpm/xcode

/Applications/Xcode-27.0.0-Release.Candidate.app/Contents/Developer/Toolchains/XcodeDefault.xctoolchain/usr/bin/swift-frontend -frontend -emit-module -experimental-skip-non-inlinable-function-bodies-without-types /Users/admin/builder/spi-builder-workspace/Sources/BbcNews/BbcNews.swift /Users/admin/builder/spi-builder-workspace/Sources/BbcNews/Models/Discovery/Collection/FDBillboard.swift /Users/admin/builder/spi-builder-workspace/Sources/BbcNews/Models/Discovery/Collection/FDCarousel.swift /Users/admin/builder/spi-builder-workspace/Sources/BbcNews/Models/Discovery/Collection/FDCollection.swift /Users/admin/builder/spi-builder-workspace/Sources/BbcNews/Models/Discovery/Collection/FDHierarchicalCollection.swift /Users/admin/builder/spi-builder-workspace/Sources/BbcNews/Models/Discovery/Collection/FDSimpleCollection.swift /Users/admin/builder/spi-builder-workspace/Sources/BbcNews/Models/Discovery/Collection/FDSimplePromoGrid.swift /Users/admin/builder/spi-builder-workspace/Sources/BbcNews/Models/Discovery/FDBadge.swift /Users/admin/builder/spi-builder-workspace/Sources/BbcNews/Models/Discovery/FDBadgeType.swift /Users/admin/builder/spi-builder-workspace/Sources/BbcNews/Models/Discovery/FDBrand.swift /Users/admin/builder/spi-builder-workspace/Sources/BbcNews/Models/Discovery/FDCallToActionBanner.swift /Users/admin/builder/spi-builder-workspace/Sources/BbcNews/Models/Discovery/FDCallToActionButton.swift /Users/admin/builder/spi-builder-workspace/Sources/BbcNews/Models/Discovery/FDChipList.swift /Users/admin/builder/spi-builder-workspace/Sources/BbcNews/Models/Discovery/FDCollectionHeader.swift /Users/admin/builder/spi-builder-workspace/Sources/BbcNews/Models/Discovery/FDCopyright.swift /Users/admin/builder/spi-builder-workspace/Sources/BbcNews/Models/Discovery/FDSourceFormat.swift /Users/admin/builder/spi-builder-workspace/Sources/BbcNews/Models/Discovery/FDStoryPromo.swift /Users/admin/builder/spi-builder-workspace/Sources/BbcNews/Models/Discovery/FDStoryPromoStyle.swift /Users/admin/builder/spi-builder-workspace/Sources/BbcNews/Models/Discovery/FDTopic.swift /Users/admin/builder/spi-builder-workspace/Sources/BbcNews/Models/Discovery/FDTopicButton.swift /Users/admin/builder/spi-builder-workspace/Sources/BbcNews/Models/Discovery/FDTrackedEvent.swift /Users/admin/builder/spi-builder-workspace/Sources/BbcNews/Models/Discovery/FDTracker.swift /Users/admin/builder/spi-builder-workspace/Sources/BbcNews/Models/Discovery/FDTrackerPayload.swift /Users/admin/builder/spi-builder-workspace/Sources/BbcNews/Models/Discovery/Link/FDContentSource.swift /Users/admin/builder/spi-builder-workspace/Sources/BbcNews/Models/Discovery/Link/FDLink.swift /Users/admin/builder/spi-builder-workspace/Sources/BbcNews/Models/Discovery/Link/FDLinkDestination.swift /Users/admin/builder/spi-builder-workspace/Sources/BbcNews/Models/Discovery/Link/FDPresentation.swift /Users/admin/builder/spi-builder-workspace/Sources/BbcNews/Models/Discovery/Link/FDPresentationType.swift /Users/admin/builder/spi-builder-workspace/Sources/BbcNews/Models/Discovery/Weather/FDTemperature.swift /Users/admin/builder/spi-builder-workspace/Sources/BbcNews/Models/Discovery/Weather/FDWeatherForecast.swift /Users/admin/builder/spi-builder-workspace/Sources/BbcNews/Models/Discovery/Weather/FDWeatherIcon.swift /Users/admin/builder/spi-builder-workspace/Sources/BbcNews/Models/Discovery/Weather/FDWeatherLocation.swift /Users/admin/builder/spi-builder-workspace/Sources/BbcNews/Models/Discovery/Weather/FDWeatherPromoSummary.swift /Users/admin/builder/spi-builder-workspace/Sources/BbcNews/Models/Request/ReleaseTrack.swift /Users/admin/builder/spi-builder-workspace/Sources/BbcNews/Models/Request/Service.swift /Users/admin/builder/spi-builder-workspace/Sources/BbcNews/Models/ResolverResult/FDResolverResponse.swift /Users/admin/builder/spi-builder-workspace/Sources/BbcNews/Models/ResolverResult/FDResolverResult.swift /Users/admin/builder/spi-builder-workspace/Sources/BbcNews/Models/Result/FDData.swift /Users/admin/builder/spi-builder-workspace/Sources/BbcNews/Models/Result/FDDataMetadata.swift /Users/admin/builder/spi-builder-workspace/Sources/BbcNews/Models/Result/FDItem.swift /Users/admin/builder/spi-builder-workspace/Sources/BbcNews/Models/Result/FDResult.swift /Users/admin/builder/spi-builder-workspace/Sources/BbcNews/Models/Story/FDByline.swift /Users/admin/builder/spi-builder-workspace/Sources/BbcNews/Models/Story/FDBylineContributor.swift /Users/admin/builder/spi-builder-workspace/Sources/BbcNews/Models/Story/FDContentList.swift /Users/admin/builder/spi-builder-workspace/Sources/BbcNews/Models/Story/FDContentListOrder.swift /Users/admin/builder/spi-builder-workspace/Sources/BbcNews/Models/Story/FDHeadline.swift /Users/admin/builder/spi-builder-workspace/Sources/BbcNews/Models/Story/FDHeadlineByline.swift /Users/admin/builder/spi-builder-workspace/Sources/BbcNews/Models/Story/FDSectionHeader.swift /Users/admin/builder/spi-builder-workspace/Sources/BbcNews/Models/Story/FDVideoPortraitStory.swift /Users/admin/builder/spi-builder-workspace/Sources/BbcNews/Models/Story/Image/FDImage.swift /Users/admin/builder/spi-builder-workspace/Sources/BbcNews/Models/Story/Image/FDImageContainer.swift /Users/admin/builder/spi-builder-workspace/Sources/BbcNews/Models/Story/Image/FDImageMetadata.swift /Users/admin/builder/spi-builder-workspace/Sources/BbcNews/Models/Story/Image/FDImageSizingMethod.swift /Users/admin/builder/spi-builder-workspace/Sources/BbcNews/Models/Story/Image/FDImageSizingMethodType.swift /Users/admin/builder/spi-builder-workspace/Sources/BbcNews/Models/Story/Image/FDImageSource.swift /Users/admin/builder/spi-builder-workspace/Sources/BbcNews/Models/Story/Media/FDMedia.swift /Users/admin/builder/spi-builder-workspace/Sources/BbcNews/Models/Story/Media/FDMediaMetaData.swift /Users/admin/builder/spi-builder-workspace/Sources/BbcNews/Models/Story/Media/FDMediaSource.swift /Users/admin/builder/spi-builder-workspace/Sources/BbcNews/Models/Story/Media/FDMediaType.swift /Users/admin/builder/spi-builder-workspace/Sources/BbcNews/Models/Story/Text/FDAttribute.swift /Users/admin/builder/spi-builder-workspace/Sources/BbcNews/Models/Story/Text/FDAttributeType.swift /Users/admin/builder/spi-builder-workspace/Sources/BbcNews/Models/Story/Text/FDAttributedText.swift /Users/admin/builder/spi-builder-workspace/Sources/BbcNews/Models/Story/Text/FDAttributedTextSpan.swift /Users/admin/builder/spi-builder-workspace/Sources/BbcNews/Models/Story/Text/FDTextContainer.swift /Users/admin/builder/spi-builder-workspace/Sources/BbcNews/Models/Story/Text/FDTextContainerType.swift /Users/admin/builder/spi-builder-workspace/Sources/BbcNews/Utils/FailableCodable.swift /Users/admin/builder/spi-builder-workspace/Sources/BbcNews/Utils/JSONDecoder+DecodeWithoutThrowing.swift /Users/admin/builder/spi-builder-workspace/Sources/BbcNews/Utils/Logger.swift /Users/admin/builder/spi-builder-workspace/Sources/BbcNews/Utils/NetworkError.swift /Users/admin/builder/spi-builder-workspace/Sources/BbcNews/Utils/UIDevice+ModelIdentifier.swift /Users/admin/builder/spi-builder-workspace/Sources/BbcNews/Utils/Unknownable.swift -target arm64_32-apple-watchos9.0 -module-can-import-version OSLog 10 1966.4.1 -module-can-import-version UIKit 9127.0.84.1 9127.0.84 -disable-cross-import-overlay-search -load-resolved-plugin /Applications/Xcode-27.0.0-Release.Candidate.app/Contents/Developer/Platforms/WatchOS.platform/Developer/usr/lib/swift/host/plugins/libFoundationMacros.dylib\#/Applications/Xcode-27.0.0-Release.Candidate.app/Contents/Developer/Platforms/WatchOS.platform/Developer/usr/bin/swift-plugin-server\#FoundationMacros -load-resolved-plugin /Applications/Xcode-27.0.0-Release.Candidate.app/Contents/Developer/Platforms/WatchOS.platform/Developer/usr/lib/swift/host/plugins/libObservationMacros.dylib\#/Applications/Xcode-27.0.0-Release.Candidate.app/Contents/Developer/Platforms/WatchOS.platform/Developer/usr/bin/swift-plugin-server\#ObservationMacros -load-resolved-plugin /Applications/Xcode-27.0.0-Release.Candidate.app/Contents/Developer/Platforms/WatchOS.platform/Developer/usr/lib/swift/host/plugins/libSwiftMacros.dylib\#/Applications/Xcode-27.0.0-Release.Candidate.app/Contents/Developer/Platforms/WatchOS.platform/Developer/usr/bin/swift-plugin-server\#SwiftMacros -load-resolved-plugin /Applications/Xcode-27.0.0-Release.Candidate.app/Contents/Developer/Platforms/WatchOS.platform/Developer/usr/lib/swift/host/plugins/libSwiftUIMacros.dylib\#/Applications/Xcode-27.0.0-Release.Candidate.app/Contents/Developer/Platforms/WatchOS.platform/Developer/usr/bin/swift-plugin-server\#SwiftUIMacros -disable-implicit-swift-modules -Xcc -fno-implicit-modules -Xcc -fno-implicit-module-maps -explicit-swift-module-map-file /Users/admin/builder/spi-builder-workspace/.derivedData/Build/Intermediates.noindex/BbcNews.build/Debug-watchos/BbcNews-t.build/Objects-normal/arm64_32/BbcNews-dependencies-2.json -enable-objc-interop -sdk /Applications/Xcode-27.0.0-Release.Candidate.app/Contents/Developer/Platforms/WatchOS.platform/Developer/SDKs/WatchOS27.0.sdk -I /Users/admin/builder/spi-builder-workspace/.derivedData/Build/Products/Debug-watchos -Isystem /Applications/Xcode-27.0.0-Release.Candidate.app/Contents/Developer/Platforms/WatchOS.platform/Developer/usr/lib -F /Users/admin/builder/spi-builder-workspace/.derivedData/Build/Products/Debug-watchos -F /Applications/Xcode-27.0.0-Release.Candidate.app/Contents/Developer/Platforms/WatchOS.platform/Developer/Library/Frameworks -F /Applications/Xcode-27.0.0-Release.Candidate.app/Contents/Developer/Platforms/WatchOS.platform/Developer/SDKs/WatchOS27.0.sdk/Developer/Library/Frameworks -module-cache-path /Users/admin/builder/spi-builder-workspace/.derivedData/Build/Intermediates.noindex/SwiftExplicitPrecompiledModules -no-color-diagnostics -Xcc -fno-color-diagnostics -enable-testing -g -debug-info-format\=dwarf -dwarf-version\=4 -profile-generate -profile-coverage-mapping -swift-version 6 -Onone -D SWIFT_PACKAGE -D DEBUG -D SWIFT_MODULE_RESOURCE_BUNDLE_UNAVAILABLE -D Xcode -serialize-debugging-options -enable-experimental-feature DebugDescriptionMacro -empty-abi-descriptor -validate-clang-modules-once -clang-build-session-file /Users/admin/builder/spi-builder-workspace/.derivedData/ModuleCache.noindex/Session.modulevalidation -Xcc -working-directory -Xcc /Users/admin/builder/spi-builder-workspace/.swiftpm/xcode -enable-anonymous-context-mangled-names -file-compilation-dir /Users/admin/builder/spi-builder-workspace/.swiftpm/xcode -Xcc -D_LIBCPP_HARDENING_MODE\=_LIBCPP_HARDENING_MODE_DEBUG -Xcc -ivfsstatcache -Xcc /Users/admin/builder/spi-builder-workspace/.derivedData/SDKStatCaches.noindex/watchos27.0-24R360-e829b21a6f8c9b70876ba0858053c04477534ef55a1706bf4c1112bbb242f0a2.sdkstatcache -Xcc -fmodules-prune-interval\=86400 -Xcc -fmodules-prune-after\=345600 -Xcc -I/Users/admin/builder/spi-builder-workspace/.derivedData/Build/Products/Debug-watchos/include -Xcc -I/Users/admin/builder/spi-builder-workspace/.derivedData/Build/Intermediates.noindex/BbcNews.build/Debug-watchos/BbcNews-t.build/DerivedSources-normal/arm64_32 -Xcc -I/Users/admin/builder/spi-builder-workspace/.derivedData/Build/Intermediates.noindex/BbcNews.build/Debug-watchos/BbcNews-t.build/DerivedSources/arm64_32 -Xcc -I/Users/admin/builder/spi-builder-workspace/.derivedData/Build/Intermediates.noindex/BbcNews.build/Debug-watchos/BbcNews-t.build/DerivedSources -Xcc -DSWIFT_PACKAGE -Xcc -DDEBUG\=1 -no-auto-bridging-header-chaining -module-name BbcNews -package-name spi_builder_workspace -const-gather-protocols-file /Users/admin/builder/spi-builder-workspace/.derivedData/Build/Intermediates.noindex/BbcNews.build/Debug-watchos/BbcNews-t.build/Objects-normal/arm64_32/BbcNews_const_extract_protocols.json -disable-clang-spi -clang-target arm64_32-apple-watchos27.0 -target-sdk-version 27.0 -target-sdk-name watchos27.0 -in-process-plugin-server-path /Applications/Xcode-27.0.0-Release.Candidate.app/Contents/Developer/Toolchains/XcodeDefault.xctoolchain/usr/lib/swift/host/libSwiftInProcPluginServer.dylib -emit-module-doc-path /Users/admin/builder/spi-builder-workspace/.derivedData/Build/Intermediates.noindex/BbcNews.build/Debug-watchos/BbcNews-t.build/Objects-normal/arm64_32/BbcNews.swiftdoc -emit-module-source-info-path /Users/admin/builder/spi-builder-workspace/.derivedData/Build/Intermediates.noindex/BbcNews.build/Debug-watchos/BbcNews-t.build/Objects-normal/arm64_32/BbcNews.swiftsourceinfo -emit-objc-header-path /Users/admin/builder/spi-builder-workspace/.derivedData/Build/Intermediates.noindex/BbcNews.build/Debug-watchos/BbcNews-t.build/Objects-normal/arm64_32/BbcNews-Swift.h -serialize-diagnostics-path /Users/admin/builder/spi-builder-workspace/.derivedData/Build/Intermediates.noindex/BbcNews.build/Debug-watchos/BbcNews-t.build/Objects-normal/arm64_32/BbcNews-primary-emit-module.dia -emit-dependencies-path /Users/admin/builder/spi-builder-workspace/.derivedData/Build/Intermediates.noindex/BbcNews.build/Debug-watchos/BbcNews-t.build/Objects-normal/arm64_32/BbcNews-primary-emit-module.d -parse-as-library -o /Users/admin/builder/spi-builder-workspace/.derivedData/Build/Intermediates.noindex/BbcNews.build/Debug-watchos/BbcNews-t.build/Objects-normal/arm64_32/BbcNews.swiftmodule -emit-abi-descriptor-path /Users/admin/builder/spi-builder-workspace/.derivedData/Build/Intermediates.noindex/BbcNews.build/Debug-watchos/BbcNews-t.build/Objects-normal/arm64_32/BbcNews.abi.json
SwiftCompile normal arm64_32 Compiling\ FDSourceFormat.swift,\ FDStoryPromo.swift,\ FDStoryPromoStyle.swift,\ FDTopic.swift,\ FDTopicButton.swift,\ FDTrackedEvent.swift,\ FDTracker.swift /Users/admin/builder/spi-builder-workspace/Sources/BbcNews/Models/Discovery/FDSourceFormat.swift /Users/admin/builder/spi-builder-workspace/Sources/BbcNews/Models/Discovery/FDStoryPromo.swift /Users/admin/builder/spi-builder-workspace/Sources/BbcNews/Models/Discovery/FDStoryPromoStyle.swift /Users/admin/builder/spi-builder-workspace/Sources/BbcNews/Models/Discovery/FDTopic.swift /Users/admin/builder/spi-builder-workspace/Sources/BbcNews/Models/Discovery/FDTopicButton.swift /Users/admin/builder/spi-builder-workspace/Sources/BbcNews/Models/Discovery/FDTrackedEvent.swift /Users/admin/builder/spi-builder-workspace/Sources/BbcNews/Models/Discovery/FDTracker.swift (in target 'BbcNews' from project 'BbcNews')
SwiftCompile normal arm64_32 /Users/admin/builder/spi-builder-workspace/Sources/BbcNews/Models/Discovery/FDSourceFormat.swift (in target 'BbcNews' from project 'BbcNews')
    cd /Users/admin/builder/spi-builder-workspace/.swiftpm/xcode
    builtin-SwiftPerFileCompile FDSourceFormat.swift
SwiftCompile normal arm64_32 /Users/admin/builder/spi-builder-workspace/Sources/BbcNews/Models/Discovery/FDStoryPromo.swift (in target 'BbcNews' from project 'BbcNews')
    cd /Users/admin/builder/spi-builder-workspace/.swiftpm/xcode
    builtin-SwiftPerFileCompile FDStoryPromo.swift
SwiftCompile normal arm64_32 /Users/admin/builder/spi-builder-workspace/Sources/BbcNews/Models/Discovery/FDStoryPromoStyle.swift (in target 'BbcNews' from project 'BbcNews')
    cd /Users/admin/builder/spi-builder-workspace/.swiftpm/xcode
    builtin-SwiftPerFileCompile FDStoryPromoStyle.swift
SwiftCompile normal arm64_32 /Users/admin/builder/spi-builder-workspace/Sources/BbcNews/Models/Discovery/FDTopic.swift (in target 'BbcNews' from project 'BbcNews')
    cd /Users/admin/builder/spi-builder-workspace/.swiftpm/xcode
    builtin-SwiftPerFileCompile FDTopic.swift
SwiftCompile normal arm64_32 /Users/admin/builder/spi-builder-workspace/Sources/BbcNews/Models/Discovery/FDTopicButton.swift (in target 'BbcNews' from project 'BbcNews')
    cd /Users/admin/builder/spi-builder-workspace/.swiftpm/xcode
    builtin-SwiftPerFileCompile FDTopicButton.swift
SwiftCompile normal arm64_32 /Users/admin/builder/spi-builder-workspace/Sources/BbcNews/Models/Discovery/FDTrackedEvent.swift (in target 'BbcNews' from project 'BbcNews')
    cd /Users/admin/builder/spi-builder-workspace/.swiftpm/xcode
    builtin-SwiftPerFileCompile FDTrackedEvent.swift
SwiftCompile normal arm64_32 /Users/admin/builder/spi-builder-workspace/Sources/BbcNews/Models/Discovery/FDTracker.swift (in target 'BbcNews' from project 'BbcNews')
    cd /Users/admin/builder/spi-builder-workspace/.swiftpm/xcode
    builtin-SwiftPerFileCompile FDTracker.swift
SwiftCompile normal arm64_32 Compiling\ FDBadgeType.swift,\ FDBrand.swift,\ FDCallToActionBanner.swift,\ FDCallToActionButton.swift,\ FDChipList.swift,\ FDCollectionHeader.swift,\ FDCopyright.swift /Users/admin/builder/spi-builder-workspace/Sources/BbcNews/Models/Discovery/FDBadgeType.swift /Users/admin/builder/spi-builder-workspace/Sources/BbcNews/Models/Discovery/FDBrand.swift /Users/admin/builder/spi-builder-workspace/Sources/BbcNews/Models/Discovery/FDCallToActionBanner.swift /Users/admin/builder/spi-builder-workspace/Sources/BbcNews/Models/Discovery/FDCallToActionButton.swift /Users/admin/builder/spi-builder-workspace/Sources/BbcNews/Models/Discovery/FDChipList.swift /Users/admin/builder/spi-builder-workspace/Sources/BbcNews/Models/Discovery/FDCollectionHeader.swift /Users/admin/builder/spi-builder-workspace/Sources/BbcNews/Models/Discovery/FDCopyright.swift (in target 'BbcNews' from project 'BbcNews')
SwiftCompile normal arm64_32 /Users/admin/builder/spi-builder-workspace/Sources/BbcNews/Models/Discovery/FDBadgeType.swift (in target 'BbcNews' from project 'BbcNews')
    cd /Users/admin/builder/spi-builder-workspace/.swiftpm/xcode
    builtin-SwiftPerFileCompile FDBadgeType.swift
SwiftCompile normal arm64_32 /Users/admin/builder/spi-builder-workspace/Sources/BbcNews/Models/Discovery/FDBrand.swift (in target 'BbcNews' from project 'BbcNews')
    cd /Users/admin/builder/spi-builder-workspace/.swiftpm/xcode
    builtin-SwiftPerFileCompile FDBrand.swift
SwiftCompile normal arm64_32 /Users/admin/builder/spi-builder-workspace/Sources/BbcNews/Models/Discovery/FDCallToActionBanner.swift (in target 'BbcNews' from project 'BbcNews')
    cd /Users/admin/builder/spi-builder-workspace/.swiftpm/xcode
    builtin-SwiftPerFileCompile FDCallToActionBanner.swift
SwiftCompile normal arm64_32 /Users/admin/builder/spi-builder-workspace/Sources/BbcNews/Models/Discovery/FDCallToActionButton.swift (in target 'BbcNews' from project 'BbcNews')
    cd /Users/admin/builder/spi-builder-workspace/.swiftpm/xcode
    builtin-SwiftPerFileCompile FDCallToActionButton.swift
SwiftCompile normal arm64_32 /Users/admin/builder/spi-builder-workspace/Sources/BbcNews/Models/Discovery/FDChipList.swift (in target 'BbcNews' from project 'BbcNews')
    cd /Users/admin/builder/spi-builder-workspace/.swiftpm/xcode
    builtin-SwiftPerFileCompile FDChipList.swift
SwiftCompile normal arm64_32 /Users/admin/builder/spi-builder-workspace/Sources/BbcNews/Models/Discovery/FDCollectionHeader.swift (in target 'BbcNews' from project 'BbcNews')
    cd /Users/admin/builder/spi-builder-workspace/.swiftpm/xcode
    builtin-SwiftPerFileCompile FDCollectionHeader.swift
SwiftCompile normal arm64_32 /Users/admin/builder/spi-builder-workspace/Sources/BbcNews/Models/Discovery/FDCopyright.swift (in target 'BbcNews' from project 'BbcNews')
    cd /Users/admin/builder/spi-builder-workspace/.swiftpm/xcode
    builtin-SwiftPerFileCompile FDCopyright.swift
SwiftCompile normal arm64_32 Compiling\ FDTrackerPayload.swift,\ FDContentSource.swift,\ FDLink.swift,\ FDLinkDestination.swift,\ FDPresentation.swift,\ FDPresentationType.swift,\ FDTemperature.swift /Users/admin/builder/spi-builder-workspace/Sources/BbcNews/Models/Discovery/FDTrackerPayload.swift /Users/admin/builder/spi-builder-workspace/Sources/BbcNews/Models/Discovery/Link/FDContentSource.swift /Users/admin/builder/spi-builder-workspace/Sources/BbcNews/Models/Discovery/Link/FDLink.swift /Users/admin/builder/spi-builder-workspace/Sources/BbcNews/Models/Discovery/Link/FDLinkDestination.swift /Users/admin/builder/spi-builder-workspace/Sources/BbcNews/Models/Discovery/Link/FDPresentation.swift /Users/admin/builder/spi-builder-workspace/Sources/BbcNews/Models/Discovery/Link/FDPresentationType.swift /Users/admin/builder/spi-builder-workspace/Sources/BbcNews/Models/Discovery/Weather/FDTemperature.swift (in target 'BbcNews' from project 'BbcNews')
SwiftCompile normal arm64_32 /Users/admin/builder/spi-builder-workspace/Sources/BbcNews/Models/Discovery/FDTrackerPayload.swift (in target 'BbcNews' from project 'BbcNews')
    cd /Users/admin/builder/spi-builder-workspace/.swiftpm/xcode
    builtin-SwiftPerFileCompile FDTrackerPayload.swift
SwiftCompile normal arm64_32 /Users/admin/builder/spi-builder-workspace/Sources/BbcNews/Models/Discovery/Link/FDContentSource.swift (in target 'BbcNews' from project 'BbcNews')
    cd /Users/admin/builder/spi-builder-workspace/.swiftpm/xcode
    builtin-SwiftPerFileCompile FDContentSource.swift
SwiftCompile normal arm64_32 /Users/admin/builder/spi-builder-workspace/Sources/BbcNews/Models/Discovery/Link/FDLink.swift (in target 'BbcNews' from project 'BbcNews')
    cd /Users/admin/builder/spi-builder-workspace/.swiftpm/xcode
    builtin-SwiftPerFileCompile FDLink.swift
SwiftCompile normal arm64_32 /Users/admin/builder/spi-builder-workspace/Sources/BbcNews/Models/Discovery/Link/FDLinkDestination.swift (in target 'BbcNews' from project 'BbcNews')
    cd /Users/admin/builder/spi-builder-workspace/.swiftpm/xcode
    builtin-SwiftPerFileCompile FDLinkDestination.swift
SwiftCompile normal arm64_32 /Users/admin/builder/spi-builder-workspace/Sources/BbcNews/Models/Discovery/Link/FDPresentation.swift (in target 'BbcNews' from project 'BbcNews')
    cd /Users/admin/builder/spi-builder-workspace/.swiftpm/xcode
    builtin-SwiftPerFileCompile FDPresentation.swift
SwiftCompile normal arm64_32 /Users/admin/builder/spi-builder-workspace/Sources/BbcNews/Models/Discovery/Link/FDPresentationType.swift (in target 'BbcNews' from project 'BbcNews')
    cd /Users/admin/builder/spi-builder-workspace/.swiftpm/xcode
    builtin-SwiftPerFileCompile FDPresentationType.swift
SwiftCompile normal arm64_32 /Users/admin/builder/spi-builder-workspace/Sources/BbcNews/Models/Discovery/Weather/FDTemperature.swift (in target 'BbcNews' from project 'BbcNews')
    cd /Users/admin/builder/spi-builder-workspace/.swiftpm/xcode
    builtin-SwiftPerFileCompile FDTemperature.swift
SwiftCompile normal arm64 Compiling\ FDResolverResult.swift,\ FDData.swift,\ FDDataMetadata.swift,\ FDItem.swift,\ FDResult.swift,\ FDByline.swift,\ FDBylineContributor.swift /Users/admin/builder/spi-builder-workspace/Sources/BbcNews/Models/ResolverResult/FDResolverResult.swift /Users/admin/builder/spi-builder-workspace/Sources/BbcNews/Models/Result/FDData.swift /Users/admin/builder/spi-builder-workspace/Sources/BbcNews/Models/Result/FDDataMetadata.swift /Users/admin/builder/spi-builder-workspace/Sources/BbcNews/Models/Result/FDItem.swift /Users/admin/builder/spi-builder-workspace/Sources/BbcNews/Models/Result/FDResult.swift /Users/admin/builder/spi-builder-workspace/Sources/BbcNews/Models/Story/FDByline.swift /Users/admin/builder/spi-builder-workspace/Sources/BbcNews/Models/Story/FDBylineContributor.swift (in target 'BbcNews' from project 'BbcNews')
SwiftCompile normal arm64 /Users/admin/builder/spi-builder-workspace/Sources/BbcNews/Models/ResolverResult/FDResolverResult.swift (in target 'BbcNews' from project 'BbcNews')
    cd /Users/admin/builder/spi-builder-workspace/.swiftpm/xcode
    builtin-SwiftPerFileCompile FDResolverResult.swift
SwiftCompile normal arm64 /Users/admin/builder/spi-builder-workspace/Sources/BbcNews/Models/Result/FDData.swift (in target 'BbcNews' from project 'BbcNews')
    cd /Users/admin/builder/spi-builder-workspace/.swiftpm/xcode
    builtin-SwiftPerFileCompile FDData.swift
SwiftCompile normal arm64 /Users/admin/builder/spi-builder-workspace/Sources/BbcNews/Models/Result/FDDataMetadata.swift (in target 'BbcNews' from project 'BbcNews')
    cd /Users/admin/builder/spi-builder-workspace/.swiftpm/xcode
    builtin-SwiftPerFileCompile FDDataMetadata.swift
SwiftCompile normal arm64 /Users/admin/builder/spi-builder-workspace/Sources/BbcNews/Models/Result/FDItem.swift (in target 'BbcNews' from project 'BbcNews')
    cd /Users/admin/builder/spi-builder-workspace/.swiftpm/xcode
    builtin-SwiftPerFileCompile FDItem.swift
SwiftCompile normal arm64 /Users/admin/builder/spi-builder-workspace/Sources/BbcNews/Models/Result/FDResult.swift (in target 'BbcNews' from project 'BbcNews')
    cd /Users/admin/builder/spi-builder-workspace/.swiftpm/xcode
    builtin-SwiftPerFileCompile FDResult.swift
SwiftCompile normal arm64 /Users/admin/builder/spi-builder-workspace/Sources/BbcNews/Models/Story/FDByline.swift (in target 'BbcNews' from project 'BbcNews')
    cd /Users/admin/builder/spi-builder-workspace/.swiftpm/xcode
    builtin-SwiftPerFileCompile FDByline.swift
SwiftCompile normal arm64 /Users/admin/builder/spi-builder-workspace/Sources/BbcNews/Models/Story/FDBylineContributor.swift (in target 'BbcNews' from project 'BbcNews')
    cd /Users/admin/builder/spi-builder-workspace/.swiftpm/xcode
    builtin-SwiftPerFileCompile FDBylineContributor.swift
SwiftCompile normal arm64_32 Compiling\ FDMediaSource.swift,\ FDMediaType.swift,\ FDAttribute.swift,\ FDAttributeType.swift,\ FDAttributedText.swift,\ FDAttributedTextSpan.swift,\ FDTextContainer.swift /Users/admin/builder/spi-builder-workspace/Sources/BbcNews/Models/Story/Media/FDMediaSource.swift /Users/admin/builder/spi-builder-workspace/Sources/BbcNews/Models/Story/Media/FDMediaType.swift /Users/admin/builder/spi-builder-workspace/Sources/BbcNews/Models/Story/Text/FDAttribute.swift /Users/admin/builder/spi-builder-workspace/Sources/BbcNews/Models/Story/Text/FDAttributeType.swift /Users/admin/builder/spi-builder-workspace/Sources/BbcNews/Models/Story/Text/FDAttributedText.swift /Users/admin/builder/spi-builder-workspace/Sources/BbcNews/Models/Story/Text/FDAttributedTextSpan.swift /Users/admin/builder/spi-builder-workspace/Sources/BbcNews/Models/Story/Text/FDTextContainer.swift (in target 'BbcNews' from project 'BbcNews')
SwiftCompile normal arm64_32 /Users/admin/builder/spi-builder-workspace/Sources/BbcNews/Models/Story/Media/FDMediaSource.swift (in target 'BbcNews' from project 'BbcNews')
    cd /Users/admin/builder/spi-builder-workspace/.swiftpm/xcode
    builtin-SwiftPerFileCompile FDMediaSource.swift
SwiftCompile normal arm64_32 /Users/admin/builder/spi-builder-workspace/Sources/BbcNews/Models/Story/Media/FDMediaType.swift (in target 'BbcNews' from project 'BbcNews')
    cd /Users/admin/builder/spi-builder-workspace/.swiftpm/xcode
    builtin-SwiftPerFileCompile FDMediaType.swift
SwiftCompile normal arm64_32 /Users/admin/builder/spi-builder-workspace/Sources/BbcNews/Models/Story/Text/FDAttribute.swift (in target 'BbcNews' from project 'BbcNews')
    cd /Users/admin/builder/spi-builder-workspace/.swiftpm/xcode
    builtin-SwiftPerFileCompile FDAttribute.swift
SwiftCompile normal arm64_32 /Users/admin/builder/spi-builder-workspace/Sources/BbcNews/Models/Story/Text/FDAttributeType.swift (in target 'BbcNews' from project 'BbcNews')
    cd /Users/admin/builder/spi-builder-workspace/.swiftpm/xcode
    builtin-SwiftPerFileCompile FDAttributeType.swift
SwiftCompile normal arm64_32 /Users/admin/builder/spi-builder-workspace/Sources/BbcNews/Models/Story/Text/FDAttributedText.swift (in target 'BbcNews' from project 'BbcNews')
    cd /Users/admin/builder/spi-builder-workspace/.swiftpm/xcode
    builtin-SwiftPerFileCompile FDAttributedText.swift
SwiftCompile normal arm64_32 /Users/admin/builder/spi-builder-workspace/Sources/BbcNews/Models/Story/Text/FDAttributedTextSpan.swift (in target 'BbcNews' from project 'BbcNews')
    cd /Users/admin/builder/spi-builder-workspace/.swiftpm/xcode
    builtin-SwiftPerFileCompile FDAttributedTextSpan.swift
SwiftCompile normal arm64_32 /Users/admin/builder/spi-builder-workspace/Sources/BbcNews/Models/Story/Text/FDTextContainer.swift (in target 'BbcNews' from project 'BbcNews')
    cd /Users/admin/builder/spi-builder-workspace/.swiftpm/xcode
    builtin-SwiftPerFileCompile FDTextContainer.swift
SwiftEmitModule normal arm64 Emitting\ module\ for\ BbcNews (in target 'BbcNews' from project 'BbcNews')
SwiftCompile normal arm64 (in target 'BbcNews' from project 'BbcNews')
    cd /Users/admin/builder/spi-builder-workspace/.swiftpm/xcode

SwiftCompile normal arm64 Compiling\ FDTrackerPayload.swift,\ FDContentSource.swift,\ FDLink.swift,\ FDLinkDestination.swift,\ FDPresentation.swift,\ FDPresentationType.swift,\ FDTemperature.swift /Users/admin/builder/spi-builder-workspace/Sources/BbcNews/Models/Discovery/FDTrackerPayload.swift /Users/admin/builder/spi-builder-workspace/Sources/BbcNews/Models/Discovery/Link/FDContentSource.swift /Users/admin/builder/spi-builder-workspace/Sources/BbcNews/Models/Discovery/Link/FDLink.swift /Users/admin/builder/spi-builder-workspace/Sources/BbcNews/Models/Discovery/Link/FDLinkDestination.swift /Users/admin/builder/spi-builder-workspace/Sources/BbcNews/Models/Discovery/Link/FDPresentation.swift /Users/admin/builder/spi-builder-workspace/Sources/BbcNews/Models/Discovery/Link/FDPresentationType.swift /Users/admin/builder/spi-builder-workspace/Sources/BbcNews/Models/Discovery/Weather/FDTemperature.swift (in target 'BbcNews' from project 'BbcNews')
SwiftCompile normal arm64 /Users/admin/builder/spi-builder-workspace/Sources/BbcNews/Models/Discovery/FDTrackerPayload.swift (in target 'BbcNews' from project 'BbcNews')
    cd /Users/admin/builder/spi-builder-workspace/.swiftpm/xcode
    builtin-SwiftPerFileCompile FDTrackerPayload.swift
SwiftCompile normal arm64 /Users/admin/builder/spi-builder-workspace/Sources/BbcNews/Models/Discovery/Link/FDContentSource.swift (in target 'BbcNews' from project 'BbcNews')
    cd /Users/admin/builder/spi-builder-workspace/.swiftpm/xcode
    builtin-SwiftPerFileCompile FDContentSource.swift
SwiftCompile normal arm64 /Users/admin/builder/spi-builder-workspace/Sources/BbcNews/Models/Discovery/Link/FDLink.swift (in target 'BbcNews' from project 'BbcNews')
    cd /Users/admin/builder/spi-builder-workspace/.swiftpm/xcode
    builtin-SwiftPerFileCompile FDLink.swift
SwiftCompile normal arm64 /Users/admin/builder/spi-builder-workspace/Sources/BbcNews/Models/Discovery/Link/FDLinkDestination.swift (in target 'BbcNews' from project 'BbcNews')
    cd /Users/admin/builder/spi-builder-workspace/.swiftpm/xcode
    builtin-SwiftPerFileCompile FDLinkDestination.swift
SwiftCompile normal arm64 /Users/admin/builder/spi-builder-workspace/Sources/BbcNews/Models/Discovery/Link/FDPresentation.swift (in target 'BbcNews' from project 'BbcNews')
    cd /Users/admin/builder/spi-builder-workspace/.swiftpm/xcode
    builtin-SwiftPerFileCompile FDPresentation.swift
SwiftCompile normal arm64 /Users/admin/builder/spi-builder-workspace/Sources/BbcNews/Models/Discovery/Link/FDPresentationType.swift (in target 'BbcNews' from project 'BbcNews')
    cd /Users/admin/builder/spi-builder-workspace/.swiftpm/xcode
    builtin-SwiftPerFileCompile FDPresentationType.swift
SwiftCompile normal arm64 /Users/admin/builder/spi-builder-workspace/Sources/BbcNews/Models/Discovery/Weather/FDTemperature.swift (in target 'BbcNews' from project 'BbcNews')
    cd /Users/admin/builder/spi-builder-workspace/.swiftpm/xcode
    builtin-SwiftPerFileCompile FDTemperature.swift
SwiftCompile normal arm64 Compiling\ FDTextContainerType.swift,\ FailableCodable.swift,\ JSONDecoder+DecodeWithoutThrowing.swift,\ Logger.swift,\ NetworkError.swift,\ UIDevice+ModelIdentifier.swift,\ Unknownable.swift /Users/admin/builder/spi-builder-workspace/Sources/BbcNews/Models/Story/Text/FDTextContainerType.swift /Users/admin/builder/spi-builder-workspace/Sources/BbcNews/Utils/FailableCodable.swift /Users/admin/builder/spi-builder-workspace/Sources/BbcNews/Utils/JSONDecoder+DecodeWithoutThrowing.swift /Users/admin/builder/spi-builder-workspace/Sources/BbcNews/Utils/Logger.swift /Users/admin/builder/spi-builder-workspace/Sources/BbcNews/Utils/NetworkError.swift /Users/admin/builder/spi-builder-workspace/Sources/BbcNews/Utils/UIDevice+ModelIdentifier.swift /Users/admin/builder/spi-builder-workspace/Sources/BbcNews/Utils/Unknownable.swift (in target 'BbcNews' from project 'BbcNews')
/Users/admin/builder/spi-builder-workspace/Sources/BbcNews/Utils/NetworkError.swift:30:10: warning: associated value 'undecodableResponse(url:type:underlyingError:)' of 'Sendable'-conforming enum 'NetworkError' contains non-Sendable type 'any Decodable.Type'
28 |
29 |     /// A response was returned that was unable to be decoded into a type.
30 |     case undecodableResponse(url: URL, type: Decodable.Type, underlyingError: DecodingError)
   |          `- warning: associated value 'undecodableResponse(url:type:underlyingError:)' of 'Sendable'-conforming enum 'NetworkError' contains non-Sendable type 'any Decodable.Type'
31 |
32 |     /// A generic error encountered when performing a networking operation.
SwiftCompile normal arm64 /Users/admin/builder/spi-builder-workspace/Sources/BbcNews/Models/Story/Text/FDTextContainerType.swift (in target 'BbcNews' from project 'BbcNews')
    cd /Users/admin/builder/spi-builder-workspace/.swiftpm/xcode
    builtin-SwiftPerFileCompile FDTextContainerType.swift
SwiftCompile normal arm64 /Users/admin/builder/spi-builder-workspace/Sources/BbcNews/Utils/FailableCodable.swift (in target 'BbcNews' from project 'BbcNews')
    cd /Users/admin/builder/spi-builder-workspace/.swiftpm/xcode
    builtin-SwiftPerFileCompile FailableCodable.swift
SwiftCompile normal arm64 /Users/admin/builder/spi-builder-workspace/Sources/BbcNews/Utils/JSONDecoder+DecodeWithoutThrowing.swift (in target 'BbcNews' from project 'BbcNews')
    cd /Users/admin/builder/spi-builder-workspace/.swiftpm/xcode
    builtin-SwiftPerFileCompile JSONDecoder+DecodeWithoutThrowing.swift
SwiftCompile normal arm64 /Users/admin/builder/spi-builder-workspace/Sources/BbcNews/Utils/Logger.swift (in target 'BbcNews' from project 'BbcNews')
    cd /Users/admin/builder/spi-builder-workspace/.swiftpm/xcode
    builtin-SwiftPerFileCompile Logger.swift
SwiftCompile normal arm64 /Users/admin/builder/spi-builder-workspace/Sources/BbcNews/Utils/NetworkError.swift (in target 'BbcNews' from project 'BbcNews')
    cd /Users/admin/builder/spi-builder-workspace/.swiftpm/xcode
    builtin-SwiftPerFileCompile NetworkError.swift
SwiftCompile normal arm64 /Users/admin/builder/spi-builder-workspace/Sources/BbcNews/Utils/UIDevice+ModelIdentifier.swift (in target 'BbcNews' from project 'BbcNews')
    cd /Users/admin/builder/spi-builder-workspace/.swiftpm/xcode
    builtin-SwiftPerFileCompile UIDevice+ModelIdentifier.swift
SwiftCompile normal arm64 /Users/admin/builder/spi-builder-workspace/Sources/BbcNews/Utils/Unknownable.swift (in target 'BbcNews' from project 'BbcNews')
    cd /Users/admin/builder/spi-builder-workspace/.swiftpm/xcode
    builtin-SwiftPerFileCompile Unknownable.swift
SwiftCompile normal arm64 Compiling\ FDBadgeType.swift,\ FDBrand.swift,\ FDCallToActionBanner.swift,\ FDCallToActionButton.swift,\ FDChipList.swift,\ FDCollectionHeader.swift,\ FDCopyright.swift /Users/admin/builder/spi-builder-workspace/Sources/BbcNews/Models/Discovery/FDBadgeType.swift /Users/admin/builder/spi-builder-workspace/Sources/BbcNews/Models/Discovery/FDBrand.swift /Users/admin/builder/spi-builder-workspace/Sources/BbcNews/Models/Discovery/FDCallToActionBanner.swift /Users/admin/builder/spi-builder-workspace/Sources/BbcNews/Models/Discovery/FDCallToActionButton.swift /Users/admin/builder/spi-builder-workspace/Sources/BbcNews/Models/Discovery/FDChipList.swift /Users/admin/builder/spi-builder-workspace/Sources/BbcNews/Models/Discovery/FDCollectionHeader.swift /Users/admin/builder/spi-builder-workspace/Sources/BbcNews/Models/Discovery/FDCopyright.swift (in target 'BbcNews' from project 'BbcNews')
SwiftCompile normal arm64 /Users/admin/builder/spi-builder-workspace/Sources/BbcNews/Models/Discovery/FDBadgeType.swift (in target 'BbcNews' from project 'BbcNews')
    cd /Users/admin/builder/spi-builder-workspace/.swiftpm/xcode
    builtin-SwiftPerFileCompile FDBadgeType.swift
SwiftCompile normal arm64 /Users/admin/builder/spi-builder-workspace/Sources/BbcNews/Models/Discovery/FDBrand.swift (in target 'BbcNews' from project 'BbcNews')
    cd /Users/admin/builder/spi-builder-workspace/.swiftpm/xcode
    builtin-SwiftPerFileCompile FDBrand.swift
SwiftCompile normal arm64 /Users/admin/builder/spi-builder-workspace/Sources/BbcNews/Models/Discovery/FDCallToActionBanner.swift (in target 'BbcNews' from project 'BbcNews')
    cd /Users/admin/builder/spi-builder-workspace/.swiftpm/xcode
    builtin-SwiftPerFileCompile FDCallToActionBanner.swift
SwiftCompile normal arm64 /Users/admin/builder/spi-builder-workspace/Sources/BbcNews/Models/Discovery/FDCallToActionButton.swift (in target 'BbcNews' from project 'BbcNews')
    cd /Users/admin/builder/spi-builder-workspace/.swiftpm/xcode
    builtin-SwiftPerFileCompile FDCallToActionButton.swift
SwiftCompile normal arm64 /Users/admin/builder/spi-builder-workspace/Sources/BbcNews/Models/Discovery/FDChipList.swift (in target 'BbcNews' from project 'BbcNews')
    cd /Users/admin/builder/spi-builder-workspace/.swiftpm/xcode
    builtin-SwiftPerFileCompile FDChipList.swift
SwiftCompile normal arm64 /Users/admin/builder/spi-builder-workspace/Sources/BbcNews/Models/Discovery/FDCollectionHeader.swift (in target 'BbcNews' from project 'BbcNews')
    cd /Users/admin/builder/spi-builder-workspace/.swiftpm/xcode
    builtin-SwiftPerFileCompile FDCollectionHeader.swift
SwiftCompile normal arm64 /Users/admin/builder/spi-builder-workspace/Sources/BbcNews/Models/Discovery/FDCopyright.swift (in target 'BbcNews' from project 'BbcNews')
    cd /Users/admin/builder/spi-builder-workspace/.swiftpm/xcode
    builtin-SwiftPerFileCompile FDCopyright.swift
SwiftCompile normal arm64 Compiling\ FDSourceFormat.swift,\ FDStoryPromo.swift,\ FDStoryPromoStyle.swift,\ FDTopic.swift,\ FDTopicButton.swift,\ FDTrackedEvent.swift,\ FDTracker.swift /Users/admin/builder/spi-builder-workspace/Sources/BbcNews/Models/Discovery/FDSourceFormat.swift /Users/admin/builder/spi-builder-workspace/Sources/BbcNews/Models/Discovery/FDStoryPromo.swift /Users/admin/builder/spi-builder-workspace/Sources/BbcNews/Models/Discovery/FDStoryPromoStyle.swift /Users/admin/builder/spi-builder-workspace/Sources/BbcNews/Models/Discovery/FDTopic.swift /Users/admin/builder/spi-builder-workspace/Sources/BbcNews/Models/Discovery/FDTopicButton.swift /Users/admin/builder/spi-builder-workspace/Sources/BbcNews/Models/Discovery/FDTrackedEvent.swift /Users/admin/builder/spi-builder-workspace/Sources/BbcNews/Models/Discovery/FDTracker.swift (in target 'BbcNews' from project 'BbcNews')
SwiftCompile normal arm64 /Users/admin/builder/spi-builder-workspace/Sources/BbcNews/Models/Discovery/FDSourceFormat.swift (in target 'BbcNews' from project 'BbcNews')
    cd /Users/admin/builder/spi-builder-workspace/.swiftpm/xcode
    builtin-SwiftPerFileCompile FDSourceFormat.swift
SwiftCompile normal arm64 /Users/admin/builder/spi-builder-workspace/Sources/BbcNews/Models/Discovery/FDStoryPromo.swift (in target 'BbcNews' from project 'BbcNews')
    cd /Users/admin/builder/spi-builder-workspace/.swiftpm/xcode
    builtin-SwiftPerFileCompile FDStoryPromo.swift
SwiftCompile normal arm64 /Users/admin/builder/spi-builder-workspace/Sources/BbcNews/Models/Discovery/FDStoryPromoStyle.swift (in target 'BbcNews' from project 'BbcNews')
    cd /Users/admin/builder/spi-builder-workspace/.swiftpm/xcode
    builtin-SwiftPerFileCompile FDStoryPromoStyle.swift
SwiftCompile normal arm64 /Users/admin/builder/spi-builder-workspace/Sources/BbcNews/Models/Discovery/FDTopic.swift (in target 'BbcNews' from project 'BbcNews')
    cd /Users/admin/builder/spi-builder-workspace/.swiftpm/xcode
    builtin-SwiftPerFileCompile FDTopic.swift
SwiftCompile normal arm64 /Users/admin/builder/spi-builder-workspace/Sources/BbcNews/Models/Discovery/FDTopicButton.swift (in target 'BbcNews' from project 'BbcNews')
    cd /Users/admin/builder/spi-builder-workspace/.swiftpm/xcode
    builtin-SwiftPerFileCompile FDTopicButton.swift
SwiftCompile normal arm64 /Users/admin/builder/spi-builder-workspace/Sources/BbcNews/Models/Discovery/FDTrackedEvent.swift (in target 'BbcNews' from project 'BbcNews')
    cd /Users/admin/builder/spi-builder-workspace/.swiftpm/xcode
    builtin-SwiftPerFileCompile FDTrackedEvent.swift
SwiftCompile normal arm64 /Users/admin/builder/spi-builder-workspace/Sources/BbcNews/Models/Discovery/FDTracker.swift (in target 'BbcNews' from project 'BbcNews')
    cd /Users/admin/builder/spi-builder-workspace/.swiftpm/xcode
    builtin-SwiftPerFileCompile FDTracker.swift
PruneExplicitPrecompiledModules /Users/admin/builder/spi-builder-workspace/.derivedData/Build/Intermediates.noindex/ExplicitPrecompiledModules
PruneExplicitPrecompiledModules /Users/admin/builder/spi-builder-workspace/.derivedData/SDKExplicitPrecompiledModules
PruneExplicitPrecompiledModules /Users/admin/builder/spi-builder-workspace/.derivedData/Build/Intermediates.noindex/SwiftExplicitPrecompiledModules
2026-09-21 07:54:37.677 xcodebuild[798:4758] [MT] IDERunDestination: Supported platforms for the buildables in the current scheme is empty.
2026-09-21 07:54:37.780 xcodebuild[798:4758] [MT] IDERunDestination: Supported platforms for the buildables in the current scheme is empty.
** BUILD FAILED **
The following build commands failed:
	SwiftCompile normal arm64_32 (in target 'BbcNews' from project 'BbcNews')
	SwiftEmitModule normal arm64_32 Emitting\ module\ for\ BbcNews (in target 'BbcNews' from project 'BbcNews')
	Building workspace BbcNews with scheme BbcNews
(3 failures)
BUILD FAILURE 6.4 watchOS