The Swift Package Index logo.Swift Package Index

Build Information

Failed to build FormKitSwift, reference v1.6.3 (4c229d), with Swift 6.1 for watchOS using Xcode 16.3 on 5 Sep 2026 08:46:52 UTC.

Build Command

env DEVELOPER_DIR=/Applications/Xcode-16.3.0.app xcrun xcodebuild -IDEClonedSourcePackagesDirPathOverride=$PWD/.dependencies -skipMacroValidation -skipPackagePluginValidation -derivedDataPath $PWD/.derivedData build -scheme FormKitSwift -destination generic/platform=watchOS

Build Log

    builtin-Swift-Compilation -- /Applications/Xcode-16.3.0.app/Contents/Developer/Toolchains/XcodeDefault.xctoolchain/usr/bin/swiftc -module-name OrderedCollections -Onone -enforce-exclusivity\=checked @/Users/admin/builder/spi-builder-workspace/.derivedData/Build/Intermediates.noindex/swift-collections.build/Debug-watchos/OrderedCollections.build/Objects-normal/armv7k/OrderedCollections.SwiftFileList -DSWIFT_PACKAGE -DDEBUG -DCOLLECTIONS_RANDOMIZED_TESTING -DXcode -enable-experimental-feature AvailabilityMacro\=SwiftStdlib\ 5.0:\ macOS\ 10.14.4,\ iOS\ 12.2,\ watchOS\ 5.2,\ tvOS\ 12.2 -enable-experimental-feature AvailabilityMacro\=SwiftStdlib\ 5.1:\ macOS\ 10.15,\ iOS\ 13.0,\ watchOS\ 6.0,\ tvOS\ 13.0 -enable-experimental-feature AvailabilityMacro\=SwiftStdlib\ 5.6:\ macOS\ 12.3,\ iOS\ 15.4,\ watchOS\ 8.5,\ tvOS\ 15.4 -enable-experimental-feature AvailabilityMacro\=SwiftStdlib\ 5.8:\ macOS\ 13.3,\ iOS\ 16.4,\ watchOS\ 9.4,\ tvOS\ 16.4 -enable-experimental-feature AvailabilityMacro\=SwiftStdlib\ 5.9:\ macOS\ 14.0,\ iOS\ 17.0,\ watchOS\ 10.0,\ tvOS\ 17.0 -enable-experimental-feature AvailabilityMacro\=SwiftStdlib\ 5.10:\ macOS\ 14.4,\ iOS\ 17.4,\ watchOS\ 10.4,\ tvOS\ 17.4,\ visionOS\ 1.1 -enable-experimental-feature AvailabilityMacro\=SwiftStdlib\ 6.0:\ macOS\ 15.0,\ iOS\ 18.0,\ watchOS\ 11.0,\ tvOS\ 18.0,\ visionOS\ 2.0 -enable-experimental-feature AvailabilityMacro\=SwiftStdlib\ 6.1:\ macOS\ 15.4,\ iOS\ 18.4,\ watchOS\ 11.4,\ tvOS\ 18.4,\ visionOS\ 2.4 -enable-experimental-feature AvailabilityMacro\=SwiftStdlib\ 6.2:\ macOS\ 26.0,\ iOS\ 26.0,\ watchOS\ 26.0,\ tvOS\ 26.0,\ visionOS\ 26.0 -enable-experimental-feature AvailabilityMacro\=SwiftStdlib\ 6.3:\ macOS\ 26.4,\ iOS\ 26.4,\ watchOS\ 26.4,\ tvOS\ 26.4,\ visionOS\ 26.4 -enable-experimental-feature AvailabilityMacro\=SwiftStdlib\ 6.4:\ macOS\ 9999,\ iOS\ 9999,\ watchOS\ 9999,\ tvOS\ 9999,\ visionOS\ 9999 -enable-experimental-feature AvailabilityMacro\=SwiftStdlib\ 6.5:\ macOS\ 9999,\ iOS\ 9999,\ watchOS\ 9999,\ tvOS\ 9999,\ visionOS\ 9999 -enable-upcoming-feature MemberImportVisibility -enable-experimental-feature BuiltinModule -plugin-path /Applications/Xcode-16.3.0.app/Contents/Developer/Toolchains/XcodeDefault.xctoolchain/usr/lib/swift/host/plugins/testing -enable-experimental-feature DebugDescriptionMacro -sdk /Applications/Xcode-16.3.0.app/Contents/Developer/Platforms/WatchOS.platform/Developer/SDKs/WatchOS11.4.sdk -target armv7k-apple-watchos5.0 -g -module-cache-path /Users/admin/builder/spi-builder-workspace/.derivedData/ModuleCache.noindex -Xfrontend -serialize-debugging-options -profile-coverage-mapping -profile-generate -enable-testing -suppress-warnings -index-store-path /Users/admin/builder/spi-builder-workspace/.derivedData/Index.noindex/DataStore -swift-version 6 -I /Users/admin/builder/spi-builder-workspace/.derivedData/Build/Products/Debug-watchos -I /Applications/Xcode-16.3.0.app/Contents/Developer/Platforms/WatchOS.platform/Developer/usr/lib -F /Users/admin/builder/spi-builder-workspace/.derivedData/Build/Products/Debug-watchos/PackageFrameworks -F /Users/admin/builder/spi-builder-workspace/.derivedData/Build/Products/Debug-watchos -F /Applications/Xcode-16.3.0.app/Contents/Developer/Platforms/WatchOS.platform/Developer/Library/Frameworks -F /Applications/Xcode-16.3.0.app/Contents/Developer/Platforms/WatchOS.platform/Developer/SDKs/WatchOS11.4.sdk/Developer/Library/Frameworks -c -j10 -enable-batch-mode -incremental -Xcc -ivfsstatcache -Xcc /Users/admin/builder/spi-builder-workspace/.derivedData/SDKStatCaches.noindex/watchos11.4-22T246-43efb940ff07ba2497b70ec94253f576.sdkstatcache -output-file-map /Users/admin/builder/spi-builder-workspace/.derivedData/Build/Intermediates.noindex/swift-collections.build/Debug-watchos/OrderedCollections.build/Objects-normal/armv7k/OrderedCollections-OutputFileMap.json -use-frontend-parseable-output -save-temps -no-color-diagnostics -serialize-diagnostics -emit-dependencies -emit-module -emit-module-path /Users/admin/builder/spi-builder-workspace/.derivedData/Build/Intermediates.noindex/swift-collections.build/Debug-watchos/OrderedCollections.build/Objects-normal/armv7k/OrderedCollections.swiftmodule -user-module-version 1.6.0 -validate-clang-modules-once -clang-build-session-file /Users/admin/builder/spi-builder-workspace/.derivedData/ModuleCache.noindex/Session.modulevalidation -package-name swift_collections -Xcc -I/Users/admin/builder/spi-builder-workspace/.derivedData/Build/Intermediates.noindex/swift-collections.build/Debug-watchos/OrderedCollections.build/swift-overrides.hmap -emit-const-values -Xfrontend -const-gather-protocols-file -Xfrontend /Users/admin/builder/spi-builder-workspace/.derivedData/Build/Intermediates.noindex/swift-collections.build/Debug-watchos/OrderedCollections.build/Objects-normal/armv7k/OrderedCollections_const_extract_protocols.json -Xcc -I/Users/admin/builder/spi-builder-workspace/.derivedData/Build/Products/Debug-watchos/include -Xcc -I/Users/admin/builder/spi-builder-workspace/.derivedData/Build/Intermediates.noindex/swift-collections.build/Debug-watchos/OrderedCollections.build/DerivedSources-normal/armv7k -Xcc -I/Users/admin/builder/spi-builder-workspace/.derivedData/Build/Intermediates.noindex/swift-collections.build/Debug-watchos/OrderedCollections.build/DerivedSources/armv7k -Xcc -I/Users/admin/builder/spi-builder-workspace/.derivedData/Build/Intermediates.noindex/swift-collections.build/Debug-watchos/OrderedCollections.build/DerivedSources -Xcc -DSWIFT_PACKAGE -Xcc -DDEBUG\=1 -emit-objc-header -emit-objc-header-path /Users/admin/builder/spi-builder-workspace/.derivedData/Build/Intermediates.noindex/swift-collections.build/Debug-watchos/OrderedCollections.build/Objects-normal/armv7k/OrderedCollections-Swift.h -working-directory /Users/admin/builder/spi-builder-workspace/.swiftpm/xcode -experimental-emit-module-separately -disable-cmo
SwiftDriver\ Compilation OrderedCollections normal arm64_32 com.apple.xcode.tools.swift.compiler (in target 'OrderedCollections' from project 'swift-collections')
    cd /Users/admin/builder/spi-builder-workspace/.swiftpm/xcode
    builtin-Swift-Compilation -- /Applications/Xcode-16.3.0.app/Contents/Developer/Toolchains/XcodeDefault.xctoolchain/usr/bin/swiftc -module-name OrderedCollections -Onone -enforce-exclusivity\=checked @/Users/admin/builder/spi-builder-workspace/.derivedData/Build/Intermediates.noindex/swift-collections.build/Debug-watchos/OrderedCollections.build/Objects-normal/arm64_32/OrderedCollections.SwiftFileList -DSWIFT_PACKAGE -DDEBUG -DCOLLECTIONS_RANDOMIZED_TESTING -DXcode -enable-experimental-feature AvailabilityMacro\=SwiftStdlib\ 5.0:\ macOS\ 10.14.4,\ iOS\ 12.2,\ watchOS\ 5.2,\ tvOS\ 12.2 -enable-experimental-feature AvailabilityMacro\=SwiftStdlib\ 5.1:\ macOS\ 10.15,\ iOS\ 13.0,\ watchOS\ 6.0,\ tvOS\ 13.0 -enable-experimental-feature AvailabilityMacro\=SwiftStdlib\ 5.6:\ macOS\ 12.3,\ iOS\ 15.4,\ watchOS\ 8.5,\ tvOS\ 15.4 -enable-experimental-feature AvailabilityMacro\=SwiftStdlib\ 5.8:\ macOS\ 13.3,\ iOS\ 16.4,\ watchOS\ 9.4,\ tvOS\ 16.4 -enable-experimental-feature AvailabilityMacro\=SwiftStdlib\ 5.9:\ macOS\ 14.0,\ iOS\ 17.0,\ watchOS\ 10.0,\ tvOS\ 17.0 -enable-experimental-feature AvailabilityMacro\=SwiftStdlib\ 5.10:\ macOS\ 14.4,\ iOS\ 17.4,\ watchOS\ 10.4,\ tvOS\ 17.4,\ visionOS\ 1.1 -enable-experimental-feature AvailabilityMacro\=SwiftStdlib\ 6.0:\ macOS\ 15.0,\ iOS\ 18.0,\ watchOS\ 11.0,\ tvOS\ 18.0,\ visionOS\ 2.0 -enable-experimental-feature AvailabilityMacro\=SwiftStdlib\ 6.1:\ macOS\ 15.4,\ iOS\ 18.4,\ watchOS\ 11.4,\ tvOS\ 18.4,\ visionOS\ 2.4 -enable-experimental-feature AvailabilityMacro\=SwiftStdlib\ 6.2:\ macOS\ 26.0,\ iOS\ 26.0,\ watchOS\ 26.0,\ tvOS\ 26.0,\ visionOS\ 26.0 -enable-experimental-feature AvailabilityMacro\=SwiftStdlib\ 6.3:\ macOS\ 26.4,\ iOS\ 26.4,\ watchOS\ 26.4,\ tvOS\ 26.4,\ visionOS\ 26.4 -enable-experimental-feature AvailabilityMacro\=SwiftStdlib\ 6.4:\ macOS\ 9999,\ iOS\ 9999,\ watchOS\ 9999,\ tvOS\ 9999,\ visionOS\ 9999 -enable-experimental-feature AvailabilityMacro\=SwiftStdlib\ 6.5:\ macOS\ 9999,\ iOS\ 9999,\ watchOS\ 9999,\ tvOS\ 9999,\ visionOS\ 9999 -enable-upcoming-feature MemberImportVisibility -enable-experimental-feature BuiltinModule -plugin-path /Applications/Xcode-16.3.0.app/Contents/Developer/Toolchains/XcodeDefault.xctoolchain/usr/lib/swift/host/plugins/testing -enable-experimental-feature DebugDescriptionMacro -sdk /Applications/Xcode-16.3.0.app/Contents/Developer/Platforms/WatchOS.platform/Developer/SDKs/WatchOS11.4.sdk -target arm64_32-apple-watchos5.0 -g -module-cache-path /Users/admin/builder/spi-builder-workspace/.derivedData/ModuleCache.noindex -Xfrontend -serialize-debugging-options -profile-coverage-mapping -profile-generate -enable-testing -suppress-warnings -index-store-path /Users/admin/builder/spi-builder-workspace/.derivedData/Index.noindex/DataStore -swift-version 6 -I /Users/admin/builder/spi-builder-workspace/.derivedData/Build/Products/Debug-watchos -I /Applications/Xcode-16.3.0.app/Contents/Developer/Platforms/WatchOS.platform/Developer/usr/lib -F /Users/admin/builder/spi-builder-workspace/.derivedData/Build/Products/Debug-watchos/PackageFrameworks -F /Users/admin/builder/spi-builder-workspace/.derivedData/Build/Products/Debug-watchos -F /Applications/Xcode-16.3.0.app/Contents/Developer/Platforms/WatchOS.platform/Developer/Library/Frameworks -F /Applications/Xcode-16.3.0.app/Contents/Developer/Platforms/WatchOS.platform/Developer/SDKs/WatchOS11.4.sdk/Developer/Library/Frameworks -c -j10 -enable-batch-mode -incremental -Xcc -ivfsstatcache -Xcc /Users/admin/builder/spi-builder-workspace/.derivedData/SDKStatCaches.noindex/watchos11.4-22T246-43efb940ff07ba2497b70ec94253f576.sdkstatcache -output-file-map /Users/admin/builder/spi-builder-workspace/.derivedData/Build/Intermediates.noindex/swift-collections.build/Debug-watchos/OrderedCollections.build/Objects-normal/arm64_32/OrderedCollections-OutputFileMap.json -use-frontend-parseable-output -save-temps -no-color-diagnostics -serialize-diagnostics -emit-dependencies -emit-module -emit-module-path /Users/admin/builder/spi-builder-workspace/.derivedData/Build/Intermediates.noindex/swift-collections.build/Debug-watchos/OrderedCollections.build/Objects-normal/arm64_32/OrderedCollections.swiftmodule -user-module-version 1.6.0 -validate-clang-modules-once -clang-build-session-file /Users/admin/builder/spi-builder-workspace/.derivedData/ModuleCache.noindex/Session.modulevalidation -package-name swift_collections -Xcc -I/Users/admin/builder/spi-builder-workspace/.derivedData/Build/Intermediates.noindex/swift-collections.build/Debug-watchos/OrderedCollections.build/swift-overrides.hmap -emit-const-values -Xfrontend -const-gather-protocols-file -Xfrontend /Users/admin/builder/spi-builder-workspace/.derivedData/Build/Intermediates.noindex/swift-collections.build/Debug-watchos/OrderedCollections.build/Objects-normal/arm64_32/OrderedCollections_const_extract_protocols.json -Xcc -I/Users/admin/builder/spi-builder-workspace/.derivedData/Build/Products/Debug-watchos/include -Xcc -I/Users/admin/builder/spi-builder-workspace/.derivedData/Build/Intermediates.noindex/swift-collections.build/Debug-watchos/OrderedCollections.build/DerivedSources-normal/arm64_32 -Xcc -I/Users/admin/builder/spi-builder-workspace/.derivedData/Build/Intermediates.noindex/swift-collections.build/Debug-watchos/OrderedCollections.build/DerivedSources/arm64_32 -Xcc -I/Users/admin/builder/spi-builder-workspace/.derivedData/Build/Intermediates.noindex/swift-collections.build/Debug-watchos/OrderedCollections.build/DerivedSources -Xcc -DSWIFT_PACKAGE -Xcc -DDEBUG\=1 -emit-objc-header -emit-objc-header-path /Users/admin/builder/spi-builder-workspace/.derivedData/Build/Intermediates.noindex/swift-collections.build/Debug-watchos/OrderedCollections.build/Objects-normal/arm64_32/OrderedCollections-Swift.h -working-directory /Users/admin/builder/spi-builder-workspace/.swiftpm/xcode -experimental-emit-module-separately -disable-cmo
ExtractAppIntentsMetadata (in target 'InternalCollectionsUtilities' from project 'swift-collections')
    cd /Users/admin/builder/spi-builder-workspace/.dependencies/checkouts/swift-collections
    /Applications/Xcode-16.3.0.app/Contents/Developer/Toolchains/XcodeDefault.xctoolchain/usr/bin/appintentsmetadataprocessor --toolchain-dir /Applications/Xcode-16.3.0.app/Contents/Developer/Toolchains/XcodeDefault.xctoolchain --module-name InternalCollectionsUtilities --sdk-root /Applications/Xcode-16.3.0.app/Contents/Developer/Platforms/WatchOS.platform/Developer/SDKs/WatchOS11.4.sdk --xcode-version 16E140 --platform-family watchOS --deployment-target 5.0 --bundle-identifier swift-collections.InternalCollectionsUtilities --output /Users/admin/builder/spi-builder-workspace/.derivedData/Build/Products/Debug-watchos/InternalCollectionsUtilities.appintents --target-triple arm64-apple-watchos5.0 --target-triple armv7k-apple-watchos5.0 --target-triple arm64_32-apple-watchos5.0 --binary-file /Users/admin/builder/spi-builder-workspace/.derivedData/Build/Products/Debug-watchos/InternalCollectionsUtilities.o --dependency-file /Users/admin/builder/spi-builder-workspace/.derivedData/Build/Intermediates.noindex/swift-collections.build/Debug-watchos/InternalCollectionsUtilities.build/Objects-normal/arm64/InternalCollectionsUtilities_dependency_info.dat --dependency-file /Users/admin/builder/spi-builder-workspace/.derivedData/Build/Intermediates.noindex/swift-collections.build/Debug-watchos/InternalCollectionsUtilities.build/Objects-normal/armv7k/InternalCollectionsUtilities_dependency_info.dat --dependency-file /Users/admin/builder/spi-builder-workspace/.derivedData/Build/Intermediates.noindex/swift-collections.build/Debug-watchos/InternalCollectionsUtilities.build/Objects-normal/arm64_32/InternalCollectionsUtilities_dependency_info.dat --stringsdata-file /Users/admin/builder/spi-builder-workspace/.derivedData/Build/Intermediates.noindex/swift-collections.build/Debug-watchos/InternalCollectionsUtilities.build/Objects-normal/arm64/ExtractedAppShortcutsMetadata.stringsdata --stringsdata-file /Users/admin/builder/spi-builder-workspace/.derivedData/Build/Intermediates.noindex/swift-collections.build/Debug-watchos/InternalCollectionsUtilities.build/Objects-normal/armv7k/ExtractedAppShortcutsMetadata.stringsdata --stringsdata-file /Users/admin/builder/spi-builder-workspace/.derivedData/Build/Intermediates.noindex/swift-collections.build/Debug-watchos/InternalCollectionsUtilities.build/Objects-normal/arm64_32/ExtractedAppShortcutsMetadata.stringsdata --source-file-list /Users/admin/builder/spi-builder-workspace/.derivedData/Build/Intermediates.noindex/swift-collections.build/Debug-watchos/InternalCollectionsUtilities.build/Objects-normal/arm64/InternalCollectionsUtilities.SwiftFileList --source-file-list /Users/admin/builder/spi-builder-workspace/.derivedData/Build/Intermediates.noindex/swift-collections.build/Debug-watchos/InternalCollectionsUtilities.build/Objects-normal/armv7k/InternalCollectionsUtilities.SwiftFileList --source-file-list /Users/admin/builder/spi-builder-workspace/.derivedData/Build/Intermediates.noindex/swift-collections.build/Debug-watchos/InternalCollectionsUtilities.build/Objects-normal/arm64_32/InternalCollectionsUtilities.SwiftFileList --metadata-file-list /Users/admin/builder/spi-builder-workspace/.derivedData/Build/Intermediates.noindex/swift-collections.build/Debug-watchos/InternalCollectionsUtilities.build/InternalCollectionsUtilities.DependencyMetadataFileList --static-metadata-file-list /Users/admin/builder/spi-builder-workspace/.derivedData/Build/Intermediates.noindex/swift-collections.build/Debug-watchos/InternalCollectionsUtilities.build/InternalCollectionsUtilities.DependencyStaticMetadataFileList --swift-const-vals-list /Users/admin/builder/spi-builder-workspace/.derivedData/Build/Intermediates.noindex/swift-collections.build/Debug-watchos/InternalCollectionsUtilities.build/Objects-normal/arm64/InternalCollectionsUtilities.SwiftConstValuesFileList --swift-const-vals-list /Users/admin/builder/spi-builder-workspace/.derivedData/Build/Intermediates.noindex/swift-collections.build/Debug-watchos/InternalCollectionsUtilities.build/Objects-normal/armv7k/InternalCollectionsUtilities.SwiftConstValuesFileList --swift-const-vals-list /Users/admin/builder/spi-builder-workspace/.derivedData/Build/Intermediates.noindex/swift-collections.build/Debug-watchos/InternalCollectionsUtilities.build/Objects-normal/arm64_32/InternalCollectionsUtilities.SwiftConstValuesFileList --force --compile-time-extraction --deployment-aware-processing --validate-assistant-intents --no-app-shortcuts-localization
2026-09-05 01:46:45.478 appintentsmetadataprocessor[1681:9509] Starting appintentsmetadataprocessor export
2026-09-05 01:46:45.530 appintentsmetadataprocessor[1681:9509] Extracted no relevant App Intents symbols, skipping writing output
SwiftDriverJobDiscovery normal arm64_32 Compiling JSONValue+Codable.swift (in target 'OrderedJSON' from project 'swift-json-schema')
SwiftDriver JSONSchema normal arm64_32 com.apple.xcode.tools.swift.compiler (in target 'JSONSchema' from project 'swift-json-schema')
    cd /Users/admin/builder/spi-builder-workspace/.swiftpm/xcode
    builtin-SwiftDriver -- /Applications/Xcode-16.3.0.app/Contents/Developer/Toolchains/XcodeDefault.xctoolchain/usr/bin/swiftc -module-name JSONSchema -Onone -enforce-exclusivity\=checked @/Users/admin/builder/spi-builder-workspace/.derivedData/Build/Intermediates.noindex/swift-json-schema.build/Debug-watchos/JSONSchema.build/Objects-normal/arm64_32/JSONSchema.SwiftFileList -DSWIFT_PACKAGE -DDEBUG -DXcode -plugin-path /Applications/Xcode-16.3.0.app/Contents/Developer/Toolchains/XcodeDefault.xctoolchain/usr/lib/swift/host/plugins/testing -enable-experimental-feature DebugDescriptionMacro -sdk /Applications/Xcode-16.3.0.app/Contents/Developer/Platforms/WatchOS.platform/Developer/SDKs/WatchOS11.4.sdk -target arm64_32-apple-watchos9.0 -g -module-cache-path /Users/admin/builder/spi-builder-workspace/.derivedData/ModuleCache.noindex -Xfrontend -serialize-debugging-options -profile-coverage-mapping -profile-generate -enable-testing -suppress-warnings -index-store-path /Users/admin/builder/spi-builder-workspace/.derivedData/Index.noindex/DataStore -swift-version 6 -I /Users/admin/builder/spi-builder-workspace/.derivedData/Build/Products/Debug-watchos -I /Applications/Xcode-16.3.0.app/Contents/Developer/Platforms/WatchOS.platform/Developer/usr/lib -F /Users/admin/builder/spi-builder-workspace/.derivedData/Build/Products/Debug-watchos/PackageFrameworks -F /Users/admin/builder/spi-builder-workspace/.derivedData/Build/Products/Debug-watchos/PackageFrameworks -F /Users/admin/builder/spi-builder-workspace/.derivedData/Build/Products/Debug-watchos/PackageFrameworks -F /Users/admin/builder/spi-builder-workspace/.derivedData/Build/Products/Debug-watchos -F /Applications/Xcode-16.3.0.app/Contents/Developer/Platforms/WatchOS.platform/Developer/Library/Frameworks -F /Applications/Xcode-16.3.0.app/Contents/Developer/Platforms/WatchOS.platform/Developer/SDKs/WatchOS11.4.sdk/Developer/Library/Frameworks -c -j10 -enable-batch-mode -incremental -Xcc -ivfsstatcache -Xcc /Users/admin/builder/spi-builder-workspace/.derivedData/SDKStatCaches.noindex/watchos11.4-22T246-43efb940ff07ba2497b70ec94253f576.sdkstatcache -output-file-map /Users/admin/builder/spi-builder-workspace/.derivedData/Build/Intermediates.noindex/swift-json-schema.build/Debug-watchos/JSONSchema.build/Objects-normal/arm64_32/JSONSchema-OutputFileMap.json -use-frontend-parseable-output -save-temps -no-color-diagnostics -serialize-diagnostics -emit-dependencies -emit-module -emit-module-path /Users/admin/builder/spi-builder-workspace/.derivedData/Build/Intermediates.noindex/swift-json-schema.build/Debug-watchos/JSONSchema.build/Objects-normal/arm64_32/JSONSchema.swiftmodule -user-module-version 0.13.1 -validate-clang-modules-once -clang-build-session-file /Users/admin/builder/spi-builder-workspace/.derivedData/ModuleCache.noindex/Session.modulevalidation -package-name swift_json_schema -Xcc -I/Users/admin/builder/spi-builder-workspace/.derivedData/Build/Intermediates.noindex/swift-json-schema.build/Debug-watchos/JSONSchema.build/swift-overrides.hmap -emit-const-values -Xfrontend -const-gather-protocols-file -Xfrontend /Users/admin/builder/spi-builder-workspace/.derivedData/Build/Intermediates.noindex/swift-json-schema.build/Debug-watchos/JSONSchema.build/Objects-normal/arm64_32/JSONSchema_const_extract_protocols.json -Xcc -I/Users/admin/builder/spi-builder-workspace/.derivedData/Build/Products/Debug-watchos/include -Xcc -I/Users/admin/builder/spi-builder-workspace/.derivedData/Build/Intermediates.noindex/swift-json-schema.build/Debug-watchos/JSONSchema.build/DerivedSources-normal/arm64_32 -Xcc -I/Users/admin/builder/spi-builder-workspace/.derivedData/Build/Intermediates.noindex/swift-json-schema.build/Debug-watchos/JSONSchema.build/DerivedSources/arm64_32 -Xcc -I/Users/admin/builder/spi-builder-workspace/.derivedData/Build/Intermediates.noindex/swift-json-schema.build/Debug-watchos/JSONSchema.build/DerivedSources -Xcc -DSWIFT_PACKAGE -Xcc -DDEBUG\=1 -emit-objc-header -emit-objc-header-path /Users/admin/builder/spi-builder-workspace/.derivedData/Build/Intermediates.noindex/swift-json-schema.build/Debug-watchos/JSONSchema.build/Objects-normal/arm64_32/JSONSchema-Swift.h -working-directory /Users/admin/builder/spi-builder-workspace/.swiftpm/xcode -experimental-emit-module-separately -disable-cmo
SwiftDriver JSONSchema normal arm64 com.apple.xcode.tools.swift.compiler (in target 'JSONSchema' from project 'swift-json-schema')
    cd /Users/admin/builder/spi-builder-workspace/.swiftpm/xcode
    builtin-SwiftDriver -- /Applications/Xcode-16.3.0.app/Contents/Developer/Toolchains/XcodeDefault.xctoolchain/usr/bin/swiftc -module-name JSONSchema -Onone -enforce-exclusivity\=checked @/Users/admin/builder/spi-builder-workspace/.derivedData/Build/Intermediates.noindex/swift-json-schema.build/Debug-watchos/JSONSchema.build/Objects-normal/arm64/JSONSchema.SwiftFileList -DSWIFT_PACKAGE -DDEBUG -DXcode -plugin-path /Applications/Xcode-16.3.0.app/Contents/Developer/Toolchains/XcodeDefault.xctoolchain/usr/lib/swift/host/plugins/testing -enable-experimental-feature DebugDescriptionMacro -sdk /Applications/Xcode-16.3.0.app/Contents/Developer/Platforms/WatchOS.platform/Developer/SDKs/WatchOS11.4.sdk -target arm64-apple-watchos9.0 -g -module-cache-path /Users/admin/builder/spi-builder-workspace/.derivedData/ModuleCache.noindex -Xfrontend -serialize-debugging-options -profile-coverage-mapping -profile-generate -enable-testing -suppress-warnings -index-store-path /Users/admin/builder/spi-builder-workspace/.derivedData/Index.noindex/DataStore -swift-version 6 -I /Users/admin/builder/spi-builder-workspace/.derivedData/Build/Products/Debug-watchos -I /Applications/Xcode-16.3.0.app/Contents/Developer/Platforms/WatchOS.platform/Developer/usr/lib -F /Users/admin/builder/spi-builder-workspace/.derivedData/Build/Products/Debug-watchos/PackageFrameworks -F /Users/admin/builder/spi-builder-workspace/.derivedData/Build/Products/Debug-watchos/PackageFrameworks -F /Users/admin/builder/spi-builder-workspace/.derivedData/Build/Products/Debug-watchos/PackageFrameworks -F /Users/admin/builder/spi-builder-workspace/.derivedData/Build/Products/Debug-watchos -F /Applications/Xcode-16.3.0.app/Contents/Developer/Platforms/WatchOS.platform/Developer/Library/Frameworks -F /Applications/Xcode-16.3.0.app/Contents/Developer/Platforms/WatchOS.platform/Developer/SDKs/WatchOS11.4.sdk/Developer/Library/Frameworks -c -j10 -enable-batch-mode -incremental -Xcc -ivfsstatcache -Xcc /Users/admin/builder/spi-builder-workspace/.derivedData/SDKStatCaches.noindex/watchos11.4-22T246-43efb940ff07ba2497b70ec94253f576.sdkstatcache -output-file-map /Users/admin/builder/spi-builder-workspace/.derivedData/Build/Intermediates.noindex/swift-json-schema.build/Debug-watchos/JSONSchema.build/Objects-normal/arm64/JSONSchema-OutputFileMap.json -use-frontend-parseable-output -save-temps -no-color-diagnostics -serialize-diagnostics -emit-dependencies -emit-module -emit-module-path /Users/admin/builder/spi-builder-workspace/.derivedData/Build/Intermediates.noindex/swift-json-schema.build/Debug-watchos/JSONSchema.build/Objects-normal/arm64/JSONSchema.swiftmodule -user-module-version 0.13.1 -validate-clang-modules-once -clang-build-session-file /Users/admin/builder/spi-builder-workspace/.derivedData/ModuleCache.noindex/Session.modulevalidation -package-name swift_json_schema -Xcc -I/Users/admin/builder/spi-builder-workspace/.derivedData/Build/Intermediates.noindex/swift-json-schema.build/Debug-watchos/JSONSchema.build/swift-overrides.hmap -emit-const-values -Xfrontend -const-gather-protocols-file -Xfrontend /Users/admin/builder/spi-builder-workspace/.derivedData/Build/Intermediates.noindex/swift-json-schema.build/Debug-watchos/JSONSchema.build/Objects-normal/arm64/JSONSchema_const_extract_protocols.json -Xcc -I/Users/admin/builder/spi-builder-workspace/.derivedData/Build/Products/Debug-watchos/include -Xcc -I/Users/admin/builder/spi-builder-workspace/.derivedData/Build/Intermediates.noindex/swift-json-schema.build/Debug-watchos/JSONSchema.build/DerivedSources-normal/arm64 -Xcc -I/Users/admin/builder/spi-builder-workspace/.derivedData/Build/Intermediates.noindex/swift-json-schema.build/Debug-watchos/JSONSchema.build/DerivedSources/arm64 -Xcc -I/Users/admin/builder/spi-builder-workspace/.derivedData/Build/Intermediates.noindex/swift-json-schema.build/Debug-watchos/JSONSchema.build/DerivedSources -Xcc -DSWIFT_PACKAGE -Xcc -DDEBUG\=1 -emit-objc-header -emit-objc-header-path /Users/admin/builder/spi-builder-workspace/.derivedData/Build/Intermediates.noindex/swift-json-schema.build/Debug-watchos/JSONSchema.build/Objects-normal/arm64/JSONSchema-Swift.h -working-directory /Users/admin/builder/spi-builder-workspace/.swiftpm/xcode -experimental-emit-module-separately -disable-cmo
SwiftEmitModule normal arm64_32 Emitting\ module\ for\ JSONSchema (in target 'JSONSchema' from project 'swift-json-schema')
EmitSwiftModule normal arm64_32 (in target 'JSONSchema' from project 'swift-json-schema')
    cd /Users/admin/builder/spi-builder-workspace/.swiftpm/xcode

SwiftDriverJobDiscovery normal arm64_32 Compiling JSONValue.swift (in target 'OrderedJSON' from project 'swift-json-schema')
SwiftCompile normal arm64_32 Compiling\ SchemaDocument.swift,\ ValidatableSchema.swift,\ ValidationLocation.swift /Users/admin/builder/spi-builder-workspace/.dependencies/checkouts/swift-json-schema/Sources/JSONSchema/Validation/SchemaDocument.swift /Users/admin/builder/spi-builder-workspace/.dependencies/checkouts/swift-json-schema/Sources/JSONSchema/Validation/ValidatableSchema.swift /Users/admin/builder/spi-builder-workspace/.dependencies/checkouts/swift-json-schema/Sources/JSONSchema/Validation/ValidationLocation.swift (in target 'JSONSchema' from project 'swift-json-schema')
SwiftCompile normal arm64_32 /Users/admin/builder/spi-builder-workspace/.dependencies/checkouts/swift-json-schema/Sources/JSONSchema/Validation/SchemaDocument.swift (in target 'JSONSchema' from project 'swift-json-schema')
    cd /Users/admin/builder/spi-builder-workspace/.swiftpm/xcode

SwiftCompile normal arm64_32 /Users/admin/builder/spi-builder-workspace/.dependencies/checkouts/swift-json-schema/Sources/JSONSchema/Validation/ValidatableSchema.swift (in target 'JSONSchema' from project 'swift-json-schema')
    cd /Users/admin/builder/spi-builder-workspace/.swiftpm/xcode

SwiftCompile normal arm64_32 /Users/admin/builder/spi-builder-workspace/.dependencies/checkouts/swift-json-schema/Sources/JSONSchema/Validation/ValidationLocation.swift (in target 'JSONSchema' from project 'swift-json-schema')
    cd /Users/admin/builder/spi-builder-workspace/.swiftpm/xcode

SwiftDriverJobDiscovery normal arm64 Compiling JSONValue+Codable.swift (in target 'OrderedJSON' from project 'swift-json-schema')
SwiftCompile normal arm64_32 Compiling\ Keywords+Annotation.swift,\ Keywords+Applicator.swift,\ Keywords+Assertion.swift,\ Keywords+Identifier.swift /Users/admin/builder/spi-builder-workspace/.dependencies/checkouts/swift-json-schema/Sources/JSONSchema/Keywords/Keywords+Annotation.swift /Users/admin/builder/spi-builder-workspace/.dependencies/checkouts/swift-json-schema/Sources/JSONSchema/Keywords/Keywords+Applicator.swift /Users/admin/builder/spi-builder-workspace/.dependencies/checkouts/swift-json-schema/Sources/JSONSchema/Keywords/Keywords+Assertion.swift /Users/admin/builder/spi-builder-workspace/.dependencies/checkouts/swift-json-schema/Sources/JSONSchema/Keywords/Keywords+Identifier.swift (in target 'JSONSchema' from project 'swift-json-schema')
SwiftCompile normal arm64_32 /Users/admin/builder/spi-builder-workspace/.dependencies/checkouts/swift-json-schema/Sources/JSONSchema/Keywords/Keywords+Annotation.swift (in target 'JSONSchema' from project 'swift-json-schema')
    cd /Users/admin/builder/spi-builder-workspace/.swiftpm/xcode

SwiftCompile normal arm64_32 /Users/admin/builder/spi-builder-workspace/.dependencies/checkouts/swift-json-schema/Sources/JSONSchema/Keywords/Keywords+Applicator.swift (in target 'JSONSchema' from project 'swift-json-schema')
    cd /Users/admin/builder/spi-builder-workspace/.swiftpm/xcode

SwiftCompile normal arm64_32 /Users/admin/builder/spi-builder-workspace/.dependencies/checkouts/swift-json-schema/Sources/JSONSchema/Keywords/Keywords+Assertion.swift (in target 'JSONSchema' from project 'swift-json-schema')
    cd /Users/admin/builder/spi-builder-workspace/.swiftpm/xcode

SwiftCompile normal arm64_32 /Users/admin/builder/spi-builder-workspace/.dependencies/checkouts/swift-json-schema/Sources/JSONSchema/Keywords/Keywords+Identifier.swift (in target 'JSONSchema' from project 'swift-json-schema')
    cd /Users/admin/builder/spi-builder-workspace/.swiftpm/xcode

SwiftDriverJobDiscovery normal arm64 Compiling JSONValue.swift (in target 'OrderedJSON' from project 'swift-json-schema')
SwiftCompile normal arm64_32 Compiling\ Schema.swift,\ Bundle+JSONSchemaResources.swift,\ LockIsolated.swift /Users/admin/builder/spi-builder-workspace/.dependencies/checkouts/swift-json-schema/Sources/JSONSchema/Schema.swift /Users/admin/builder/spi-builder-workspace/.dependencies/checkouts/swift-json-schema/Sources/JSONSchema/Utilities/Bundle+JSONSchemaResources.swift /Users/admin/builder/spi-builder-workspace/.dependencies/checkouts/swift-json-schema/Sources/JSONSchema/Utilities/LockIsolated.swift (in target 'JSONSchema' from project 'swift-json-schema')
SwiftCompile normal arm64_32 /Users/admin/builder/spi-builder-workspace/.dependencies/checkouts/swift-json-schema/Sources/JSONSchema/Schema.swift (in target 'JSONSchema' from project 'swift-json-schema')
    cd /Users/admin/builder/spi-builder-workspace/.swiftpm/xcode

SwiftCompile normal arm64_32 /Users/admin/builder/spi-builder-workspace/.dependencies/checkouts/swift-json-schema/Sources/JSONSchema/Utilities/Bundle+JSONSchemaResources.swift (in target 'JSONSchema' from project 'swift-json-schema')
    cd /Users/admin/builder/spi-builder-workspace/.swiftpm/xcode

SwiftCompile normal arm64_32 /Users/admin/builder/spi-builder-workspace/.dependencies/checkouts/swift-json-schema/Sources/JSONSchema/Utilities/LockIsolated.swift (in target 'JSONSchema' from project 'swift-json-schema')
    cd /Users/admin/builder/spi-builder-workspace/.swiftpm/xcode

SwiftEmitModule normal arm64 Emitting\ module\ for\ JSONSchema (in target 'JSONSchema' from project 'swift-json-schema')
EmitSwiftModule normal arm64 (in target 'JSONSchema' from project 'swift-json-schema')
    cd /Users/admin/builder/spi-builder-workspace/.swiftpm/xcode

SwiftDriverJobDiscovery normal arm64_32 Compiling JSONValue+merge.swift (in target 'OrderedJSON' from project 'swift-json-schema')
SwiftCompile normal arm64 Compiling\ Schema.swift,\ Bundle+JSONSchemaResources.swift,\ LockIsolated.swift /Users/admin/builder/spi-builder-workspace/.dependencies/checkouts/swift-json-schema/Sources/JSONSchema/Schema.swift /Users/admin/builder/spi-builder-workspace/.dependencies/checkouts/swift-json-schema/Sources/JSONSchema/Utilities/Bundle+JSONSchemaResources.swift /Users/admin/builder/spi-builder-workspace/.dependencies/checkouts/swift-json-schema/Sources/JSONSchema/Utilities/LockIsolated.swift (in target 'JSONSchema' from project 'swift-json-schema')
SwiftCompile normal arm64 /Users/admin/builder/spi-builder-workspace/.dependencies/checkouts/swift-json-schema/Sources/JSONSchema/Schema.swift (in target 'JSONSchema' from project 'swift-json-schema')
    cd /Users/admin/builder/spi-builder-workspace/.swiftpm/xcode

SwiftCompile normal arm64 /Users/admin/builder/spi-builder-workspace/.dependencies/checkouts/swift-json-schema/Sources/JSONSchema/Utilities/Bundle+JSONSchemaResources.swift (in target 'JSONSchema' from project 'swift-json-schema')
    cd /Users/admin/builder/spi-builder-workspace/.swiftpm/xcode

SwiftCompile normal arm64 /Users/admin/builder/spi-builder-workspace/.dependencies/checkouts/swift-json-schema/Sources/JSONSchema/Utilities/LockIsolated.swift (in target 'JSONSchema' from project 'swift-json-schema')
    cd /Users/admin/builder/spi-builder-workspace/.swiftpm/xcode

SwiftCompile normal arm64 Compiling\ ValidationOutput.swift,\ ValidationResult+JSONValue.swift,\ ValidationResult.swift /Users/admin/builder/spi-builder-workspace/.dependencies/checkouts/swift-json-schema/Sources/JSONSchema/Validation/ValidationOutput.swift /Users/admin/builder/spi-builder-workspace/.dependencies/checkouts/swift-json-schema/Sources/JSONSchema/Validation/ValidationResult+JSONValue.swift /Users/admin/builder/spi-builder-workspace/.dependencies/checkouts/swift-json-schema/Sources/JSONSchema/Validation/ValidationResult.swift (in target 'JSONSchema' from project 'swift-json-schema')
SwiftCompile normal arm64 /Users/admin/builder/spi-builder-workspace/.dependencies/checkouts/swift-json-schema/Sources/JSONSchema/Validation/ValidationOutput.swift (in target 'JSONSchema' from project 'swift-json-schema')
    cd /Users/admin/builder/spi-builder-workspace/.swiftpm/xcode

SwiftCompile normal arm64 /Users/admin/builder/spi-builder-workspace/.dependencies/checkouts/swift-json-schema/Sources/JSONSchema/Validation/ValidationResult+JSONValue.swift (in target 'JSONSchema' from project 'swift-json-schema')
    cd /Users/admin/builder/spi-builder-workspace/.swiftpm/xcode

SwiftCompile normal arm64 /Users/admin/builder/spi-builder-workspace/.dependencies/checkouts/swift-json-schema/Sources/JSONSchema/Validation/ValidationResult.swift (in target 'JSONSchema' from project 'swift-json-schema')
    cd /Users/admin/builder/spi-builder-workspace/.swiftpm/xcode

SwiftDriverJobDiscovery normal arm64_32 Emitting module for JSONSchema (in target 'JSONSchema' from project 'swift-json-schema')
SwiftDriver\ Compilation\ Requirements JSONSchema normal arm64_32 com.apple.xcode.tools.swift.compiler (in target 'JSONSchema' from project 'swift-json-schema')
    cd /Users/admin/builder/spi-builder-workspace/.swiftpm/xcode
    builtin-Swift-Compilation-Requirements -- /Applications/Xcode-16.3.0.app/Contents/Developer/Toolchains/XcodeDefault.xctoolchain/usr/bin/swiftc -module-name JSONSchema -Onone -enforce-exclusivity\=checked @/Users/admin/builder/spi-builder-workspace/.derivedData/Build/Intermediates.noindex/swift-json-schema.build/Debug-watchos/JSONSchema.build/Objects-normal/arm64_32/JSONSchema.SwiftFileList -DSWIFT_PACKAGE -DDEBUG -DXcode -plugin-path /Applications/Xcode-16.3.0.app/Contents/Developer/Toolchains/XcodeDefault.xctoolchain/usr/lib/swift/host/plugins/testing -enable-experimental-feature DebugDescriptionMacro -sdk /Applications/Xcode-16.3.0.app/Contents/Developer/Platforms/WatchOS.platform/Developer/SDKs/WatchOS11.4.sdk -target arm64_32-apple-watchos9.0 -g -module-cache-path /Users/admin/builder/spi-builder-workspace/.derivedData/ModuleCache.noindex -Xfrontend -serialize-debugging-options -profile-coverage-mapping -profile-generate -enable-testing -suppress-warnings -index-store-path /Users/admin/builder/spi-builder-workspace/.derivedData/Index.noindex/DataStore -swift-version 6 -I /Users/admin/builder/spi-builder-workspace/.derivedData/Build/Products/Debug-watchos -I /Applications/Xcode-16.3.0.app/Contents/Developer/Platforms/WatchOS.platform/Developer/usr/lib -F /Users/admin/builder/spi-builder-workspace/.derivedData/Build/Products/Debug-watchos/PackageFrameworks -F /Users/admin/builder/spi-builder-workspace/.derivedData/Build/Products/Debug-watchos/PackageFrameworks -F /Users/admin/builder/spi-builder-workspace/.derivedData/Build/Products/Debug-watchos/PackageFrameworks -F /Users/admin/builder/spi-builder-workspace/.derivedData/Build/Products/Debug-watchos -F /Applications/Xcode-16.3.0.app/Contents/Developer/Platforms/WatchOS.platform/Developer/Library/Frameworks -F /Applications/Xcode-16.3.0.app/Contents/Developer/Platforms/WatchOS.platform/Developer/SDKs/WatchOS11.4.sdk/Developer/Library/Frameworks -c -j10 -enable-batch-mode -incremental -Xcc -ivfsstatcache -Xcc /Users/admin/builder/spi-builder-workspace/.derivedData/SDKStatCaches.noindex/watchos11.4-22T246-43efb940ff07ba2497b70ec94253f576.sdkstatcache -output-file-map /Users/admin/builder/spi-builder-workspace/.derivedData/Build/Intermediates.noindex/swift-json-schema.build/Debug-watchos/JSONSchema.build/Objects-normal/arm64_32/JSONSchema-OutputFileMap.json -use-frontend-parseable-output -save-temps -no-color-diagnostics -serialize-diagnostics -emit-dependencies -emit-module -emit-module-path /Users/admin/builder/spi-builder-workspace/.derivedData/Build/Intermediates.noindex/swift-json-schema.build/Debug-watchos/JSONSchema.build/Objects-normal/arm64_32/JSONSchema.swiftmodule -user-module-version 0.13.1 -validate-clang-modules-once -clang-build-session-file /Users/admin/builder/spi-builder-workspace/.derivedData/ModuleCache.noindex/Session.modulevalidation -package-name swift_json_schema -Xcc -I/Users/admin/builder/spi-builder-workspace/.derivedData/Build/Intermediates.noindex/swift-json-schema.build/Debug-watchos/JSONSchema.build/swift-overrides.hmap -emit-const-values -Xfrontend -const-gather-protocols-file -Xfrontend /Users/admin/builder/spi-builder-workspace/.derivedData/Build/Intermediates.noindex/swift-json-schema.build/Debug-watchos/JSONSchema.build/Objects-normal/arm64_32/JSONSchema_const_extract_protocols.json -Xcc -I/Users/admin/builder/spi-builder-workspace/.derivedData/Build/Products/Debug-watchos/include -Xcc -I/Users/admin/builder/spi-builder-workspace/.derivedData/Build/Intermediates.noindex/swift-json-schema.build/Debug-watchos/JSONSchema.build/DerivedSources-normal/arm64_32 -Xcc -I/Users/admin/builder/spi-builder-workspace/.derivedData/Build/Intermediates.noindex/swift-json-schema.build/Debug-watchos/JSONSchema.build/DerivedSources/arm64_32 -Xcc -I/Users/admin/builder/spi-builder-workspace/.derivedData/Build/Intermediates.noindex/swift-json-schema.build/Debug-watchos/JSONSchema.build/DerivedSources -Xcc -DSWIFT_PACKAGE -Xcc -DDEBUG\=1 -emit-objc-header -emit-objc-header-path /Users/admin/builder/spi-builder-workspace/.derivedData/Build/Intermediates.noindex/swift-json-schema.build/Debug-watchos/JSONSchema.build/Objects-normal/arm64_32/JSONSchema-Swift.h -working-directory /Users/admin/builder/spi-builder-workspace/.swiftpm/xcode -experimental-emit-module-separately -disable-cmo
SwiftDriverJobDiscovery normal arm64 Emitting module for JSONSchema (in target 'JSONSchema' from project 'swift-json-schema')
SwiftDriver\ Compilation\ Requirements JSONSchema normal arm64 com.apple.xcode.tools.swift.compiler (in target 'JSONSchema' from project 'swift-json-schema')
    cd /Users/admin/builder/spi-builder-workspace/.swiftpm/xcode
    builtin-Swift-Compilation-Requirements -- /Applications/Xcode-16.3.0.app/Contents/Developer/Toolchains/XcodeDefault.xctoolchain/usr/bin/swiftc -module-name JSONSchema -Onone -enforce-exclusivity\=checked @/Users/admin/builder/spi-builder-workspace/.derivedData/Build/Intermediates.noindex/swift-json-schema.build/Debug-watchos/JSONSchema.build/Objects-normal/arm64/JSONSchema.SwiftFileList -DSWIFT_PACKAGE -DDEBUG -DXcode -plugin-path /Applications/Xcode-16.3.0.app/Contents/Developer/Toolchains/XcodeDefault.xctoolchain/usr/lib/swift/host/plugins/testing -enable-experimental-feature DebugDescriptionMacro -sdk /Applications/Xcode-16.3.0.app/Contents/Developer/Platforms/WatchOS.platform/Developer/SDKs/WatchOS11.4.sdk -target arm64-apple-watchos9.0 -g -module-cache-path /Users/admin/builder/spi-builder-workspace/.derivedData/ModuleCache.noindex -Xfrontend -serialize-debugging-options -profile-coverage-mapping -profile-generate -enable-testing -suppress-warnings -index-store-path /Users/admin/builder/spi-builder-workspace/.derivedData/Index.noindex/DataStore -swift-version 6 -I /Users/admin/builder/spi-builder-workspace/.derivedData/Build/Products/Debug-watchos -I /Applications/Xcode-16.3.0.app/Contents/Developer/Platforms/WatchOS.platform/Developer/usr/lib -F /Users/admin/builder/spi-builder-workspace/.derivedData/Build/Products/Debug-watchos/PackageFrameworks -F /Users/admin/builder/spi-builder-workspace/.derivedData/Build/Products/Debug-watchos/PackageFrameworks -F /Users/admin/builder/spi-builder-workspace/.derivedData/Build/Products/Debug-watchos/PackageFrameworks -F /Users/admin/builder/spi-builder-workspace/.derivedData/Build/Products/Debug-watchos -F /Applications/Xcode-16.3.0.app/Contents/Developer/Platforms/WatchOS.platform/Developer/Library/Frameworks -F /Applications/Xcode-16.3.0.app/Contents/Developer/Platforms/WatchOS.platform/Developer/SDKs/WatchOS11.4.sdk/Developer/Library/Frameworks -c -j10 -enable-batch-mode -incremental -Xcc -ivfsstatcache -Xcc /Users/admin/builder/spi-builder-workspace/.derivedData/SDKStatCaches.noindex/watchos11.4-22T246-43efb940ff07ba2497b70ec94253f576.sdkstatcache -output-file-map /Users/admin/builder/spi-builder-workspace/.derivedData/Build/Intermediates.noindex/swift-json-schema.build/Debug-watchos/JSONSchema.build/Objects-normal/arm64/JSONSchema-OutputFileMap.json -use-frontend-parseable-output -save-temps -no-color-diagnostics -serialize-diagnostics -emit-dependencies -emit-module -emit-module-path /Users/admin/builder/spi-builder-workspace/.derivedData/Build/Intermediates.noindex/swift-json-schema.build/Debug-watchos/JSONSchema.build/Objects-normal/arm64/JSONSchema.swiftmodule -user-module-version 0.13.1 -validate-clang-modules-once -clang-build-session-file /Users/admin/builder/spi-builder-workspace/.derivedData/ModuleCache.noindex/Session.modulevalidation -package-name swift_json_schema -Xcc -I/Users/admin/builder/spi-builder-workspace/.derivedData/Build/Intermediates.noindex/swift-json-schema.build/Debug-watchos/JSONSchema.build/swift-overrides.hmap -emit-const-values -Xfrontend -const-gather-protocols-file -Xfrontend /Users/admin/builder/spi-builder-workspace/.derivedData/Build/Intermediates.noindex/swift-json-schema.build/Debug-watchos/JSONSchema.build/Objects-normal/arm64/JSONSchema_const_extract_protocols.json -Xcc -I/Users/admin/builder/spi-builder-workspace/.derivedData/Build/Products/Debug-watchos/include -Xcc -I/Users/admin/builder/spi-builder-workspace/.derivedData/Build/Intermediates.noindex/swift-json-schema.build/Debug-watchos/JSONSchema.build/DerivedSources-normal/arm64 -Xcc -I/Users/admin/builder/spi-builder-workspace/.derivedData/Build/Intermediates.noindex/swift-json-schema.build/Debug-watchos/JSONSchema.build/DerivedSources/arm64 -Xcc -I/Users/admin/builder/spi-builder-workspace/.derivedData/Build/Intermediates.noindex/swift-json-schema.build/Debug-watchos/JSONSchema.build/DerivedSources -Xcc -DSWIFT_PACKAGE -Xcc -DDEBUG\=1 -emit-objc-header -emit-objc-header-path /Users/admin/builder/spi-builder-workspace/.derivedData/Build/Intermediates.noindex/swift-json-schema.build/Debug-watchos/JSONSchema.build/Objects-normal/arm64/JSONSchema-Swift.h -working-directory /Users/admin/builder/spi-builder-workspace/.swiftpm/xcode -experimental-emit-module-separately -disable-cmo
Copy /Users/admin/builder/spi-builder-workspace/.derivedData/Build/Products/Debug-watchos/JSONSchema.swiftmodule/arm64_32-apple-watchos.swiftmodule /Users/admin/builder/spi-builder-workspace/.derivedData/Build/Intermediates.noindex/swift-json-schema.build/Debug-watchos/JSONSchema.build/Objects-normal/arm64_32/JSONSchema.swiftmodule (in target 'JSONSchema' from project 'swift-json-schema')
    cd /Users/admin/builder/spi-builder-workspace/.dependencies/checkouts/swift-json-schema
    builtin-copy -exclude .DS_Store -exclude CVS -exclude .svn -exclude .git -exclude .hg -resolve-src-symlinks -rename /Users/admin/builder/spi-builder-workspace/.derivedData/Build/Intermediates.noindex/swift-json-schema.build/Debug-watchos/JSONSchema.build/Objects-normal/arm64_32/JSONSchema.swiftmodule /Users/admin/builder/spi-builder-workspace/.derivedData/Build/Products/Debug-watchos/JSONSchema.swiftmodule/arm64_32-apple-watchos.swiftmodule
SwiftMergeGeneratedHeaders /Users/admin/builder/spi-builder-workspace/.derivedData/Build/Intermediates.noindex/GeneratedModuleMaps-watchos/JSONSchema-Swift.h /Users/admin/builder/spi-builder-workspace/.derivedData/Build/Intermediates.noindex/swift-json-schema.build/Debug-watchos/JSONSchema.build/Objects-normal/arm64/JSONSchema-Swift.h /Users/admin/builder/spi-builder-workspace/.derivedData/Build/Intermediates.noindex/swift-json-schema.build/Debug-watchos/JSONSchema.build/Objects-normal/arm64_32/JSONSchema-Swift.h (in target 'JSONSchema' from project 'swift-json-schema')
    cd /Users/admin/builder/spi-builder-workspace/.dependencies/checkouts/swift-json-schema
    builtin-swiftHeaderTool -arch arm64 /Users/admin/builder/spi-builder-workspace/.derivedData/Build/Intermediates.noindex/swift-json-schema.build/Debug-watchos/JSONSchema.build/Objects-normal/arm64/JSONSchema-Swift.h -arch arm64_32 /Users/admin/builder/spi-builder-workspace/.derivedData/Build/Intermediates.noindex/swift-json-schema.build/Debug-watchos/JSONSchema.build/Objects-normal/arm64_32/JSONSchema-Swift.h -o /Users/admin/builder/spi-builder-workspace/.derivedData/Build/Intermediates.noindex/GeneratedModuleMaps-watchos/JSONSchema-Swift.h
Copy /Users/admin/builder/spi-builder-workspace/.derivedData/Build/Products/Debug-watchos/JSONSchema.swiftmodule/arm64_32-apple-watchos.swiftdoc /Users/admin/builder/spi-builder-workspace/.derivedData/Build/Intermediates.noindex/swift-json-schema.build/Debug-watchos/JSONSchema.build/Objects-normal/arm64_32/JSONSchema.swiftdoc (in target 'JSONSchema' from project 'swift-json-schema')
    cd /Users/admin/builder/spi-builder-workspace/.dependencies/checkouts/swift-json-schema
    builtin-copy -exclude .DS_Store -exclude CVS -exclude .svn -exclude .git -exclude .hg -resolve-src-symlinks -rename /Users/admin/builder/spi-builder-workspace/.derivedData/Build/Intermediates.noindex/swift-json-schema.build/Debug-watchos/JSONSchema.build/Objects-normal/arm64_32/JSONSchema.swiftdoc /Users/admin/builder/spi-builder-workspace/.derivedData/Build/Products/Debug-watchos/JSONSchema.swiftmodule/arm64_32-apple-watchos.swiftdoc
Copy /Users/admin/builder/spi-builder-workspace/.derivedData/Build/Products/Debug-watchos/JSONSchema.swiftmodule/arm64_32-apple-watchos.abi.json /Users/admin/builder/spi-builder-workspace/.derivedData/Build/Intermediates.noindex/swift-json-schema.build/Debug-watchos/JSONSchema.build/Objects-normal/arm64_32/JSONSchema.abi.json (in target 'JSONSchema' from project 'swift-json-schema')
    cd /Users/admin/builder/spi-builder-workspace/.dependencies/checkouts/swift-json-schema
    builtin-copy -exclude .DS_Store -exclude CVS -exclude .svn -exclude .git -exclude .hg -resolve-src-symlinks -rename /Users/admin/builder/spi-builder-workspace/.derivedData/Build/Intermediates.noindex/swift-json-schema.build/Debug-watchos/JSONSchema.build/Objects-normal/arm64_32/JSONSchema.abi.json /Users/admin/builder/spi-builder-workspace/.derivedData/Build/Products/Debug-watchos/JSONSchema.swiftmodule/arm64_32-apple-watchos.abi.json
Copy /Users/admin/builder/spi-builder-workspace/.derivedData/Build/Products/Debug-watchos/JSONSchema.swiftmodule/arm64-apple-watchos.swiftmodule /Users/admin/builder/spi-builder-workspace/.derivedData/Build/Intermediates.noindex/swift-json-schema.build/Debug-watchos/JSONSchema.build/Objects-normal/arm64/JSONSchema.swiftmodule (in target 'JSONSchema' from project 'swift-json-schema')
    cd /Users/admin/builder/spi-builder-workspace/.dependencies/checkouts/swift-json-schema
    builtin-copy -exclude .DS_Store -exclude CVS -exclude .svn -exclude .git -exclude .hg -resolve-src-symlinks -rename /Users/admin/builder/spi-builder-workspace/.derivedData/Build/Intermediates.noindex/swift-json-schema.build/Debug-watchos/JSONSchema.build/Objects-normal/arm64/JSONSchema.swiftmodule /Users/admin/builder/spi-builder-workspace/.derivedData/Build/Products/Debug-watchos/JSONSchema.swiftmodule/arm64-apple-watchos.swiftmodule
Copy /Users/admin/builder/spi-builder-workspace/.derivedData/Build/Products/Debug-watchos/JSONSchema.swiftmodule/arm64-apple-watchos.swiftdoc /Users/admin/builder/spi-builder-workspace/.derivedData/Build/Intermediates.noindex/swift-json-schema.build/Debug-watchos/JSONSchema.build/Objects-normal/arm64/JSONSchema.swiftdoc (in target 'JSONSchema' from project 'swift-json-schema')
    cd /Users/admin/builder/spi-builder-workspace/.dependencies/checkouts/swift-json-schema
    builtin-copy -exclude .DS_Store -exclude CVS -exclude .svn -exclude .git -exclude .hg -resolve-src-symlinks -rename /Users/admin/builder/spi-builder-workspace/.derivedData/Build/Intermediates.noindex/swift-json-schema.build/Debug-watchos/JSONSchema.build/Objects-normal/arm64/JSONSchema.swiftdoc /Users/admin/builder/spi-builder-workspace/.derivedData/Build/Products/Debug-watchos/JSONSchema.swiftmodule/arm64-apple-watchos.swiftdoc
Copy /Users/admin/builder/spi-builder-workspace/.derivedData/Build/Products/Debug-watchos/JSONSchema.swiftmodule/arm64-apple-watchos.abi.json /Users/admin/builder/spi-builder-workspace/.derivedData/Build/Intermediates.noindex/swift-json-schema.build/Debug-watchos/JSONSchema.build/Objects-normal/arm64/JSONSchema.abi.json (in target 'JSONSchema' from project 'swift-json-schema')
    cd /Users/admin/builder/spi-builder-workspace/.dependencies/checkouts/swift-json-schema
    builtin-copy -exclude .DS_Store -exclude CVS -exclude .svn -exclude .git -exclude .hg -resolve-src-symlinks -rename /Users/admin/builder/spi-builder-workspace/.derivedData/Build/Intermediates.noindex/swift-json-schema.build/Debug-watchos/JSONSchema.build/Objects-normal/arm64/JSONSchema.abi.json /Users/admin/builder/spi-builder-workspace/.derivedData/Build/Products/Debug-watchos/JSONSchema.swiftmodule/arm64-apple-watchos.abi.json
Copy /Users/admin/builder/spi-builder-workspace/.derivedData/Build/Products/Debug-watchos/JSONSchema.swiftmodule/Project/arm64_32-apple-watchos.swiftsourceinfo /Users/admin/builder/spi-builder-workspace/.derivedData/Build/Intermediates.noindex/swift-json-schema.build/Debug-watchos/JSONSchema.build/Objects-normal/arm64_32/JSONSchema.swiftsourceinfo (in target 'JSONSchema' from project 'swift-json-schema')
    cd /Users/admin/builder/spi-builder-workspace/.dependencies/checkouts/swift-json-schema
    builtin-copy -exclude .DS_Store -exclude CVS -exclude .svn -exclude .git -exclude .hg -resolve-src-symlinks -rename /Users/admin/builder/spi-builder-workspace/.derivedData/Build/Intermediates.noindex/swift-json-schema.build/Debug-watchos/JSONSchema.build/Objects-normal/arm64_32/JSONSchema.swiftsourceinfo /Users/admin/builder/spi-builder-workspace/.derivedData/Build/Products/Debug-watchos/JSONSchema.swiftmodule/Project/arm64_32-apple-watchos.swiftsourceinfo
Copy /Users/admin/builder/spi-builder-workspace/.derivedData/Build/Products/Debug-watchos/JSONSchema.swiftmodule/Project/arm64-apple-watchos.swiftsourceinfo /Users/admin/builder/spi-builder-workspace/.derivedData/Build/Intermediates.noindex/swift-json-schema.build/Debug-watchos/JSONSchema.build/Objects-normal/arm64/JSONSchema.swiftsourceinfo (in target 'JSONSchema' from project 'swift-json-schema')
    cd /Users/admin/builder/spi-builder-workspace/.dependencies/checkouts/swift-json-schema
    builtin-copy -exclude .DS_Store -exclude CVS -exclude .svn -exclude .git -exclude .hg -resolve-src-symlinks -rename /Users/admin/builder/spi-builder-workspace/.derivedData/Build/Intermediates.noindex/swift-json-schema.build/Debug-watchos/JSONSchema.build/Objects-normal/arm64/JSONSchema.swiftsourceinfo /Users/admin/builder/spi-builder-workspace/.derivedData/Build/Products/Debug-watchos/JSONSchema.swiftmodule/Project/arm64-apple-watchos.swiftsourceinfo
SwiftCompile normal arm64 Compiling\ resource_bundle_accessor.swift,\ Annotation.swift,\ AnnotationContainer.swift,\ JSONType+Matches.swift /Users/admin/builder/spi-builder-workspace/.derivedData/Build/Intermediates.noindex/swift-json-schema.build/Debug-watchos/JSONSchema.build/DerivedSources/resource_bundle_accessor.swift /Users/admin/builder/spi-builder-workspace/.dependencies/checkouts/swift-json-schema/Sources/JSONSchema/Annotations/Annotation.swift /Users/admin/builder/spi-builder-workspace/.dependencies/checkouts/swift-json-schema/Sources/JSONSchema/Annotations/AnnotationContainer.swift /Users/admin/builder/spi-builder-workspace/.dependencies/checkouts/swift-json-schema/Sources/JSONSchema/Annotations/JSONType+Matches.swift (in target 'JSONSchema' from project 'swift-json-schema')
SwiftCompile normal arm64 /Users/admin/builder/spi-builder-workspace/.derivedData/Build/Intermediates.noindex/swift-json-schema.build/Debug-watchos/JSONSchema.build/DerivedSources/resource_bundle_accessor.swift (in target 'JSONSchema' from project 'swift-json-schema')
    cd /Users/admin/builder/spi-builder-workspace/.swiftpm/xcode

SwiftCompile normal arm64 /Users/admin/builder/spi-builder-workspace/.dependencies/checkouts/swift-json-schema/Sources/JSONSchema/Annotations/Annotation.swift (in target 'JSONSchema' from project 'swift-json-schema')
    cd /Users/admin/builder/spi-builder-workspace/.swiftpm/xcode

SwiftCompile normal arm64 /Users/admin/builder/spi-builder-workspace/.dependencies/checkouts/swift-json-schema/Sources/JSONSchema/Annotations/AnnotationContainer.swift (in target 'JSONSchema' from project 'swift-json-schema')
    cd /Users/admin/builder/spi-builder-workspace/.swiftpm/xcode

SwiftCompile normal arm64 /Users/admin/builder/spi-builder-workspace/.dependencies/checkouts/swift-json-schema/Sources/JSONSchema/Annotations/JSONType+Matches.swift (in target 'JSONSchema' from project 'swift-json-schema')
    cd /Users/admin/builder/spi-builder-workspace/.swiftpm/xcode

SwiftCompile normal arm64 Compiling\ Keywords+Metadata.swift,\ Keywords+Reference.swift,\ Keywords+Reserved.swift /Users/admin/builder/spi-builder-workspace/.dependencies/checkouts/swift-json-schema/Sources/JSONSchema/Keywords/Keywords+Metadata.swift /Users/admin/builder/spi-builder-workspace/.dependencies/checkouts/swift-json-schema/Sources/JSONSchema/Keywords/Keywords+Reference.swift /Users/admin/builder/spi-builder-workspace/.dependencies/checkouts/swift-json-schema/Sources/JSONSchema/Keywords/Keywords+Reserved.swift (in target 'JSONSchema' from project 'swift-json-schema')
SwiftCompile normal arm64 /Users/admin/builder/spi-builder-workspace/.dependencies/checkouts/swift-json-schema/Sources/JSONSchema/Keywords/Keywords+Metadata.swift (in target 'JSONSchema' from project 'swift-json-schema')
    cd /Users/admin/builder/spi-builder-workspace/.swiftpm/xcode

SwiftCompile normal arm64 /Users/admin/builder/spi-builder-workspace/.dependencies/checkouts/swift-json-schema/Sources/JSONSchema/Keywords/Keywords+Reference.swift (in target 'JSONSchema' from project 'swift-json-schema')
    cd /Users/admin/builder/spi-builder-workspace/.swiftpm/xcode

SwiftCompile normal arm64 /Users/admin/builder/spi-builder-workspace/.dependencies/checkouts/swift-json-schema/Sources/JSONSchema/Keywords/Keywords+Reserved.swift (in target 'JSONSchema' from project 'swift-json-schema')
    cd /Users/admin/builder/spi-builder-workspace/.swiftpm/xcode

SwiftDriverJobDiscovery normal arm64_32 Compiling SchemaDocument.swift, ValidatableSchema.swift, ValidationLocation.swift (in target 'JSONSchema' from project 'swift-json-schema')
SwiftCompile normal arm64 Compiling\ Schema+Codable.swift,\ Schema+Equatable.swift,\ Schema+JSONValue.swift /Users/admin/builder/spi-builder-workspace/.dependencies/checkouts/swift-json-schema/Sources/JSONSchema/Schema+Codable.swift /Users/admin/builder/spi-builder-workspace/.dependencies/checkouts/swift-json-schema/Sources/JSONSchema/Schema+Equatable.swift /Users/admin/builder/spi-builder-workspace/.dependencies/checkouts/swift-json-schema/Sources/JSONSchema/Schema+JSONValue.swift (in target 'JSONSchema' from project 'swift-json-schema')
SwiftCompile normal arm64 /Users/admin/builder/spi-builder-workspace/.dependencies/checkouts/swift-json-schema/Sources/JSONSchema/Schema+Codable.swift (in target 'JSONSchema' from project 'swift-json-schema')
    cd /Users/admin/builder/spi-builder-workspace/.swiftpm/xcode

SwiftCompile normal arm64 /Users/admin/builder/spi-builder-workspace/.dependencies/checkouts/swift-json-schema/Sources/JSONSchema/Schema+Equatable.swift (in target 'JSONSchema' from project 'swift-json-schema')
    cd /Users/admin/builder/spi-builder-workspace/.swiftpm/xcode

SwiftCompile normal arm64 /Users/admin/builder/spi-builder-workspace/.dependencies/checkouts/swift-json-schema/Sources/JSONSchema/Schema+JSONValue.swift (in target 'JSONSchema' from project 'swift-json-schema')
    cd /Users/admin/builder/spi-builder-workspace/.swiftpm/xcode

SwiftCompile normal arm64 Compiling\ Context.swift,\ SchemaIssue.swift,\ ValidationIssue.swift /Users/admin/builder/spi-builder-workspace/.dependencies/checkouts/swift-json-schema/Sources/JSONSchema/Validation/Context.swift /Users/admin/builder/spi-builder-workspace/.dependencies/checkouts/swift-json-schema/Sources/JSONSchema/Validation/Errors/SchemaIssue.swift /Users/admin/builder/spi-builder-workspace/.dependencies/checkouts/swift-json-schema/Sources/JSONSchema/Validation/Errors/ValidationIssue.swift (in target 'JSONSchema' from project 'swift-json-schema')
SwiftCompile normal arm64 /Users/admin/builder/spi-builder-workspace/.dependencies/checkouts/swift-json-schema/Sources/JSONSchema/Validation/Context.swift (in target 'JSONSchema' from project 'swift-json-schema')
    cd /Users/admin/builder/spi-builder-workspace/.swiftpm/xcode

SwiftCompile normal arm64 /Users/admin/builder/spi-builder-workspace/.dependencies/checkouts/swift-json-schema/Sources/JSONSchema/Validation/Errors/SchemaIssue.swift (in target 'JSONSchema' from project 'swift-json-schema')
    cd /Users/admin/builder/spi-builder-workspace/.swiftpm/xcode

SwiftCompile normal arm64 /Users/admin/builder/spi-builder-workspace/.dependencies/checkouts/swift-json-schema/Sources/JSONSchema/Validation/Errors/ValidationIssue.swift (in target 'JSONSchema' from project 'swift-json-schema')
    cd /Users/admin/builder/spi-builder-workspace/.swiftpm/xcode

SwiftDriverJobDiscovery normal arm64_32 Compiling Schema.swift, Bundle+JSONSchemaResources.swift, LockIsolated.swift (in target 'JSONSchema' from project 'swift-json-schema')
SwiftDriverJobDiscovery normal arm64 Compiling Schema.swift, Bundle+JSONSchemaResources.swift, LockIsolated.swift (in target 'JSONSchema' from project 'swift-json-schema')
SwiftCompile normal arm64_32 Compiling\ ValidationOutput.swift,\ ValidationResult+JSONValue.swift,\ ValidationResult.swift /Users/admin/builder/spi-builder-workspace/.dependencies/checkouts/swift-json-schema/Sources/JSONSchema/Validation/ValidationOutput.swift /Users/admin/builder/spi-builder-workspace/.dependencies/checkouts/swift-json-schema/Sources/JSONSchema/Validation/ValidationResult+JSONValue.swift /Users/admin/builder/spi-builder-workspace/.dependencies/checkouts/swift-json-schema/Sources/JSONSchema/Validation/ValidationResult.swift (in target 'JSONSchema' from project 'swift-json-schema')
SwiftCompile normal arm64_32 /Users/admin/builder/spi-builder-workspace/.dependencies/checkouts/swift-json-schema/Sources/JSONSchema/Validation/ValidationOutput.swift (in target 'JSONSchema' from project 'swift-json-schema')
    cd /Users/admin/builder/spi-builder-workspace/.swiftpm/xcode

SwiftCompile normal arm64_32 /Users/admin/builder/spi-builder-workspace/.dependencies/checkouts/swift-json-schema/Sources/JSONSchema/Validation/ValidationResult+JSONValue.swift (in target 'JSONSchema' from project 'swift-json-schema')
    cd /Users/admin/builder/spi-builder-workspace/.swiftpm/xcode

SwiftCompile normal arm64_32 /Users/admin/builder/spi-builder-workspace/.dependencies/checkouts/swift-json-schema/Sources/JSONSchema/Validation/ValidationResult.swift (in target 'JSONSchema' from project 'swift-json-schema')
    cd /Users/admin/builder/spi-builder-workspace/.swiftpm/xcode

SwiftDriverJobDiscovery normal arm64 Compiling JSONValue+Serialize.swift (in target 'OrderedJSON' from project 'swift-json-schema')
SwiftCompile normal arm64 Compiling\ Keywords.swift,\ OrderedJSON+Reexport.swift,\ JSONPointer.swift /Users/admin/builder/spi-builder-workspace/.dependencies/checkouts/swift-json-schema/Sources/JSONSchema/Keywords/Keywords.swift /Users/admin/builder/spi-builder-workspace/.dependencies/checkouts/swift-json-schema/Sources/JSONSchema/OrderedJSON+Reexport.swift /Users/admin/builder/spi-builder-workspace/.dependencies/checkouts/swift-json-schema/Sources/JSONSchema/Pointers/JSONPointer.swift (in target 'JSONSchema' from project 'swift-json-schema')
SwiftCompile normal arm64 /Users/admin/builder/spi-builder-workspace/.dependencies/checkouts/swift-json-schema/Sources/JSONSchema/Keywords/Keywords.swift (in target 'JSONSchema' from project 'swift-json-schema')
    cd /Users/admin/builder/spi-builder-workspace/.swiftpm/xcode

SwiftCompile normal arm64 /Users/admin/builder/spi-builder-workspace/.dependencies/checkouts/swift-json-schema/Sources/JSONSchema/OrderedJSON+Reexport.swift (in target 'JSONSchema' from project 'swift-json-schema')
    cd /Users/admin/builder/spi-builder-workspace/.swiftpm/xcode

SwiftCompile normal arm64 /Users/admin/builder/spi-builder-workspace/.dependencies/checkouts/swift-json-schema/Sources/JSONSchema/Pointers/JSONPointer.swift (in target 'JSONSchema' from project 'swift-json-schema')
    cd /Users/admin/builder/spi-builder-workspace/.swiftpm/xcode

SwiftDriverJobDiscovery normal arm64_32 Compiling JSONValue+Serialize.swift (in target 'OrderedJSON' from project 'swift-json-schema')
SwiftCompile normal arm64_32 Compiling\ resource_bundle_accessor.swift,\ Annotation.swift,\ AnnotationContainer.swift,\ JSONType+Matches.swift /Users/admin/builder/spi-builder-workspace/.derivedData/Build/Intermediates.noindex/swift-json-schema.build/Debug-watchos/JSONSchema.build/DerivedSources/resource_bundle_accessor.swift /Users/admin/builder/spi-builder-workspace/.dependencies/checkouts/swift-json-schema/Sources/JSONSchema/Annotations/Annotation.swift /Users/admin/builder/spi-builder-workspace/.dependencies/checkouts/swift-json-schema/Sources/JSONSchema/Annotations/AnnotationContainer.swift /Users/admin/builder/spi-builder-workspace/.dependencies/checkouts/swift-json-schema/Sources/JSONSchema/Annotations/JSONType+Matches.swift (in target 'JSONSchema' from project 'swift-json-schema')
SwiftCompile normal arm64_32 /Users/admin/builder/spi-builder-workspace/.derivedData/Build/Intermediates.noindex/swift-json-schema.build/Debug-watchos/JSONSchema.build/DerivedSources/resource_bundle_accessor.swift (in target 'JSONSchema' from project 'swift-json-schema')
    cd /Users/admin/builder/spi-builder-workspace/.swiftpm/xcode

SwiftCompile normal arm64_32 /Users/admin/builder/spi-builder-workspace/.dependencies/checkouts/swift-json-schema/Sources/JSONSchema/Annotations/Annotation.swift (in target 'JSONSchema' from project 'swift-json-schema')
    cd /Users/admin/builder/spi-builder-workspace/.swiftpm/xcode

SwiftCompile normal arm64_32 /Users/admin/builder/spi-builder-workspace/.dependencies/checkouts/swift-json-schema/Sources/JSONSchema/Annotations/AnnotationContainer.swift (in target 'JSONSchema' from project 'swift-json-schema')
    cd /Users/admin/builder/spi-builder-workspace/.swiftpm/xcode

SwiftCompile normal arm64_32 /Users/admin/builder/spi-builder-workspace/.dependencies/checkouts/swift-json-schema/Sources/JSONSchema/Annotations/JSONType+Matches.swift (in target 'JSONSchema' from project 'swift-json-schema')
    cd /Users/admin/builder/spi-builder-workspace/.swiftpm/xcode

SwiftDriverJobDiscovery normal arm64 Compiling JSONValue+Parse.swift (in target 'OrderedJSON' from project 'swift-json-schema')
SwiftDriver\ Compilation OrderedJSON normal arm64 com.apple.xcode.tools.swift.compiler (in target 'OrderedJSON' from project 'swift-json-schema')
    cd /Users/admin/builder/spi-builder-workspace/.swiftpm/xcode
    builtin-Swift-Compilation -- /Applications/Xcode-16.3.0.app/Contents/Developer/Toolchains/XcodeDefault.xctoolchain/usr/bin/swiftc -module-name OrderedJSON -Onone -enforce-exclusivity\=checked @/Users/admin/builder/spi-builder-workspace/.derivedData/Build/Intermediates.noindex/swift-json-schema.build/Debug-watchos/OrderedJSON.build/Objects-normal/arm64/OrderedJSON.SwiftFileList -DSWIFT_PACKAGE -DDEBUG -DXcode -plugin-path /Applications/Xcode-16.3.0.app/Contents/Developer/Toolchains/XcodeDefault.xctoolchain/usr/lib/swift/host/plugins/testing -enable-experimental-feature DebugDescriptionMacro -sdk /Applications/Xcode-16.3.0.app/Contents/Developer/Platforms/WatchOS.platform/Developer/SDKs/WatchOS11.4.sdk -target arm64-apple-watchos9.0 -g -module-cache-path /Users/admin/builder/spi-builder-workspace/.derivedData/ModuleCache.noindex -Xfrontend -serialize-debugging-options -profile-coverage-mapping -profile-generate -enable-testing -suppress-warnings -index-store-path /Users/admin/builder/spi-builder-workspace/.derivedData/Index.noindex/DataStore -swift-version 6 -I /Users/admin/builder/spi-builder-workspace/.derivedData/Build/Products/Debug-watchos -I /Applications/Xcode-16.3.0.app/Contents/Developer/Platforms/WatchOS.platform/Developer/usr/lib -F /Users/admin/builder/spi-builder-workspace/.derivedData/Build/Products/Debug-watchos/PackageFrameworks -F /Users/admin/builder/spi-builder-workspace/.derivedData/Build/Products/Debug-watchos/PackageFrameworks -F /Users/admin/builder/spi-builder-workspace/.derivedData/Build/Products/Debug-watchos -F /Applications/Xcode-16.3.0.app/Contents/Developer/Platforms/WatchOS.platform/Developer/Library/Frameworks -F /Applications/Xcode-16.3.0.app/Contents/Developer/Platforms/WatchOS.platform/Developer/SDKs/WatchOS11.4.sdk/Developer/Library/Frameworks -c -j10 -enable-batch-mode -incremental -Xcc -ivfsstatcache -Xcc /Users/admin/builder/spi-builder-workspace/.derivedData/SDKStatCaches.noindex/watchos11.4-22T246-43efb940ff07ba2497b70ec94253f576.sdkstatcache -output-file-map /Users/admin/builder/spi-builder-workspace/.derivedData/Build/Intermediates.noindex/swift-json-schema.build/Debug-watchos/OrderedJSON.build/Objects-normal/arm64/OrderedJSON-OutputFileMap.json -use-frontend-parseable-output -save-temps -no-color-diagnostics -serialize-diagnostics -emit-dependencies -emit-module -emit-module-path /Users/admin/builder/spi-builder-workspace/.derivedData/Build/Intermediates.noindex/swift-json-schema.build/Debug-watchos/OrderedJSON.build/Objects-normal/arm64/OrderedJSON.swiftmodule -user-module-version 0.13.1 -validate-clang-modules-once -clang-build-session-file /Users/admin/builder/spi-builder-workspace/.derivedData/ModuleCache.noindex/Session.modulevalidation -package-name swift_json_schema -Xcc -I/Users/admin/builder/spi-builder-workspace/.derivedData/Build/Intermediates.noindex/swift-json-schema.build/Debug-watchos/OrderedJSON.build/swift-overrides.hmap -emit-const-values -Xfrontend -const-gather-protocols-file -Xfrontend /Users/admin/builder/spi-builder-workspace/.derivedData/Build/Intermediates.noindex/swift-json-schema.build/Debug-watchos/OrderedJSON.build/Objects-normal/arm64/OrderedJSON_const_extract_protocols.json -Xcc -I/Users/admin/builder/spi-builder-workspace/.derivedData/Build/Products/Debug-watchos/include -Xcc -I/Users/admin/builder/spi-builder-workspace/.derivedData/Build/Intermediates.noindex/swift-json-schema.build/Debug-watchos/OrderedJSON.build/DerivedSources-normal/arm64 -Xcc -I/Users/admin/builder/spi-builder-workspace/.derivedData/Build/Intermediates.noindex/swift-json-schema.build/Debug-watchos/OrderedJSON.build/DerivedSources/arm64 -Xcc -I/Users/admin/builder/spi-builder-workspace/.derivedData/Build/Intermediates.noindex/swift-json-schema.build/Debug-watchos/OrderedJSON.build/DerivedSources -Xcc -DSWIFT_PACKAGE -Xcc -DDEBUG\=1 -emit-objc-header -emit-objc-header-path /Users/admin/builder/spi-builder-workspace/.derivedData/Build/Intermediates.noindex/swift-json-schema.build/Debug-watchos/OrderedJSON.build/Objects-normal/arm64/OrderedJSON-Swift.h -working-directory /Users/admin/builder/spi-builder-workspace/.swiftpm/xcode -experimental-emit-module-separately -disable-cmo
SwiftDriverJobDiscovery normal arm64_32 Compiling JSONValue+Parse.swift (in target 'OrderedJSON' from project 'swift-json-schema')
SwiftCompile normal arm64 Compiling\ SchemaDocument.swift,\ ValidatableSchema.swift,\ ValidationLocation.swift /Users/admin/builder/spi-builder-workspace/.dependencies/checkouts/swift-json-schema/Sources/JSONSchema/Validation/SchemaDocument.swift /Users/admin/builder/spi-builder-workspace/.dependencies/checkouts/swift-json-schema/Sources/JSONSchema/Validation/ValidatableSchema.swift /Users/admin/builder/spi-builder-workspace/.dependencies/checkouts/swift-json-schema/Sources/JSONSchema/Validation/ValidationLocation.swift (in target 'JSONSchema' from project 'swift-json-schema')
SwiftCompile normal arm64 /Users/admin/builder/spi-builder-workspace/.dependencies/checkouts/swift-json-schema/Sources/JSONSchema/Validation/SchemaDocument.swift (in target 'JSONSchema' from project 'swift-json-schema')
    cd /Users/admin/builder/spi-builder-workspace/.swiftpm/xcode

SwiftCompile normal arm64 /Users/admin/builder/spi-builder-workspace/.dependencies/checkouts/swift-json-schema/Sources/JSONSchema/Validation/ValidatableSchema.swift (in target 'JSONSchema' from project 'swift-json-schema')
    cd /Users/admin/builder/spi-builder-workspace/.swiftpm/xcode

SwiftCompile normal arm64 /Users/admin/builder/spi-builder-workspace/.dependencies/checkouts/swift-json-schema/Sources/JSONSchema/Validation/ValidationLocation.swift (in target 'JSONSchema' from project 'swift-json-schema')
    cd /Users/admin/builder/spi-builder-workspace/.swiftpm/xcode

SwiftDriver\ Compilation OrderedJSON normal arm64_32 com.apple.xcode.tools.swift.compiler (in target 'OrderedJSON' from project 'swift-json-schema')
    cd /Users/admin/builder/spi-builder-workspace/.swiftpm/xcode
    builtin-Swift-Compilation -- /Applications/Xcode-16.3.0.app/Contents/Developer/Toolchains/XcodeDefault.xctoolchain/usr/bin/swiftc -module-name OrderedJSON -Onone -enforce-exclusivity\=checked @/Users/admin/builder/spi-builder-workspace/.derivedData/Build/Intermediates.noindex/swift-json-schema.build/Debug-watchos/OrderedJSON.build/Objects-normal/arm64_32/OrderedJSON.SwiftFileList -DSWIFT_PACKAGE -DDEBUG -DXcode -plugin-path /Applications/Xcode-16.3.0.app/Contents/Developer/Toolchains/XcodeDefault.xctoolchain/usr/lib/swift/host/plugins/testing -enable-experimental-feature DebugDescriptionMacro -sdk /Applications/Xcode-16.3.0.app/Contents/Developer/Platforms/WatchOS.platform/Developer/SDKs/WatchOS11.4.sdk -target arm64_32-apple-watchos9.0 -g -module-cache-path /Users/admin/builder/spi-builder-workspace/.derivedData/ModuleCache.noindex -Xfrontend -serialize-debugging-options -profile-coverage-mapping -profile-generate -enable-testing -suppress-warnings -index-store-path /Users/admin/builder/spi-builder-workspace/.derivedData/Index.noindex/DataStore -swift-version 6 -I /Users/admin/builder/spi-builder-workspace/.derivedData/Build/Products/Debug-watchos -I /Applications/Xcode-16.3.0.app/Contents/Developer/Platforms/WatchOS.platform/Developer/usr/lib -F /Users/admin/builder/spi-builder-workspace/.derivedData/Build/Products/Debug-watchos/PackageFrameworks -F /Users/admin/builder/spi-builder-workspace/.derivedData/Build/Products/Debug-watchos/PackageFrameworks -F /Users/admin/builder/spi-builder-workspace/.derivedData/Build/Products/Debug-watchos -F /Applications/Xcode-16.3.0.app/Contents/Developer/Platforms/WatchOS.platform/Developer/Library/Frameworks -F /Applications/Xcode-16.3.0.app/Contents/Developer/Platforms/WatchOS.platform/Developer/SDKs/WatchOS11.4.sdk/Developer/Library/Frameworks -c -j10 -enable-batch-mode -incremental -Xcc -ivfsstatcache -Xcc /Users/admin/builder/spi-builder-workspace/.derivedData/SDKStatCaches.noindex/watchos11.4-22T246-43efb940ff07ba2497b70ec94253f576.sdkstatcache -output-file-map /Users/admin/builder/spi-builder-workspace/.derivedData/Build/Intermediates.noindex/swift-json-schema.build/Debug-watchos/OrderedJSON.build/Objects-normal/arm64_32/OrderedJSON-OutputFileMap.json -use-frontend-parseable-output -save-temps -no-color-diagnostics -serialize-diagnostics -emit-dependencies -emit-module -emit-module-path /Users/admin/builder/spi-builder-workspace/.derivedData/Build/Intermediates.noindex/swift-json-schema.build/Debug-watchos/OrderedJSON.build/Objects-normal/arm64_32/OrderedJSON.swiftmodule -user-module-version 0.13.1 -validate-clang-modules-once -clang-build-session-file /Users/admin/builder/spi-builder-workspace/.derivedData/ModuleCache.noindex/Session.modulevalidation -package-name swift_json_schema -Xcc -I/Users/admin/builder/spi-builder-workspace/.derivedData/Build/Intermediates.noindex/swift-json-schema.build/Debug-watchos/OrderedJSON.build/swift-overrides.hmap -emit-const-values -Xfrontend -const-gather-protocols-file -Xfrontend /Users/admin/builder/spi-builder-workspace/.derivedData/Build/Intermediates.noindex/swift-json-schema.build/Debug-watchos/OrderedJSON.build/Objects-normal/arm64_32/OrderedJSON_const_extract_protocols.json -Xcc -I/Users/admin/builder/spi-builder-workspace/.derivedData/Build/Products/Debug-watchos/include -Xcc -I/Users/admin/builder/spi-builder-workspace/.derivedData/Build/Intermediates.noindex/swift-json-schema.build/Debug-watchos/OrderedJSON.build/DerivedSources-normal/arm64_32 -Xcc -I/Users/admin/builder/spi-builder-workspace/.derivedData/Build/Intermediates.noindex/swift-json-schema.build/Debug-watchos/OrderedJSON.build/DerivedSources/arm64_32 -Xcc -I/Users/admin/builder/spi-builder-workspace/.derivedData/Build/Intermediates.noindex/swift-json-schema.build/Debug-watchos/OrderedJSON.build/DerivedSources -Xcc -DSWIFT_PACKAGE -Xcc -DDEBUG\=1 -emit-objc-header -emit-objc-header-path /Users/admin/builder/spi-builder-workspace/.derivedData/Build/Intermediates.noindex/swift-json-schema.build/Debug-watchos/OrderedJSON.build/Objects-normal/arm64_32/OrderedJSON-Swift.h -working-directory /Users/admin/builder/spi-builder-workspace/.swiftpm/xcode -experimental-emit-module-separately -disable-cmo
SwiftDriverJobDiscovery normal arm64 Compiling resource_bundle_accessor.swift, Annotation.swift, AnnotationContainer.swift, JSONType+Matches.swift (in target 'JSONSchema' from project 'swift-json-schema')
SwiftCompile normal arm64_32 Compiling\ Context.swift,\ SchemaIssue.swift,\ ValidationIssue.swift /Users/admin/builder/spi-builder-workspace/.dependencies/checkouts/swift-json-schema/Sources/JSONSchema/Validation/Context.swift /Users/admin/builder/spi-builder-workspace/.dependencies/checkouts/swift-json-schema/Sources/JSONSchema/Validation/Errors/SchemaIssue.swift /Users/admin/builder/spi-builder-workspace/.dependencies/checkouts/swift-json-schema/Sources/JSONSchema/Validation/Errors/ValidationIssue.swift (in target 'JSONSchema' from project 'swift-json-schema')
SwiftCompile normal arm64_32 /Users/admin/builder/spi-builder-workspace/.dependencies/checkouts/swift-json-schema/Sources/JSONSchema/Validation/Context.swift (in target 'JSONSchema' from project 'swift-json-schema')
    cd /Users/admin/builder/spi-builder-workspace/.swiftpm/xcode

SwiftCompile normal arm64_32 /Users/admin/builder/spi-builder-workspace/.dependencies/checkouts/swift-json-schema/Sources/JSONSchema/Validation/Errors/SchemaIssue.swift (in target 'JSONSchema' from project 'swift-json-schema')
    cd /Users/admin/builder/spi-builder-workspace/.swiftpm/xcode

SwiftCompile normal arm64_32 /Users/admin/builder/spi-builder-workspace/.dependencies/checkouts/swift-json-schema/Sources/JSONSchema/Validation/Errors/ValidationIssue.swift (in target 'JSONSchema' from project 'swift-json-schema')
    cd /Users/admin/builder/spi-builder-workspace/.swiftpm/xcode

SwiftCompile normal arm64_32 Compiling\ Keywords+Metadata.swift,\ Keywords+Reference.swift,\ Keywords+Reserved.swift /Users/admin/builder/spi-builder-workspace/.dependencies/checkouts/swift-json-schema/Sources/JSONSchema/Keywords/Keywords+Metadata.swift /Users/admin/builder/spi-builder-workspace/.dependencies/checkouts/swift-json-schema/Sources/JSONSchema/Keywords/Keywords+Reference.swift /Users/admin/builder/spi-builder-workspace/.dependencies/checkouts/swift-json-schema/Sources/JSONSchema/Keywords/Keywords+Reserved.swift (in target 'JSONSchema' from project 'swift-json-schema')
SwiftCompile normal arm64_32 /Users/admin/builder/spi-builder-workspace/.dependencies/checkouts/swift-json-schema/Sources/JSONSchema/Keywords/Keywords+Metadata.swift (in target 'JSONSchema' from project 'swift-json-schema')
    cd /Users/admin/builder/spi-builder-workspace/.swiftpm/xcode

SwiftCompile normal arm64_32 /Users/admin/builder/spi-builder-workspace/.dependencies/checkouts/swift-json-schema/Sources/JSONSchema/Keywords/Keywords+Reference.swift (in target 'JSONSchema' from project 'swift-json-schema')
    cd /Users/admin/builder/spi-builder-workspace/.swiftpm/xcode

SwiftCompile normal arm64_32 /Users/admin/builder/spi-builder-workspace/.dependencies/checkouts/swift-json-schema/Sources/JSONSchema/Keywords/Keywords+Reserved.swift (in target 'JSONSchema' from project 'swift-json-schema')
    cd /Users/admin/builder/spi-builder-workspace/.swiftpm/xcode

SwiftDriverJobDiscovery normal arm64_32 Compiling Keywords+Annotation.swift, Keywords+Applicator.swift, Keywords+Assertion.swift, Keywords+Identifier.swift (in target 'JSONSchema' from project 'swift-json-schema')
SwiftCompile normal arm64 Compiling\ Keywords+Annotation.swift,\ Keywords+Applicator.swift,\ Keywords+Assertion.swift,\ Keywords+Identifier.swift /Users/admin/builder/spi-builder-workspace/.dependencies/checkouts/swift-json-schema/Sources/JSONSchema/Keywords/Keywords+Annotation.swift /Users/admin/builder/spi-builder-workspace/.dependencies/checkouts/swift-json-schema/Sources/JSONSchema/Keywords/Keywords+Applicator.swift /Users/admin/builder/spi-builder-workspace/.dependencies/checkouts/swift-json-schema/Sources/JSONSchema/Keywords/Keywords+Assertion.swift /Users/admin/builder/spi-builder-workspace/.dependencies/checkouts/swift-json-schema/Sources/JSONSchema/Keywords/Keywords+Identifier.swift (in target 'JSONSchema' from project 'swift-json-schema')
SwiftCompile normal arm64 /Users/admin/builder/spi-builder-workspace/.dependencies/checkouts/swift-json-schema/Sources/JSONSchema/Keywords/Keywords+Annotation.swift (in target 'JSONSchema' from project 'swift-json-schema')
    cd /Users/admin/builder/spi-builder-workspace/.swiftpm/xcode

SwiftCompile normal arm64 /Users/admin/builder/spi-builder-workspace/.dependencies/checkouts/swift-json-schema/Sources/JSONSchema/Keywords/Keywords+Applicator.swift (in target 'JSONSchema' from project 'swift-json-schema')
    cd /Users/admin/builder/spi-builder-workspace/.swiftpm/xcode

SwiftCompile normal arm64 /Users/admin/builder/spi-builder-workspace/.dependencies/checkouts/swift-json-schema/Sources/JSONSchema/Keywords/Keywords+Assertion.swift (in target 'JSONSchema' from project 'swift-json-schema')
    cd /Users/admin/builder/spi-builder-workspace/.swiftpm/xcode

SwiftCompile normal arm64 /Users/admin/builder/spi-builder-workspace/.dependencies/checkouts/swift-json-schema/Sources/JSONSchema/Keywords/Keywords+Identifier.swift (in target 'JSONSchema' from project 'swift-json-schema')
    cd /Users/admin/builder/spi-builder-workspace/.swiftpm/xcode

SwiftDriverJobDiscovery normal arm64 Compiling Schema+Codable.swift, Schema+Equatable.swift, Schema+JSONValue.swift (in target 'JSONSchema' from project 'swift-json-schema')
SwiftCompile normal arm64_32 Compiling\ Dialect.swift,\ BuiltinValidators.swift,\ FormatValidator.swift,\ Keyword.swift /Users/admin/builder/spi-builder-workspace/.dependencies/checkouts/swift-json-schema/Sources/JSONSchema/Dialect.swift /Users/admin/builder/spi-builder-workspace/.dependencies/checkouts/swift-json-schema/Sources/JSONSchema/FormatValidators/BuiltinValidators.swift /Users/admin/builder/spi-builder-workspace/.dependencies/checkouts/swift-json-schema/Sources/JSONSchema/FormatValidators/FormatValidator.swift /Users/admin/builder/spi-builder-workspace/.dependencies/checkouts/swift-json-schema/Sources/JSONSchema/Keywords/Keyword.swift (in target 'JSONSchema' from project 'swift-json-schema')
SwiftCompile normal arm64_32 /Users/admin/builder/spi-builder-workspace/.dependencies/checkouts/swift-json-schema/Sources/JSONSchema/Dialect.swift (in target 'JSONSchema' from project 'swift-json-schema')
    cd /Users/admin/builder/spi-builder-workspace/.swiftpm/xcode

SwiftCompile normal arm64_32 /Users/admin/builder/spi-builder-workspace/.dependencies/checkouts/swift-json-schema/Sources/JSONSchema/FormatValidators/BuiltinValidators.swift (in target 'JSONSchema' from project 'swift-json-schema')
    cd /Users/admin/builder/spi-builder-workspace/.swiftpm/xcode

SwiftCompile normal arm64_32 /Users/admin/builder/spi-builder-workspace/.dependencies/checkouts/swift-json-schema/Sources/JSONSchema/FormatValidators/FormatValidator.swift (in target 'JSONSchema' from project 'swift-json-schema')
    cd /Users/admin/builder/spi-builder-workspace/.swiftpm/xcode

SwiftCompile normal arm64_32 /Users/admin/builder/spi-builder-workspace/.dependencies/checkouts/swift-json-schema/Sources/JSONSchema/Keywords/Keyword.swift (in target 'JSONSchema' from project 'swift-json-schema')
    cd /Users/admin/builder/spi-builder-workspace/.swiftpm/xcode

SwiftDriverJobDiscovery normal arm64 Compiling ValidationOutput.swift, ValidationResult+JSONValue.swift, ValidationResult.swift (in target 'JSONSchema' from project 'swift-json-schema')
SwiftCompile normal arm64 Compiling\ Dialect.swift,\ BuiltinValidators.swift,\ FormatValidator.swift,\ Keyword.swift /Users/admin/builder/spi-builder-workspace/.dependencies/checkouts/swift-json-schema/Sources/JSONSchema/Dialect.swift /Users/admin/builder/spi-builder-workspace/.dependencies/checkouts/swift-json-schema/Sources/JSONSchema/FormatValidators/BuiltinValidators.swift /Users/admin/builder/spi-builder-workspace/.dependencies/checkouts/swift-json-schema/Sources/JSONSchema/FormatValidators/FormatValidator.swift /Users/admin/builder/spi-builder-workspace/.dependencies/checkouts/swift-json-schema/Sources/JSONSchema/Keywords/Keyword.swift (in target 'JSONSchema' from project 'swift-json-schema')
SwiftCompile normal arm64 /Users/admin/builder/spi-builder-workspace/.dependencies/checkouts/swift-json-schema/Sources/JSONSchema/Dialect.swift (in target 'JSONSchema' from project 'swift-json-schema')
    cd /Users/admin/builder/spi-builder-workspace/.swiftpm/xcode

SwiftCompile normal arm64 /Users/admin/builder/spi-builder-workspace/.dependencies/checkouts/swift-json-schema/Sources/JSONSchema/FormatValidators/BuiltinValidators.swift (in target 'JSONSchema' from project 'swift-json-schema')
    cd /Users/admin/builder/spi-builder-workspace/.swiftpm/xcode

SwiftCompile normal arm64 /Users/admin/builder/spi-builder-workspace/.dependencies/checkouts/swift-json-schema/Sources/JSONSchema/FormatValidators/FormatValidator.swift (in target 'JSONSchema' from project 'swift-json-schema')
    cd /Users/admin/builder/spi-builder-workspace/.swiftpm/xcode

SwiftCompile normal arm64 /Users/admin/builder/spi-builder-workspace/.dependencies/checkouts/swift-json-schema/Sources/JSONSchema/Keywords/Keyword.swift (in target 'JSONSchema' from project 'swift-json-schema')
    cd /Users/admin/builder/spi-builder-workspace/.swiftpm/xcode

SwiftDriverJobDiscovery normal arm64 Compiling SchemaDocument.swift, ValidatableSchema.swift, ValidationLocation.swift (in target 'JSONSchema' from project 'swift-json-schema')
SwiftCompile normal arm64_32 Compiling\ Schema+Codable.swift,\ Schema+Equatable.swift,\ Schema+JSONValue.swift /Users/admin/builder/spi-builder-workspace/.dependencies/checkouts/swift-json-schema/Sources/JSONSchema/Schema+Codable.swift /Users/admin/builder/spi-builder-workspace/.dependencies/checkouts/swift-json-schema/Sources/JSONSchema/Schema+Equatable.swift /Users/admin/builder/spi-builder-workspace/.dependencies/checkouts/swift-json-schema/Sources/JSONSchema/Schema+JSONValue.swift (in target 'JSONSchema' from project 'swift-json-schema')
SwiftCompile normal arm64_32 /Users/admin/builder/spi-builder-workspace/.dependencies/checkouts/swift-json-schema/Sources/JSONSchema/Schema+Codable.swift (in target 'JSONSchema' from project 'swift-json-schema')
    cd /Users/admin/builder/spi-builder-workspace/.swiftpm/xcode

SwiftCompile normal arm64_32 /Users/admin/builder/spi-builder-workspace/.dependencies/checkouts/swift-json-schema/Sources/JSONSchema/Schema+Equatable.swift (in target 'JSONSchema' from project 'swift-json-schema')
    cd /Users/admin/builder/spi-builder-workspace/.swiftpm/xcode

SwiftCompile normal arm64_32 /Users/admin/builder/spi-builder-workspace/.dependencies/checkouts/swift-json-schema/Sources/JSONSchema/Schema+JSONValue.swift (in target 'JSONSchema' from project 'swift-json-schema')
    cd /Users/admin/builder/spi-builder-workspace/.swiftpm/xcode

SwiftDriverJobDiscovery normal arm64_32 Compiling resource_bundle_accessor.swift, Annotation.swift, AnnotationContainer.swift, JSONType+Matches.swift (in target 'JSONSchema' from project 'swift-json-schema')
SwiftCompile normal arm64_32 Compiling\ Keywords.swift,\ OrderedJSON+Reexport.swift,\ JSONPointer.swift /Users/admin/builder/spi-builder-workspace/.dependencies/checkouts/swift-json-schema/Sources/JSONSchema/Keywords/Keywords.swift /Users/admin/builder/spi-builder-workspace/.dependencies/checkouts/swift-json-schema/Sources/JSONSchema/OrderedJSON+Reexport.swift /Users/admin/builder/spi-builder-workspace/.dependencies/checkouts/swift-json-schema/Sources/JSONSchema/Pointers/JSONPointer.swift (in target 'JSONSchema' from project 'swift-json-schema')
SwiftCompile normal arm64_32 /Users/admin/builder/spi-builder-workspace/.dependencies/checkouts/swift-json-schema/Sources/JSONSchema/Keywords/Keywords.swift (in target 'JSONSchema' from project 'swift-json-schema')
    cd /Users/admin/builder/spi-builder-workspace/.swiftpm/xcode

SwiftCompile normal arm64_32 /Users/admin/builder/spi-builder-workspace/.dependencies/checkouts/swift-json-schema/Sources/JSONSchema/OrderedJSON+Reexport.swift (in target 'JSONSchema' from project 'swift-json-schema')
    cd /Users/admin/builder/spi-builder-workspace/.swiftpm/xcode

SwiftCompile normal arm64_32 /Users/admin/builder/spi-builder-workspace/.dependencies/checkouts/swift-json-schema/Sources/JSONSchema/Pointers/JSONPointer.swift (in target 'JSONSchema' from project 'swift-json-schema')
    cd /Users/admin/builder/spi-builder-workspace/.swiftpm/xcode

SwiftDriverJobDiscovery normal arm64 Compiling Keywords.swift, OrderedJSON+Reexport.swift, JSONPointer.swift (in target 'JSONSchema' from project 'swift-json-schema')
SwiftDriverJobDiscovery normal arm64 Compiling Keywords+Metadata.swift, Keywords+Reference.swift, Keywords+Reserved.swift (in target 'JSONSchema' from project 'swift-json-schema')
SwiftDriver FormKitSwift normal arm64 com.apple.xcode.tools.swift.compiler (in target 'FormKitSwift' from project 'FormKitSwift')
    cd /Users/admin/builder/spi-builder-workspace/.swiftpm/xcode
    builtin-SwiftDriver -- /Applications/Xcode-16.3.0.app/Contents/Developer/Toolchains/XcodeDefault.xctoolchain/usr/bin/swiftc -module-name FormKitSwift -Onone -enforce-exclusivity\=checked @/Users/admin/builder/spi-builder-workspace/.derivedData/Build/Intermediates.noindex/FormKitSwift.build/Debug-watchos/FormKitSwift.build/Objects-normal/arm64/FormKitSwift.SwiftFileList -DSWIFT_PACKAGE -DDEBUG -DXcode -plugin-path /Applications/Xcode-16.3.0.app/Contents/Developer/Toolchains/XcodeDefault.xctoolchain/usr/lib/swift/host/plugins/testing -enable-experimental-feature DebugDescriptionMacro -sdk /Applications/Xcode-16.3.0.app/Contents/Developer/Platforms/WatchOS.platform/Developer/SDKs/WatchOS11.4.sdk -target arm64-apple-watchos11.0 -g -module-cache-path /Users/admin/builder/spi-builder-workspace/.derivedData/ModuleCache.noindex -Xfrontend -serialize-debugging-options -profile-coverage-mapping -profile-generate -enable-testing -index-store-path /Users/admin/builder/spi-builder-workspace/.derivedData/Index.noindex/DataStore -swift-version 6 -I /Users/admin/builder/spi-builder-workspace/.derivedData/Build/Products/Debug-watchos -I /Applications/Xcode-16.3.0.app/Contents/Developer/Platforms/WatchOS.platform/Developer/usr/lib -F /Users/admin/builder/spi-builder-workspace/.derivedData/Build/Products/Debug-watchos/PackageFrameworks -F /Users/admin/builder/spi-builder-workspace/.derivedData/Build/Products/Debug-watchos/PackageFrameworks -F /Users/admin/builder/spi-builder-workspace/.derivedData/Build/Products/Debug-watchos/PackageFrameworks -F /Users/admin/builder/spi-builder-workspace/.derivedData/Build/Products/Debug-watchos/PackageFrameworks -F /Users/admin/builder/spi-builder-workspace/.derivedData/Build/Products/Debug-watchos -F /Applications/Xcode-16.3.0.app/Contents/Developer/Platforms/WatchOS.platform/Developer/Library/Frameworks -F /Applications/Xcode-16.3.0.app/Contents/Developer/Platforms/WatchOS.platform/Developer/SDKs/WatchOS11.4.sdk/Developer/Library/Frameworks -c -j10 -enable-batch-mode -incremental -Xcc -ivfsstatcache -Xcc /Users/admin/builder/spi-builder-workspace/.derivedData/SDKStatCaches.noindex/watchos11.4-22T246-43efb940ff07ba2497b70ec94253f576.sdkstatcache -output-file-map /Users/admin/builder/spi-builder-workspace/.derivedData/Build/Intermediates.noindex/FormKitSwift.build/Debug-watchos/FormKitSwift.build/Objects-normal/arm64/FormKitSwift-OutputFileMap.json -use-frontend-parseable-output -save-temps -no-color-diagnostics -serialize-diagnostics -emit-dependencies -emit-module -emit-module-path /Users/admin/builder/spi-builder-workspace/.derivedData/Build/Intermediates.noindex/FormKitSwift.build/Debug-watchos/FormKitSwift.build/Objects-normal/arm64/FormKitSwift.swiftmodule -validate-clang-modules-once -clang-build-session-file /Users/admin/builder/spi-builder-workspace/.derivedData/ModuleCache.noindex/Session.modulevalidation -package-name spi_builder_workspace -Xcc -I/Users/admin/builder/spi-builder-workspace/.derivedData/Build/Intermediates.noindex/FormKitSwift.build/Debug-watchos/FormKitSwift.build/swift-overrides.hmap -emit-const-values -Xfrontend -const-gather-protocols-file -Xfrontend /Users/admin/builder/spi-builder-workspace/.derivedData/Build/Intermediates.noindex/FormKitSwift.build/Debug-watchos/FormKitSwift.build/Objects-normal/arm64/FormKitSwift_const_extract_protocols.json -Xcc -I/Users/admin/builder/spi-builder-workspace/.derivedData/Build/Products/Debug-watchos/include -Xcc -I/Users/admin/builder/spi-builder-workspace/.derivedData/Build/Intermediates.noindex/FormKitSwift.build/Debug-watchos/FormKitSwift.build/DerivedSources-normal/arm64 -Xcc -I/Users/admin/builder/spi-builder-workspace/.derivedData/Build/Intermediates.noindex/FormKitSwift.build/Debug-watchos/FormKitSwift.build/DerivedSources/arm64 -Xcc -I/Users/admin/builder/spi-builder-workspace/.derivedData/Build/Intermediates.noindex/FormKitSwift.build/Debug-watchos/FormKitSwift.build/DerivedSources -Xcc -DSWIFT_PACKAGE -Xcc -DDEBUG\=1 -emit-objc-header -emit-objc-header-path /Users/admin/builder/spi-builder-workspace/.derivedData/Build/Intermediates.noindex/FormKitSwift.build/Debug-watchos/FormKitSwift.build/Objects-normal/arm64/FormKitSwift-Swift.h -working-directory /Users/admin/builder/spi-builder-workspace/.swiftpm/xcode -experimental-emit-module-separately -disable-cmo
SwiftDriver FormKitSwift normal arm64_32 com.apple.xcode.tools.swift.compiler (in target 'FormKitSwift' from project 'FormKitSwift')
    cd /Users/admin/builder/spi-builder-workspace/.swiftpm/xcode
    builtin-SwiftDriver -- /Applications/Xcode-16.3.0.app/Contents/Developer/Toolchains/XcodeDefault.xctoolchain/usr/bin/swiftc -module-name FormKitSwift -Onone -enforce-exclusivity\=checked @/Users/admin/builder/spi-builder-workspace/.derivedData/Build/Intermediates.noindex/FormKitSwift.build/Debug-watchos/FormKitSwift.build/Objects-normal/arm64_32/FormKitSwift.SwiftFileList -DSWIFT_PACKAGE -DDEBUG -DXcode -plugin-path /Applications/Xcode-16.3.0.app/Contents/Developer/Toolchains/XcodeDefault.xctoolchain/usr/lib/swift/host/plugins/testing -enable-experimental-feature DebugDescriptionMacro -sdk /Applications/Xcode-16.3.0.app/Contents/Developer/Platforms/WatchOS.platform/Developer/SDKs/WatchOS11.4.sdk -target arm64_32-apple-watchos11.0 -g -module-cache-path /Users/admin/builder/spi-builder-workspace/.derivedData/ModuleCache.noindex -Xfrontend -serialize-debugging-options -profile-coverage-mapping -profile-generate -enable-testing -index-store-path /Users/admin/builder/spi-builder-workspace/.derivedData/Index.noindex/DataStore -swift-version 6 -I /Users/admin/builder/spi-builder-workspace/.derivedData/Build/Products/Debug-watchos -I /Applications/Xcode-16.3.0.app/Contents/Developer/Platforms/WatchOS.platform/Developer/usr/lib -F /Users/admin/builder/spi-builder-workspace/.derivedData/Build/Products/Debug-watchos/PackageFrameworks -F /Users/admin/builder/spi-builder-workspace/.derivedData/Build/Products/Debug-watchos/PackageFrameworks -F /Users/admin/builder/spi-builder-workspace/.derivedData/Build/Products/Debug-watchos/PackageFrameworks -F /Users/admin/builder/spi-builder-workspace/.derivedData/Build/Products/Debug-watchos/PackageFrameworks -F /Users/admin/builder/spi-builder-workspace/.derivedData/Build/Products/Debug-watchos -F /Applications/Xcode-16.3.0.app/Contents/Developer/Platforms/WatchOS.platform/Developer/Library/Frameworks -F /Applications/Xcode-16.3.0.app/Contents/Developer/Platforms/WatchOS.platform/Developer/SDKs/WatchOS11.4.sdk/Developer/Library/Frameworks -c -j10 -enable-batch-mode -incremental -Xcc -ivfsstatcache -Xcc /Users/admin/builder/spi-builder-workspace/.derivedData/SDKStatCaches.noindex/watchos11.4-22T246-43efb940ff07ba2497b70ec94253f576.sdkstatcache -output-file-map /Users/admin/builder/spi-builder-workspace/.derivedData/Build/Intermediates.noindex/FormKitSwift.build/Debug-watchos/FormKitSwift.build/Objects-normal/arm64_32/FormKitSwift-OutputFileMap.json -use-frontend-parseable-output -save-temps -no-color-diagnostics -serialize-diagnostics -emit-dependencies -emit-module -emit-module-path /Users/admin/builder/spi-builder-workspace/.derivedData/Build/Intermediates.noindex/FormKitSwift.build/Debug-watchos/FormKitSwift.build/Objects-normal/arm64_32/FormKitSwift.swiftmodule -validate-clang-modules-once -clang-build-session-file /Users/admin/builder/spi-builder-workspace/.derivedData/ModuleCache.noindex/Session.modulevalidation -package-name spi_builder_workspace -Xcc -I/Users/admin/builder/spi-builder-workspace/.derivedData/Build/Intermediates.noindex/FormKitSwift.build/Debug-watchos/FormKitSwift.build/swift-overrides.hmap -emit-const-values -Xfrontend -const-gather-protocols-file -Xfrontend /Users/admin/builder/spi-builder-workspace/.derivedData/Build/Intermediates.noindex/FormKitSwift.build/Debug-watchos/FormKitSwift.build/Objects-normal/arm64_32/FormKitSwift_const_extract_protocols.json -Xcc -I/Users/admin/builder/spi-builder-workspace/.derivedData/Build/Products/Debug-watchos/include -Xcc -I/Users/admin/builder/spi-builder-workspace/.derivedData/Build/Intermediates.noindex/FormKitSwift.build/Debug-watchos/FormKitSwift.build/DerivedSources-normal/arm64_32 -Xcc -I/Users/admin/builder/spi-builder-workspace/.derivedData/Build/Intermediates.noindex/FormKitSwift.build/Debug-watchos/FormKitSwift.build/DerivedSources/arm64_32 -Xcc -I/Users/admin/builder/spi-builder-workspace/.derivedData/Build/Intermediates.noindex/FormKitSwift.build/Debug-watchos/FormKitSwift.build/DerivedSources -Xcc -DSWIFT_PACKAGE -Xcc -DDEBUG\=1 -emit-objc-header -emit-objc-header-path /Users/admin/builder/spi-builder-workspace/.derivedData/Build/Intermediates.noindex/FormKitSwift.build/Debug-watchos/FormKitSwift.build/Objects-normal/arm64_32/FormKitSwift-Swift.h -working-directory /Users/admin/builder/spi-builder-workspace/.swiftpm/xcode -experimental-emit-module-separately -disable-cmo
SwiftEmitModule normal arm64 Emitting\ module\ for\ FormKitSwift (in target 'FormKitSwift' from project 'FormKitSwift')
EmitSwiftModule normal arm64 (in target 'FormKitSwift' from project 'FormKitSwift')
    cd /Users/admin/builder/spi-builder-workspace/.swiftpm/xcode

SwiftCompile normal arm64 Compiling\ FormKitRenderer.swift,\ FormKitSession+Arrays.swift,\ FormKitSession+Fields.swift,\ FormKitSession+Projection.swift,\ FormKitSession+State.swift /Users/admin/builder/spi-builder-workspace/Sources/FormKitSwift/FormKitRenderer.swift /Users/admin/builder/spi-builder-workspace/Sources/FormKitSwift/FormKitSession+Arrays.swift /Users/admin/builder/spi-builder-workspace/Sources/FormKitSwift/FormKitSession+Fields.swift /Users/admin/builder/spi-builder-workspace/Sources/FormKitSwift/FormKitSession+Projection.swift /Users/admin/builder/spi-builder-workspace/Sources/FormKitSwift/FormKitSession+State.swift (in target 'FormKitSwift' from project 'FormKitSwift')
SwiftCompile normal arm64 /Users/admin/builder/spi-builder-workspace/Sources/FormKitSwift/FormKitRenderer.swift (in target 'FormKitSwift' from project 'FormKitSwift')
    cd /Users/admin/builder/spi-builder-workspace/.swiftpm/xcode

SwiftCompile normal arm64 /Users/admin/builder/spi-builder-workspace/Sources/FormKitSwift/FormKitSession+Arrays.swift (in target 'FormKitSwift' from project 'FormKitSwift')
    cd /Users/admin/builder/spi-builder-workspace/.swiftpm/xcode

SwiftCompile normal arm64 /Users/admin/builder/spi-builder-workspace/Sources/FormKitSwift/FormKitSession+Fields.swift (in target 'FormKitSwift' from project 'FormKitSwift')
    cd /Users/admin/builder/spi-builder-workspace/.swiftpm/xcode

SwiftCompile normal arm64 /Users/admin/builder/spi-builder-workspace/Sources/FormKitSwift/FormKitSession+Projection.swift (in target 'FormKitSwift' from project 'FormKitSwift')
    cd /Users/admin/builder/spi-builder-workspace/.swiftpm/xcode

SwiftCompile normal arm64 /Users/admin/builder/spi-builder-workspace/Sources/FormKitSwift/FormKitSession+State.swift (in target 'FormKitSwift' from project 'FormKitSwift')
    cd /Users/admin/builder/spi-builder-workspace/.swiftpm/xcode

SwiftDriverJobDiscovery normal arm64_32 Compiling ValidationOutput.swift, ValidationResult+JSONValue.swift, ValidationResult.swift (in target 'JSONSchema' from project 'swift-json-schema')
SwiftEmitModule normal arm64_32 Emitting\ module\ for\ FormKitSwift (in target 'FormKitSwift' from project 'FormKitSwift')
EmitSwiftModule normal arm64_32 (in target 'FormKitSwift' from project 'FormKitSwift')
    cd /Users/admin/builder/spi-builder-workspace/.swiftpm/xcode

SwiftDriverJobDiscovery normal arm64_32 Compiling Schema+Codable.swift, Schema+Equatable.swift, Schema+JSONValue.swift (in target 'JSONSchema' from project 'swift-json-schema')
SwiftCompile normal arm64_32 Compiling\ resource_bundle_accessor.swift,\ FormKitComponentRegistry.swift,\ FormKitFileField.swift,\ FormKitMultipleFileField.swift,\ FormKitSignaturePad.swift /Users/admin/builder/spi-builder-workspace/.derivedData/Build/Intermediates.noindex/FormKitSwift.build/Debug-watchos/FormKitSwift.build/DerivedSources/resource_bundle_accessor.swift /Users/admin/builder/spi-builder-workspace/Sources/FormKitSwift/Components/FormKitComponentRegistry.swift /Users/admin/builder/spi-builder-workspace/Sources/FormKitSwift/Components/FormKitFileField.swift /Users/admin/builder/spi-builder-workspace/Sources/FormKitSwift/Components/FormKitMultipleFileField.swift /Users/admin/builder/spi-builder-workspace/Sources/FormKitSwift/Components/FormKitSignaturePad.swift (in target 'FormKitSwift' from project 'FormKitSwift')
SwiftCompile normal arm64_32 /Users/admin/builder/spi-builder-workspace/.derivedData/Build/Intermediates.noindex/FormKitSwift.build/Debug-watchos/FormKitSwift.build/DerivedSources/resource_bundle_accessor.swift (in target 'FormKitSwift' from project 'FormKitSwift')
    cd /Users/admin/builder/spi-builder-workspace/.swiftpm/xcode

SwiftCompile normal arm64_32 /Users/admin/builder/spi-builder-workspace/Sources/FormKitSwift/Components/FormKitComponentRegistry.swift (in target 'FormKitSwift' from project 'FormKitSwift')
    cd /Users/admin/builder/spi-builder-workspace/.swiftpm/xcode

SwiftCompile normal arm64_32 /Users/admin/builder/spi-builder-workspace/Sources/FormKitSwift/Components/FormKitFileField.swift (in target 'FormKitSwift' from project 'FormKitSwift')
    cd /Users/admin/builder/spi-builder-workspace/.swiftpm/xcode

/Users/admin/builder/spi-builder-workspace/Sources/FormKitSwift/Components/FormKitFileField.swift:68:10: error: 'fileImporter(isPresented:allowedContentTypes:allowsMultipleSelection:onCompletion:)' is unavailable in watchOS
        .fileImporter(
         ^~~~~~~~~~~~
SwiftUI.View.fileImporter:2:25: note: 'fileImporter(isPresented:allowedContentTypes:allowsMultipleSelection:onCompletion:)' has been explicitly marked unavailable here
nonisolated public func fileImporter(isPresented: Binding<Bool>, allowedContentTypes: [UTType], allowsMultipleSelection: Bool, onCompletion: @escaping (_ result: Result<[URL], any Error>) -> Void) -> some View
                        ^
SwiftCompile normal arm64_32 /Users/admin/builder/spi-builder-workspace/Sources/FormKitSwift/Components/FormKitMultipleFileField.swift (in target 'FormKitSwift' from project 'FormKitSwift')
    cd /Users/admin/builder/spi-builder-workspace/.swiftpm/xcode

/Users/admin/builder/spi-builder-workspace/Sources/FormKitSwift/Components/FormKitMultipleFileField.swift:127:10: error: 'fileImporter(isPresented:allowedContentTypes:allowsMultipleSelection:onCompletion:)' is unavailable in watchOS
        .fileImporter(
         ^~~~~~~~~~~~
SwiftUI.View.fileImporter:2:25: note: 'fileImporter(isPresented:allowedContentTypes:allowsMultipleSelection:onCompletion:)' has been explicitly marked unavailable here
nonisolated public func fileImporter(isPresented: Binding<Bool>, allowedContentTypes: [UTType], allowsMultipleSelection: Bool, onCompletion: @escaping (_ result: Result<[URL], any Error>) -> Void) -> some View
                        ^
SwiftCompile normal arm64_32 /Users/admin/builder/spi-builder-workspace/Sources/FormKitSwift/Components/FormKitSignaturePad.swift (in target 'FormKitSwift' from project 'FormKitSwift')
    cd /Users/admin/builder/spi-builder-workspace/.swiftpm/xcode

SwiftDriverJobDiscovery normal arm64_32 Compiling Dialect.swift, BuiltinValidators.swift, FormatValidator.swift, Keyword.swift (in target 'JSONSchema' from project 'swift-json-schema')
SwiftCompile normal arm64_32 Compiling\ FormKitContainerView.swift,\ FormKitDateFieldViews.swift,\ FormKitDefaults.swift,\ FormKitFieldViews.swift,\ FormKitJSONValue.swift /Users/admin/builder/spi-builder-workspace/Sources/FormKitSwift/FormKitContainerView.swift /Users/admin/builder/spi-builder-workspace/Sources/FormKitSwift/FormKitDateFieldViews.swift /Users/admin/builder/spi-builder-workspace/Sources/FormKitSwift/FormKitDefaults.swift /Users/admin/builder/spi-builder-workspace/Sources/FormKitSwift/FormKitFieldViews.swift /Users/admin/builder/spi-builder-workspace/Sources/FormKitSwift/FormKitJSONValue.swift (in target 'FormKitSwift' from project 'FormKitSwift')
SwiftCompile normal arm64_32 /Users/admin/builder/spi-builder-workspace/Sources/FormKitSwift/FormKitContainerView.swift (in target 'FormKitSwift' from project 'FormKitSwift')
    cd /Users/admin/builder/spi-builder-workspace/.swiftpm/xcode

SwiftCompile normal arm64_32 /Users/admin/builder/spi-builder-workspace/Sources/FormKitSwift/FormKitDateFieldViews.swift (in target 'FormKitSwift' from project 'FormKitSwift')
    cd /Users/admin/builder/spi-builder-workspace/.swiftpm/xcode

/Users/admin/builder/spi-builder-workspace/Sources/FormKitSwift/FormKitDateFieldViews.swift:38:23: error: 'menu' is unavailable in watchOS
        .pickerStyle(.menu)
                      ^~~~
SwiftUI.PickerStyle.menu:2:19: note: 'menu' has been explicitly marked unavailable here
public static var menu: MenuPickerStyle { get }}
                  ^
/Users/admin/builder/spi-builder-workspace/Sources/FormKitSwift/FormKitDateFieldViews.swift:71:27: error: 'compact' is unavailable in watchOS
        .datePickerStyle(.compact)
                          ^~~~~~~
SwiftUI.DatePickerStyle.compact:2:46: note: 'compact' has been explicitly marked unavailable here
@MainActor @preconcurrency public static var compact: CompactDatePickerStyle { get }}
                                             ^
SwiftCompile normal arm64_32 /Users/admin/builder/spi-builder-workspace/Sources/FormKitSwift/FormKitDefaults.swift (in target 'FormKitSwift' from project 'FormKitSwift')
    cd /Users/admin/builder/spi-builder-workspace/.swiftpm/xcode

SwiftCompile normal arm64_32 /Users/admin/builder/spi-builder-workspace/Sources/FormKitSwift/FormKitFieldViews.swift (in target 'FormKitSwift' from project 'FormKitSwift')
    cd /Users/admin/builder/spi-builder-workspace/.swiftpm/xcode

/Users/admin/builder/spi-builder-workspace/Sources/FormKitSwift/FormKitFieldViews.swift:231:23: error: 'menu' is unavailable in watchOS
        .pickerStyle(.menu)
                      ^~~~
SwiftUI.PickerStyle.menu:2:19: note: 'menu' has been explicitly marked unavailable here
public static var menu: MenuPickerStyle { get }}
                  ^
SwiftCompile normal arm64_32 /Users/admin/builder/spi-builder-workspace/Sources/FormKitSwift/FormKitJSONValue.swift (in target 'FormKitSwift' from project 'FormKitSwift')
    cd /Users/admin/builder/spi-builder-workspace/.swiftpm/xcode

SwiftDriverJobDiscovery normal arm64 Compiling Dialect.swift, BuiltinValidators.swift, FormatValidator.swift, Keyword.swift (in target 'JSONSchema' from project 'swift-json-schema')
SwiftCompile normal arm64_32 Compiling\ FormKitSession+Support.swift,\ FormKitSession+Validation.swift,\ FormKitSession.swift,\ FormKitTextInputField.swift,\ FormKitToolModels.swift /Users/admin/builder/spi-builder-workspace/Sources/FormKitSwift/FormKitSession+Support.swift /Users/admin/builder/spi-builder-workspace/Sources/FormKitSwift/FormKitSession+Validation.swift /Users/admin/builder/spi-builder-workspace/Sources/FormKitSwift/FormKitSession.swift /Users/admin/builder/spi-builder-workspace/Sources/FormKitSwift/FormKitTextInputField.swift /Users/admin/builder/spi-builder-workspace/Sources/FormKitSwift/FormKitToolModels.swift (in target 'FormKitSwift' from project 'FormKitSwift')
SwiftCompile normal arm64_32 /Users/admin/builder/spi-builder-workspace/Sources/FormKitSwift/FormKitSession+Support.swift (in target 'FormKitSwift' from project 'FormKitSwift')
    cd /Users/admin/builder/spi-builder-workspace/.swiftpm/xcode

SwiftCompile normal arm64_32 /Users/admin/builder/spi-builder-workspace/Sources/FormKitSwift/FormKitSession+Validation.swift (in target 'FormKitSwift' from project 'FormKitSwift')
    cd /Users/admin/builder/spi-builder-workspace/.swiftpm/xcode

SwiftCompile normal arm64_32 /Users/admin/builder/spi-builder-workspace/Sources/FormKitSwift/FormKitSession.swift (in target 'FormKitSwift' from project 'FormKitSwift')
    cd /Users/admin/builder/spi-builder-workspace/.swiftpm/xcode

SwiftCompile normal arm64_32 /Users/admin/builder/spi-builder-workspace/Sources/FormKitSwift/FormKitTextInputField.swift (in target 'FormKitSwift' from project 'FormKitSwift')
    cd /Users/admin/builder/spi-builder-workspace/.swiftpm/xcode

SwiftCompile normal arm64_32 /Users/admin/builder/spi-builder-workspace/Sources/FormKitSwift/FormKitToolModels.swift (in target 'FormKitSwift' from project 'FormKitSwift')
    cd /Users/admin/builder/spi-builder-workspace/.swiftpm/xcode

SwiftDriverJobDiscovery normal arm64_32 Compiling Keywords+Metadata.swift, Keywords+Reference.swift, Keywords+Reserved.swift (in target 'JSONSchema' from project 'swift-json-schema')
SwiftCompile normal arm64 Compiling\ resource_bundle_accessor.swift,\ FormKitComponentRegistry.swift,\ FormKitFileField.swift,\ FormKitMultipleFileField.swift,\ FormKitSignaturePad.swift /Users/admin/builder/spi-builder-workspace/.derivedData/Build/Intermediates.noindex/FormKitSwift.build/Debug-watchos/FormKitSwift.build/DerivedSources/resource_bundle_accessor.swift /Users/admin/builder/spi-builder-workspace/Sources/FormKitSwift/Components/FormKitComponentRegistry.swift /Users/admin/builder/spi-builder-workspace/Sources/FormKitSwift/Components/FormKitFileField.swift /Users/admin/builder/spi-builder-workspace/Sources/FormKitSwift/Components/FormKitMultipleFileField.swift /Users/admin/builder/spi-builder-workspace/Sources/FormKitSwift/Components/FormKitSignaturePad.swift (in target 'FormKitSwift' from project 'FormKitSwift')
SwiftCompile normal arm64 /Users/admin/builder/spi-builder-workspace/.derivedData/Build/Intermediates.noindex/FormKitSwift.build/Debug-watchos/FormKitSwift.build/DerivedSources/resource_bundle_accessor.swift (in target 'FormKitSwift' from project 'FormKitSwift')
    cd /Users/admin/builder/spi-builder-workspace/.swiftpm/xcode

SwiftCompile normal arm64 /Users/admin/builder/spi-builder-workspace/Sources/FormKitSwift/Components/FormKitComponentRegistry.swift (in target 'FormKitSwift' from project 'FormKitSwift')
    cd /Users/admin/builder/spi-builder-workspace/.swiftpm/xcode

SwiftCompile normal arm64 /Users/admin/builder/spi-builder-workspace/Sources/FormKitSwift/Components/FormKitFileField.swift (in target 'FormKitSwift' from project 'FormKitSwift')
    cd /Users/admin/builder/spi-builder-workspace/.swiftpm/xcode

/Users/admin/builder/spi-builder-workspace/Sources/FormKitSwift/Components/FormKitFileField.swift:68:10: error: 'fileImporter(isPresented:allowedContentTypes:allowsMultipleSelection:onCompletion:)' is unavailable in watchOS
        .fileImporter(
         ^~~~~~~~~~~~
SwiftUI.View.fileImporter:2:25: note: 'fileImporter(isPresented:allowedContentTypes:allowsMultipleSelection:onCompletion:)' has been explicitly marked unavailable here
nonisolated public func fileImporter(isPresented: Binding<Bool>, allowedContentTypes: [UTType], allowsMultipleSelection: Bool, onCompletion: @escaping (_ result: Result<[URL], any Error>) -> Void) -> some View
                        ^
SwiftCompile normal arm64 /Users/admin/builder/spi-builder-workspace/Sources/FormKitSwift/Components/FormKitMultipleFileField.swift (in target 'FormKitSwift' from project 'FormKitSwift')
    cd /Users/admin/builder/spi-builder-workspace/.swiftpm/xcode

/Users/admin/builder/spi-builder-workspace/Sources/FormKitSwift/Components/FormKitMultipleFileField.swift:127:10: error: 'fileImporter(isPresented:allowedContentTypes:allowsMultipleSelection:onCompletion:)' is unavailable in watchOS
        .fileImporter(
         ^~~~~~~~~~~~
SwiftUI.View.fileImporter:2:25: note: 'fileImporter(isPresented:allowedContentTypes:allowsMultipleSelection:onCompletion:)' has been explicitly marked unavailable here
nonisolated public func fileImporter(isPresented: Binding<Bool>, allowedContentTypes: [UTType], allowsMultipleSelection: Bool, onCompletion: @escaping (_ result: Result<[URL], any Error>) -> Void) -> some View
                        ^
SwiftCompile normal arm64 /Users/admin/builder/spi-builder-workspace/Sources/FormKitSwift/Components/FormKitSignaturePad.swift (in target 'FormKitSwift' from project 'FormKitSwift')
    cd /Users/admin/builder/spi-builder-workspace/.swiftpm/xcode

SwiftDriverJobDiscovery normal arm64_32 Compiling Keywords.swift, OrderedJSON+Reexport.swift, JSONPointer.swift (in target 'JSONSchema' from project 'swift-json-schema')
SwiftCompile normal arm64 Compiling\ FormKitContainerView.swift,\ FormKitDateFieldViews.swift,\ FormKitDefaults.swift,\ FormKitFieldViews.swift,\ FormKitJSONValue.swift /Users/admin/builder/spi-builder-workspace/Sources/FormKitSwift/FormKitContainerView.swift /Users/admin/builder/spi-builder-workspace/Sources/FormKitSwift/FormKitDateFieldViews.swift /Users/admin/builder/spi-builder-workspace/Sources/FormKitSwift/FormKitDefaults.swift /Users/admin/builder/spi-builder-workspace/Sources/FormKitSwift/FormKitFieldViews.swift /Users/admin/builder/spi-builder-workspace/Sources/FormKitSwift/FormKitJSONValue.swift (in target 'FormKitSwift' from project 'FormKitSwift')
SwiftCompile normal arm64 /Users/admin/builder/spi-builder-workspace/Sources/FormKitSwift/FormKitContainerView.swift (in target 'FormKitSwift' from project 'FormKitSwift')
    cd /Users/admin/builder/spi-builder-workspace/.swiftpm/xcode

SwiftCompile normal arm64 /Users/admin/builder/spi-builder-workspace/Sources/FormKitSwift/FormKitDateFieldViews.swift (in target 'FormKitSwift' from project 'FormKitSwift')
    cd /Users/admin/builder/spi-builder-workspace/.swiftpm/xcode

/Users/admin/builder/spi-builder-workspace/Sources/FormKitSwift/FormKitDateFieldViews.swift:38:23: error: 'menu' is unavailable in watchOS
        .pickerStyle(.menu)
                      ^~~~
SwiftUI.PickerStyle.menu:2:19: note: 'menu' has been explicitly marked unavailable here
public static var menu: MenuPickerStyle { get }}
                  ^
/Users/admin/builder/spi-builder-workspace/Sources/FormKitSwift/FormKitDateFieldViews.swift:71:27: error: 'compact' is unavailable in watchOS
        .datePickerStyle(.compact)
                          ^~~~~~~
SwiftUI.DatePickerStyle.compact:2:46: note: 'compact' has been explicitly marked unavailable here
@MainActor @preconcurrency public static var compact: CompactDatePickerStyle { get }}
                                             ^
SwiftCompile normal arm64 /Users/admin/builder/spi-builder-workspace/Sources/FormKitSwift/FormKitDefaults.swift (in target 'FormKitSwift' from project 'FormKitSwift')
    cd /Users/admin/builder/spi-builder-workspace/.swiftpm/xcode

SwiftCompile normal arm64 /Users/admin/builder/spi-builder-workspace/Sources/FormKitSwift/FormKitFieldViews.swift (in target 'FormKitSwift' from project 'FormKitSwift')
    cd /Users/admin/builder/spi-builder-workspace/.swiftpm/xcode

/Users/admin/builder/spi-builder-workspace/Sources/FormKitSwift/FormKitFieldViews.swift:231:23: error: 'menu' is unavailable in watchOS
        .pickerStyle(.menu)
                      ^~~~
SwiftUI.PickerStyle.menu:2:19: note: 'menu' has been explicitly marked unavailable here
public static var menu: MenuPickerStyle { get }}
                  ^
SwiftCompile normal arm64 /Users/admin/builder/spi-builder-workspace/Sources/FormKitSwift/FormKitJSONValue.swift (in target 'FormKitSwift' from project 'FormKitSwift')
    cd /Users/admin/builder/spi-builder-workspace/.swiftpm/xcode

SwiftDriverJobDiscovery normal arm64 Compiling Context.swift, SchemaIssue.swift, ValidationIssue.swift (in target 'JSONSchema' from project 'swift-json-schema')
SwiftCompile normal arm64_32 Compiling\ FormKitRenderer+References.swift,\ FormKitRenderer+SchemaMatching.swift,\ FormKitRenderer+SchemaMerging.swift,\ FormKitRenderer+SchemaTypes.swift,\ FormKitRenderer+Session.swift /Users/admin/builder/spi-builder-workspace/Sources/FormKitSwift/FormKitRenderer+References.swift /Users/admin/builder/spi-builder-workspace/Sources/FormKitSwift/FormKitRenderer+SchemaMatching.swift /Users/admin/builder/spi-builder-workspace/Sources/FormKitSwift/FormKitRenderer+SchemaMerging.swift /Users/admin/builder/spi-builder-workspace/Sources/FormKitSwift/FormKitRenderer+SchemaTypes.swift /Users/admin/builder/spi-builder-workspace/Sources/FormKitSwift/FormKitRenderer+Session.swift (in target 'FormKitSwift' from project 'FormKitSwift')
SwiftCompile normal arm64_32 /Users/admin/builder/spi-builder-workspace/Sources/FormKitSwift/FormKitRenderer+References.swift (in target 'FormKitSwift' from project 'FormKitSwift')
    cd /Users/admin/builder/spi-builder-workspace/.swiftpm/xcode

SwiftCompile normal arm64_32 /Users/admin/builder/spi-builder-workspace/Sources/FormKitSwift/FormKitRenderer+SchemaMatching.swift (in target 'FormKitSwift' from project 'FormKitSwift')
    cd /Users/admin/builder/spi-builder-workspace/.swiftpm/xcode

SwiftCompile normal arm64_32 /Users/admin/builder/spi-builder-workspace/Sources/FormKitSwift/FormKitRenderer+SchemaMerging.swift (in target 'FormKitSwift' from project 'FormKitSwift')
    cd /Users/admin/builder/spi-builder-workspace/.swiftpm/xcode

SwiftCompile normal arm64_32 /Users/admin/builder/spi-builder-workspace/Sources/FormKitSwift/FormKitRenderer+SchemaTypes.swift (in target 'FormKitSwift' from project 'FormKitSwift')
    cd /Users/admin/builder/spi-builder-workspace/.swiftpm/xcode

SwiftCompile normal arm64_32 /Users/admin/builder/spi-builder-workspace/Sources/FormKitSwift/FormKitRenderer+Session.swift (in target 'FormKitSwift' from project 'FormKitSwift')
    cd /Users/admin/builder/spi-builder-workspace/.swiftpm/xcode

SwiftDriverJobDiscovery normal arm64_32 Compiling Context.swift, SchemaIssue.swift, ValidationIssue.swift (in target 'JSONSchema' from project 'swift-json-schema')
SwiftDriverJobDiscovery normal arm64 Compiling Keywords+Annotation.swift, Keywords+Applicator.swift, Keywords+Assertion.swift, Keywords+Identifier.swift (in target 'JSONSchema' from project 'swift-json-schema')
SwiftDriver\ Compilation JSONSchema normal arm64_32 com.apple.xcode.tools.swift.compiler (in target 'JSONSchema' from project 'swift-json-schema')
    cd /Users/admin/builder/spi-builder-workspace/.swiftpm/xcode
    builtin-Swift-Compilation -- /Applications/Xcode-16.3.0.app/Contents/Developer/Toolchains/XcodeDefault.xctoolchain/usr/bin/swiftc -module-name JSONSchema -Onone -enforce-exclusivity\=checked @/Users/admin/builder/spi-builder-workspace/.derivedData/Build/Intermediates.noindex/swift-json-schema.build/Debug-watchos/JSONSchema.build/Objects-normal/arm64_32/JSONSchema.SwiftFileList -DSWIFT_PACKAGE -DDEBUG -DXcode -plugin-path /Applications/Xcode-16.3.0.app/Contents/Developer/Toolchains/XcodeDefault.xctoolchain/usr/lib/swift/host/plugins/testing -enable-experimental-feature DebugDescriptionMacro -sdk /Applications/Xcode-16.3.0.app/Contents/Developer/Platforms/WatchOS.platform/Developer/SDKs/WatchOS11.4.sdk -target arm64_32-apple-watchos9.0 -g -module-cache-path /Users/admin/builder/spi-builder-workspace/.derivedData/ModuleCache.noindex -Xfrontend -serialize-debugging-options -profile-coverage-mapping -profile-generate -enable-testing -suppress-warnings -index-store-path /Users/admin/builder/spi-builder-workspace/.derivedData/Index.noindex/DataStore -swift-version 6 -I /Users/admin/builder/spi-builder-workspace/.derivedData/Build/Products/Debug-watchos -I /Applications/Xcode-16.3.0.app/Contents/Developer/Platforms/WatchOS.platform/Developer/usr/lib -F /Users/admin/builder/spi-builder-workspace/.derivedData/Build/Products/Debug-watchos/PackageFrameworks -F /Users/admin/builder/spi-builder-workspace/.derivedData/Build/Products/Debug-watchos/PackageFrameworks -F /Users/admin/builder/spi-builder-workspace/.derivedData/Build/Products/Debug-watchos/PackageFrameworks -F /Users/admin/builder/spi-builder-workspace/.derivedData/Build/Products/Debug-watchos -F /Applications/Xcode-16.3.0.app/Contents/Developer/Platforms/WatchOS.platform/Developer/Library/Frameworks -F /Applications/Xcode-16.3.0.app/Contents/Developer/Platforms/WatchOS.platform/Developer/SDKs/WatchOS11.4.sdk/Developer/Library/Frameworks -c -j10 -enable-batch-mode -incremental -Xcc -ivfsstatcache -Xcc /Users/admin/builder/spi-builder-workspace/.derivedData/SDKStatCaches.noindex/watchos11.4-22T246-43efb940ff07ba2497b70ec94253f576.sdkstatcache -output-file-map /Users/admin/builder/spi-builder-workspace/.derivedData/Build/Intermediates.noindex/swift-json-schema.build/Debug-watchos/JSONSchema.build/Objects-normal/arm64_32/JSONSchema-OutputFileMap.json -use-frontend-parseable-output -save-temps -no-color-diagnostics -serialize-diagnostics -emit-dependencies -emit-module -emit-module-path /Users/admin/builder/spi-builder-workspace/.derivedData/Build/Intermediates.noindex/swift-json-schema.build/Debug-watchos/JSONSchema.build/Objects-normal/arm64_32/JSONSchema.swiftmodule -user-module-version 0.13.1 -validate-clang-modules-once -clang-build-session-file /Users/admin/builder/spi-builder-workspace/.derivedData/ModuleCache.noindex/Session.modulevalidation -package-name swift_json_schema -Xcc -I/Users/admin/builder/spi-builder-workspace/.derivedData/Build/Intermediates.noindex/swift-json-schema.build/Debug-watchos/JSONSchema.build/swift-overrides.hmap -emit-const-values -Xfrontend -const-gather-protocols-file -Xfrontend /Users/admin/builder/spi-builder-workspace/.derivedData/Build/Intermediates.noindex/swift-json-schema.build/Debug-watchos/JSONSchema.build/Objects-normal/arm64_32/JSONSchema_const_extract_protocols.json -Xcc -I/Users/admin/builder/spi-builder-workspace/.derivedData/Build/Products/Debug-watchos/include -Xcc -I/Users/admin/builder/spi-builder-workspace/.derivedData/Build/Intermediates.noindex/swift-json-schema.build/Debug-watchos/JSONSchema.build/DerivedSources-normal/arm64_32 -Xcc -I/Users/admin/builder/spi-builder-workspace/.derivedData/Build/Intermediates.noindex/swift-json-schema.build/Debug-watchos/JSONSchema.build/DerivedSources/arm64_32 -Xcc -I/Users/admin/builder/spi-builder-workspace/.derivedData/Build/Intermediates.noindex/swift-json-schema.build/Debug-watchos/JSONSchema.build/DerivedSources -Xcc -DSWIFT_PACKAGE -Xcc -DDEBUG\=1 -emit-objc-header -emit-objc-header-path /Users/admin/builder/spi-builder-workspace/.derivedData/Build/Intermediates.noindex/swift-json-schema.build/Debug-watchos/JSONSchema.build/Objects-normal/arm64_32/JSONSchema-Swift.h -working-directory /Users/admin/builder/spi-builder-workspace/.swiftpm/xcode -experimental-emit-module-separately -disable-cmo
SwiftCompile normal arm64_32 Compiling\ FormKitUIComponent.swift,\ FormKitUpload.swift,\ FormKitUploadRow.swift,\ FormKitAccessibility.swift,\ FormKitArrayRows.swift /Users/admin/builder/spi-builder-workspace/Sources/FormKitSwift/Components/FormKitUIComponent.swift /Users/admin/builder/spi-builder-workspace/Sources/FormKitSwift/Components/FormKitUpload.swift /Users/admin/builder/spi-builder-workspace/Sources/FormKitSwift/Components/FormKitUploadRow.swift /Users/admin/builder/spi-builder-workspace/Sources/FormKitSwift/FormKitAccessibility.swift /Users/admin/builder/spi-builder-workspace/Sources/FormKitSwift/FormKitArrayRows.swift (in target 'FormKitSwift' from project 'FormKitSwift')
Failed frontend command:
/Applications/Xcode-16.3.0.app/Contents/Developer/Toolchains/XcodeDefault.xctoolchain/usr/bin/swift-frontend -frontend -c /Users/admin/builder/spi-builder-workspace/.derivedData/Build/Intermediates.noindex/FormKitSwift.build/Debug-watchos/FormKitSwift.build/DerivedSources/resource_bundle_accessor.swift /Users/admin/builder/spi-builder-workspace/Sources/FormKitSwift/Components/FormKitComponentRegistry.swift /Users/admin/builder/spi-builder-workspace/Sources/FormKitSwift/Components/FormKitFileField.swift /Users/admin/builder/spi-builder-workspace/Sources/FormKitSwift/Components/FormKitMultipleFileField.swift /Users/admin/builder/spi-builder-workspace/Sources/FormKitSwift/Components/FormKitSignaturePad.swift -primary-file /Users/admin/builder/spi-builder-workspace/Sources/FormKitSwift/Components/FormKitUIComponent.swift -primary-file /Users/admin/builder/spi-builder-workspace/Sources/FormKitSwift/Components/FormKitUpload.swift -primary-file /Users/admin/builder/spi-builder-workspace/Sources/FormKitSwift/Components/FormKitUploadRow.swift -primary-file /Users/admin/builder/spi-builder-workspace/Sources/FormKitSwift/FormKitAccessibility.swift -primary-file /Users/admin/builder/spi-builder-workspace/Sources/FormKitSwift/FormKitArrayRows.swift /Users/admin/builder/spi-builder-workspace/Sources/FormKitSwift/FormKitContainerView.swift /Users/admin/builder/spi-builder-workspace/Sources/FormKitSwift/FormKitDateFieldViews.swift /Users/admin/builder/spi-builder-workspace/Sources/FormKitSwift/FormKitDefaults.swift /Users/admin/builder/spi-builder-workspace/Sources/FormKitSwift/FormKitFieldViews.swift /Users/admin/builder/spi-builder-workspace/Sources/FormKitSwift/FormKitJSONValue.swift /Users/admin/builder/spi-builder-workspace/Sources/FormKitSwift/FormKitOptions.swift /Users/admin/builder/spi-builder-workspace/Sources/FormKitSwift/FormKitPropertyOrder.swift /Users/admin/builder/spi-builder-workspace/Sources/FormKitSwift/FormKitRenderIndex+DisplayBlocks.swift /Users/admin/builder/spi-builder-workspace/Sources/FormKitSwift/FormKitRenderIndex.swift /Users/admin/builder/spi-builder-workspace/Sources/FormKitSwift/FormKitRenderModels.swift /Users/admin/builder/spi-builder-workspace/Sources/FormKitSwift/FormKitRenderer+ArrayParsing.swift /Users/admin/builder/spi-builder-workspace/Sources/FormKitSwift/FormKitRenderer+ArrayValidation.swift /Users/admin/builder/spi-builder-workspace/Sources/FormKitSwift/FormKitRenderer+CollectionHelpers.swift /Users/admin/builder/spi-builder-workspace/Sources/FormKitSwift/FormKitRenderer+Constants.swift /Users/admin/builder/spi-builder-workspace/Sources/FormKitSwift/FormKitRenderer+Date.swift /Users/admin/builder/spi-builder-workspace/Sources/FormKitSwift/FormKitRenderer+Fields.swift /Users/admin/builder/spi-builder-workspace/Sources/FormKitSwift/FormKitRenderer+InactiveSchemas.swift /Users/admin/builder/spi-builder-workspace/Sources/FormKitSwift/FormKitRenderer+Materialization.swift /Users/admin/builder/spi-builder-workspace/Sources/FormKitSwift/FormKitRenderer+ObjectParsing.swift /Users/admin/builder/spi-builder-workspace/Sources/FormKitSwift/FormKitRenderer+PropertyOrder.swift /Users/admin/builder/spi-builder-workspace/Sources/FormKitSwift/FormKitRenderer+References.swift /Users/admin/builder/spi-builder-workspace/Sources/FormKitSwift/FormKitRenderer+SchemaMatching.swift /Users/admin/builder/spi-builder-workspace/Sources/FormKitSwift/FormKitRenderer+SchemaMerging.swift /Users/admin/builder/spi-builder-workspace/Sources/FormKitSwift/FormKitRenderer+SchemaTypes.swift /Users/admin/builder/spi-builder-workspace/Sources/FormKitSwift/FormKitRenderer+Session.swift /Users/admin/builder/spi-builder-workspace/Sources/FormKitSwift/FormKitRenderer.swift /Users/admin/builder/spi-builder-workspace/Sources/FormKitSwift/FormKitSession+Arrays.swift /Users/admin/builder/spi-builder-workspace/Sources/FormKitSwift/FormKitSession+Fields.swift /Users/admin/builder/spi-builder-workspace/Sources/FormKitSwift/FormKitSession+Projection.swift /Users/admin/builder/spi-builder-workspace/Sources/FormKitSwift/FormKitSession+State.swift /Users/admin/builder/spi-builder-workspace/Sources/FormKitSwift/FormKitSession+Support.swift /Users/admin/builder/spi-builder-workspace/Sources/FormKitSwift/FormKitSession+Validation.swift /Users/admin/builder/spi-builder-workspace/Sources/FormKitSwift/FormKitSession.swift /Users/admin/builder/spi-builder-workspace/Sources/FormKitSwift/FormKitTextInputField.swift /Users/admin/builder/spi-builder-workspace/Sources/FormKitSwift/FormKitToolModels.swift /Users/admin/builder/spi-builder-workspace/Sources/FormKitSwift/FormKitTools.swift /Users/admin/builder/spi-builder-workspace/Sources/FormKitSwift/FormKitView.swift /Users/admin/builder/spi-builder-workspace/Sources/FormKitSwift/FormKitViewFocus.swift /Users/admin/builder/spi-builder-workspace/Sources/FormKitSwift/FormKitViewSections.swift /Users/admin/builder/spi-builder-workspace/Sources/FormKitSwift/FormKitViewSupport.swift -supplementary-output-file-map /Users/admin/builder/spi-builder-workspace/.derivedData/Build/Intermediates.noindex/FormKitSwift.build/Debug-watchos/FormKitSwift.build/Objects-normal/arm64_32/supplementaryOutputs-122 -target arm64_32-apple-watchos11.0 -enable-objc-interop -sdk /Applications/Xcode-16.3.0.app/Contents/Developer/Platforms/WatchOS.platform/Developer/SDKs/WatchOS11.4.sdk -I /Users/admin/builder/spi-builder-workspace/.derivedData/Build/Products/Debug-watchos -I /Applications/Xcode-16.3.0.app/Contents/Developer/Platforms/WatchOS.platform/Developer/usr/lib -F /Users/admin/builder/spi-builder-workspace/.derivedData/Build/Products/Debug-watchos/PackageFrameworks -F /Users/admin/builder/spi-builder-workspace/.derivedData/Build/Products/Debug-watchos/PackageFrameworks -F /Users/admin/builder/spi-builder-workspace/.derivedData/Build/Products/Debug-watchos/PackageFrameworks -F /Users/admin/builder/spi-builder-workspace/.derivedData/Build/Products/Debug-watchos/PackageFrameworks -F /Users/admin/builder/spi-builder-workspace/.derivedData/Build/Products/Debug-watchos -F /Applications/Xcode-16.3.0.app/Contents/Developer/Platforms/WatchOS.platform/Developer/Library/Frameworks -F /Applications/Xcode-16.3.0.app/Contents/Developer/Platforms/WatchOS.platform/Developer/SDKs/WatchOS11.4.sdk/Developer/Library/Frameworks -no-color-diagnostics -enable-testing -g -debug-info-format\=dwarf -dwarf-version\=5 -module-cache-path /Users/admin/builder/spi-builder-workspace/.derivedData/ModuleCache.noindex -profile-generate -profile-coverage-mapping -swift-version 6 -enforce-exclusivity\=checked -Onone -D SWIFT_PACKAGE -D DEBUG -D Xcode -serialize-debugging-options -const-gather-protocols-file /Users/admin/builder/spi-builder-workspace/.derivedData/Build/Intermediates.noindex/FormKitSwift.build/Debug-watchos/FormKitSwift.build/Objects-normal/arm64_32/FormKitSwift_const_extract_protocols.json -enable-experimental-feature DebugDescriptionMacro -empty-abi-descriptor -plugin-path /Applications/Xcode-16.3.0.app/Contents/Developer/Toolchains/XcodeDefault.xctoolchain/usr/lib/swift/host/plugins/testing -validate-clang-modules-once -clang-build-session-file /Users/admin/builder/spi-builder-workspace/.derivedData/ModuleCache.noindex/Session.modulevalidation -Xcc -working-directory -Xcc /Users/admin/builder/spi-builder-workspace/.swiftpm/xcode -resource-dir /Applications/Xcode-16.3.0.app/Contents/Developer/Toolchains/XcodeDefault.xctoolchain/usr/lib/swift -enable-anonymous-context-mangled-names -file-compilation-dir /Users/admin/builder/spi-builder-workspace/.swiftpm/xcode -Xcc -ivfsstatcache -Xcc /Users/admin/builder/spi-builder-workspace/.derivedData/SDKStatCaches.noindex/watchos11.4-22T246-43efb940ff07ba2497b70ec94253f576.sdkstatcache -Xcc -I/Users/admin/builder/spi-builder-workspace/.derivedData/Build/Intermediates.noindex/FormKitSwift.build/Debug-watchos/FormKitSwift.build/swift-overrides.hmap -Xcc -I/Users/admin/builder/spi-builder-workspace/.derivedData/Build/Products/Debug-watchos/include -Xcc -I/Users/admin/builder/spi-builder-workspace/.derivedData/Build/Intermediates.noindex/FormKitSwift.build/Debug-watchos/FormKitSwift.build/DerivedSources-normal/arm64_32 -Xcc -I/Users/admin/builder/spi-builder-workspace/.derivedData/Build/Intermediates.noindex/FormKitSwift.build/Debug-watchos/FormKitSwift.build/DerivedSources/arm64_32 -Xcc -I/Users/admin/builder/spi-builder-workspace/.derivedData/Build/Intermediates.noindex/FormKitSwift.build/Debug-watchos/FormKitSwift.build/DerivedSources -Xcc -DSWIFT_PACKAGE -Xcc -DDEBUG\=1 -module-name FormKitSwift -package-name spi_builder_workspace -frontend-parseable-output -disable-clang-spi -target-sdk-version 11.4 -target-sdk-name watchos11.4 -external-plugin-path /Applications/Xcode-16.3.0.app/Contents/Developer/Platforms/WatchOS.platform/Developer/usr/lib/swift/host/plugins\#/Applications/Xcode-16.3.0.app/Contents/Developer/Platforms/WatchOS.platform/Developer/usr/bin/swift-plugin-server -external-plugin-path /Applications/Xcode-16.3.0.app/Contents/Developer/Platforms/WatchOS.platform/Developer/usr/local/lib/swift/host/plugins\#/Applications/Xcode-16.3.0.app/Contents/Developer/Platforms/WatchOS.platform/Developer/usr/bin/swift-plugin-server -in-process-plugin-server-path /Applications/Xcode-16.3.0.app/Contents/Developer/Toolchains/XcodeDefault.xctoolchain/usr/lib/swift/host/libSwiftInProcPluginServer.dylib -plugin-path /Applications/Xcode-16.3.0.app/Contents/Developer/Toolchains/XcodeDefault.xctoolchain/usr/lib/swift/host/plugins -plugin-path /Applications/Xcode-16.3.0.app/Contents/Developer/Toolchains/XcodeDefault.xctoolchain/usr/local/lib/swift/host/plugins -o /Users/admin/builder/spi-builder-workspace/.derivedData/Build/Intermediates.noindex/FormKitSwift.build/Debug-watchos/FormKitSwift.build/Objects-normal/arm64_32/FormKitUIComponent.o -o /Users/admin/builder/spi-builder-workspace/.derivedData/Build/Intermediates.noindex/FormKitSwift.build/Debug-watchos/FormKitSwift.build/Objects-normal/arm64_32/FormKitUpload.o -o /Users/admin/builder/spi-builder-workspace/.derivedData/Build/Intermediates.noindex/FormKitSwift.build/Debug-watchos/FormKitSwift.build/Objects-normal/arm64_32/FormKitUploadRow.o -o /Users/admin/builder/spi-builder-workspace/.derivedData/Build/Intermediates.noindex/FormKitSwift.build/Debug-watchos/FormKitSwift.build/Objects-normal/arm64_32/FormKitAccessibility.o -o /Users/admin/builder/spi-builder-workspace/.derivedData/Build/Intermediates.noindex/FormKitSwift.build/Debug-watchos/FormKitSwift.build/Objects-normal/arm64_32/FormKitArrayRows.o -index-unit-output-path /FormKitSwift.build/Debug-watchos/FormKitSwift.build/Objects-normal/arm64_32/FormKitUIComponent.o -index-unit-output-path /FormKitSwift.build/Debug-watchos/FormKitSwift.build/Objects-normal/arm64_32/FormKitUpload.o -index-unit-output-path /FormKitSwift.build/Debug-watchos/FormKitSwift.build/Objects-normal/arm64_32/FormKitUploadRow.o -index-unit-output-path /FormKitSwift.build/Debug-watchos/FormKitSwift.build/Objects-normal/arm64_32/FormKitAccessibility.o -index-unit-output-path /FormKitSwift.build/Debug-watchos/FormKitSwift.build/Objects-normal/arm64_32/FormKitArrayRows.o -index-store-path /Users/admin/builder/spi-builder-workspace/.derivedData/Index.noindex/DataStore -index-system-modules
SwiftCompile normal arm64_32 /Users/admin/builder/spi-builder-workspace/Sources/FormKitSwift/Components/FormKitUIComponent.swift (in target 'FormKitSwift' from project 'FormKitSwift')
    cd /Users/admin/builder/spi-builder-workspace/.swiftpm/xcode

SwiftCompile normal arm64_32 /Users/admin/builder/spi-builder-workspace/Sources/FormKitSwift/Components/FormKitUpload.swift (in target 'FormKitSwift' from project 'FormKitSwift')
    cd /Users/admin/builder/spi-builder-workspace/.swiftpm/xcode

SwiftCompile normal arm64_32 /Users/admin/builder/spi-builder-workspace/Sources/FormKitSwift/Components/FormKitUploadRow.swift (in target 'FormKitSwift' from project 'FormKitSwift')
    cd /Users/admin/builder/spi-builder-workspace/.swiftpm/xcode

SwiftCompile normal arm64_32 /Users/admin/builder/spi-builder-workspace/Sources/FormKitSwift/FormKitAccessibility.swift (in target 'FormKitSwift' from project 'FormKitSwift')
    cd /Users/admin/builder/spi-builder-workspace/.swiftpm/xcode

SwiftCompile normal arm64_32 /Users/admin/builder/spi-builder-workspace/Sources/FormKitSwift/FormKitArrayRows.swift (in target 'FormKitSwift' from project 'FormKitSwift')
    cd /Users/admin/builder/spi-builder-workspace/.swiftpm/xcode

/Users/admin/builder/spi-builder-workspace/Sources/FormKitSwift/FormKitArrayRows.swift:24:10: error: 'listRowSeparator(_:edges:)' is unavailable in watchOS
        .listRowSeparator(.hidden)
         ^~~~~~~~~~~~~~~~
SwiftUI.View.listRowSeparator:2:25: note: 'listRowSeparator(_:edges:)' has been explicitly marked unavailable here
nonisolated public func listRowSeparator(_ visibility: Visibility, edges: VerticalEdge.Set = .all) -> some View
                        ^
SwiftDriverJobDiscovery normal arm64_32 Emitting module for FormKitSwift (in target 'FormKitSwift' from project 'FormKitSwift')
SwiftDriver\ Compilation JSONSchema normal arm64 com.apple.xcode.tools.swift.compiler (in target 'JSONSchema' from project 'swift-json-schema')
    cd /Users/admin/builder/spi-builder-workspace/.swiftpm/xcode
    builtin-Swift-Compilation -- /Applications/Xcode-16.3.0.app/Contents/Developer/Toolchains/XcodeDefault.xctoolchain/usr/bin/swiftc -module-name JSONSchema -Onone -enforce-exclusivity\=checked @/Users/admin/builder/spi-builder-workspace/.derivedData/Build/Intermediates.noindex/swift-json-schema.build/Debug-watchos/JSONSchema.build/Objects-normal/arm64/JSONSchema.SwiftFileList -DSWIFT_PACKAGE -DDEBUG -DXcode -plugin-path /Applications/Xcode-16.3.0.app/Contents/Developer/Toolchains/XcodeDefault.xctoolchain/usr/lib/swift/host/plugins/testing -enable-experimental-feature DebugDescriptionMacro -sdk /Applications/Xcode-16.3.0.app/Contents/Developer/Platforms/WatchOS.platform/Developer/SDKs/WatchOS11.4.sdk -target arm64-apple-watchos9.0 -g -module-cache-path /Users/admin/builder/spi-builder-workspace/.derivedData/ModuleCache.noindex -Xfrontend -serialize-debugging-options -profile-coverage-mapping -profile-generate -enable-testing -suppress-warnings -index-store-path /Users/admin/builder/spi-builder-workspace/.derivedData/Index.noindex/DataStore -swift-version 6 -I /Users/admin/builder/spi-builder-workspace/.derivedData/Build/Products/Debug-watchos -I /Applications/Xcode-16.3.0.app/Contents/Developer/Platforms/WatchOS.platform/Developer/usr/lib -F /Users/admin/builder/spi-builder-workspace/.derivedData/Build/Products/Debug-watchos/PackageFrameworks -F /Users/admin/builder/spi-builder-workspace/.derivedData/Build/Products/Debug-watchos/PackageFrameworks -F /Users/admin/builder/spi-builder-workspace/.derivedData/Build/Products/Debug-watchos/PackageFrameworks -F /Users/admin/builder/spi-builder-workspace/.derivedData/Build/Products/Debug-watchos -F /Applications/Xcode-16.3.0.app/Contents/Developer/Platforms/WatchOS.platform/Developer/Library/Frameworks -F /Applications/Xcode-16.3.0.app/Contents/Developer/Platforms/WatchOS.platform/Developer/SDKs/WatchOS11.4.sdk/Developer/Library/Frameworks -c -j10 -enable-batch-mode -incremental -Xcc -ivfsstatcache -Xcc /Users/admin/builder/spi-builder-workspace/.derivedData/SDKStatCaches.noindex/watchos11.4-22T246-43efb940ff07ba2497b70ec94253f576.sdkstatcache -output-file-map /Users/admin/builder/spi-builder-workspace/.derivedData/Build/Intermediates.noindex/swift-json-schema.build/Debug-watchos/JSONSchema.build/Objects-normal/arm64/JSONSchema-OutputFileMap.json -use-frontend-parseable-output -save-temps -no-color-diagnostics -serialize-diagnostics -emit-dependencies -emit-module -emit-module-path /Users/admin/builder/spi-builder-workspace/.derivedData/Build/Intermediates.noindex/swift-json-schema.build/Debug-watchos/JSONSchema.build/Objects-normal/arm64/JSONSchema.swiftmodule -user-module-version 0.13.1 -validate-clang-modules-once -clang-build-session-file /Users/admin/builder/spi-builder-workspace/.derivedData/ModuleCache.noindex/Session.modulevalidation -package-name swift_json_schema -Xcc -I/Users/admin/builder/spi-builder-workspace/.derivedData/Build/Intermediates.noindex/swift-json-schema.build/Debug-watchos/JSONSchema.build/swift-overrides.hmap -emit-const-values -Xfrontend -const-gather-protocols-file -Xfrontend /Users/admin/builder/spi-builder-workspace/.derivedData/Build/Intermediates.noindex/swift-json-schema.build/Debug-watchos/JSONSchema.build/Objects-normal/arm64/JSONSchema_const_extract_protocols.json -Xcc -I/Users/admin/builder/spi-builder-workspace/.derivedData/Build/Products/Debug-watchos/include -Xcc -I/Users/admin/builder/spi-builder-workspace/.derivedData/Build/Intermediates.noindex/swift-json-schema.build/Debug-watchos/JSONSchema.build/DerivedSources-normal/arm64 -Xcc -I/Users/admin/builder/spi-builder-workspace/.derivedData/Build/Intermediates.noindex/swift-json-schema.build/Debug-watchos/JSONSchema.build/DerivedSources/arm64 -Xcc -I/Users/admin/builder/spi-builder-workspace/.derivedData/Build/Intermediates.noindex/swift-json-schema.build/Debug-watchos/JSONSchema.build/DerivedSources -Xcc -DSWIFT_PACKAGE -Xcc -DDEBUG\=1 -emit-objc-header -emit-objc-header-path /Users/admin/builder/spi-builder-workspace/.derivedData/Build/Intermediates.noindex/swift-json-schema.build/Debug-watchos/JSONSchema.build/Objects-normal/arm64/JSONSchema-Swift.h -working-directory /Users/admin/builder/spi-builder-workspace/.swiftpm/xcode -experimental-emit-module-separately -disable-cmo
SwiftDriver\ Compilation\ Requirements FormKitSwift normal arm64_32 com.apple.xcode.tools.swift.compiler (in target 'FormKitSwift' from project 'FormKitSwift')
    cd /Users/admin/builder/spi-builder-workspace/.swiftpm/xcode
    builtin-Swift-Compilation-Requirements -- /Applications/Xcode-16.3.0.app/Contents/Developer/Toolchains/XcodeDefault.xctoolchain/usr/bin/swiftc -module-name FormKitSwift -Onone -enforce-exclusivity\=checked @/Users/admin/builder/spi-builder-workspace/.derivedData/Build/Intermediates.noindex/FormKitSwift.build/Debug-watchos/FormKitSwift.build/Objects-normal/arm64_32/FormKitSwift.SwiftFileList -DSWIFT_PACKAGE -DDEBUG -DXcode -plugin-path /Applications/Xcode-16.3.0.app/Contents/Developer/Toolchains/XcodeDefault.xctoolchain/usr/lib/swift/host/plugins/testing -enable-experimental-feature DebugDescriptionMacro -sdk /Applications/Xcode-16.3.0.app/Contents/Developer/Platforms/WatchOS.platform/Developer/SDKs/WatchOS11.4.sdk -target arm64_32-apple-watchos11.0 -g -module-cache-path /Users/admin/builder/spi-builder-workspace/.derivedData/ModuleCache.noindex -Xfrontend -serialize-debugging-options -profile-coverage-mapping -profile-generate -enable-testing -index-store-path /Users/admin/builder/spi-builder-workspace/.derivedData/Index.noindex/DataStore -swift-version 6 -I /Users/admin/builder/spi-builder-workspace/.derivedData/Build/Products/Debug-watchos -I /Applications/Xcode-16.3.0.app/Contents/Developer/Platforms/WatchOS.platform/Developer/usr/lib -F /Users/admin/builder/spi-builder-workspace/.derivedData/Build/Products/Debug-watchos/PackageFrameworks -F /Users/admin/builder/spi-builder-workspace/.derivedData/Build/Products/Debug-watchos/PackageFrameworks -F /Users/admin/builder/spi-builder-workspace/.derivedData/Build/Products/Debug-watchos/PackageFrameworks -F /Users/admin/builder/spi-builder-workspace/.derivedData/Build/Products/Debug-watchos/PackageFrameworks -F /Users/admin/builder/spi-builder-workspace/.derivedData/Build/Products/Debug-watchos -F /Applications/Xcode-16.3.0.app/Contents/Developer/Platforms/WatchOS.platform/Developer/Library/Frameworks -F /Applications/Xcode-16.3.0.app/Contents/Developer/Platforms/WatchOS.platform/Developer/SDKs/WatchOS11.4.sdk/Developer/Library/Frameworks -c -j10 -enable-batch-mode -incremental -Xcc -ivfsstatcache -Xcc /Users/admin/builder/spi-builder-workspace/.derivedData/SDKStatCaches.noindex/watchos11.4-22T246-43efb940ff07ba2497b70ec94253f576.sdkstatcache -output-file-map /Users/admin/builder/spi-builder-workspace/.derivedData/Build/Intermediates.noindex/FormKitSwift.build/Debug-watchos/FormKitSwift.build/Objects-normal/arm64_32/FormKitSwift-OutputFileMap.json -use-frontend-parseable-output -save-temps -no-color-diagnostics -serialize-diagnostics -emit-dependencies -emit-module -emit-module-path /Users/admin/builder/spi-builder-workspace/.derivedData/Build/Intermediates.noindex/FormKitSwift.build/Debug-watchos/FormKitSwift.build/Objects-normal/arm64_32/FormKitSwift.swiftmodule -validate-clang-modules-once -clang-build-session-file /Users/admin/builder/spi-builder-workspace/.derivedData/ModuleCache.noindex/Session.modulevalidation -package-name spi_builder_workspace -Xcc -I/Users/admin/builder/spi-builder-workspace/.derivedData/Build/Intermediates.noindex/FormKitSwift.build/Debug-watchos/FormKitSwift.build/swift-overrides.hmap -emit-const-values -Xfrontend -const-gather-protocols-file -Xfrontend /Users/admin/builder/spi-builder-workspace/.derivedData/Build/Intermediates.noindex/FormKitSwift.build/Debug-watchos/FormKitSwift.build/Objects-normal/arm64_32/FormKitSwift_const_extract_protocols.json -Xcc -I/Users/admin/builder/spi-builder-workspace/.derivedData/Build/Products/Debug-watchos/include -Xcc -I/Users/admin/builder/spi-builder-workspace/.derivedData/Build/Intermediates.noindex/FormKitSwift.build/Debug-watchos/FormKitSwift.build/DerivedSources-normal/arm64_32 -Xcc -I/Users/admin/builder/spi-builder-workspace/.derivedData/Build/Intermediates.noindex/FormKitSwift.build/Debug-watchos/FormKitSwift.build/DerivedSources/arm64_32 -Xcc -I/Users/admin/builder/spi-builder-workspace/.derivedData/Build/Intermediates.noindex/FormKitSwift.build/Debug-watchos/FormKitSwift.build/DerivedSources -Xcc -DSWIFT_PACKAGE -Xcc -DDEBUG\=1 -emit-objc-header -emit-objc-header-path /Users/admin/builder/spi-builder-workspace/.derivedData/Build/Intermediates.noindex/FormKitSwift.build/Debug-watchos/FormKitSwift.build/Objects-normal/arm64_32/FormKitSwift-Swift.h -working-directory /Users/admin/builder/spi-builder-workspace/.swiftpm/xcode -experimental-emit-module-separately -disable-cmo
SwiftCompile normal arm64 Compiling\ FormKitOptions.swift,\ FormKitPropertyOrder.swift,\ FormKitRenderIndex+DisplayBlocks.swift,\ FormKitRenderIndex.swift,\ FormKitRenderModels.swift /Users/admin/builder/spi-builder-workspace/Sources/FormKitSwift/FormKitOptions.swift /Users/admin/builder/spi-builder-workspace/Sources/FormKitSwift/FormKitPropertyOrder.swift /Users/admin/builder/spi-builder-workspace/Sources/FormKitSwift/FormKitRenderIndex+DisplayBlocks.swift /Users/admin/builder/spi-builder-workspace/Sources/FormKitSwift/FormKitRenderIndex.swift /Users/admin/builder/spi-builder-workspace/Sources/FormKitSwift/FormKitRenderModels.swift (in target 'FormKitSwift' from project 'FormKitSwift')
Failed frontend command:
/Applications/Xcode-16.3.0.app/Contents/Developer/Toolchains/XcodeDefault.xctoolchain/usr/bin/swift-frontend -frontend -c /Users/admin/builder/spi-builder-workspace/.derivedData/Build/Intermediates.noindex/FormKitSwift.build/Debug-watchos/FormKitSwift.build/DerivedSources/resource_bundle_accessor.swift /Users/admin/builder/spi-builder-workspace/Sources/FormKitSwift/Components/FormKitComponentRegistry.swift /Users/admin/builder/spi-builder-workspace/Sources/FormKitSwift/Components/FormKitFileField.swift /Users/admin/builder/spi-builder-workspace/Sources/FormKitSwift/Components/FormKitMultipleFileField.swift /Users/admin/builder/spi-builder-workspace/Sources/FormKitSwift/Components/FormKitSignaturePad.swift /Users/admin/builder/spi-builder-workspace/Sources/FormKitSwift/Components/FormKitUIComponent.swift /Users/admin/builder/spi-builder-workspace/Sources/FormKitSwift/Components/FormKitUpload.swift /Users/admin/builder/spi-builder-workspace/Sources/FormKitSwift/Components/FormKitUploadRow.swift /Users/admin/builder/spi-builder-workspace/Sources/FormKitSwift/FormKitAccessibility.swift /Users/admin/builder/spi-builder-workspace/Sources/FormKitSwift/FormKitArrayRows.swift /Users/admin/builder/spi-builder-workspace/Sources/FormKitSwift/FormKitContainerView.swift /Users/admin/builder/spi-builder-workspace/Sources/FormKitSwift/FormKitDateFieldViews.swift /Users/admin/builder/spi-builder-workspace/Sources/FormKitSwift/FormKitDefaults.swift /Users/admin/builder/spi-builder-workspace/Sources/FormKitSwift/FormKitFieldViews.swift /Users/admin/builder/spi-builder-workspace/Sources/FormKitSwift/FormKitJSONValue.swift -primary-file /Users/admin/builder/spi-builder-workspace/Sources/FormKitSwift/FormKitOptions.swift -primary-file /Users/admin/builder/spi-builder-workspace/Sources/FormKitSwift/FormKitPropertyOrder.swift -primary-file /Users/admin/builder/spi-builder-workspace/Sources/FormKitSwift/FormKitRenderIndex+DisplayBlocks.swift -primary-file /Users/admin/builder/spi-builder-workspace/Sources/FormKitSwift/FormKitRenderIndex.swift -primary-file /Users/admin/builder/spi-builder-workspace/Sources/FormKitSwift/FormKitRenderModels.swift /Users/admin/builder/spi-builder-workspace/Sources/FormKitSwift/FormKitRenderer+ArrayParsing.swift /Users/admin/builder/spi-builder-workspace/Sources/FormKitSwift/FormKitRenderer+ArrayValidation.swift /Users/admin/builder/spi-builder-workspace/Sources/FormKitSwift/FormKitRenderer+CollectionHelpers.swift /Users/admin/builder/spi-builder-workspace/Sources/FormKitSwift/FormKitRenderer+Constants.swift /Users/admin/builder/spi-builder-workspace/Sources/FormKitSwift/FormKitRenderer+Date.swift /Users/admin/builder/spi-builder-workspace/Sources/FormKitSwift/FormKitRenderer+Fields.swift /Users/admin/builder/spi-builder-workspace/Sources/FormKitSwift/FormKitRenderer+InactiveSchemas.swift /Users/admin/builder/spi-builder-workspace/Sources/FormKitSwift/FormKitRenderer+Materialization.swift /Users/admin/builder/spi-builder-workspace/Sources/FormKitSwift/FormKitRenderer+ObjectParsing.swift /Users/admin/builder/spi-builder-workspace/Sources/FormKitSwift/FormKitRenderer+PropertyOrder.swift /Users/admin/builder/spi-builder-workspace/Sources/FormKitSwift/FormKitRenderer+References.swift /Users/admin/builder/spi-builder-workspace/Sources/FormKitSwift/FormKitRenderer+SchemaMatching.swift /Users/admin/builder/spi-builder-workspace/Sources/FormKitSwift/FormKitRenderer+SchemaMerging.swift /Users/admin/builder/spi-builder-workspace/Sources/FormKitSwift/FormKitRenderer+SchemaTypes.swift /Users/admin/builder/spi-builder-workspace/Sources/FormKitSwift/FormKitRenderer+Session.swift /Users/admin/builder/spi-builder-workspace/Sources/FormKitSwift/FormKitRenderer.swift /Users/admin/builder/spi-builder-workspace/Sources/FormKitSwift/FormKitSession+Arrays.swift /Users/admin/builder/spi-builder-workspace/Sources/FormKitSwift/FormKitSession+Fields.swift /Users/admin/builder/spi-builder-workspace/Sources/FormKitSwift/FormKitSession+Projection.swift /Users/admin/builder/spi-builder-workspace/Sources/FormKitSwift/FormKitSession+State.swift /Users/admin/builder/spi-builder-workspace/Sources/FormKitSwift/FormKitSession+Support.swift /Users/admin/builder/spi-builder-workspace/Sources/FormKitSwift/FormKitSession+Validation.swift /Users/admin/builder/spi-builder-workspace/Sources/FormKitSwift/FormKitSession.swift /Users/admin/builder/spi-builder-workspace/Sources/FormKitSwift/FormKitTextInputField.swift /Users/admin/builder/spi-builder-workspace/Sources/FormKitSwift/FormKitToolModels.swift /Users/admin/builder/spi-builder-workspace/Sources/FormKitSwift/FormKitTools.swift /Users/admin/builder/spi-builder-workspace/Sources/FormKitSwift/FormKitView.swift /Users/admin/builder/spi-builder-workspace/Sources/FormKitSwift/FormKitViewFocus.swift /Users/admin/builder/spi-builder-workspace/Sources/FormKitSwift/FormKitViewSections.swift /Users/admin/builder/spi-builder-workspace/Sources/FormKitSwift/FormKitViewSupport.swift -supplementary-output-file-map /Users/admin/builder/spi-builder-workspace/.derivedData/Build/Intermediates.noindex/FormKitSwift.build/Debug-watchos/FormKitSwift.build/Objects-normal/arm64/supplementaryOutputs-104 -target arm64-apple-watchos11.0 -Xllvm -aarch64-use-tbi -enable-objc-interop -stack-check -sdk /Applications/Xcode-16.3.0.app/Contents/Developer/Platforms/WatchOS.platform/Developer/SDKs/WatchOS11.4.sdk -I /Users/admin/builder/spi-builder-workspace/.derivedData/Build/Products/Debug-watchos -I /Applications/Xcode-16.3.0.app/Contents/Developer/Platforms/WatchOS.platform/Developer/usr/lib -F /Users/admin/builder/spi-builder-workspace/.derivedData/Build/Products/Debug-watchos/PackageFrameworks -F /Users/admin/builder/spi-builder-workspace/.derivedData/Build/Products/Debug-watchos/PackageFrameworks -F /Users/admin/builder/spi-builder-workspace/.derivedData/Build/Products/Debug-watchos/PackageFrameworks -F /Users/admin/builder/spi-builder-workspace/.derivedData/Build/Products/Debug-watchos/PackageFrameworks -F /Users/admin/builder/spi-builder-workspace/.derivedData/Build/Products/Debug-watchos -F /Applications/Xcode-16.3.0.app/Contents/Developer/Platforms/WatchOS.platform/Developer/Library/Frameworks -F /Applications/Xcode-16.3.0.app/Contents/Developer/Platforms/WatchOS.platform/Developer/SDKs/WatchOS11.4.sdk/Developer/Library/Frameworks -no-color-diagnostics -enable-testing -g -debug-info-format\=dwarf -dwarf-version\=5 -module-cache-path /Users/admin/builder/spi-builder-workspace/.derivedData/ModuleCache.noindex -profile-generate -profile-coverage-mapping -swift-version 6 -enforce-exclusivity\=checked -Onone -D SWIFT_PACKAGE -D DEBUG -D Xcode -serialize-debugging-options -const-gather-protocols-file /Users/admin/builder/spi-builder-workspace/.derivedData/Build/Intermediates.noindex/FormKitSwift.build/Debug-watchos/FormKitSwift.build/Objects-normal/arm64/FormKitSwift_const_extract_protocols.json -enable-experimental-feature DebugDescriptionMacro -empty-abi-descriptor -plugin-path /Applications/Xcode-16.3.0.app/Contents/Developer/Toolchains/XcodeDefault.xctoolchain/usr/lib/swift/host/plugins/testing -validate-clang-modules-once -clang-build-session-file /Users/admin/builder/spi-builder-workspace/.derivedData/ModuleCache.noindex/Session.modulevalidation -Xcc -working-directory -Xcc /Users/admin/builder/spi-builder-workspace/.swiftpm/xcode -resource-dir /Applications/Xcode-16.3.0.app/Contents/Developer/Toolchains/XcodeDefault.xctoolchain/usr/lib/swift -enable-anonymous-context-mangled-names -file-compilation-dir /Users/admin/builder/spi-builder-workspace/.swiftpm/xcode -Xcc -ivfsstatcache -Xcc /Users/admin/builder/spi-builder-workspace/.derivedData/SDKStatCaches.noindex/watchos11.4-22T246-43efb940ff07ba2497b70ec94253f576.sdkstatcache -Xcc -I/Users/admin/builder/spi-builder-workspace/.derivedData/Build/Intermediates.noindex/FormKitSwift.build/Debug-watchos/FormKitSwift.build/swift-overrides.hmap -Xcc -I/Users/admin/builder/spi-builder-workspace/.derivedData/Build/Products/Debug-watchos/include -Xcc -I/Users/admin/builder/spi-builder-workspace/.derivedData/Build/Intermediates.noindex/FormKitSwift.build/Debug-watchos/FormKitSwift.build/DerivedSources-normal/arm64 -Xcc -I/Users/admin/builder/spi-builder-workspace/.derivedData/Build/Intermediates.noindex/FormKitSwift.build/Debug-watchos/FormKitSwift.build/DerivedSources/arm64 -Xcc -I/Users/admin/builder/spi-builder-workspace/.derivedData/Build/Intermediates.noindex/FormKitSwift.build/Debug-watchos/FormKitSwift.build/DerivedSources -Xcc -DSWIFT_PACKAGE -Xcc -DDEBUG\=1 -module-name FormKitSwift -package-name spi_builder_workspace -frontend-parseable-output -disable-clang-spi -target-sdk-version 11.4 -target-sdk-name watchos11.4 -external-plugin-path /Applications/Xcode-16.3.0.app/Contents/Developer/Platforms/WatchOS.platform/Developer/usr/lib/swift/host/plugins\#/Applications/Xcode-16.3.0.app/Contents/Developer/Platforms/WatchOS.platform/Developer/usr/bin/swift-plugin-server -external-plugin-path /Applications/Xcode-16.3.0.app/Contents/Developer/Platforms/WatchOS.platform/Developer/usr/local/lib/swift/host/plugins\#/Applications/Xcode-16.3.0.app/Contents/Developer/Platforms/WatchOS.platform/Developer/usr/bin/swift-plugin-server -in-process-plugin-server-path /Applications/Xcode-16.3.0.app/Contents/Developer/Toolchains/XcodeDefault.xctoolchain/usr/lib/swift/host/libSwiftInProcPluginServer.dylib -plugin-path /Applications/Xcode-16.3.0.app/Contents/Developer/Toolchains/XcodeDefault.xctoolchain/usr/lib/swift/host/plugins -plugin-path /Applications/Xcode-16.3.0.app/Contents/Developer/Toolchains/XcodeDefault.xctoolchain/usr/local/lib/swift/host/plugins -o /Users/admin/builder/spi-builder-workspace/.derivedData/Build/Intermediates.noindex/FormKitSwift.build/Debug-watchos/FormKitSwift.build/Objects-normal/arm64/FormKitOptions.o -o /Users/admin/builder/spi-builder-workspace/.derivedData/Build/Intermediates.noindex/FormKitSwift.build/Debug-watchos/FormKitSwift.build/Objects-normal/arm64/FormKitPropertyOrder.o -o /Users/admin/builder/spi-builder-workspace/.derivedData/Build/Intermediates.noindex/FormKitSwift.build/Debug-watchos/FormKitSwift.build/Objects-normal/arm64/FormKitRenderIndex+DisplayBlocks.o -o /Users/admin/builder/spi-builder-workspace/.derivedData/Build/Intermediates.noindex/FormKitSwift.build/Debug-watchos/FormKitSwift.build/Objects-normal/arm64/FormKitRenderIndex.o -o /Users/admin/builder/spi-builder-workspace/.derivedData/Build/Intermediates.noindex/FormKitSwift.build/Debug-watchos/FormKitSwift.build/Objects-normal/arm64/FormKitRenderModels.o -index-unit-output-path /FormKitSwift.build/Debug-watchos/FormKitSwift.build/Objects-normal/arm64/FormKitOptions.o -index-unit-output-path /FormKitSwift.build/Debug-watchos/FormKitSwift.build/Objects-normal/arm64/FormKitPropertyOrder.o -index-unit-output-path /FormKitSwift.build/Debug-watchos/FormKitSwift.build/Objects-normal/arm64/FormKitRenderIndex+DisplayBlocks.o -index-unit-output-path /FormKitSwift.build/Debug-watchos/FormKitSwift.build/Objects-normal/arm64/FormKitRenderIndex.o -index-unit-output-path /FormKitSwift.build/Debug-watchos/FormKitSwift.build/Objects-normal/arm64/FormKitRenderModels.o -index-store-path /Users/admin/builder/spi-builder-workspace/.derivedData/Index.noindex/DataStore -index-system-modules
SwiftCompile normal arm64 /Users/admin/builder/spi-builder-workspace/Sources/FormKitSwift/FormKitOptions.swift (in target 'FormKitSwift' from project 'FormKitSwift')
    cd /Users/admin/builder/spi-builder-workspace/.swiftpm/xcode

/Users/admin/builder/spi-builder-workspace/Sources/FormKitSwift/FormKitOptions.swift:58:25: error: type 'UIColor' has no member 'systemBackground'
        Color(uiColor: .systemBackground)
                       ~^~~~~~~~~~~~~~~~
SwiftCompile normal arm64 /Users/admin/builder/spi-builder-workspace/Sources/FormKitSwift/FormKitPropertyOrder.swift (in target 'FormKitSwift' from project 'FormKitSwift')
    cd /Users/admin/builder/spi-builder-workspace/.swiftpm/xcode

SwiftCompile normal arm64 /Users/admin/builder/spi-builder-workspace/Sources/FormKitSwift/FormKitRenderIndex+DisplayBlocks.swift (in target 'FormKitSwift' from project 'FormKitSwift')
    cd /Users/admin/builder/spi-builder-workspace/.swiftpm/xcode

SwiftCompile normal arm64 /Users/admin/builder/spi-builder-workspace/Sources/FormKitSwift/FormKitRenderIndex.swift (in target 'FormKitSwift' from project 'FormKitSwift')
    cd /Users/admin/builder/spi-builder-workspace/.swiftpm/xcode

SwiftCompile normal arm64 /Users/admin/builder/spi-builder-workspace/Sources/FormKitSwift/FormKitRenderModels.swift (in target 'FormKitSwift' from project 'FormKitSwift')
    cd /Users/admin/builder/spi-builder-workspace/.swiftpm/xcode

SwiftDriverJobDiscovery normal arm64 Emitting module for FormKitSwift (in target 'FormKitSwift' from project 'FormKitSwift')
SwiftCompile normal arm64_32 Compiling\ FormKitRenderer.swift,\ FormKitSession+Arrays.swift,\ FormKitSession+Fields.swift,\ FormKitSession+Projection.swift,\ FormKitSession+State.swift /Users/admin/builder/spi-builder-workspace/Sources/FormKitSwift/FormKitRenderer.swift /Users/admin/builder/spi-builder-workspace/Sources/FormKitSwift/FormKitSession+Arrays.swift /Users/admin/builder/spi-builder-workspace/Sources/FormKitSwift/FormKitSession+Fields.swift /Users/admin/builder/spi-builder-workspace/Sources/FormKitSwift/FormKitSession+Projection.swift /Users/admin/builder/spi-builder-workspace/Sources/FormKitSwift/FormKitSession+State.swift (in target 'FormKitSwift' from project 'FormKitSwift')
SwiftCompile normal arm64_32 /Users/admin/builder/spi-builder-workspace/Sources/FormKitSwift/FormKitRenderer.swift (in target 'FormKitSwift' from project 'FormKitSwift')
    cd /Users/admin/builder/spi-builder-workspace/.swiftpm/xcode

SwiftCompile normal arm64_32 /Users/admin/builder/spi-builder-workspace/Sources/FormKitSwift/FormKitSession+Arrays.swift (in target 'FormKitSwift' from project 'FormKitSwift')
    cd /Users/admin/builder/spi-builder-workspace/.swiftpm/xcode

SwiftCompile normal arm64_32 /Users/admin/builder/spi-builder-workspace/Sources/FormKitSwift/FormKitSession+Fields.swift (in target 'FormKitSwift' from project 'FormKitSwift')
    cd /Users/admin/builder/spi-builder-workspace/.swiftpm/xcode

SwiftCompile normal arm64_32 /Users/admin/builder/spi-builder-workspace/Sources/FormKitSwift/FormKitSession+Projection.swift (in target 'FormKitSwift' from project 'FormKitSwift')
    cd /Users/admin/builder/spi-builder-workspace/.swiftpm/xcode

SwiftCompile normal arm64_32 /Users/admin/builder/spi-builder-workspace/Sources/FormKitSwift/FormKitSession+State.swift (in target 'FormKitSwift' from project 'FormKitSwift')
    cd /Users/admin/builder/spi-builder-workspace/.swiftpm/xcode

SwiftDriver\ Compilation\ Requirements FormKitSwift normal arm64 com.apple.xcode.tools.swift.compiler (in target 'FormKitSwift' from project 'FormKitSwift')
    cd /Users/admin/builder/spi-builder-workspace/.swiftpm/xcode
    builtin-Swift-Compilation-Requirements -- /Applications/Xcode-16.3.0.app/Contents/Developer/Toolchains/XcodeDefault.xctoolchain/usr/bin/swiftc -module-name FormKitSwift -Onone -enforce-exclusivity\=checked @/Users/admin/builder/spi-builder-workspace/.derivedData/Build/Intermediates.noindex/FormKitSwift.build/Debug-watchos/FormKitSwift.build/Objects-normal/arm64/FormKitSwift.SwiftFileList -DSWIFT_PACKAGE -DDEBUG -DXcode -plugin-path /Applications/Xcode-16.3.0.app/Contents/Developer/Toolchains/XcodeDefault.xctoolchain/usr/lib/swift/host/plugins/testing -enable-experimental-feature DebugDescriptionMacro -sdk /Applications/Xcode-16.3.0.app/Contents/Developer/Platforms/WatchOS.platform/Developer/SDKs/WatchOS11.4.sdk -target arm64-apple-watchos11.0 -g -module-cache-path /Users/admin/builder/spi-builder-workspace/.derivedData/ModuleCache.noindex -Xfrontend -serialize-debugging-options -profile-coverage-mapping -profile-generate -enable-testing -index-store-path /Users/admin/builder/spi-builder-workspace/.derivedData/Index.noindex/DataStore -swift-version 6 -I /Users/admin/builder/spi-builder-workspace/.derivedData/Build/Products/Debug-watchos -I /Applications/Xcode-16.3.0.app/Contents/Developer/Platforms/WatchOS.platform/Developer/usr/lib -F /Users/admin/builder/spi-builder-workspace/.derivedData/Build/Products/Debug-watchos/PackageFrameworks -F /Users/admin/builder/spi-builder-workspace/.derivedData/Build/Products/Debug-watchos/PackageFrameworks -F /Users/admin/builder/spi-builder-workspace/.derivedData/Build/Products/Debug-watchos/PackageFrameworks -F /Users/admin/builder/spi-builder-workspace/.derivedData/Build/Products/Debug-watchos/PackageFrameworks -F /Users/admin/builder/spi-builder-workspace/.derivedData/Build/Products/Debug-watchos -F /Applications/Xcode-16.3.0.app/Contents/Developer/Platforms/WatchOS.platform/Developer/Library/Frameworks -F /Applications/Xcode-16.3.0.app/Contents/Developer/Platforms/WatchOS.platform/Developer/SDKs/WatchOS11.4.sdk/Developer/Library/Frameworks -c -j10 -enable-batch-mode -incremental -Xcc -ivfsstatcache -Xcc /Users/admin/builder/spi-builder-workspace/.derivedData/SDKStatCaches.noindex/watchos11.4-22T246-43efb940ff07ba2497b70ec94253f576.sdkstatcache -output-file-map /Users/admin/builder/spi-builder-workspace/.derivedData/Build/Intermediates.noindex/FormKitSwift.build/Debug-watchos/FormKitSwift.build/Objects-normal/arm64/FormKitSwift-OutputFileMap.json -use-frontend-parseable-output -save-temps -no-color-diagnostics -serialize-diagnostics -emit-dependencies -emit-module -emit-module-path /Users/admin/builder/spi-builder-workspace/.derivedData/Build/Intermediates.noindex/FormKitSwift.build/Debug-watchos/FormKitSwift.build/Objects-normal/arm64/FormKitSwift.swiftmodule -validate-clang-modules-once -clang-build-session-file /Users/admin/builder/spi-builder-workspace/.derivedData/ModuleCache.noindex/Session.modulevalidation -package-name spi_builder_workspace -Xcc -I/Users/admin/builder/spi-builder-workspace/.derivedData/Build/Intermediates.noindex/FormKitSwift.build/Debug-watchos/FormKitSwift.build/swift-overrides.hmap -emit-const-values -Xfrontend -const-gather-protocols-file -Xfrontend /Users/admin/builder/spi-builder-workspace/.derivedData/Build/Intermediates.noindex/FormKitSwift.build/Debug-watchos/FormKitSwift.build/Objects-normal/arm64/FormKitSwift_const_extract_protocols.json -Xcc -I/Users/admin/builder/spi-builder-workspace/.derivedData/Build/Products/Debug-watchos/include -Xcc -I/Users/admin/builder/spi-builder-workspace/.derivedData/Build/Intermediates.noindex/FormKitSwift.build/Debug-watchos/FormKitSwift.build/DerivedSources-normal/arm64 -Xcc -I/Users/admin/builder/spi-builder-workspace/.derivedData/Build/Intermediates.noindex/FormKitSwift.build/Debug-watchos/FormKitSwift.build/DerivedSources/arm64 -Xcc -I/Users/admin/builder/spi-builder-workspace/.derivedData/Build/Intermediates.noindex/FormKitSwift.build/Debug-watchos/FormKitSwift.build/DerivedSources -Xcc -DSWIFT_PACKAGE -Xcc -DDEBUG\=1 -emit-objc-header -emit-objc-header-path /Users/admin/builder/spi-builder-workspace/.derivedData/Build/Intermediates.noindex/FormKitSwift.build/Debug-watchos/FormKitSwift.build/Objects-normal/arm64/FormKitSwift-Swift.h -working-directory /Users/admin/builder/spi-builder-workspace/.swiftpm/xcode -experimental-emit-module-separately -disable-cmo
SwiftDriverJobDiscovery normal arm64_32 Compiling FormKitRenderer+References.swift, FormKitRenderer+SchemaMatching.swift, FormKitRenderer+SchemaMerging.swift, FormKitRenderer+SchemaTypes.swift, FormKitRenderer+Session.swift (in target 'FormKitSwift' from project 'FormKitSwift')
Copy /Users/admin/builder/spi-builder-workspace/.derivedData/Build/Products/Debug-watchos/FormKitSwift.swiftmodule/arm64_32-apple-watchos.swiftmodule /Users/admin/builder/spi-builder-workspace/.derivedData/Build/Intermediates.noindex/FormKitSwift.build/Debug-watchos/FormKitSwift.build/Objects-normal/arm64_32/FormKitSwift.swiftmodule (in target 'FormKitSwift' from project 'FormKitSwift')
    cd /Users/admin/builder/spi-builder-workspace
    builtin-copy -exclude .DS_Store -exclude CVS -exclude .svn -exclude .git -exclude .hg -resolve-src-symlinks -rename /Users/admin/builder/spi-builder-workspace/.derivedData/Build/Intermediates.noindex/FormKitSwift.build/Debug-watchos/FormKitSwift.build/Objects-normal/arm64_32/FormKitSwift.swiftmodule /Users/admin/builder/spi-builder-workspace/.derivedData/Build/Products/Debug-watchos/FormKitSwift.swiftmodule/arm64_32-apple-watchos.swiftmodule
Copy /Users/admin/builder/spi-builder-workspace/.derivedData/Build/Products/Debug-watchos/FormKitSwift.swiftmodule/arm64_32-apple-watchos.swiftdoc /Users/admin/builder/spi-builder-workspace/.derivedData/Build/Intermediates.noindex/FormKitSwift.build/Debug-watchos/FormKitSwift.build/Objects-normal/arm64_32/FormKitSwift.swiftdoc (in target 'FormKitSwift' from project 'FormKitSwift')
    cd /Users/admin/builder/spi-builder-workspace
    builtin-copy -exclude .DS_Store -exclude CVS -exclude .svn -exclude .git -exclude .hg -resolve-src-symlinks -rename /Users/admin/builder/spi-builder-workspace/.derivedData/Build/Intermediates.noindex/FormKitSwift.build/Debug-watchos/FormKitSwift.build/Objects-normal/arm64_32/FormKitSwift.swiftdoc /Users/admin/builder/spi-builder-workspace/.derivedData/Build/Products/Debug-watchos/FormKitSwift.swiftmodule/arm64_32-apple-watchos.swiftdoc
Copy /Users/admin/builder/spi-builder-workspace/.derivedData/Build/Products/Debug-watchos/FormKitSwift.swiftmodule/arm64_32-apple-watchos.abi.json /Users/admin/builder/spi-builder-workspace/.derivedData/Build/Intermediates.noindex/FormKitSwift.build/Debug-watchos/FormKitSwift.build/Objects-normal/arm64_32/FormKitSwift.abi.json (in target 'FormKitSwift' from project 'FormKitSwift')
    cd /Users/admin/builder/spi-builder-workspace
    builtin-copy -exclude .DS_Store -exclude CVS -exclude .svn -exclude .git -exclude .hg -resolve-src-symlinks -rename /Users/admin/builder/spi-builder-workspace/.derivedData/Build/Intermediates.noindex/FormKitSwift.build/Debug-watchos/FormKitSwift.build/Objects-normal/arm64_32/FormKitSwift.abi.json /Users/admin/builder/spi-builder-workspace/.derivedData/Build/Products/Debug-watchos/FormKitSwift.swiftmodule/arm64_32-apple-watchos.abi.json
Copy /Users/admin/builder/spi-builder-workspace/.derivedData/Build/Products/Debug-watchos/FormKitSwift.swiftmodule/Project/arm64_32-apple-watchos.swiftsourceinfo /Users/admin/builder/spi-builder-workspace/.derivedData/Build/Intermediates.noindex/FormKitSwift.build/Debug-watchos/FormKitSwift.build/Objects-normal/arm64_32/FormKitSwift.swiftsourceinfo (in target 'FormKitSwift' from project 'FormKitSwift')
    cd /Users/admin/builder/spi-builder-workspace
    builtin-copy -exclude .DS_Store -exclude CVS -exclude .svn -exclude .git -exclude .hg -resolve-src-symlinks -rename /Users/admin/builder/spi-builder-workspace/.derivedData/Build/Intermediates.noindex/FormKitSwift.build/Debug-watchos/FormKitSwift.build/Objects-normal/arm64_32/FormKitSwift.swiftsourceinfo /Users/admin/builder/spi-builder-workspace/.derivedData/Build/Products/Debug-watchos/FormKitSwift.swiftmodule/Project/arm64_32-apple-watchos.swiftsourceinfo
SwiftCompile normal arm64_32 Compiling\ FormKitOptions.swift,\ FormKitPropertyOrder.swift,\ FormKitRenderIndex+DisplayBlocks.swift,\ FormKitRenderIndex.swift,\ FormKitRenderModels.swift /Users/admin/builder/spi-builder-workspace/Sources/FormKitSwift/FormKitOptions.swift /Users/admin/builder/spi-builder-workspace/Sources/FormKitSwift/FormKitPropertyOrder.swift /Users/admin/builder/spi-builder-workspace/Sources/FormKitSwift/FormKitRenderIndex+DisplayBlocks.swift /Users/admin/builder/spi-builder-workspace/Sources/FormKitSwift/FormKitRenderIndex.swift /Users/admin/builder/spi-builder-workspace/Sources/FormKitSwift/FormKitRenderModels.swift (in target 'FormKitSwift' from project 'FormKitSwift')
Failed frontend command:
/Applications/Xcode-16.3.0.app/Contents/Developer/Toolchains/XcodeDefault.xctoolchain/usr/bin/swift-frontend -frontend -c /Users/admin/builder/spi-builder-workspace/.derivedData/Build/Intermediates.noindex/FormKitSwift.build/Debug-watchos/FormKitSwift.build/DerivedSources/resource_bundle_accessor.swift /Users/admin/builder/spi-builder-workspace/Sources/FormKitSwift/Components/FormKitComponentRegistry.swift /Users/admin/builder/spi-builder-workspace/Sources/FormKitSwift/Components/FormKitFileField.swift /Users/admin/builder/spi-builder-workspace/Sources/FormKitSwift/Components/FormKitMultipleFileField.swift /Users/admin/builder/spi-builder-workspace/Sources/FormKitSwift/Components/FormKitSignaturePad.swift /Users/admin/builder/spi-builder-workspace/Sources/FormKitSwift/Components/FormKitUIComponent.swift /Users/admin/builder/spi-builder-workspace/Sources/FormKitSwift/Components/FormKitUpload.swift /Users/admin/builder/spi-builder-workspace/Sources/FormKitSwift/Components/FormKitUploadRow.swift /Users/admin/builder/spi-builder-workspace/Sources/FormKitSwift/FormKitAccessibility.swift /Users/admin/builder/spi-builder-workspace/Sources/FormKitSwift/FormKitArrayRows.swift /Users/admin/builder/spi-builder-workspace/Sources/FormKitSwift/FormKitContainerView.swift /Users/admin/builder/spi-builder-workspace/Sources/FormKitSwift/FormKitDateFieldViews.swift /Users/admin/builder/spi-builder-workspace/Sources/FormKitSwift/FormKitDefaults.swift /Users/admin/builder/spi-builder-workspace/Sources/FormKitSwift/FormKitFieldViews.swift /Users/admin/builder/spi-builder-workspace/Sources/FormKitSwift/FormKitJSONValue.swift -primary-file /Users/admin/builder/spi-builder-workspace/Sources/FormKitSwift/FormKitOptions.swift -primary-file /Users/admin/builder/spi-builder-workspace/Sources/FormKitSwift/FormKitPropertyOrder.swift -primary-file /Users/admin/builder/spi-builder-workspace/Sources/FormKitSwift/FormKitRenderIndex+DisplayBlocks.swift -primary-file /Users/admin/builder/spi-builder-workspace/Sources/FormKitSwift/FormKitRenderIndex.swift -primary-file /Users/admin/builder/spi-builder-workspace/Sources/FormKitSwift/FormKitRenderModels.swift /Users/admin/builder/spi-builder-workspace/Sources/FormKitSwift/FormKitRenderer+ArrayParsing.swift /Users/admin/builder/spi-builder-workspace/Sources/FormKitSwift/FormKitRenderer+ArrayValidation.swift /Users/admin/builder/spi-builder-workspace/Sources/FormKitSwift/FormKitRenderer+CollectionHelpers.swift /Users/admin/builder/spi-builder-workspace/Sources/FormKitSwift/FormKitRenderer+Constants.swift /Users/admin/builder/spi-builder-workspace/Sources/FormKitSwift/FormKitRenderer+Date.swift /Users/admin/builder/spi-builder-workspace/Sources/FormKitSwift/FormKitRenderer+Fields.swift /Users/admin/builder/spi-builder-workspace/Sources/FormKitSwift/FormKitRenderer+InactiveSchemas.swift /Users/admin/builder/spi-builder-workspace/Sources/FormKitSwift/FormKitRenderer+Materialization.swift /Users/admin/builder/spi-builder-workspace/Sources/FormKitSwift/FormKitRenderer+ObjectParsing.swift /Users/admin/builder/spi-builder-workspace/Sources/FormKitSwift/FormKitRenderer+PropertyOrder.swift /Users/admin/builder/spi-builder-workspace/Sources/FormKitSwift/FormKitRenderer+References.swift /Users/admin/builder/spi-builder-workspace/Sources/FormKitSwift/FormKitRenderer+SchemaMatching.swift /Users/admin/builder/spi-builder-workspace/Sources/FormKitSwift/FormKitRenderer+SchemaMerging.swift /Users/admin/builder/spi-builder-workspace/Sources/FormKitSwift/FormKitRenderer+SchemaTypes.swift /Users/admin/builder/spi-builder-workspace/Sources/FormKitSwift/FormKitRenderer+Session.swift /Users/admin/builder/spi-builder-workspace/Sources/FormKitSwift/FormKitRenderer.swift /Users/admin/builder/spi-builder-workspace/Sources/FormKitSwift/FormKitSession+Arrays.swift /Users/admin/builder/spi-builder-workspace/Sources/FormKitSwift/FormKitSession+Fields.swift /Users/admin/builder/spi-builder-workspace/Sources/FormKitSwift/FormKitSession+Projection.swift /Users/admin/builder/spi-builder-workspace/Sources/FormKitSwift/FormKitSession+State.swift /Users/admin/builder/spi-builder-workspace/Sources/FormKitSwift/FormKitSession+Support.swift /Users/admin/builder/spi-builder-workspace/Sources/FormKitSwift/FormKitSession+Validation.swift /Users/admin/builder/spi-builder-workspace/Sources/FormKitSwift/FormKitSession.swift /Users/admin/builder/spi-builder-workspace/Sources/FormKitSwift/FormKitTextInputField.swift /Users/admin/builder/spi-builder-workspace/Sources/FormKitSwift/FormKitToolModels.swift /Users/admin/builder/spi-builder-workspace/Sources/FormKitSwift/FormKitTools.swift /Users/admin/builder/spi-builder-workspace/Sources/FormKitSwift/FormKitView.swift /Users/admin/builder/spi-builder-workspace/Sources/FormKitSwift/FormKitViewFocus.swift /Users/admin/builder/spi-builder-workspace/Sources/FormKitSwift/FormKitViewSections.swift /Users/admin/builder/spi-builder-workspace/Sources/FormKitSwift/FormKitViewSupport.swift -supplementary-output-file-map /Users/admin/builder/spi-builder-workspace/.derivedData/Build/Intermediates.noindex/FormKitSwift.build/Debug-watchos/FormKitSwift.build/Objects-normal/arm64_32/supplementaryOutputs-124 -target arm64_32-apple-watchos11.0 -enable-objc-interop -sdk /Applications/Xcode-16.3.0.app/Contents/Developer/Platforms/WatchOS.platform/Developer/SDKs/WatchOS11.4.sdk -I /Users/admin/builder/spi-builder-workspace/.derivedData/Build/Products/Debug-watchos -I /Applications/Xcode-16.3.0.app/Contents/Developer/Platforms/WatchOS.platform/Developer/usr/lib -F /Users/admin/builder/spi-builder-workspace/.derivedData/Build/Products/Debug-watchos/PackageFrameworks -F /Users/admin/builder/spi-builder-workspace/.derivedData/Build/Products/Debug-watchos/PackageFrameworks -F /Users/admin/builder/spi-builder-workspace/.derivedData/Build/Products/Debug-watchos/PackageFrameworks -F /Users/admin/builder/spi-builder-workspace/.derivedData/Build/Products/Debug-watchos/PackageFrameworks -F /Users/admin/builder/spi-builder-workspace/.derivedData/Build/Products/Debug-watchos -F /Applications/Xcode-16.3.0.app/Contents/Developer/Platforms/WatchOS.platform/Developer/Library/Frameworks -F /Applications/Xcode-16.3.0.app/Contents/Developer/Platforms/WatchOS.platform/Developer/SDKs/WatchOS11.4.sdk/Developer/Library/Frameworks -no-color-diagnostics -enable-testing -g -debug-info-format\=dwarf -dwarf-version\=5 -module-cache-path /Users/admin/builder/spi-builder-workspace/.derivedData/ModuleCache.noindex -profile-generate -profile-coverage-mapping -swift-version 6 -enforce-exclusivity\=checked -Onone -D SWIFT_PACKAGE -D DEBUG -D Xcode -serialize-debugging-options -const-gather-protocols-file /Users/admin/builder/spi-builder-workspace/.derivedData/Build/Intermediates.noindex/FormKitSwift.build/Debug-watchos/FormKitSwift.build/Objects-normal/arm64_32/FormKitSwift_const_extract_protocols.json -enable-experimental-feature DebugDescriptionMacro -empty-abi-descriptor -plugin-path /Applications/Xcode-16.3.0.app/Contents/Developer/Toolchains/XcodeDefault.xctoolchain/usr/lib/swift/host/plugins/testing -validate-clang-modules-once -clang-build-session-file /Users/admin/builder/spi-builder-workspace/.derivedData/ModuleCache.noindex/Session.modulevalidation -Xcc -working-directory -Xcc /Users/admin/builder/spi-builder-workspace/.swiftpm/xcode -resource-dir /Applications/Xcode-16.3.0.app/Contents/Developer/Toolchains/XcodeDefault.xctoolchain/usr/lib/swift -enable-anonymous-context-mangled-names -file-compilation-dir /Users/admin/builder/spi-builder-workspace/.swiftpm/xcode -Xcc -ivfsstatcache -Xcc /Users/admin/builder/spi-builder-workspace/.derivedData/SDKStatCaches.noindex/watchos11.4-22T246-43efb940ff07ba2497b70ec94253f576.sdkstatcache -Xcc -I/Users/admin/builder/spi-builder-workspace/.derivedData/Build/Intermediates.noindex/FormKitSwift.build/Debug-watchos/FormKitSwift.build/swift-overrides.hmap -Xcc -I/Users/admin/builder/spi-builder-workspace/.derivedData/Build/Products/Debug-watchos/include -Xcc -I/Users/admin/builder/spi-builder-workspace/.derivedData/Build/Intermediates.noindex/FormKitSwift.build/Debug-watchos/FormKitSwift.build/DerivedSources-normal/arm64_32 -Xcc -I/Users/admin/builder/spi-builder-workspace/.derivedData/Build/Intermediates.noindex/FormKitSwift.build/Debug-watchos/FormKitSwift.build/DerivedSources/arm64_32 -Xcc -I/Users/admin/builder/spi-builder-workspace/.derivedData/Build/Intermediates.noindex/FormKitSwift.build/Debug-watchos/FormKitSwift.build/DerivedSources -Xcc -DSWIFT_PACKAGE -Xcc -DDEBUG\=1 -module-name FormKitSwift -package-name spi_builder_workspace -frontend-parseable-output -disable-clang-spi -target-sdk-version 11.4 -target-sdk-name watchos11.4 -external-plugin-path /Applications/Xcode-16.3.0.app/Contents/Developer/Platforms/WatchOS.platform/Developer/usr/lib/swift/host/plugins\#/Applications/Xcode-16.3.0.app/Contents/Developer/Platforms/WatchOS.platform/Developer/usr/bin/swift-plugin-server -external-plugin-path /Applications/Xcode-16.3.0.app/Contents/Developer/Platforms/WatchOS.platform/Developer/usr/local/lib/swift/host/plugins\#/Applications/Xcode-16.3.0.app/Contents/Developer/Platforms/WatchOS.platform/Developer/usr/bin/swift-plugin-server -in-process-plugin-server-path /Applications/Xcode-16.3.0.app/Contents/Developer/Toolchains/XcodeDefault.xctoolchain/usr/lib/swift/host/libSwiftInProcPluginServer.dylib -plugin-path /Applications/Xcode-16.3.0.app/Contents/Developer/Toolchains/XcodeDefault.xctoolchain/usr/lib/swift/host/plugins -plugin-path /Applications/Xcode-16.3.0.app/Contents/Developer/Toolchains/XcodeDefault.xctoolchain/usr/local/lib/swift/host/plugins -o /Users/admin/builder/spi-builder-workspace/.derivedData/Build/Intermediates.noindex/FormKitSwift.build/Debug-watchos/FormKitSwift.build/Objects-normal/arm64_32/FormKitOptions.o -o /Users/admin/builder/spi-builder-workspace/.derivedData/Build/Intermediates.noindex/FormKitSwift.build/Debug-watchos/FormKitSwift.build/Objects-normal/arm64_32/FormKitPropertyOrder.o -o /Users/admin/builder/spi-builder-workspace/.derivedData/Build/Intermediates.noindex/FormKitSwift.build/Debug-watchos/FormKitSwift.build/Objects-normal/arm64_32/FormKitRenderIndex+DisplayBlocks.o -o /Users/admin/builder/spi-builder-workspace/.derivedData/Build/Intermediates.noindex/FormKitSwift.build/Debug-watchos/FormKitSwift.build/Objects-normal/arm64_32/FormKitRenderIndex.o -o /Users/admin/builder/spi-builder-workspace/.derivedData/Build/Intermediates.noindex/FormKitSwift.build/Debug-watchos/FormKitSwift.build/Objects-normal/arm64_32/FormKitRenderModels.o -index-unit-output-path /FormKitSwift.build/Debug-watchos/FormKitSwift.build/Objects-normal/arm64_32/FormKitOptions.o -index-unit-output-path /FormKitSwift.build/Debug-watchos/FormKitSwift.build/Objects-normal/arm64_32/FormKitPropertyOrder.o -index-unit-output-path /FormKitSwift.build/Debug-watchos/FormKitSwift.build/Objects-normal/arm64_32/FormKitRenderIndex+DisplayBlocks.o -index-unit-output-path /FormKitSwift.build/Debug-watchos/FormKitSwift.build/Objects-normal/arm64_32/FormKitRenderIndex.o -index-unit-output-path /FormKitSwift.build/Debug-watchos/FormKitSwift.build/Objects-normal/arm64_32/FormKitRenderModels.o -index-store-path /Users/admin/builder/spi-builder-workspace/.derivedData/Index.noindex/DataStore -index-system-modules
SwiftCompile normal arm64_32 /Users/admin/builder/spi-builder-workspace/Sources/FormKitSwift/FormKitOptions.swift (in target 'FormKitSwift' from project 'FormKitSwift')
    cd /Users/admin/builder/spi-builder-workspace/.swiftpm/xcode

/Users/admin/builder/spi-builder-workspace/Sources/FormKitSwift/FormKitOptions.swift:58:25: error: type 'UIColor' has no member 'systemBackground'
        Color(uiColor: .systemBackground)
                       ~^~~~~~~~~~~~~~~~
SwiftCompile normal arm64_32 /Users/admin/builder/spi-builder-workspace/Sources/FormKitSwift/FormKitPropertyOrder.swift (in target 'FormKitSwift' from project 'FormKitSwift')
    cd /Users/admin/builder/spi-builder-workspace/.swiftpm/xcode

SwiftCompile normal arm64_32 /Users/admin/builder/spi-builder-workspace/Sources/FormKitSwift/FormKitRenderIndex+DisplayBlocks.swift (in target 'FormKitSwift' from project 'FormKitSwift')
    cd /Users/admin/builder/spi-builder-workspace/.swiftpm/xcode

SwiftCompile normal arm64_32 /Users/admin/builder/spi-builder-workspace/Sources/FormKitSwift/FormKitRenderIndex.swift (in target 'FormKitSwift' from project 'FormKitSwift')
    cd /Users/admin/builder/spi-builder-workspace/.swiftpm/xcode

SwiftCompile normal arm64_32 /Users/admin/builder/spi-builder-workspace/Sources/FormKitSwift/FormKitRenderModels.swift (in target 'FormKitSwift' from project 'FormKitSwift')
    cd /Users/admin/builder/spi-builder-workspace/.swiftpm/xcode

SwiftMergeGeneratedHeaders /Users/admin/builder/spi-builder-workspace/.derivedData/Build/Intermediates.noindex/GeneratedModuleMaps-watchos/FormKitSwift-Swift.h /Users/admin/builder/spi-builder-workspace/.derivedData/Build/Intermediates.noindex/FormKitSwift.build/Debug-watchos/FormKitSwift.build/Objects-normal/arm64/FormKitSwift-Swift.h /Users/admin/builder/spi-builder-workspace/.derivedData/Build/Intermediates.noindex/FormKitSwift.build/Debug-watchos/FormKitSwift.build/Objects-normal/arm64_32/FormKitSwift-Swift.h (in target 'FormKitSwift' from project 'FormKitSwift')
    cd /Users/admin/builder/spi-builder-workspace
    builtin-swiftHeaderTool -arch arm64 /Users/admin/builder/spi-builder-workspace/.derivedData/Build/Intermediates.noindex/FormKitSwift.build/Debug-watchos/FormKitSwift.build/Objects-normal/arm64/FormKitSwift-Swift.h -arch arm64_32 /Users/admin/builder/spi-builder-workspace/.derivedData/Build/Intermediates.noindex/FormKitSwift.build/Debug-watchos/FormKitSwift.build/Objects-normal/arm64_32/FormKitSwift-Swift.h -o /Users/admin/builder/spi-builder-workspace/.derivedData/Build/Intermediates.noindex/GeneratedModuleMaps-watchos/FormKitSwift-Swift.h
SwiftDriverJobDiscovery normal arm64 Compiling FormKitRenderer.swift, FormKitSession+Arrays.swift, FormKitSession+Fields.swift, FormKitSession+Projection.swift, FormKitSession+State.swift (in target 'FormKitSwift' from project 'FormKitSwift')
Copy /Users/admin/builder/spi-builder-workspace/.derivedData/Build/Products/Debug-watchos/FormKitSwift.swiftmodule/arm64-apple-watchos.swiftmodule /Users/admin/builder/spi-builder-workspace/.derivedData/Build/Intermediates.noindex/FormKitSwift.build/Debug-watchos/FormKitSwift.build/Objects-normal/arm64/FormKitSwift.swiftmodule (in target 'FormKitSwift' from project 'FormKitSwift')
    cd /Users/admin/builder/spi-builder-workspace
    builtin-copy -exclude .DS_Store -exclude CVS -exclude .svn -exclude .git -exclude .hg -resolve-src-symlinks -rename /Users/admin/builder/spi-builder-workspace/.derivedData/Build/Intermediates.noindex/FormKitSwift.build/Debug-watchos/FormKitSwift.build/Objects-normal/arm64/FormKitSwift.swiftmodule /Users/admin/builder/spi-builder-workspace/.derivedData/Build/Products/Debug-watchos/FormKitSwift.swiftmodule/arm64-apple-watchos.swiftmodule
Copy /Users/admin/builder/spi-builder-workspace/.derivedData/Build/Products/Debug-watchos/FormKitSwift.swiftmodule/arm64-apple-watchos.swiftdoc /Users/admin/builder/spi-builder-workspace/.derivedData/Build/Intermediates.noindex/FormKitSwift.build/Debug-watchos/FormKitSwift.build/Objects-normal/arm64/FormKitSwift.swiftdoc (in target 'FormKitSwift' from project 'FormKitSwift')
    cd /Users/admin/builder/spi-builder-workspace
    builtin-copy -exclude .DS_Store -exclude CVS -exclude .svn -exclude .git -exclude .hg -resolve-src-symlinks -rename /Users/admin/builder/spi-builder-workspace/.derivedData/Build/Intermediates.noindex/FormKitSwift.build/Debug-watchos/FormKitSwift.build/Objects-normal/arm64/FormKitSwift.swiftdoc /Users/admin/builder/spi-builder-workspace/.derivedData/Build/Products/Debug-watchos/FormKitSwift.swiftmodule/arm64-apple-watchos.swiftdoc
Copy /Users/admin/builder/spi-builder-workspace/.derivedData/Build/Products/Debug-watchos/FormKitSwift.swiftmodule/arm64-apple-watchos.abi.json /Users/admin/builder/spi-builder-workspace/.derivedData/Build/Intermediates.noindex/FormKitSwift.build/Debug-watchos/FormKitSwift.build/Objects-normal/arm64/FormKitSwift.abi.json (in target 'FormKitSwift' from project 'FormKitSwift')
    cd /Users/admin/builder/spi-builder-workspace
    builtin-copy -exclude .DS_Store -exclude CVS -exclude .svn -exclude .git -exclude .hg -resolve-src-symlinks -rename /Users/admin/builder/spi-builder-workspace/.derivedData/Build/Intermediates.noindex/FormKitSwift.build/Debug-watchos/FormKitSwift.build/Objects-normal/arm64/FormKitSwift.abi.json /Users/admin/builder/spi-builder-workspace/.derivedData/Build/Products/Debug-watchos/FormKitSwift.swiftmodule/arm64-apple-watchos.abi.json
Copy /Users/admin/builder/spi-builder-workspace/.derivedData/Build/Products/Debug-watchos/FormKitSwift.swiftmodule/Project/arm64-apple-watchos.swiftsourceinfo /Users/admin/builder/spi-builder-workspace/.derivedData/Build/Intermediates.noindex/FormKitSwift.build/Debug-watchos/FormKitSwift.build/Objects-normal/arm64/FormKitSwift.swiftsourceinfo (in target 'FormKitSwift' from project 'FormKitSwift')
    cd /Users/admin/builder/spi-builder-workspace
    builtin-copy -exclude .DS_Store -exclude CVS -exclude .svn -exclude .git -exclude .hg -resolve-src-symlinks -rename /Users/admin/builder/spi-builder-workspace/.derivedData/Build/Intermediates.noindex/FormKitSwift.build/Debug-watchos/FormKitSwift.build/Objects-normal/arm64/FormKitSwift.swiftsourceinfo /Users/admin/builder/spi-builder-workspace/.derivedData/Build/Products/Debug-watchos/FormKitSwift.swiftmodule/Project/arm64-apple-watchos.swiftsourceinfo
SwiftCompile normal arm64 Compiling\ FormKitRenderer+Fields.swift,\ FormKitRenderer+InactiveSchemas.swift,\ FormKitRenderer+Materialization.swift,\ FormKitRenderer+ObjectParsing.swift,\ FormKitRenderer+PropertyOrder.swift /Users/admin/builder/spi-builder-workspace/Sources/FormKitSwift/FormKitRenderer+Fields.swift /Users/admin/builder/spi-builder-workspace/Sources/FormKitSwift/FormKitRenderer+InactiveSchemas.swift /Users/admin/builder/spi-builder-workspace/Sources/FormKitSwift/FormKitRenderer+Materialization.swift /Users/admin/builder/spi-builder-workspace/Sources/FormKitSwift/FormKitRenderer+ObjectParsing.swift /Users/admin/builder/spi-builder-workspace/Sources/FormKitSwift/FormKitRenderer+PropertyOrder.swift (in target 'FormKitSwift' from project 'FormKitSwift')
SwiftCompile normal arm64 /Users/admin/builder/spi-builder-workspace/Sources/FormKitSwift/FormKitRenderer+Fields.swift (in target 'FormKitSwift' from project 'FormKitSwift')
    cd /Users/admin/builder/spi-builder-workspace/.swiftpm/xcode

SwiftCompile normal arm64 /Users/admin/builder/spi-builder-workspace/Sources/FormKitSwift/FormKitRenderer+InactiveSchemas.swift (in target 'FormKitSwift' from project 'FormKitSwift')
    cd /Users/admin/builder/spi-builder-workspace/.swiftpm/xcode

SwiftCompile normal arm64 /Users/admin/builder/spi-builder-workspace/Sources/FormKitSwift/FormKitRenderer+Materialization.swift (in target 'FormKitSwift' from project 'FormKitSwift')
    cd /Users/admin/builder/spi-builder-workspace/.swiftpm/xcode

SwiftCompile normal arm64 /Users/admin/builder/spi-builder-workspace/Sources/FormKitSwift/FormKitRenderer+ObjectParsing.swift (in target 'FormKitSwift' from project 'FormKitSwift')
    cd /Users/admin/builder/spi-builder-workspace/.swiftpm/xcode

SwiftCompile normal arm64 /Users/admin/builder/spi-builder-workspace/Sources/FormKitSwift/FormKitRenderer+PropertyOrder.swift (in target 'FormKitSwift' from project 'FormKitSwift')
    cd /Users/admin/builder/spi-builder-workspace/.swiftpm/xcode

SwiftCompile normal arm64 Compiling\ FormKitRenderer+ArrayParsing.swift,\ FormKitRenderer+ArrayValidation.swift,\ FormKitRenderer+CollectionHelpers.swift,\ FormKitRenderer+Constants.swift,\ FormKitRenderer+Date.swift /Users/admin/builder/spi-builder-workspace/Sources/FormKitSwift/FormKitRenderer+ArrayParsing.swift /Users/admin/builder/spi-builder-workspace/Sources/FormKitSwift/FormKitRenderer+ArrayValidation.swift /Users/admin/builder/spi-builder-workspace/Sources/FormKitSwift/FormKitRenderer+CollectionHelpers.swift /Users/admin/builder/spi-builder-workspace/Sources/FormKitSwift/FormKitRenderer+Constants.swift /Users/admin/builder/spi-builder-workspace/Sources/FormKitSwift/FormKitRenderer+Date.swift (in target 'FormKitSwift' from project 'FormKitSwift')
SwiftCompile normal arm64 /Users/admin/builder/spi-builder-workspace/Sources/FormKitSwift/FormKitRenderer+ArrayParsing.swift (in target 'FormKitSwift' from project 'FormKitSwift')
    cd /Users/admin/builder/spi-builder-workspace/.swiftpm/xcode

SwiftCompile normal arm64 /Users/admin/builder/spi-builder-workspace/Sources/FormKitSwift/FormKitRenderer+ArrayValidation.swift (in target 'FormKitSwift' from project 'FormKitSwift')
    cd /Users/admin/builder/spi-builder-workspace/.swiftpm/xcode

SwiftCompile normal arm64 /Users/admin/builder/spi-builder-workspace/Sources/FormKitSwift/FormKitRenderer+CollectionHelpers.swift (in target 'FormKitSwift' from project 'FormKitSwift')
    cd /Users/admin/builder/spi-builder-workspace/.swiftpm/xcode

SwiftCompile normal arm64 /Users/admin/builder/spi-builder-workspace/Sources/FormKitSwift/FormKitRenderer+Constants.swift (in target 'FormKitSwift' from project 'FormKitSwift')
    cd /Users/admin/builder/spi-builder-workspace/.swiftpm/xcode

SwiftCompile normal arm64 /Users/admin/builder/spi-builder-workspace/Sources/FormKitSwift/FormKitRenderer+Date.swift (in target 'FormKitSwift' from project 'FormKitSwift')
    cd /Users/admin/builder/spi-builder-workspace/.swiftpm/xcode

SwiftDriverJobDiscovery normal arm64_32 Compiling FormKitRenderer.swift, FormKitSession+Arrays.swift, FormKitSession+Fields.swift, FormKitSession+Projection.swift, FormKitSession+State.swift (in target 'FormKitSwift' from project 'FormKitSwift')
SwiftCompile normal arm64_32 Compiling\ FormKitRenderer+Fields.swift,\ FormKitRenderer+InactiveSchemas.swift,\ FormKitRenderer+Materialization.swift,\ FormKitRenderer+ObjectParsing.swift,\ FormKitRenderer+PropertyOrder.swift /Users/admin/builder/spi-builder-workspace/Sources/FormKitSwift/FormKitRenderer+Fields.swift /Users/admin/builder/spi-builder-workspace/Sources/FormKitSwift/FormKitRenderer+InactiveSchemas.swift /Users/admin/builder/spi-builder-workspace/Sources/FormKitSwift/FormKitRenderer+Materialization.swift /Users/admin/builder/spi-builder-workspace/Sources/FormKitSwift/FormKitRenderer+ObjectParsing.swift /Users/admin/builder/spi-builder-workspace/Sources/FormKitSwift/FormKitRenderer+PropertyOrder.swift (in target 'FormKitSwift' from project 'FormKitSwift')
SwiftCompile normal arm64_32 /Users/admin/builder/spi-builder-workspace/Sources/FormKitSwift/FormKitRenderer+Fields.swift (in target 'FormKitSwift' from project 'FormKitSwift')
    cd /Users/admin/builder/spi-builder-workspace/.swiftpm/xcode

SwiftCompile normal arm64_32 /Users/admin/builder/spi-builder-workspace/Sources/FormKitSwift/FormKitRenderer+InactiveSchemas.swift (in target 'FormKitSwift' from project 'FormKitSwift')
    cd /Users/admin/builder/spi-builder-workspace/.swiftpm/xcode

SwiftCompile normal arm64_32 /Users/admin/builder/spi-builder-workspace/Sources/FormKitSwift/FormKitRenderer+Materialization.swift (in target 'FormKitSwift' from project 'FormKitSwift')
    cd /Users/admin/builder/spi-builder-workspace/.swiftpm/xcode

SwiftCompile normal arm64_32 /Users/admin/builder/spi-builder-workspace/Sources/FormKitSwift/FormKitRenderer+ObjectParsing.swift (in target 'FormKitSwift' from project 'FormKitSwift')
    cd /Users/admin/builder/spi-builder-workspace/.swiftpm/xcode

SwiftCompile normal arm64_32 /Users/admin/builder/spi-builder-workspace/Sources/FormKitSwift/FormKitRenderer+PropertyOrder.swift (in target 'FormKitSwift' from project 'FormKitSwift')
    cd /Users/admin/builder/spi-builder-workspace/.swiftpm/xcode

SwiftDriverJobDiscovery normal arm64 Compiling FormKitRenderer+Fields.swift, FormKitRenderer+InactiveSchemas.swift, FormKitRenderer+Materialization.swift, FormKitRenderer+ObjectParsing.swift, FormKitRenderer+PropertyOrder.swift (in target 'FormKitSwift' from project 'FormKitSwift')
SwiftCompile normal arm64 Compiling\ FormKitTools.swift,\ FormKitView.swift,\ FormKitViewFocus.swift,\ FormKitViewSections.swift,\ FormKitViewSupport.swift /Users/admin/builder/spi-builder-workspace/Sources/FormKitSwift/FormKitTools.swift /Users/admin/builder/spi-builder-workspace/Sources/FormKitSwift/FormKitView.swift /Users/admin/builder/spi-builder-workspace/Sources/FormKitSwift/FormKitViewFocus.swift /Users/admin/builder/spi-builder-workspace/Sources/FormKitSwift/FormKitViewSections.swift /Users/admin/builder/spi-builder-workspace/Sources/FormKitSwift/FormKitViewSupport.swift (in target 'FormKitSwift' from project 'FormKitSwift')
Command SwiftCompile failed with a nonzero exit code
** BUILD FAILED **
The following build commands failed:
	SwiftCompile normal arm64_32 /Users/admin/builder/spi-builder-workspace/Sources/FormKitSwift/Components/FormKitFileField.swift (in target 'FormKitSwift' from project 'FormKitSwift')
	SwiftCompile normal arm64_32 /Users/admin/builder/spi-builder-workspace/Sources/FormKitSwift/Components/FormKitMultipleFileField.swift (in target 'FormKitSwift' from project 'FormKitSwift')
	SwiftCompile normal arm64_32 /Users/admin/builder/spi-builder-workspace/Sources/FormKitSwift/FormKitDateFieldViews.swift (in target 'FormKitSwift' from project 'FormKitSwift')
	SwiftCompile normal arm64_32 /Users/admin/builder/spi-builder-workspace/Sources/FormKitSwift/FormKitFieldViews.swift (in target 'FormKitSwift' from project 'FormKitSwift')
	SwiftCompile normal arm64 /Users/admin/builder/spi-builder-workspace/Sources/FormKitSwift/Components/FormKitFileField.swift (in target 'FormKitSwift' from project 'FormKitSwift')
	SwiftCompile normal arm64 /Users/admin/builder/spi-builder-workspace/Sources/FormKitSwift/Components/FormKitMultipleFileField.swift (in target 'FormKitSwift' from project 'FormKitSwift')
	SwiftCompile normal arm64 /Users/admin/builder/spi-builder-workspace/Sources/FormKitSwift/FormKitDateFieldViews.swift (in target 'FormKitSwift' from project 'FormKitSwift')
	SwiftCompile normal arm64 /Users/admin/builder/spi-builder-workspace/Sources/FormKitSwift/FormKitFieldViews.swift (in target 'FormKitSwift' from project 'FormKitSwift')
	SwiftCompile normal arm64_32 Compiling\ FormKitUIComponent.swift,\ FormKitUpload.swift,\ FormKitUploadRow.swift,\ FormKitAccessibility.swift,\ FormKitArrayRows.swift /Users/admin/builder/spi-builder-workspace/Sources/FormKitSwift/Components/FormKitUIComponent.swift /Users/admin/builder/spi-builder-workspace/Sources/FormKitSwift/Components/FormKitUpload.swift /Users/admin/builder/spi-builder-workspace/Sources/FormKitSwift/Components/FormKitUploadRow.swift /Users/admin/builder/spi-builder-workspace/Sources/FormKitSwift/FormKitAccessibility.swift /Users/admin/builder/spi-builder-workspace/Sources/FormKitSwift/FormKitArrayRows.swift (in target 'FormKitSwift' from project 'FormKitSwift')
	SwiftCompile normal arm64_32 /Users/admin/builder/spi-builder-workspace/Sources/FormKitSwift/FormKitArrayRows.swift (in target 'FormKitSwift' from project 'FormKitSwift')
	SwiftCompile normal arm64 Compiling\ FormKitOptions.swift,\ FormKitPropertyOrder.swift,\ FormKitRenderIndex+DisplayBlocks.swift,\ FormKitRenderIndex.swift,\ FormKitRenderModels.swift /Users/admin/builder/spi-builder-workspace/Sources/FormKitSwift/FormKitOptions.swift /Users/admin/builder/spi-builder-workspace/Sources/FormKitSwift/FormKitPropertyOrder.swift /Users/admin/builder/spi-builder-workspace/Sources/FormKitSwift/FormKitRenderIndex+DisplayBlocks.swift /Users/admin/builder/spi-builder-workspace/Sources/FormKitSwift/FormKitRenderIndex.swift /Users/admin/builder/spi-builder-workspace/Sources/FormKitSwift/FormKitRenderModels.swift (in target 'FormKitSwift' from project 'FormKitSwift')
	SwiftCompile normal arm64 /Users/admin/builder/spi-builder-workspace/Sources/FormKitSwift/FormKitOptions.swift (in target 'FormKitSwift' from project 'FormKitSwift')
	SwiftCompile normal arm64_32 Compiling\ FormKitOptions.swift,\ FormKitPropertyOrder.swift,\ FormKitRenderIndex+DisplayBlocks.swift,\ FormKitRenderIndex.swift,\ FormKitRenderModels.swift /Users/admin/builder/spi-builder-workspace/Sources/FormKitSwift/FormKitOptions.swift /Users/admin/builder/spi-builder-workspace/Sources/FormKitSwift/FormKitPropertyOrder.swift /Users/admin/builder/spi-builder-workspace/Sources/FormKitSwift/FormKitRenderIndex+DisplayBlocks.swift /Users/admin/builder/spi-builder-workspace/Sources/FormKitSwift/FormKitRenderIndex.swift /Users/admin/builder/spi-builder-workspace/Sources/FormKitSwift/FormKitRenderModels.swift (in target 'FormKitSwift' from project 'FormKitSwift')
	SwiftCompile normal arm64_32 /Users/admin/builder/spi-builder-workspace/Sources/FormKitSwift/FormKitOptions.swift (in target 'FormKitSwift' from project 'FormKitSwift')
	SwiftCompile normal arm64 Compiling\ FormKitTools.swift,\ FormKitView.swift,\ FormKitViewFocus.swift,\ FormKitViewSections.swift,\ FormKitViewSupport.swift /Users/admin/builder/spi-builder-workspace/Sources/FormKitSwift/FormKitTools.swift /Users/admin/builder/spi-builder-workspace/Sources/FormKitSwift/FormKitView.swift /Users/admin/builder/spi-builder-workspace/Sources/FormKitSwift/FormKitViewFocus.swift /Users/admin/builder/spi-builder-workspace/Sources/FormKitSwift/FormKitViewSections.swift /Users/admin/builder/spi-builder-workspace/Sources/FormKitSwift/FormKitViewSupport.swift (in target 'FormKitSwift' from project 'FormKitSwift')
	Building workspace spi-builder-workspace with scheme FormKitSwift
(16 failures)
BUILD FAILURE 6.1 watchOS