The Swift Package Index logo.Swift Package Index

Build Information

Failed to build MultiplatformTabBar, reference 2.1.0 (5afce9), with Swift 6.4 for watchOS using Xcode 27.0 on 27 Sep 2026 15:28:12 UTC.

Build Command

env DEVELOPER_DIR=/Applications/Xcode-27.0.0-Release.Candidate.app xcrun xcodebuild -IDEClonedSourcePackagesDirPathOverride=$PWD/.dependencies -skipMacroValidation -skipPackagePluginValidation -derivedDataPath $PWD/.derivedData build -scheme MultiplatformTabBar -destination generic/platform=watchOS

Build Log

SwiftDriver SwiftletUtilities normal arm64 com.apple.xcode.tools.swift.compiler (in target 'SwiftletUtilities' from project 'SwiftletUtilities')
    cd /Users/admin/builder/spi-builder-workspace/.swiftpm/xcode
    builtin-SwiftDriver -- /Applications/Xcode-27.0.0-Release.Candidate.app/Contents/Developer/Toolchains/XcodeDefault.xctoolchain/usr/bin/swiftc -parse-as-library -module-name SwiftletUtilities -Onone @/Users/admin/builder/spi-builder-workspace/.derivedData/Build/Intermediates.noindex/SwiftletUtilities.build/Debug-watchos/SwiftletUtilities-t.build/Objects-normal/arm64/SwiftletUtilities.SwiftFileList -DSWIFT_PACKAGE -DDEBUG -DSWIFT_MODULE_RESOURCE_BUNDLE_AVAILABLE -DXcode -plugin-path /Applications/Xcode-27.0.0-Release.Candidate.app/Contents/Developer/Toolchains/XcodeDefault.xctoolchain/usr/lib/swift/host/plugins/testing -enable-experimental-feature DebugDescriptionMacro -sdk /Applications/Xcode-27.0.0-Release.Candidate.app/Contents/Developer/Platforms/WatchOS.platform/Developer/SDKs/WatchOS27.0.sdk -target arm64-apple-watchos26.0 -g -module-cache-path /Users/admin/builder/spi-builder-workspace/.derivedData/ModuleCache.noindex -Xfrontend -serialize-debugging-options -profile-coverage-mapping -profile-generate -enable-testing -suppress-warnings -index-store-path /Users/admin/builder/spi-builder-workspace/.derivedData/Index.noindex/DataStore -Xcc -D_LIBCPP_HARDENING_MODE\=_LIBCPP_HARDENING_MODE_DEBUG -swift-version 6 -I /Users/admin/builder/spi-builder-workspace/.derivedData/Build/Products/Debug-watchos -Isystem /Applications/Xcode-27.0.0-Release.Candidate.app/Contents/Developer/Platforms/WatchOS.platform/Developer/usr/lib -F /Users/admin/builder/spi-builder-workspace/.derivedData/Build/Products/Debug-watchos/PackageFrameworks -F /Users/admin/builder/spi-builder-workspace/.derivedData/Build/Products/Debug-watchos -F /Applications/Xcode-27.0.0-Release.Candidate.app/Contents/Developer/Platforms/WatchOS.platform/Developer/Library/Frameworks -F /Applications/Xcode-27.0.0-Release.Candidate.app/Contents/Developer/Platforms/WatchOS.platform/Developer/SDKs/WatchOS27.0.sdk/Developer/Library/Frameworks -c -j10 -enable-batch-mode -incremental -Xcc -ivfsstatcache -Xcc /Users/admin/builder/spi-builder-workspace/.derivedData/SDKStatCaches.noindex/watchos27.0-24R360-e829b21a6f8c9b70876ba0858053c04477534ef55a1706bf4c1112bbb242f0a2.sdkstatcache -output-file-map /Users/admin/builder/spi-builder-workspace/.derivedData/Build/Intermediates.noindex/SwiftletUtilities.build/Debug-watchos/SwiftletUtilities-t.build/Objects-normal/arm64/SwiftletUtilities-OutputFileMap.json -save-temps -no-color-diagnostics -explicit-module-build -module-cache-path /Users/admin/builder/spi-builder-workspace/.derivedData/Build/Intermediates.noindex/SwiftExplicitPrecompiledModules -clang-scanner-module-cache-path /Users/admin/builder/spi-builder-workspace/.derivedData/ModuleCache.noindex -sdk-module-cache-path /Users/admin/builder/spi-builder-workspace/.derivedData/SDKExplicitPrecompiledModules -emit-dependencies -emit-module -emit-module-path /Users/admin/builder/spi-builder-workspace/.derivedData/Build/Intermediates.noindex/SwiftletUtilities.build/Debug-watchos/SwiftletUtilities-t.build/Objects-normal/arm64/SwiftletUtilities.swiftmodule -serialize-diagnostics -dependency-scan-serialize-diagnostics-path /Users/admin/builder/spi-builder-workspace/.derivedData/Build/Intermediates.noindex/SwiftletUtilities.build/Debug-watchos/SwiftletUtilities-t.build/Objects-normal/arm64/SwiftletUtilities-dependency-scan.dia -user-module-version 2.1.4 -validate-clang-modules-once -clang-build-session-file /Users/admin/builder/spi-builder-workspace/.derivedData/ModuleCache.noindex/Session.modulevalidation -Xcc -fmodules-prune-interval\=86400 -Xcc -fmodules-prune-after\=345600 -package-name swiftletutilities -emit-const-values -const-gather-protocols-list /Users/admin/builder/spi-builder-workspace/.derivedData/Build/Intermediates.noindex/SwiftletUtilities.build/Debug-watchos/SwiftletUtilities-t.build/Objects-normal/arm64/SwiftletUtilities_const_extract_protocols.json -Xcc -I/Users/admin/builder/spi-builder-workspace/.derivedData/Build/Products/Debug-watchos/include -Xcc -I/Users/admin/builder/spi-builder-workspace/.derivedData/Build/Intermediates.noindex/SwiftletUtilities.build/Debug-watchos/SwiftletUtilities-t.build/DerivedSources-normal/arm64 -Xcc -I/Users/admin/builder/spi-builder-workspace/.derivedData/Build/Intermediates.noindex/SwiftletUtilities.build/Debug-watchos/SwiftletUtilities-t.build/DerivedSources/arm64 -Xcc -I/Users/admin/builder/spi-builder-workspace/.derivedData/Build/Intermediates.noindex/SwiftletUtilities.build/Debug-watchos/SwiftletUtilities-t.build/DerivedSources -Xcc -DSWIFT_PACKAGE -Xcc -DDEBUG\=1 -emit-objc-header -emit-objc-header-path /Users/admin/builder/spi-builder-workspace/.derivedData/Build/Intermediates.noindex/SwiftletUtilities.build/Debug-watchos/SwiftletUtilities-t.build/Objects-normal/arm64/SwiftletUtilities-Swift.h -working-directory /Users/admin/builder/spi-builder-workspace/.swiftpm/xcode -experimental-emit-module-separately -disable-cmo
SwiftExplicitDependencyGeneratePcm arm64 /Users/admin/builder/spi-builder-workspace/.derivedData/SDKExplicitPrecompiledModules/CoreAudioTypes-51SR7UBHOMSGMEPVFS6PLSR4M.pcm
SwiftExplicitDependencyGeneratePcm arm64 /Users/admin/builder/spi-builder-workspace/.derivedData/SDKExplicitPrecompiledModules/Symbols-B8SNL2YULCKW9SYIL0T5QLMV.pcm
SwiftExplicitDependencyGeneratePcm arm64 /Users/admin/builder/spi-builder-workspace/.derivedData/SDKExplicitPrecompiledModules/CoreGraphics-5488DA9QVJJ7QOFXPYOYIYFUX.pcm
SwiftExplicitDependencyGeneratePcm arm64 /Users/admin/builder/spi-builder-workspace/.derivedData/SDKExplicitPrecompiledModules/_LocationEssentials-C3HYVW8P89QAUDLD9VRHUF48Q.pcm
SwiftExplicitDependencyGeneratePcm arm64_32 /Users/admin/builder/spi-builder-workspace/.derivedData/SDKExplicitPrecompiledModules/dnssd-4UZX93P7NU8HR5E1GYF87I0V3.pcm
SwiftExplicitDependencyGeneratePcm arm64_32 /Users/admin/builder/spi-builder-workspace/.derivedData/SDKExplicitPrecompiledModules/CoreGraphics-A4WOQTM8SYZAQP223LI6RRPEK.pcm
SwiftExplicitDependencyGeneratePcm arm64 /Users/admin/builder/spi-builder-workspace/.derivedData/SDKExplicitPrecompiledModules/CoreAudio-368NRGVYQ33J8K75Y2DSNU06Y.pcm
SwiftExplicitDependencyGeneratePcm arm64 /Users/admin/builder/spi-builder-workspace/.derivedData/SDKExplicitPrecompiledModules/UserNotifications-7VIERZPAA371031RT8VBKFYKJ.pcm
SwiftExplicitDependencyGeneratePcm arm64 /Users/admin/builder/spi-builder-workspace/.derivedData/SDKExplicitPrecompiledModules/CoreVideo-2YRZ292TS6QDW2V2V92NZMPWM.pcm
SwiftExplicitDependencyGeneratePcm arm64 /Users/admin/builder/spi-builder-workspace/.derivedData/SDKExplicitPrecompiledModules/Accessibility-DB0V1GY4JDAXG2CZ5MW826DDE.pcm
SwiftExplicitDependencyGeneratePcm arm64 /Users/admin/builder/spi-builder-workspace/.derivedData/SDKExplicitPrecompiledModules/CoreTransferable-EULYJN53RZTIP2D6F171CT1YZ.pcm
SwiftExplicitDependencyGeneratePcm arm64_32 /Users/admin/builder/spi-builder-workspace/.derivedData/SDKExplicitPrecompiledModules/CoreText-34U50N378SZT64826L0B62MN6.pcm
SwiftExplicitDependencyGeneratePcm arm64 /Users/admin/builder/spi-builder-workspace/.derivedData/SDKExplicitPrecompiledModules/UIUtilities-AR3EDJH6PMDGNUXQGV2JND65S.pcm
SwiftExplicitDependencyGeneratePcm arm64 /Users/admin/builder/spi-builder-workspace/.derivedData/SDKExplicitPrecompiledModules/CoreMedia-EO02G285WTXB0RPNG3DP9O9VN.pcm
SwiftExplicitDependencyGeneratePcm arm64_32 /Users/admin/builder/spi-builder-workspace/.derivedData/SDKExplicitPrecompiledModules/CoreVideo-BX0NALWCB2F1YOTF0NZGV9FWU.pcm
SwiftExplicitDependencyGeneratePcm arm64_32 /Users/admin/builder/spi-builder-workspace/.derivedData/SDKExplicitPrecompiledModules/Accessibility-BBXP8Z81UOB3UBBTO3GG9FEEO.pcm
SwiftExplicitDependencyGeneratePcm arm64_32 /Users/admin/builder/spi-builder-workspace/.derivedData/SDKExplicitPrecompiledModules/DataDetection-8EDL8T61430CB5CU94L1E3L0C.pcm
SwiftExplicitDependencyGeneratePcm arm64 /Users/admin/builder/spi-builder-workspace/.derivedData/SDKExplicitPrecompiledModules/QuartzCore-BRDP6VIMJ6A6HG4W4NYXZ8BI3.pcm
SwiftExplicitDependencyGeneratePcm arm64_32 /Users/admin/builder/spi-builder-workspace/.derivedData/SDKExplicitPrecompiledModules/QuartzCore-72UYR37X0O2APTD1XMSJ20X5X.pcm
SwiftExplicitDependencyGeneratePcm arm64_32 /Users/admin/builder/spi-builder-workspace/.derivedData/SDKExplicitPrecompiledModules/Symbols-DP67QJL9W7VSYP70ZVEBE3KRT.pcm
SwiftExplicitDependencyGeneratePcm arm64_32 /Users/admin/builder/spi-builder-workspace/.derivedData/SDKExplicitPrecompiledModules/_LocationEssentials-1XWTF8V96VX3IAHKJO7PJZDU0.pcm
SwiftExplicitDependencyGeneratePcm arm64_32 /Users/admin/builder/spi-builder-workspace/.derivedData/SDKExplicitPrecompiledModules/UserNotifications-F5AOMF9V2Y10QV8U00QNX8B7Q.pcm
SwiftDriverJobDiscovery normal arm64 Compiling resource_bundle_accessor.swift (in target 'LogManager' from project 'LogManager')
SwiftExplicitDependencyGeneratePcm arm64 /Users/admin/builder/spi-builder-workspace/.derivedData/SDKExplicitPrecompiledModules/CoreText-BEC0M2J7FJN53VXNFDZDKL9U2.pcm
SwiftDriverJobDiscovery normal arm64_32 Compiling resource_bundle_accessor.swift (in target 'LogManager' from project 'LogManager')
SwiftExplicitDependencyGeneratePcm arm64_32 /Users/admin/builder/spi-builder-workspace/.derivedData/SDKExplicitPrecompiledModules/CoreAudioTypes-AY6JAXDJMW2FLVG4UD79375PW.pcm
SwiftDriverJobDiscovery normal arm64 Compiling ReleaseLogger.swift (in target 'LogManager' from project 'LogManager')
SwiftExplicitDependencyGeneratePcm arm64 /Users/admin/builder/spi-builder-workspace/.derivedData/SDKExplicitPrecompiledModules/CoreLocation-B0A9Z3B1UDU8OLBQROLWD03N3.pcm
SwiftDriverJobDiscovery normal arm64 Compiling DebugLogger.swift (in target 'LogManager' from project 'LogManager')
SwiftExplicitDependencyGeneratePcm arm64 /Users/admin/builder/spi-builder-workspace/.derivedData/SDKExplicitPrecompiledModules/CoreData-DAEI6Z48P97TYC3SMMGLERAJ5.pcm
SwiftDriverJobDiscovery normal arm64_32 Compiling ReleaseLogger.swift (in target 'LogManager' from project 'LogManager')
SwiftExplicitDependencyGeneratePcm arm64_32 /Users/admin/builder/spi-builder-workspace/.derivedData/SDKExplicitPrecompiledModules/UIUtilities-ABH83C7CSGMIJAARTF384TV0L.pcm
SwiftDriverJobDiscovery normal arm64_32 Compiling DebugLogger.swift (in target 'LogManager' from project 'LogManager')
SwiftExplicitDependencyGeneratePcm arm64 /Users/admin/builder/spi-builder-workspace/.derivedData/SDKExplicitPrecompiledModules/DataDetection-8RQ09UCIV0XSYRF8TQQD54MWN.pcm
SwiftExplicitDependencyGeneratePcm arm64 /Users/admin/builder/spi-builder-workspace/.derivedData/SDKExplicitPrecompiledModules/_Builtin_tgmath-7JP2AE1NQHA1DV5JYP2OHQ3BF.pcm
SwiftExplicitDependencyGeneratePcm arm64_32 /Users/admin/builder/spi-builder-workspace/.derivedData/SDKExplicitPrecompiledModules/CoreTransferable-DSXZOKFM7XQLZ0FRNNKFDWZT0.pcm
SwiftExplicitDependencyGeneratePcm arm64 /Users/admin/builder/spi-builder-workspace/.derivedData/SDKExplicitPrecompiledModules/DeveloperToolsSupport-CL5QT3CW0ZM498PFTWG64QMLA.pcm
SwiftExplicitDependencyGeneratePcm arm64_32 /Users/admin/builder/spi-builder-workspace/.derivedData/SDKExplicitPrecompiledModules/SwiftUICore-TURER010MQ2QH6SN4BGDJJKP.pcm
SwiftExplicitDependencyGeneratePcm arm64_32 /Users/admin/builder/spi-builder-workspace/.derivedData/SDKExplicitPrecompiledModules/CoreLocation-4AZRAZ8X3W0CS36SZ1GS4LT05.pcm
SwiftExplicitDependencyGeneratePcm arm64_32 /Users/admin/builder/spi-builder-workspace/.derivedData/SDKExplicitPrecompiledModules/CoreAudio-1FTJGW5ZM9ZN5IKPBE4A9LGNF.pcm
SwiftExplicitDependencyGeneratePcm arm64_32 /Users/admin/builder/spi-builder-workspace/.derivedData/SDKExplicitPrecompiledModules/_Builtin_tgmath-414CVW1GW3IL0HRLCNNCS6Q0U.pcm
SwiftExplicitDependencyGeneratePcm arm64_32 /Users/admin/builder/spi-builder-workspace/.derivedData/SDKExplicitPrecompiledModules/CoreData-6STZ9DXY0E1K8LHUUEU1F4SE.pcm
SwiftExplicitDependencyGeneratePcm arm64_32 /Users/admin/builder/spi-builder-workspace/.derivedData/SDKExplicitPrecompiledModules/_Builtin_intrinsics-2K07JIG9ZANIKHSNPO3O6L1K6.pcm
SwiftExplicitDependencyGeneratePcm arm64 /Users/admin/builder/spi-builder-workspace/.derivedData/SDKExplicitPrecompiledModules/dnssd-ATTPI3CWTACDCM6OYQ1LRHKMO.pcm
SwiftExplicitDependencyGeneratePcm arm64 /Users/admin/builder/spi-builder-workspace/.derivedData/SDKExplicitPrecompiledModules/CoreMotion-70RNUQRT1QM2F8WR42WPP4KQV.pcm
SwiftExplicitDependencyGeneratePcm arm64_32 /Users/admin/builder/spi-builder-workspace/.derivedData/SDKExplicitPrecompiledModules/Network-5VUKX54D0AK1R9WTELJPOWFYG.pcm
SwiftExplicitDependencyGeneratePcm arm64 /Users/admin/builder/spi-builder-workspace/.derivedData/SDKExplicitPrecompiledModules/SwiftUICore-D4BOUT6VJWDXKNATG8P2F95W3.pcm
SwiftExplicitDependencyGeneratePcm arm64_32 /Users/admin/builder/spi-builder-workspace/.derivedData/SDKExplicitPrecompiledModules/DeveloperToolsSupport-3FQKKPF3BW0SWE1YUZ86OZWIB.pcm
SwiftExplicitDependencyGeneratePcm arm64_32 /Users/admin/builder/spi-builder-workspace/.derivedData/SDKExplicitPrecompiledModules/UniformTypeIdentifiers-EH256724QTCKT0XATY095QHVP.pcm
SwiftExplicitDependencyGeneratePcm arm64 /Users/admin/builder/spi-builder-workspace/.derivedData/SDKExplicitPrecompiledModules/_Builtin_intrinsics-SQV576LJA0QE7RW5HF7CQ1BX.pcm
SwiftExplicitDependencyGeneratePcm arm64_32 /Users/admin/builder/spi-builder-workspace/.derivedData/SDKExplicitPrecompiledModules/CoreMedia-CU8J9TNJY5EX43FQOPTAAHU29.pcm
SwiftExplicitDependencyGeneratePcm arm64_32 /Users/admin/builder/spi-builder-workspace/.derivedData/SDKExplicitPrecompiledModules/CoreMotion-E9C6K7MOTJF3RC93DULCZ130U.pcm
SwiftExplicitDependencyGeneratePcm arm64 /Users/admin/builder/spi-builder-workspace/.derivedData/SDKExplicitPrecompiledModules/Network-A7JT5ECJXOGM0F5CAER8SN68M.pcm
SwiftExplicitDependencyGeneratePcm arm64 /Users/admin/builder/spi-builder-workspace/.derivedData/SDKExplicitPrecompiledModules/UniformTypeIdentifiers-47SS6PHE8KOUZX5UOQUNKH397.pcm
SwiftDriver\ Compilation LogManager normal arm64_32 com.apple.xcode.tools.swift.compiler (in target 'LogManager' from project 'LogManager')
    cd /Users/admin/builder/spi-builder-workspace/.swiftpm/xcode
    builtin-Swift-Compilation -- /Applications/Xcode-27.0.0-Release.Candidate.app/Contents/Developer/Toolchains/XcodeDefault.xctoolchain/usr/bin/swiftc -parse-as-library -module-name LogManager -Onone @/Users/admin/builder/spi-builder-workspace/.derivedData/Build/Intermediates.noindex/LogManager.build/Debug-watchos/LogManager-t.build/Objects-normal/arm64_32/LogManager.SwiftFileList -DSWIFT_PACKAGE -DDEBUG -DSWIFT_MODULE_RESOURCE_BUNDLE_AVAILABLE -DXcode -plugin-path /Applications/Xcode-27.0.0-Release.Candidate.app/Contents/Developer/Toolchains/XcodeDefault.xctoolchain/usr/lib/swift/host/plugins/testing -enable-experimental-feature DebugDescriptionMacro -sdk /Applications/Xcode-27.0.0-Release.Candidate.app/Contents/Developer/Platforms/WatchOS.platform/Developer/SDKs/WatchOS27.0.sdk -target arm64_32-apple-watchos26.0 -g -module-cache-path /Users/admin/builder/spi-builder-workspace/.derivedData/ModuleCache.noindex -Xfrontend -serialize-debugging-options -profile-coverage-mapping -profile-generate -enable-testing -suppress-warnings -index-store-path /Users/admin/builder/spi-builder-workspace/.derivedData/Index.noindex/DataStore -Xcc -D_LIBCPP_HARDENING_MODE\=_LIBCPP_HARDENING_MODE_DEBUG -swift-version 6 -I /Users/admin/builder/spi-builder-workspace/.derivedData/Build/Products/Debug-watchos -Isystem /Applications/Xcode-27.0.0-Release.Candidate.app/Contents/Developer/Platforms/WatchOS.platform/Developer/usr/lib -F /Users/admin/builder/spi-builder-workspace/.derivedData/Build/Products/Debug-watchos -F /Applications/Xcode-27.0.0-Release.Candidate.app/Contents/Developer/Platforms/WatchOS.platform/Developer/Library/Frameworks -F /Applications/Xcode-27.0.0-Release.Candidate.app/Contents/Developer/Platforms/WatchOS.platform/Developer/SDKs/WatchOS27.0.sdk/Developer/Library/Frameworks -c -j10 -enable-batch-mode -incremental -Xcc -ivfsstatcache -Xcc /Users/admin/builder/spi-builder-workspace/.derivedData/SDKStatCaches.noindex/watchos27.0-24R360-e829b21a6f8c9b70876ba0858053c04477534ef55a1706bf4c1112bbb242f0a2.sdkstatcache -output-file-map /Users/admin/builder/spi-builder-workspace/.derivedData/Build/Intermediates.noindex/LogManager.build/Debug-watchos/LogManager-t.build/Objects-normal/arm64_32/LogManager-OutputFileMap.json -save-temps -no-color-diagnostics -explicit-module-build -module-cache-path /Users/admin/builder/spi-builder-workspace/.derivedData/Build/Intermediates.noindex/SwiftExplicitPrecompiledModules -clang-scanner-module-cache-path /Users/admin/builder/spi-builder-workspace/.derivedData/ModuleCache.noindex -sdk-module-cache-path /Users/admin/builder/spi-builder-workspace/.derivedData/SDKExplicitPrecompiledModules -emit-dependencies -emit-module -emit-module-path /Users/admin/builder/spi-builder-workspace/.derivedData/Build/Intermediates.noindex/LogManager.build/Debug-watchos/LogManager-t.build/Objects-normal/arm64_32/LogManager.swiftmodule -serialize-diagnostics -dependency-scan-serialize-diagnostics-path /Users/admin/builder/spi-builder-workspace/.derivedData/Build/Intermediates.noindex/LogManager.build/Debug-watchos/LogManager-t.build/Objects-normal/arm64_32/LogManager-dependency-scan.dia -user-module-version 2.1.0 -validate-clang-modules-once -clang-build-session-file /Users/admin/builder/spi-builder-workspace/.derivedData/ModuleCache.noindex/Session.modulevalidation -Xcc -fmodules-prune-interval\=86400 -Xcc -fmodules-prune-after\=345600 -package-name logmanager -emit-const-values -const-gather-protocols-list /Users/admin/builder/spi-builder-workspace/.derivedData/Build/Intermediates.noindex/LogManager.build/Debug-watchos/LogManager-t.build/Objects-normal/arm64_32/LogManager_const_extract_protocols.json -Xcc -I/Users/admin/builder/spi-builder-workspace/.derivedData/Build/Products/Debug-watchos/include -Xcc -I/Users/admin/builder/spi-builder-workspace/.derivedData/Build/Intermediates.noindex/LogManager.build/Debug-watchos/LogManager-t.build/DerivedSources-normal/arm64_32 -Xcc -I/Users/admin/builder/spi-builder-workspace/.derivedData/Build/Intermediates.noindex/LogManager.build/Debug-watchos/LogManager-t.build/DerivedSources/arm64_32 -Xcc -I/Users/admin/builder/spi-builder-workspace/.derivedData/Build/Intermediates.noindex/LogManager.build/Debug-watchos/LogManager-t.build/DerivedSources -Xcc -DSWIFT_PACKAGE -Xcc -DDEBUG\=1 -emit-objc-header -emit-objc-header-path /Users/admin/builder/spi-builder-workspace/.derivedData/Build/Intermediates.noindex/LogManager.build/Debug-watchos/LogManager-t.build/Objects-normal/arm64_32/LogManager-Swift.h -working-directory /Users/admin/builder/spi-builder-workspace/.swiftpm/xcode -experimental-emit-module-separately -disable-cmo
SwiftExplicitDependencyGeneratePcm arm64 /Users/admin/builder/spi-builder-workspace/.derivedData/SDKExplicitPrecompiledModules/UIKit-2XWL6VFNA7WRWSTXI42YLU909.pcm
Ld /Users/admin/builder/spi-builder-workspace/.derivedData/Build/Intermediates.noindex/LogManager.build/Debug-watchos/LogManager-t.build/Objects-normal/arm64_32/Binary/LogManager.o normal arm64_32 (in target 'LogManager' from project 'LogManager')
    cd /Users/admin/builder/spi-builder-workspace/.dependencies/checkouts/LogManager
    /Applications/Xcode-27.0.0-Release.Candidate.app/Contents/Developer/Toolchains/XcodeDefault.xctoolchain/usr/bin/clang -Xlinker -reproducible -target arm64_32-apple-watchos26.0 -r -isysroot /Applications/Xcode-27.0.0-Release.Candidate.app/Contents/Developer/Platforms/WatchOS.platform/Developer/SDKs/WatchOS27.0.sdk -O0 -w -Xlinker -no_warn_duplicate_libraries -F/Users/admin/builder/spi-builder-workspace/.derivedData/Build/Intermediates.noindex/EagerLinkingTBDs/Debug-watchos -F/Users/admin/builder/spi-builder-workspace/.derivedData/Build/Products/Debug-watchos -iframework /Applications/Xcode-27.0.0-Release.Candidate.app/Contents/Developer/Platforms/WatchOS.platform/Developer/Library/Frameworks -iframework /Applications/Xcode-27.0.0-Release.Candidate.app/Contents/Developer/Platforms/WatchOS.platform/Developer/SDKs/WatchOS27.0.sdk/Developer/Library/Frameworks -filelist /Users/admin/builder/spi-builder-workspace/.derivedData/Build/Intermediates.noindex/LogManager.build/Debug-watchos/LogManager-t.build/Objects-normal/arm64_32/LogManager.LinkFileList -nostdlib -Xlinker -object_path_lto -Xlinker /Users/admin/builder/spi-builder-workspace/.derivedData/Build/Intermediates.noindex/LogManager.build/Debug-watchos/LogManager-t.build/Objects-normal/arm64_32/LogManager_lto.o -Xlinker -no_deduplicate -Xlinker -debug_variant -Xlinker -dependency_info -Xlinker /Users/admin/builder/spi-builder-workspace/.derivedData/Build/Intermediates.noindex/LogManager.build/Debug-watchos/LogManager-t.build/Objects-normal/arm64_32/LogManager_dependency_info.dat -fobjc-link-runtime -L/Applications/Xcode-27.0.0-Release.Candidate.app/Contents/Developer/Toolchains/XcodeDefault.xctoolchain/usr/lib/swift/watchos -L/usr/lib/swift -Xlinker -add_ast_path -Xlinker /Users/admin/builder/spi-builder-workspace/.derivedData/Build/Intermediates.noindex/LogManager.build/Debug-watchos/LogManager-t.build/Objects-normal/arm64_32/LogManager.swiftmodule -o /Users/admin/builder/spi-builder-workspace/.derivedData/Build/Intermediates.noindex/LogManager.build/Debug-watchos/LogManager-t.build/Objects-normal/arm64_32/Binary/LogManager.o
SwiftDriver\ Compilation LogManager normal arm64 com.apple.xcode.tools.swift.compiler (in target 'LogManager' from project 'LogManager')
    cd /Users/admin/builder/spi-builder-workspace/.swiftpm/xcode
    builtin-Swift-Compilation -- /Applications/Xcode-27.0.0-Release.Candidate.app/Contents/Developer/Toolchains/XcodeDefault.xctoolchain/usr/bin/swiftc -parse-as-library -module-name LogManager -Onone @/Users/admin/builder/spi-builder-workspace/.derivedData/Build/Intermediates.noindex/LogManager.build/Debug-watchos/LogManager-t.build/Objects-normal/arm64/LogManager.SwiftFileList -DSWIFT_PACKAGE -DDEBUG -DSWIFT_MODULE_RESOURCE_BUNDLE_AVAILABLE -DXcode -plugin-path /Applications/Xcode-27.0.0-Release.Candidate.app/Contents/Developer/Toolchains/XcodeDefault.xctoolchain/usr/lib/swift/host/plugins/testing -enable-experimental-feature DebugDescriptionMacro -sdk /Applications/Xcode-27.0.0-Release.Candidate.app/Contents/Developer/Platforms/WatchOS.platform/Developer/SDKs/WatchOS27.0.sdk -target arm64-apple-watchos26.0 -g -module-cache-path /Users/admin/builder/spi-builder-workspace/.derivedData/ModuleCache.noindex -Xfrontend -serialize-debugging-options -profile-coverage-mapping -profile-generate -enable-testing -suppress-warnings -index-store-path /Users/admin/builder/spi-builder-workspace/.derivedData/Index.noindex/DataStore -Xcc -D_LIBCPP_HARDENING_MODE\=_LIBCPP_HARDENING_MODE_DEBUG -swift-version 6 -I /Users/admin/builder/spi-builder-workspace/.derivedData/Build/Products/Debug-watchos -Isystem /Applications/Xcode-27.0.0-Release.Candidate.app/Contents/Developer/Platforms/WatchOS.platform/Developer/usr/lib -F /Users/admin/builder/spi-builder-workspace/.derivedData/Build/Products/Debug-watchos -F /Applications/Xcode-27.0.0-Release.Candidate.app/Contents/Developer/Platforms/WatchOS.platform/Developer/Library/Frameworks -F /Applications/Xcode-27.0.0-Release.Candidate.app/Contents/Developer/Platforms/WatchOS.platform/Developer/SDKs/WatchOS27.0.sdk/Developer/Library/Frameworks -c -j10 -enable-batch-mode -incremental -Xcc -ivfsstatcache -Xcc /Users/admin/builder/spi-builder-workspace/.derivedData/SDKStatCaches.noindex/watchos27.0-24R360-e829b21a6f8c9b70876ba0858053c04477534ef55a1706bf4c1112bbb242f0a2.sdkstatcache -output-file-map /Users/admin/builder/spi-builder-workspace/.derivedData/Build/Intermediates.noindex/LogManager.build/Debug-watchos/LogManager-t.build/Objects-normal/arm64/LogManager-OutputFileMap.json -save-temps -no-color-diagnostics -explicit-module-build -module-cache-path /Users/admin/builder/spi-builder-workspace/.derivedData/Build/Intermediates.noindex/SwiftExplicitPrecompiledModules -clang-scanner-module-cache-path /Users/admin/builder/spi-builder-workspace/.derivedData/ModuleCache.noindex -sdk-module-cache-path /Users/admin/builder/spi-builder-workspace/.derivedData/SDKExplicitPrecompiledModules -emit-dependencies -emit-module -emit-module-path /Users/admin/builder/spi-builder-workspace/.derivedData/Build/Intermediates.noindex/LogManager.build/Debug-watchos/LogManager-t.build/Objects-normal/arm64/LogManager.swiftmodule -serialize-diagnostics -dependency-scan-serialize-diagnostics-path /Users/admin/builder/spi-builder-workspace/.derivedData/Build/Intermediates.noindex/LogManager.build/Debug-watchos/LogManager-t.build/Objects-normal/arm64/LogManager-dependency-scan.dia -user-module-version 2.1.0 -validate-clang-modules-once -clang-build-session-file /Users/admin/builder/spi-builder-workspace/.derivedData/ModuleCache.noindex/Session.modulevalidation -Xcc -fmodules-prune-interval\=86400 -Xcc -fmodules-prune-after\=345600 -package-name logmanager -emit-const-values -const-gather-protocols-list /Users/admin/builder/spi-builder-workspace/.derivedData/Build/Intermediates.noindex/LogManager.build/Debug-watchos/LogManager-t.build/Objects-normal/arm64/LogManager_const_extract_protocols.json -Xcc -I/Users/admin/builder/spi-builder-workspace/.derivedData/Build/Products/Debug-watchos/include -Xcc -I/Users/admin/builder/spi-builder-workspace/.derivedData/Build/Intermediates.noindex/LogManager.build/Debug-watchos/LogManager-t.build/DerivedSources-normal/arm64 -Xcc -I/Users/admin/builder/spi-builder-workspace/.derivedData/Build/Intermediates.noindex/LogManager.build/Debug-watchos/LogManager-t.build/DerivedSources/arm64 -Xcc -I/Users/admin/builder/spi-builder-workspace/.derivedData/Build/Intermediates.noindex/LogManager.build/Debug-watchos/LogManager-t.build/DerivedSources -Xcc -DSWIFT_PACKAGE -Xcc -DDEBUG\=1 -emit-objc-header -emit-objc-header-path /Users/admin/builder/spi-builder-workspace/.derivedData/Build/Intermediates.noindex/LogManager.build/Debug-watchos/LogManager-t.build/Objects-normal/arm64/LogManager-Swift.h -working-directory /Users/admin/builder/spi-builder-workspace/.swiftpm/xcode -experimental-emit-module-separately -disable-cmo
Ld /Users/admin/builder/spi-builder-workspace/.derivedData/Build/Intermediates.noindex/LogManager.build/Debug-watchos/LogManager-t.build/Objects-normal/arm64/Binary/LogManager.o normal arm64 (in target 'LogManager' from project 'LogManager')
    cd /Users/admin/builder/spi-builder-workspace/.dependencies/checkouts/LogManager
    /Applications/Xcode-27.0.0-Release.Candidate.app/Contents/Developer/Toolchains/XcodeDefault.xctoolchain/usr/bin/clang -Xlinker -reproducible -target arm64-apple-watchos26.0 -r -isysroot /Applications/Xcode-27.0.0-Release.Candidate.app/Contents/Developer/Platforms/WatchOS.platform/Developer/SDKs/WatchOS27.0.sdk -O0 -w -Xlinker -no_warn_duplicate_libraries -F/Users/admin/builder/spi-builder-workspace/.derivedData/Build/Intermediates.noindex/EagerLinkingTBDs/Debug-watchos -F/Users/admin/builder/spi-builder-workspace/.derivedData/Build/Products/Debug-watchos -iframework /Applications/Xcode-27.0.0-Release.Candidate.app/Contents/Developer/Platforms/WatchOS.platform/Developer/Library/Frameworks -iframework /Applications/Xcode-27.0.0-Release.Candidate.app/Contents/Developer/Platforms/WatchOS.platform/Developer/SDKs/WatchOS27.0.sdk/Developer/Library/Frameworks -filelist /Users/admin/builder/spi-builder-workspace/.derivedData/Build/Intermediates.noindex/LogManager.build/Debug-watchos/LogManager-t.build/Objects-normal/arm64/LogManager.LinkFileList -nostdlib -Xlinker -object_path_lto -Xlinker /Users/admin/builder/spi-builder-workspace/.derivedData/Build/Intermediates.noindex/LogManager.build/Debug-watchos/LogManager-t.build/Objects-normal/arm64/LogManager_lto.o -Xlinker -no_deduplicate -Xlinker -debug_variant -Xlinker -dependency_info -Xlinker /Users/admin/builder/spi-builder-workspace/.derivedData/Build/Intermediates.noindex/LogManager.build/Debug-watchos/LogManager-t.build/Objects-normal/arm64/LogManager_dependency_info.dat -fobjc-link-runtime -L/Applications/Xcode-27.0.0-Release.Candidate.app/Contents/Developer/Toolchains/XcodeDefault.xctoolchain/usr/lib/swift/watchos -L/usr/lib/swift -Xlinker -add_ast_path -Xlinker /Users/admin/builder/spi-builder-workspace/.derivedData/Build/Intermediates.noindex/LogManager.build/Debug-watchos/LogManager-t.build/Objects-normal/arm64/LogManager.swiftmodule -o /Users/admin/builder/spi-builder-workspace/.derivedData/Build/Intermediates.noindex/LogManager.build/Debug-watchos/LogManager-t.build/Objects-normal/arm64/Binary/LogManager.o
CreateUniversalBinary /Users/admin/builder/spi-builder-workspace/.derivedData/Build/Products/Debug-watchos/LogManager.o normal arm64\ arm64_32 (in target 'LogManager' from project 'LogManager')
    cd /Users/admin/builder/spi-builder-workspace/.dependencies/checkouts/LogManager
    /Applications/Xcode-27.0.0-Release.Candidate.app/Contents/Developer/Toolchains/XcodeDefault.xctoolchain/usr/bin/lipo -create /Users/admin/builder/spi-builder-workspace/.derivedData/Build/Intermediates.noindex/LogManager.build/Debug-watchos/LogManager-t.build/Objects-normal/arm64/Binary/LogManager.o /Users/admin/builder/spi-builder-workspace/.derivedData/Build/Intermediates.noindex/LogManager.build/Debug-watchos/LogManager-t.build/Objects-normal/arm64_32/Binary/LogManager.o -output /Users/admin/builder/spi-builder-workspace/.derivedData/Build/Products/Debug-watchos/LogManager.o
ExtractAppIntentsMetadata (in target 'LogManager' from project 'LogManager')
    cd /Users/admin/builder/spi-builder-workspace/.dependencies/checkouts/LogManager
    /Applications/Xcode-27.0.0-Release.Candidate.app/Contents/Developer/Toolchains/XcodeDefault.xctoolchain/usr/bin/appintentsmetadataprocessor --toolchain-dir /var/run/com.apple.security.cryptexd/mnt/com.apple.MobileAsset.MetalToolchain-v27.1.266.1.rxBCup/Metal.xctoolchain --module-name LogManager --sdk-root /Applications/Xcode-27.0.0-Release.Candidate.app/Contents/Developer/Platforms/WatchOS.platform/Developer/SDKs/WatchOS27.0.sdk --xcode-version 27A266a --platform-family watchOS --deployment-target 26.0 --bundle-identifier logmanager.LogManager --output /Users/admin/builder/spi-builder-workspace/.derivedData/Build/Products/Debug-watchos/LogManager.appintents --target-triple arm64-apple-watchos26.0 --target-triple arm64_32-apple-watchos26.0 --binary-file /Users/admin/builder/spi-builder-workspace/.derivedData/Build/Products/Debug-watchos/LogManager.o --dependency-file /Users/admin/builder/spi-builder-workspace/.derivedData/Build/Intermediates.noindex/LogManager.build/Debug-watchos/LogManager-t.build/Objects-normal/arm64/LogManager_dependency_info.dat --dependency-file /Users/admin/builder/spi-builder-workspace/.derivedData/Build/Intermediates.noindex/LogManager.build/Debug-watchos/LogManager-t.build/Objects-normal/arm64_32/LogManager_dependency_info.dat --stringsdata-file /Users/admin/builder/spi-builder-workspace/.derivedData/Build/Intermediates.noindex/LogManager.build/Debug-watchos/LogManager-t.build/Objects-normal/arm64/ExtractedAppShortcutsMetadata.stringsdata --stringsdata-file /Users/admin/builder/spi-builder-workspace/.derivedData/Build/Intermediates.noindex/LogManager.build/Debug-watchos/LogManager-t.build/Objects-normal/arm64_32/ExtractedAppShortcutsMetadata.stringsdata --source-file-list /Users/admin/builder/spi-builder-workspace/.derivedData/Build/Intermediates.noindex/LogManager.build/Debug-watchos/LogManager-t.build/Objects-normal/arm64/LogManager.SwiftFileList --source-file-list /Users/admin/builder/spi-builder-workspace/.derivedData/Build/Intermediates.noindex/LogManager.build/Debug-watchos/LogManager-t.build/Objects-normal/arm64_32/LogManager.SwiftFileList --metadata-file-list /Users/admin/builder/spi-builder-workspace/.derivedData/Build/Intermediates.noindex/LogManager.build/Debug-watchos/LogManager-t.build/LogManager.DependencyMetadataFileList --static-metadata-file-list /Users/admin/builder/spi-builder-workspace/.derivedData/Build/Intermediates.noindex/LogManager.build/Debug-watchos/LogManager-t.build/LogManager.DependencyStaticMetadataFileList --swift-const-vals-list /Users/admin/builder/spi-builder-workspace/.derivedData/Build/Intermediates.noindex/LogManager.build/Debug-watchos/LogManager-t.build/Objects-normal/arm64/LogManager.SwiftConstValuesFileList --swift-const-vals-list /Users/admin/builder/spi-builder-workspace/.derivedData/Build/Intermediates.noindex/LogManager.build/Debug-watchos/LogManager-t.build/Objects-normal/arm64_32/LogManager.SwiftConstValuesFileList --force --compile-time-extraction --deployment-aware-processing --no-app-shortcuts-localization
2026-09-27 11:28:02.145 appintentsmetadataprocessor[915:5165] Starting appintentsmetadataprocessor export
2026-09-27 11:28:02.245 appintentsmetadataprocessor[915:5165] Extracted no relevant App Intents symbols, skipping writing output
SwiftExplicitDependencyGeneratePcm arm64_32 /Users/admin/builder/spi-builder-workspace/.derivedData/SDKExplicitPrecompiledModules/UIKit-BGAQE5HOOTG6M9C46O1HHPCDR.pcm
SwiftExplicitDependencyGeneratePcm arm64_32 /Users/admin/builder/spi-builder-workspace/.derivedData/SDKExplicitPrecompiledModules/simd-1W6O8NR1QUSWJGAN44DNNWVHX.pcm
SwiftExplicitDependencyGeneratePcm arm64 /Users/admin/builder/spi-builder-workspace/.derivedData/SDKExplicitPrecompiledModules/simd-2C11HKTI5TJB05T724EWNFZXD.pcm
SwiftExplicitDependencyGeneratePcm arm64_32 /Users/admin/builder/spi-builder-workspace/.derivedData/SDKExplicitPrecompiledModules/SceneKit-CLOM4E4D45A8A94N3QNHOVW3H.pcm
SwiftExplicitDependencyGeneratePcm arm64_32 /Users/admin/builder/spi-builder-workspace/.derivedData/SDKExplicitPrecompiledModules/Spatial-4XS0QRL16224ZE9KE9TMKASKT.pcm
SwiftExplicitDependencyGeneratePcm arm64 /Users/admin/builder/spi-builder-workspace/.derivedData/SDKExplicitPrecompiledModules/SceneKit-4VPDXW2J8W40JMX88G7X30C4G.pcm
SwiftExplicitDependencyGeneratePcm arm64 /Users/admin/builder/spi-builder-workspace/.derivedData/SDKExplicitPrecompiledModules/Spatial-EZKKX4XFW72RZCTOIG80Z93AP.pcm
SwiftExplicitDependencyGeneratePcm arm64 /Users/admin/builder/spi-builder-workspace/.derivedData/SDKExplicitPrecompiledModules/MapKit-5U4CPBNVICOGB0BBK9BC7P4E9.pcm
SwiftExplicitDependencyGeneratePcm arm64 /Users/admin/builder/spi-builder-workspace/.derivedData/SDKExplicitPrecompiledModules/HomeKit-2JD3RMVTK0MFX7K570KHTLBBH.pcm
SwiftExplicitDependencyGeneratePcm arm64_32 /Users/admin/builder/spi-builder-workspace/.derivedData/SDKExplicitPrecompiledModules/MapKit-3RCPMYWFYVKLOR1JJH1M1L7O6.pcm
SwiftExplicitDependencyGeneratePcm arm64_32 /Users/admin/builder/spi-builder-workspace/.derivedData/SDKExplicitPrecompiledModules/HomeKit-DXH34ZWEY4P4FEELCOH3LXVCR.pcm
SwiftExplicitDependencyGeneratePcm arm64 /Users/admin/builder/spi-builder-workspace/.derivedData/SDKExplicitPrecompiledModules/WatchKit-22L6Z003SE8XPQ9JS14K57C9N.pcm
SwiftExplicitDependencyGeneratePcm arm64_32 /Users/admin/builder/spi-builder-workspace/.derivedData/SDKExplicitPrecompiledModules/WatchKit-7IATJTA58S6OFDEYHG9JSLLDQ.pcm
SwiftExplicitDependencyGeneratePcm arm64 /Users/admin/builder/spi-builder-workspace/.derivedData/SDKExplicitPrecompiledModules/SwiftUI-E6XJI4PF1Q2HPTXKL91GWARU6.pcm
SwiftExplicitDependencyGeneratePcm arm64_32 /Users/admin/builder/spi-builder-workspace/.derivedData/SDKExplicitPrecompiledModules/SwiftUI-6DR5UJH94SD7QMITGWNAX9FBI.pcm
SwiftEmitModule normal arm64 Emitting\ module\ for\ SwiftletUtilities (in target 'SwiftletUtilities' from project 'SwiftletUtilities')
SwiftCompile normal arm64 (in target 'SwiftletUtilities' from project 'SwiftletUtilities')
    cd /Users/admin/builder/spi-builder-workspace/.swiftpm/xcode

SwiftCompile normal arm64 Compiling\ UIDeviceOrientation.swift,\ macOS\ DataExtensions.swift /Users/admin/builder/spi-builder-workspace/.dependencies/checkouts/SwiftletUtilities/Sources/SwiftletUtilities/macOS/Enumerations/UIDeviceOrientation.swift /Users/admin/builder/spi-builder-workspace/.dependencies/checkouts/SwiftletUtilities/Sources/SwiftletUtilities/macOS/Extensions/macOS\ DataExtensions.swift (in target 'SwiftletUtilities' from project 'SwiftletUtilities')
SwiftCompile normal arm64 /Users/admin/builder/spi-builder-workspace/.dependencies/checkouts/SwiftletUtilities/Sources/SwiftletUtilities/macOS/Enumerations/UIDeviceOrientation.swift (in target 'SwiftletUtilities' from project 'SwiftletUtilities')
    cd /Users/admin/builder/spi-builder-workspace/.swiftpm/xcode
    builtin-SwiftPerFileCompile UIDeviceOrientation.swift
SwiftCompile normal arm64 /Users/admin/builder/spi-builder-workspace/.dependencies/checkouts/SwiftletUtilities/Sources/SwiftletUtilities/macOS/Extensions/macOS\ DataExtensions.swift (in target 'SwiftletUtilities' from project 'SwiftletUtilities')
    cd /Users/admin/builder/spi-builder-workspace/.swiftpm/xcode
    builtin-SwiftPerFileCompile macOS\ DataExtensions.swift
SwiftCompile normal arm64 Compiling\ iOS\ DataExtensions.swift,\ iOS\ ImageExtensions.swift /Users/admin/builder/spi-builder-workspace/.dependencies/checkouts/SwiftletUtilities/Sources/SwiftletUtilities/iOS/Extensions/iOS\ DataExtensions.swift /Users/admin/builder/spi-builder-workspace/.dependencies/checkouts/SwiftletUtilities/Sources/SwiftletUtilities/iOS/Extensions/iOS\ ImageExtensions.swift (in target 'SwiftletUtilities' from project 'SwiftletUtilities')
SwiftCompile normal arm64 /Users/admin/builder/spi-builder-workspace/.dependencies/checkouts/SwiftletUtilities/Sources/SwiftletUtilities/iOS/Extensions/iOS\ DataExtensions.swift (in target 'SwiftletUtilities' from project 'SwiftletUtilities')
    cd /Users/admin/builder/spi-builder-workspace/.swiftpm/xcode
    builtin-SwiftPerFileCompile iOS\ DataExtensions.swift
SwiftCompile normal arm64 /Users/admin/builder/spi-builder-workspace/.dependencies/checkouts/SwiftletUtilities/Sources/SwiftletUtilities/iOS/Extensions/iOS\ ImageExtensions.swift (in target 'SwiftletUtilities' from project 'SwiftletUtilities')
    cd /Users/admin/builder/spi-builder-workspace/.swiftpm/xcode
    builtin-SwiftPerFileCompile iOS\ ImageExtensions.swift
SwiftCompile normal arm64 Compiling\ macOS\ ImageExtensions.swift,\ macOS\ StringExtensions.swift /Users/admin/builder/spi-builder-workspace/.dependencies/checkouts/SwiftletUtilities/Sources/SwiftletUtilities/macOS/Extensions/macOS\ ImageExtensions.swift /Users/admin/builder/spi-builder-workspace/.dependencies/checkouts/SwiftletUtilities/Sources/SwiftletUtilities/macOS/Extensions/macOS\ StringExtensions.swift (in target 'SwiftletUtilities' from project 'SwiftletUtilities')
SwiftCompile normal arm64 /Users/admin/builder/spi-builder-workspace/.dependencies/checkouts/SwiftletUtilities/Sources/SwiftletUtilities/macOS/Extensions/macOS\ ImageExtensions.swift (in target 'SwiftletUtilities' from project 'SwiftletUtilities')
    cd /Users/admin/builder/spi-builder-workspace/.swiftpm/xcode
    builtin-SwiftPerFileCompile macOS\ ImageExtensions.swift
SwiftCompile normal arm64 /Users/admin/builder/spi-builder-workspace/.dependencies/checkouts/SwiftletUtilities/Sources/SwiftletUtilities/macOS/Extensions/macOS\ StringExtensions.swift (in target 'SwiftletUtilities' from project 'SwiftletUtilities')
    cd /Users/admin/builder/spi-builder-workspace/.swiftpm/xcode
    builtin-SwiftPerFileCompile macOS\ StringExtensions.swift
SwiftCompile normal arm64 Compiling\ ObfuscationProvider.swift,\ UIApplicationExtensions.swift,\ ViewDeviceRotation.swift /Users/admin/builder/spi-builder-workspace/.dependencies/checkouts/SwiftletUtilities/Sources/SwiftletUtilities/SharedCode/Utilities/ObfuscationProvider.swift /Users/admin/builder/spi-builder-workspace/.dependencies/checkouts/SwiftletUtilities/Sources/SwiftletUtilities/iOS/Extensions/UIApplicationExtensions.swift /Users/admin/builder/spi-builder-workspace/.dependencies/checkouts/SwiftletUtilities/Sources/SwiftletUtilities/iOS/Extensions/ViewDeviceRotation.swift (in target 'SwiftletUtilities' from project 'SwiftletUtilities')
SwiftCompile normal arm64 /Users/admin/builder/spi-builder-workspace/.dependencies/checkouts/SwiftletUtilities/Sources/SwiftletUtilities/SharedCode/Utilities/ObfuscationProvider.swift (in target 'SwiftletUtilities' from project 'SwiftletUtilities')
    cd /Users/admin/builder/spi-builder-workspace/.swiftpm/xcode
    builtin-SwiftPerFileCompile ObfuscationProvider.swift
SwiftCompile normal arm64 /Users/admin/builder/spi-builder-workspace/.dependencies/checkouts/SwiftletUtilities/Sources/SwiftletUtilities/iOS/Extensions/UIApplicationExtensions.swift (in target 'SwiftletUtilities' from project 'SwiftletUtilities')
    cd /Users/admin/builder/spi-builder-workspace/.swiftpm/xcode
    builtin-SwiftPerFileCompile UIApplicationExtensions.swift
SwiftCompile normal arm64 /Users/admin/builder/spi-builder-workspace/.dependencies/checkouts/SwiftletUtilities/Sources/SwiftletUtilities/iOS/Extensions/ViewDeviceRotation.swift (in target 'SwiftletUtilities' from project 'SwiftletUtilities')
    cd /Users/admin/builder/spi-builder-workspace/.swiftpm/xcode
    builtin-SwiftPerFileCompile ViewDeviceRotation.swift
SwiftCompile normal arm64 Compiling\ Execute.swift,\ HTMLEntity.swift,\ NetworkConnection.swift /Users/admin/builder/spi-builder-workspace/.dependencies/checkouts/SwiftletUtilities/Sources/SwiftletUtilities/SharedCode/Utilities/Execute.swift /Users/admin/builder/spi-builder-workspace/.dependencies/checkouts/SwiftletUtilities/Sources/SwiftletUtilities/SharedCode/Utilities/HTMLEntity.swift /Users/admin/builder/spi-builder-workspace/.dependencies/checkouts/SwiftletUtilities/Sources/SwiftletUtilities/SharedCode/Utilities/NetworkConnection.swift (in target 'SwiftletUtilities' from project 'SwiftletUtilities')
SwiftCompile normal arm64 /Users/admin/builder/spi-builder-workspace/.dependencies/checkouts/SwiftletUtilities/Sources/SwiftletUtilities/SharedCode/Utilities/Execute.swift (in target 'SwiftletUtilities' from project 'SwiftletUtilities')
    cd /Users/admin/builder/spi-builder-workspace/.swiftpm/xcode
    builtin-SwiftPerFileCompile Execute.swift
SwiftCompile normal arm64 /Users/admin/builder/spi-builder-workspace/.dependencies/checkouts/SwiftletUtilities/Sources/SwiftletUtilities/SharedCode/Utilities/HTMLEntity.swift (in target 'SwiftletUtilities' from project 'SwiftletUtilities')
    cd /Users/admin/builder/spi-builder-workspace/.swiftpm/xcode
    builtin-SwiftPerFileCompile HTMLEntity.swift
SwiftCompile normal arm64 /Users/admin/builder/spi-builder-workspace/.dependencies/checkouts/SwiftletUtilities/Sources/SwiftletUtilities/SharedCode/Utilities/NetworkConnection.swift (in target 'SwiftletUtilities' from project 'SwiftletUtilities')
    cd /Users/admin/builder/spi-builder-workspace/.swiftpm/xcode
    builtin-SwiftPerFileCompile NetworkConnection.swift
SwiftCompile normal arm64 Compiling\ ViewExtensions.swift,\ AppleHardwareType.swift,\ HardwareInformation.swift /Users/admin/builder/spi-builder-workspace/.dependencies/checkouts/SwiftletUtilities/Sources/SwiftletUtilities/SharedCode/Extensions/ViewExtensions.swift /Users/admin/builder/spi-builder-workspace/.dependencies/checkouts/SwiftletUtilities/Sources/SwiftletUtilities/SharedCode/Hardware/AppleHardwareType.swift /Users/admin/builder/spi-builder-workspace/.dependencies/checkouts/SwiftletUtilities/Sources/SwiftletUtilities/SharedCode/Hardware/HardwareInformation.swift (in target 'SwiftletUtilities' from project 'SwiftletUtilities')
SwiftCompile normal arm64 /Users/admin/builder/spi-builder-workspace/.dependencies/checkouts/SwiftletUtilities/Sources/SwiftletUtilities/SharedCode/Extensions/ViewExtensions.swift (in target 'SwiftletUtilities' from project 'SwiftletUtilities')
    cd /Users/admin/builder/spi-builder-workspace/.swiftpm/xcode
    builtin-SwiftPerFileCompile ViewExtensions.swift
SwiftCompile normal arm64 /Users/admin/builder/spi-builder-workspace/.dependencies/checkouts/SwiftletUtilities/Sources/SwiftletUtilities/SharedCode/Hardware/AppleHardwareType.swift (in target 'SwiftletUtilities' from project 'SwiftletUtilities')
    cd /Users/admin/builder/spi-builder-workspace/.swiftpm/xcode
    builtin-SwiftPerFileCompile AppleHardwareType.swift
SwiftCompile normal arm64 /Users/admin/builder/spi-builder-workspace/.dependencies/checkouts/SwiftletUtilities/Sources/SwiftletUtilities/SharedCode/Hardware/HardwareInformation.swift (in target 'SwiftletUtilities' from project 'SwiftletUtilities')
    cd /Users/admin/builder/spi-builder-workspace/.swiftpm/xcode
    builtin-SwiftPerFileCompile HardwareInformation.swift
SwiftCompile normal arm64 Compiling\ PublishedExtensions.swift,\ StringExtensions.swift,\ TitleCase.swift /Users/admin/builder/spi-builder-workspace/.dependencies/checkouts/SwiftletUtilities/Sources/SwiftletUtilities/SharedCode/Extensions/PublishedExtensions.swift /Users/admin/builder/spi-builder-workspace/.dependencies/checkouts/SwiftletUtilities/Sources/SwiftletUtilities/SharedCode/Extensions/StringExtensions.swift /Users/admin/builder/spi-builder-workspace/.dependencies/checkouts/SwiftletUtilities/Sources/SwiftletUtilities/SharedCode/Extensions/TitleCase.swift (in target 'SwiftletUtilities' from project 'SwiftletUtilities')
SwiftCompile normal arm64 /Users/admin/builder/spi-builder-workspace/.dependencies/checkouts/SwiftletUtilities/Sources/SwiftletUtilities/SharedCode/Extensions/PublishedExtensions.swift (in target 'SwiftletUtilities' from project 'SwiftletUtilities')
    cd /Users/admin/builder/spi-builder-workspace/.swiftpm/xcode
    builtin-SwiftPerFileCompile PublishedExtensions.swift
SwiftCompile normal arm64 /Users/admin/builder/spi-builder-workspace/.dependencies/checkouts/SwiftletUtilities/Sources/SwiftletUtilities/SharedCode/Extensions/StringExtensions.swift (in target 'SwiftletUtilities' from project 'SwiftletUtilities')
    cd /Users/admin/builder/spi-builder-workspace/.swiftpm/xcode
    builtin-SwiftPerFileCompile StringExtensions.swift
SwiftCompile normal arm64 /Users/admin/builder/spi-builder-workspace/.dependencies/checkouts/SwiftletUtilities/Sources/SwiftletUtilities/SharedCode/Extensions/TitleCase.swift (in target 'SwiftletUtilities' from project 'SwiftletUtilities')
    cd /Users/admin/builder/spi-builder-workspace/.swiftpm/xcode
    builtin-SwiftPerFileCompile TitleCase.swift
SwiftCompile normal arm64 Compiling\ DoubleExtensions.swift,\ ImageExtensions.swift,\ IntegerExtensions.swift /Users/admin/builder/spi-builder-workspace/.dependencies/checkouts/SwiftletUtilities/Sources/SwiftletUtilities/SharedCode/Extensions/DoubleExtensions.swift /Users/admin/builder/spi-builder-workspace/.dependencies/checkouts/SwiftletUtilities/Sources/SwiftletUtilities/SharedCode/Extensions/ImageExtensions.swift /Users/admin/builder/spi-builder-workspace/.dependencies/checkouts/SwiftletUtilities/Sources/SwiftletUtilities/SharedCode/Extensions/IntegerExtensions.swift (in target 'SwiftletUtilities' from project 'SwiftletUtilities')
SwiftCompile normal arm64 /Users/admin/builder/spi-builder-workspace/.dependencies/checkouts/SwiftletUtilities/Sources/SwiftletUtilities/SharedCode/Extensions/DoubleExtensions.swift (in target 'SwiftletUtilities' from project 'SwiftletUtilities')
    cd /Users/admin/builder/spi-builder-workspace/.swiftpm/xcode
    builtin-SwiftPerFileCompile DoubleExtensions.swift
SwiftCompile normal arm64 /Users/admin/builder/spi-builder-workspace/.dependencies/checkouts/SwiftletUtilities/Sources/SwiftletUtilities/SharedCode/Extensions/ImageExtensions.swift (in target 'SwiftletUtilities' from project 'SwiftletUtilities')
    cd /Users/admin/builder/spi-builder-workspace/.swiftpm/xcode
    builtin-SwiftPerFileCompile ImageExtensions.swift
SwiftCompile normal arm64 /Users/admin/builder/spi-builder-workspace/.dependencies/checkouts/SwiftletUtilities/Sources/SwiftletUtilities/SharedCode/Extensions/IntegerExtensions.swift (in target 'SwiftletUtilities' from project 'SwiftletUtilities')
    cd /Users/admin/builder/spi-builder-workspace/.swiftpm/xcode
    builtin-SwiftPerFileCompile IntegerExtensions.swift
SwiftCompile normal arm64 Compiling\ resource_bundle_accessor.swift,\ ArrayExtensions.swift,\ ColorExtentions.swift /Users/admin/builder/spi-builder-workspace/.derivedData/Build/Intermediates.noindex/SwiftletUtilities.build/Debug-watchos/SwiftletUtilities-t.build/DerivedSources/resource_bundle_accessor.swift /Users/admin/builder/spi-builder-workspace/.dependencies/checkouts/SwiftletUtilities/Sources/SwiftletUtilities/SharedCode/Extensions/ArrayExtensions.swift /Users/admin/builder/spi-builder-workspace/.dependencies/checkouts/SwiftletUtilities/Sources/SwiftletUtilities/SharedCode/Extensions/ColorExtentions.swift (in target 'SwiftletUtilities' from project 'SwiftletUtilities')
SwiftCompile normal arm64 /Users/admin/builder/spi-builder-workspace/.derivedData/Build/Intermediates.noindex/SwiftletUtilities.build/Debug-watchos/SwiftletUtilities-t.build/DerivedSources/resource_bundle_accessor.swift (in target 'SwiftletUtilities' from project 'SwiftletUtilities')
    cd /Users/admin/builder/spi-builder-workspace/.swiftpm/xcode
    builtin-SwiftPerFileCompile resource_bundle_accessor.swift
SwiftCompile normal arm64 /Users/admin/builder/spi-builder-workspace/.dependencies/checkouts/SwiftletUtilities/Sources/SwiftletUtilities/SharedCode/Extensions/ArrayExtensions.swift (in target 'SwiftletUtilities' from project 'SwiftletUtilities')
    cd /Users/admin/builder/spi-builder-workspace/.swiftpm/xcode
    builtin-SwiftPerFileCompile ArrayExtensions.swift
SwiftCompile normal arm64 /Users/admin/builder/spi-builder-workspace/.dependencies/checkouts/SwiftletUtilities/Sources/SwiftletUtilities/SharedCode/Extensions/ColorExtentions.swift (in target 'SwiftletUtilities' from project 'SwiftletUtilities')
    cd /Users/admin/builder/spi-builder-workspace/.swiftpm/xcode
    builtin-SwiftPerFileCompile ColorExtentions.swift
SwiftEmitModule normal arm64_32 Emitting\ module\ for\ SwiftletUtilities (in target 'SwiftletUtilities' from project 'SwiftletUtilities')
SwiftCompile normal arm64_32 (in target 'SwiftletUtilities' from project 'SwiftletUtilities')
    cd /Users/admin/builder/spi-builder-workspace/.swiftpm/xcode

SwiftDriverJobDiscovery normal arm64 Compiling UIDeviceOrientation.swift, macOS DataExtensions.swift (in target 'SwiftletUtilities' from project 'SwiftletUtilities')
SwiftCompile normal arm64_32 Compiling\ DoubleExtensions.swift,\ ImageExtensions.swift,\ IntegerExtensions.swift /Users/admin/builder/spi-builder-workspace/.dependencies/checkouts/SwiftletUtilities/Sources/SwiftletUtilities/SharedCode/Extensions/DoubleExtensions.swift /Users/admin/builder/spi-builder-workspace/.dependencies/checkouts/SwiftletUtilities/Sources/SwiftletUtilities/SharedCode/Extensions/ImageExtensions.swift /Users/admin/builder/spi-builder-workspace/.dependencies/checkouts/SwiftletUtilities/Sources/SwiftletUtilities/SharedCode/Extensions/IntegerExtensions.swift (in target 'SwiftletUtilities' from project 'SwiftletUtilities')
SwiftCompile normal arm64_32 /Users/admin/builder/spi-builder-workspace/.dependencies/checkouts/SwiftletUtilities/Sources/SwiftletUtilities/SharedCode/Extensions/DoubleExtensions.swift (in target 'SwiftletUtilities' from project 'SwiftletUtilities')
    cd /Users/admin/builder/spi-builder-workspace/.swiftpm/xcode
    builtin-SwiftPerFileCompile DoubleExtensions.swift
SwiftCompile normal arm64_32 /Users/admin/builder/spi-builder-workspace/.dependencies/checkouts/SwiftletUtilities/Sources/SwiftletUtilities/SharedCode/Extensions/ImageExtensions.swift (in target 'SwiftletUtilities' from project 'SwiftletUtilities')
    cd /Users/admin/builder/spi-builder-workspace/.swiftpm/xcode
    builtin-SwiftPerFileCompile ImageExtensions.swift
SwiftCompile normal arm64_32 /Users/admin/builder/spi-builder-workspace/.dependencies/checkouts/SwiftletUtilities/Sources/SwiftletUtilities/SharedCode/Extensions/IntegerExtensions.swift (in target 'SwiftletUtilities' from project 'SwiftletUtilities')
    cd /Users/admin/builder/spi-builder-workspace/.swiftpm/xcode
    builtin-SwiftPerFileCompile IntegerExtensions.swift
SwiftDriverJobDiscovery normal arm64 Compiling macOS ImageExtensions.swift, macOS StringExtensions.swift (in target 'SwiftletUtilities' from project 'SwiftletUtilities')
SwiftCompile normal arm64_32 Compiling\ Execute.swift,\ HTMLEntity.swift,\ NetworkConnection.swift /Users/admin/builder/spi-builder-workspace/.dependencies/checkouts/SwiftletUtilities/Sources/SwiftletUtilities/SharedCode/Utilities/Execute.swift /Users/admin/builder/spi-builder-workspace/.dependencies/checkouts/SwiftletUtilities/Sources/SwiftletUtilities/SharedCode/Utilities/HTMLEntity.swift /Users/admin/builder/spi-builder-workspace/.dependencies/checkouts/SwiftletUtilities/Sources/SwiftletUtilities/SharedCode/Utilities/NetworkConnection.swift (in target 'SwiftletUtilities' from project 'SwiftletUtilities')
SwiftCompile normal arm64_32 /Users/admin/builder/spi-builder-workspace/.dependencies/checkouts/SwiftletUtilities/Sources/SwiftletUtilities/SharedCode/Utilities/Execute.swift (in target 'SwiftletUtilities' from project 'SwiftletUtilities')
    cd /Users/admin/builder/spi-builder-workspace/.swiftpm/xcode
    builtin-SwiftPerFileCompile Execute.swift
SwiftCompile normal arm64_32 /Users/admin/builder/spi-builder-workspace/.dependencies/checkouts/SwiftletUtilities/Sources/SwiftletUtilities/SharedCode/Utilities/HTMLEntity.swift (in target 'SwiftletUtilities' from project 'SwiftletUtilities')
    cd /Users/admin/builder/spi-builder-workspace/.swiftpm/xcode
    builtin-SwiftPerFileCompile HTMLEntity.swift
SwiftCompile normal arm64_32 /Users/admin/builder/spi-builder-workspace/.dependencies/checkouts/SwiftletUtilities/Sources/SwiftletUtilities/SharedCode/Utilities/NetworkConnection.swift (in target 'SwiftletUtilities' from project 'SwiftletUtilities')
    cd /Users/admin/builder/spi-builder-workspace/.swiftpm/xcode
    builtin-SwiftPerFileCompile NetworkConnection.swift
SwiftDriverJobDiscovery normal arm64 Compiling iOS DataExtensions.swift, iOS ImageExtensions.swift (in target 'SwiftletUtilities' from project 'SwiftletUtilities')
SwiftCompile normal arm64_32 Compiling\ iOS\ StringExtensions.swift,\ iOS\ ViewExtensions.swift /Users/admin/builder/spi-builder-workspace/.dependencies/checkouts/SwiftletUtilities/Sources/SwiftletUtilities/iOS/Extensions/iOS\ StringExtensions.swift /Users/admin/builder/spi-builder-workspace/.dependencies/checkouts/SwiftletUtilities/Sources/SwiftletUtilities/iOS/Extensions/iOS\ ViewExtensions.swift (in target 'SwiftletUtilities' from project 'SwiftletUtilities')
SwiftCompile normal arm64_32 /Users/admin/builder/spi-builder-workspace/.dependencies/checkouts/SwiftletUtilities/Sources/SwiftletUtilities/iOS/Extensions/iOS\ StringExtensions.swift (in target 'SwiftletUtilities' from project 'SwiftletUtilities')
    cd /Users/admin/builder/spi-builder-workspace/.swiftpm/xcode
    builtin-SwiftPerFileCompile iOS\ StringExtensions.swift
SwiftCompile normal arm64_32 /Users/admin/builder/spi-builder-workspace/.dependencies/checkouts/SwiftletUtilities/Sources/SwiftletUtilities/iOS/Extensions/iOS\ ViewExtensions.swift (in target 'SwiftletUtilities' from project 'SwiftletUtilities')
    cd /Users/admin/builder/spi-builder-workspace/.swiftpm/xcode
    builtin-SwiftPerFileCompile iOS\ ViewExtensions.swift
SwiftDriverJobDiscovery normal arm64 Emitting module for SwiftletUtilities (in target 'SwiftletUtilities' from project 'SwiftletUtilities')
SwiftDriver\ Compilation\ Requirements SwiftletUtilities normal arm64 com.apple.xcode.tools.swift.compiler (in target 'SwiftletUtilities' from project 'SwiftletUtilities')
    cd /Users/admin/builder/spi-builder-workspace/.swiftpm/xcode
    builtin-Swift-Compilation-Requirements -- /Applications/Xcode-27.0.0-Release.Candidate.app/Contents/Developer/Toolchains/XcodeDefault.xctoolchain/usr/bin/swiftc -parse-as-library -module-name SwiftletUtilities -Onone @/Users/admin/builder/spi-builder-workspace/.derivedData/Build/Intermediates.noindex/SwiftletUtilities.build/Debug-watchos/SwiftletUtilities-t.build/Objects-normal/arm64/SwiftletUtilities.SwiftFileList -DSWIFT_PACKAGE -DDEBUG -DSWIFT_MODULE_RESOURCE_BUNDLE_AVAILABLE -DXcode -plugin-path /Applications/Xcode-27.0.0-Release.Candidate.app/Contents/Developer/Toolchains/XcodeDefault.xctoolchain/usr/lib/swift/host/plugins/testing -enable-experimental-feature DebugDescriptionMacro -sdk /Applications/Xcode-27.0.0-Release.Candidate.app/Contents/Developer/Platforms/WatchOS.platform/Developer/SDKs/WatchOS27.0.sdk -target arm64-apple-watchos26.0 -g -module-cache-path /Users/admin/builder/spi-builder-workspace/.derivedData/ModuleCache.noindex -Xfrontend -serialize-debugging-options -profile-coverage-mapping -profile-generate -enable-testing -suppress-warnings -index-store-path /Users/admin/builder/spi-builder-workspace/.derivedData/Index.noindex/DataStore -Xcc -D_LIBCPP_HARDENING_MODE\=_LIBCPP_HARDENING_MODE_DEBUG -swift-version 6 -I /Users/admin/builder/spi-builder-workspace/.derivedData/Build/Products/Debug-watchos -Isystem /Applications/Xcode-27.0.0-Release.Candidate.app/Contents/Developer/Platforms/WatchOS.platform/Developer/usr/lib -F /Users/admin/builder/spi-builder-workspace/.derivedData/Build/Products/Debug-watchos/PackageFrameworks -F /Users/admin/builder/spi-builder-workspace/.derivedData/Build/Products/Debug-watchos -F /Applications/Xcode-27.0.0-Release.Candidate.app/Contents/Developer/Platforms/WatchOS.platform/Developer/Library/Frameworks -F /Applications/Xcode-27.0.0-Release.Candidate.app/Contents/Developer/Platforms/WatchOS.platform/Developer/SDKs/WatchOS27.0.sdk/Developer/Library/Frameworks -c -j10 -enable-batch-mode -incremental -Xcc -ivfsstatcache -Xcc /Users/admin/builder/spi-builder-workspace/.derivedData/SDKStatCaches.noindex/watchos27.0-24R360-e829b21a6f8c9b70876ba0858053c04477534ef55a1706bf4c1112bbb242f0a2.sdkstatcache -output-file-map /Users/admin/builder/spi-builder-workspace/.derivedData/Build/Intermediates.noindex/SwiftletUtilities.build/Debug-watchos/SwiftletUtilities-t.build/Objects-normal/arm64/SwiftletUtilities-OutputFileMap.json -save-temps -no-color-diagnostics -explicit-module-build -module-cache-path /Users/admin/builder/spi-builder-workspace/.derivedData/Build/Intermediates.noindex/SwiftExplicitPrecompiledModules -clang-scanner-module-cache-path /Users/admin/builder/spi-builder-workspace/.derivedData/ModuleCache.noindex -sdk-module-cache-path /Users/admin/builder/spi-builder-workspace/.derivedData/SDKExplicitPrecompiledModules -emit-dependencies -emit-module -emit-module-path /Users/admin/builder/spi-builder-workspace/.derivedData/Build/Intermediates.noindex/SwiftletUtilities.build/Debug-watchos/SwiftletUtilities-t.build/Objects-normal/arm64/SwiftletUtilities.swiftmodule -serialize-diagnostics -dependency-scan-serialize-diagnostics-path /Users/admin/builder/spi-builder-workspace/.derivedData/Build/Intermediates.noindex/SwiftletUtilities.build/Debug-watchos/SwiftletUtilities-t.build/Objects-normal/arm64/SwiftletUtilities-dependency-scan.dia -user-module-version 2.1.4 -validate-clang-modules-once -clang-build-session-file /Users/admin/builder/spi-builder-workspace/.derivedData/ModuleCache.noindex/Session.modulevalidation -Xcc -fmodules-prune-interval\=86400 -Xcc -fmodules-prune-after\=345600 -package-name swiftletutilities -emit-const-values -const-gather-protocols-list /Users/admin/builder/spi-builder-workspace/.derivedData/Build/Intermediates.noindex/SwiftletUtilities.build/Debug-watchos/SwiftletUtilities-t.build/Objects-normal/arm64/SwiftletUtilities_const_extract_protocols.json -Xcc -I/Users/admin/builder/spi-builder-workspace/.derivedData/Build/Products/Debug-watchos/include -Xcc -I/Users/admin/builder/spi-builder-workspace/.derivedData/Build/Intermediates.noindex/SwiftletUtilities.build/Debug-watchos/SwiftletUtilities-t.build/DerivedSources-normal/arm64 -Xcc -I/Users/admin/builder/spi-builder-workspace/.derivedData/Build/Intermediates.noindex/SwiftletUtilities.build/Debug-watchos/SwiftletUtilities-t.build/DerivedSources/arm64 -Xcc -I/Users/admin/builder/spi-builder-workspace/.derivedData/Build/Intermediates.noindex/SwiftletUtilities.build/Debug-watchos/SwiftletUtilities-t.build/DerivedSources -Xcc -DSWIFT_PACKAGE -Xcc -DDEBUG\=1 -emit-objc-header -emit-objc-header-path /Users/admin/builder/spi-builder-workspace/.derivedData/Build/Intermediates.noindex/SwiftletUtilities.build/Debug-watchos/SwiftletUtilities-t.build/Objects-normal/arm64/SwiftletUtilities-Swift.h -working-directory /Users/admin/builder/spi-builder-workspace/.swiftpm/xcode -experimental-emit-module-separately -disable-cmo
SwiftDriverJobDiscovery normal arm64_32 Emitting module for SwiftletUtilities (in target 'SwiftletUtilities' from project 'SwiftletUtilities')
SwiftDriver\ Compilation\ Requirements SwiftletUtilities normal arm64_32 com.apple.xcode.tools.swift.compiler (in target 'SwiftletUtilities' from project 'SwiftletUtilities')
    cd /Users/admin/builder/spi-builder-workspace/.swiftpm/xcode
    builtin-Swift-Compilation-Requirements -- /Applications/Xcode-27.0.0-Release.Candidate.app/Contents/Developer/Toolchains/XcodeDefault.xctoolchain/usr/bin/swiftc -parse-as-library -module-name SwiftletUtilities -Onone @/Users/admin/builder/spi-builder-workspace/.derivedData/Build/Intermediates.noindex/SwiftletUtilities.build/Debug-watchos/SwiftletUtilities-t.build/Objects-normal/arm64_32/SwiftletUtilities.SwiftFileList -DSWIFT_PACKAGE -DDEBUG -DSWIFT_MODULE_RESOURCE_BUNDLE_AVAILABLE -DXcode -plugin-path /Applications/Xcode-27.0.0-Release.Candidate.app/Contents/Developer/Toolchains/XcodeDefault.xctoolchain/usr/lib/swift/host/plugins/testing -enable-experimental-feature DebugDescriptionMacro -sdk /Applications/Xcode-27.0.0-Release.Candidate.app/Contents/Developer/Platforms/WatchOS.platform/Developer/SDKs/WatchOS27.0.sdk -target arm64_32-apple-watchos26.0 -g -module-cache-path /Users/admin/builder/spi-builder-workspace/.derivedData/ModuleCache.noindex -Xfrontend -serialize-debugging-options -profile-coverage-mapping -profile-generate -enable-testing -suppress-warnings -index-store-path /Users/admin/builder/spi-builder-workspace/.derivedData/Index.noindex/DataStore -Xcc -D_LIBCPP_HARDENING_MODE\=_LIBCPP_HARDENING_MODE_DEBUG -swift-version 6 -I /Users/admin/builder/spi-builder-workspace/.derivedData/Build/Products/Debug-watchos -Isystem /Applications/Xcode-27.0.0-Release.Candidate.app/Contents/Developer/Platforms/WatchOS.platform/Developer/usr/lib -F /Users/admin/builder/spi-builder-workspace/.derivedData/Build/Products/Debug-watchos/PackageFrameworks -F /Users/admin/builder/spi-builder-workspace/.derivedData/Build/Products/Debug-watchos -F /Applications/Xcode-27.0.0-Release.Candidate.app/Contents/Developer/Platforms/WatchOS.platform/Developer/Library/Frameworks -F /Applications/Xcode-27.0.0-Release.Candidate.app/Contents/Developer/Platforms/WatchOS.platform/Developer/SDKs/WatchOS27.0.sdk/Developer/Library/Frameworks -c -j10 -enable-batch-mode -incremental -Xcc -ivfsstatcache -Xcc /Users/admin/builder/spi-builder-workspace/.derivedData/SDKStatCaches.noindex/watchos27.0-24R360-e829b21a6f8c9b70876ba0858053c04477534ef55a1706bf4c1112bbb242f0a2.sdkstatcache -output-file-map /Users/admin/builder/spi-builder-workspace/.derivedData/Build/Intermediates.noindex/SwiftletUtilities.build/Debug-watchos/SwiftletUtilities-t.build/Objects-normal/arm64_32/SwiftletUtilities-OutputFileMap.json -save-temps -no-color-diagnostics -explicit-module-build -module-cache-path /Users/admin/builder/spi-builder-workspace/.derivedData/Build/Intermediates.noindex/SwiftExplicitPrecompiledModules -clang-scanner-module-cache-path /Users/admin/builder/spi-builder-workspace/.derivedData/ModuleCache.noindex -sdk-module-cache-path /Users/admin/builder/spi-builder-workspace/.derivedData/SDKExplicitPrecompiledModules -emit-dependencies -emit-module -emit-module-path /Users/admin/builder/spi-builder-workspace/.derivedData/Build/Intermediates.noindex/SwiftletUtilities.build/Debug-watchos/SwiftletUtilities-t.build/Objects-normal/arm64_32/SwiftletUtilities.swiftmodule -serialize-diagnostics -dependency-scan-serialize-diagnostics-path /Users/admin/builder/spi-builder-workspace/.derivedData/Build/Intermediates.noindex/SwiftletUtilities.build/Debug-watchos/SwiftletUtilities-t.build/Objects-normal/arm64_32/SwiftletUtilities-dependency-scan.dia -user-module-version 2.1.4 -validate-clang-modules-once -clang-build-session-file /Users/admin/builder/spi-builder-workspace/.derivedData/ModuleCache.noindex/Session.modulevalidation -Xcc -fmodules-prune-interval\=86400 -Xcc -fmodules-prune-after\=345600 -package-name swiftletutilities -emit-const-values -const-gather-protocols-list /Users/admin/builder/spi-builder-workspace/.derivedData/Build/Intermediates.noindex/SwiftletUtilities.build/Debug-watchos/SwiftletUtilities-t.build/Objects-normal/arm64_32/SwiftletUtilities_const_extract_protocols.json -Xcc -I/Users/admin/builder/spi-builder-workspace/.derivedData/Build/Products/Debug-watchos/include -Xcc -I/Users/admin/builder/spi-builder-workspace/.derivedData/Build/Intermediates.noindex/SwiftletUtilities.build/Debug-watchos/SwiftletUtilities-t.build/DerivedSources-normal/arm64_32 -Xcc -I/Users/admin/builder/spi-builder-workspace/.derivedData/Build/Intermediates.noindex/SwiftletUtilities.build/Debug-watchos/SwiftletUtilities-t.build/DerivedSources/arm64_32 -Xcc -I/Users/admin/builder/spi-builder-workspace/.derivedData/Build/Intermediates.noindex/SwiftletUtilities.build/Debug-watchos/SwiftletUtilities-t.build/DerivedSources -Xcc -DSWIFT_PACKAGE -Xcc -DDEBUG\=1 -emit-objc-header -emit-objc-header-path /Users/admin/builder/spi-builder-workspace/.derivedData/Build/Intermediates.noindex/SwiftletUtilities.build/Debug-watchos/SwiftletUtilities-t.build/Objects-normal/arm64_32/SwiftletUtilities-Swift.h -working-directory /Users/admin/builder/spi-builder-workspace/.swiftpm/xcode -experimental-emit-module-separately -disable-cmo
Copy /Users/admin/builder/spi-builder-workspace/.derivedData/Build/Products/Debug-watchos/SwiftletUtilities.swiftmodule/arm64-apple-watchos.swiftmodule /Users/admin/builder/spi-builder-workspace/.derivedData/Build/Intermediates.noindex/SwiftletUtilities.build/Debug-watchos/SwiftletUtilities-t.build/Objects-normal/arm64/SwiftletUtilities.swiftmodule (in target 'SwiftletUtilities' from project 'SwiftletUtilities')
    cd /Users/admin/builder/spi-builder-workspace/.dependencies/checkouts/SwiftletUtilities
    builtin-copy -exclude .DS_Store -exclude CVS -exclude .svn -exclude .git -exclude .hg -resolve-src-symlinks -rename /Users/admin/builder/spi-builder-workspace/.derivedData/Build/Intermediates.noindex/SwiftletUtilities.build/Debug-watchos/SwiftletUtilities-t.build/Objects-normal/arm64/SwiftletUtilities.swiftmodule /Users/admin/builder/spi-builder-workspace/.derivedData/Build/Products/Debug-watchos/SwiftletUtilities.swiftmodule/arm64-apple-watchos.swiftmodule
SwiftMergeGeneratedHeaders /Users/admin/builder/spi-builder-workspace/.derivedData/Build/Intermediates.noindex/GeneratedModuleMaps-watchos/SwiftletUtilities-Swift.h /Users/admin/builder/spi-builder-workspace/.derivedData/Build/Intermediates.noindex/SwiftletUtilities.build/Debug-watchos/SwiftletUtilities-t.build/Objects-normal/arm64/SwiftletUtilities-Swift.h /Users/admin/builder/spi-builder-workspace/.derivedData/Build/Intermediates.noindex/SwiftletUtilities.build/Debug-watchos/SwiftletUtilities-t.build/Objects-normal/arm64_32/SwiftletUtilities-Swift.h (in target 'SwiftletUtilities' from project 'SwiftletUtilities')
    cd /Users/admin/builder/spi-builder-workspace/.dependencies/checkouts/SwiftletUtilities
    builtin-swiftHeaderTool -arch arm64 /Users/admin/builder/spi-builder-workspace/.derivedData/Build/Intermediates.noindex/SwiftletUtilities.build/Debug-watchos/SwiftletUtilities-t.build/Objects-normal/arm64/SwiftletUtilities-Swift.h -arch arm64_32 /Users/admin/builder/spi-builder-workspace/.derivedData/Build/Intermediates.noindex/SwiftletUtilities.build/Debug-watchos/SwiftletUtilities-t.build/Objects-normal/arm64_32/SwiftletUtilities-Swift.h -o /Users/admin/builder/spi-builder-workspace/.derivedData/Build/Intermediates.noindex/GeneratedModuleMaps-watchos/SwiftletUtilities-Swift.h
Copy /Users/admin/builder/spi-builder-workspace/.derivedData/Build/Products/Debug-watchos/SwiftletUtilities.swiftmodule/arm64_32-apple-watchos.swiftmodule /Users/admin/builder/spi-builder-workspace/.derivedData/Build/Intermediates.noindex/SwiftletUtilities.build/Debug-watchos/SwiftletUtilities-t.build/Objects-normal/arm64_32/SwiftletUtilities.swiftmodule (in target 'SwiftletUtilities' from project 'SwiftletUtilities')
    cd /Users/admin/builder/spi-builder-workspace/.dependencies/checkouts/SwiftletUtilities
    builtin-copy -exclude .DS_Store -exclude CVS -exclude .svn -exclude .git -exclude .hg -resolve-src-symlinks -rename /Users/admin/builder/spi-builder-workspace/.derivedData/Build/Intermediates.noindex/SwiftletUtilities.build/Debug-watchos/SwiftletUtilities-t.build/Objects-normal/arm64_32/SwiftletUtilities.swiftmodule /Users/admin/builder/spi-builder-workspace/.derivedData/Build/Products/Debug-watchos/SwiftletUtilities.swiftmodule/arm64_32-apple-watchos.swiftmodule
Copy /Users/admin/builder/spi-builder-workspace/.derivedData/Build/Products/Debug-watchos/SwiftletUtilities.swiftmodule/arm64_32-apple-watchos.swiftdoc /Users/admin/builder/spi-builder-workspace/.derivedData/Build/Intermediates.noindex/SwiftletUtilities.build/Debug-watchos/SwiftletUtilities-t.build/Objects-normal/arm64_32/SwiftletUtilities.swiftdoc (in target 'SwiftletUtilities' from project 'SwiftletUtilities')
    cd /Users/admin/builder/spi-builder-workspace/.dependencies/checkouts/SwiftletUtilities
    builtin-copy -exclude .DS_Store -exclude CVS -exclude .svn -exclude .git -exclude .hg -resolve-src-symlinks -rename /Users/admin/builder/spi-builder-workspace/.derivedData/Build/Intermediates.noindex/SwiftletUtilities.build/Debug-watchos/SwiftletUtilities-t.build/Objects-normal/arm64_32/SwiftletUtilities.swiftdoc /Users/admin/builder/spi-builder-workspace/.derivedData/Build/Products/Debug-watchos/SwiftletUtilities.swiftmodule/arm64_32-apple-watchos.swiftdoc
Copy /Users/admin/builder/spi-builder-workspace/.derivedData/Build/Products/Debug-watchos/SwiftletUtilities.swiftmodule/arm64_32-apple-watchos.abi.json /Users/admin/builder/spi-builder-workspace/.derivedData/Build/Intermediates.noindex/SwiftletUtilities.build/Debug-watchos/SwiftletUtilities-t.build/Objects-normal/arm64_32/SwiftletUtilities.abi.json (in target 'SwiftletUtilities' from project 'SwiftletUtilities')
    cd /Users/admin/builder/spi-builder-workspace/.dependencies/checkouts/SwiftletUtilities
    builtin-copy -exclude .DS_Store -exclude CVS -exclude .svn -exclude .git -exclude .hg -resolve-src-symlinks -rename /Users/admin/builder/spi-builder-workspace/.derivedData/Build/Intermediates.noindex/SwiftletUtilities.build/Debug-watchos/SwiftletUtilities-t.build/Objects-normal/arm64_32/SwiftletUtilities.abi.json /Users/admin/builder/spi-builder-workspace/.derivedData/Build/Products/Debug-watchos/SwiftletUtilities.swiftmodule/arm64_32-apple-watchos.abi.json
Copy /Users/admin/builder/spi-builder-workspace/.derivedData/Build/Products/Debug-watchos/SwiftletUtilities.swiftmodule/arm64-apple-watchos.swiftdoc /Users/admin/builder/spi-builder-workspace/.derivedData/Build/Intermediates.noindex/SwiftletUtilities.build/Debug-watchos/SwiftletUtilities-t.build/Objects-normal/arm64/SwiftletUtilities.swiftdoc (in target 'SwiftletUtilities' from project 'SwiftletUtilities')
    cd /Users/admin/builder/spi-builder-workspace/.dependencies/checkouts/SwiftletUtilities
    builtin-copy -exclude .DS_Store -exclude CVS -exclude .svn -exclude .git -exclude .hg -resolve-src-symlinks -rename /Users/admin/builder/spi-builder-workspace/.derivedData/Build/Intermediates.noindex/SwiftletUtilities.build/Debug-watchos/SwiftletUtilities-t.build/Objects-normal/arm64/SwiftletUtilities.swiftdoc /Users/admin/builder/spi-builder-workspace/.derivedData/Build/Products/Debug-watchos/SwiftletUtilities.swiftmodule/arm64-apple-watchos.swiftdoc
Copy /Users/admin/builder/spi-builder-workspace/.derivedData/Build/Products/Debug-watchos/SwiftletUtilities.swiftmodule/arm64-apple-watchos.abi.json /Users/admin/builder/spi-builder-workspace/.derivedData/Build/Intermediates.noindex/SwiftletUtilities.build/Debug-watchos/SwiftletUtilities-t.build/Objects-normal/arm64/SwiftletUtilities.abi.json (in target 'SwiftletUtilities' from project 'SwiftletUtilities')
    cd /Users/admin/builder/spi-builder-workspace/.dependencies/checkouts/SwiftletUtilities
    builtin-copy -exclude .DS_Store -exclude CVS -exclude .svn -exclude .git -exclude .hg -resolve-src-symlinks -rename /Users/admin/builder/spi-builder-workspace/.derivedData/Build/Intermediates.noindex/SwiftletUtilities.build/Debug-watchos/SwiftletUtilities-t.build/Objects-normal/arm64/SwiftletUtilities.abi.json /Users/admin/builder/spi-builder-workspace/.derivedData/Build/Products/Debug-watchos/SwiftletUtilities.swiftmodule/arm64-apple-watchos.abi.json
Copy /Users/admin/builder/spi-builder-workspace/.derivedData/Build/Products/Debug-watchos/SwiftletUtilities.swiftmodule/Project/arm64_32-apple-watchos.swiftsourceinfo /Users/admin/builder/spi-builder-workspace/.derivedData/Build/Intermediates.noindex/SwiftletUtilities.build/Debug-watchos/SwiftletUtilities-t.build/Objects-normal/arm64_32/SwiftletUtilities.swiftsourceinfo (in target 'SwiftletUtilities' from project 'SwiftletUtilities')
    cd /Users/admin/builder/spi-builder-workspace/.dependencies/checkouts/SwiftletUtilities
    builtin-copy -exclude .DS_Store -exclude CVS -exclude .svn -exclude .git -exclude .hg -resolve-src-symlinks -rename /Users/admin/builder/spi-builder-workspace/.derivedData/Build/Intermediates.noindex/SwiftletUtilities.build/Debug-watchos/SwiftletUtilities-t.build/Objects-normal/arm64_32/SwiftletUtilities.swiftsourceinfo /Users/admin/builder/spi-builder-workspace/.derivedData/Build/Products/Debug-watchos/SwiftletUtilities.swiftmodule/Project/arm64_32-apple-watchos.swiftsourceinfo
Copy /Users/admin/builder/spi-builder-workspace/.derivedData/Build/Products/Debug-watchos/SwiftletUtilities.swiftmodule/Project/arm64-apple-watchos.swiftsourceinfo /Users/admin/builder/spi-builder-workspace/.derivedData/Build/Intermediates.noindex/SwiftletUtilities.build/Debug-watchos/SwiftletUtilities-t.build/Objects-normal/arm64/SwiftletUtilities.swiftsourceinfo (in target 'SwiftletUtilities' from project 'SwiftletUtilities')
    cd /Users/admin/builder/spi-builder-workspace/.dependencies/checkouts/SwiftletUtilities
    builtin-copy -exclude .DS_Store -exclude CVS -exclude .svn -exclude .git -exclude .hg -resolve-src-symlinks -rename /Users/admin/builder/spi-builder-workspace/.derivedData/Build/Intermediates.noindex/SwiftletUtilities.build/Debug-watchos/SwiftletUtilities-t.build/Objects-normal/arm64/SwiftletUtilities.swiftsourceinfo /Users/admin/builder/spi-builder-workspace/.derivedData/Build/Products/Debug-watchos/SwiftletUtilities.swiftmodule/Project/arm64-apple-watchos.swiftsourceinfo
SwiftCompile normal arm64_32 Compiling\ macOS\ ImageExtensions.swift,\ macOS\ StringExtensions.swift /Users/admin/builder/spi-builder-workspace/.dependencies/checkouts/SwiftletUtilities/Sources/SwiftletUtilities/macOS/Extensions/macOS\ ImageExtensions.swift /Users/admin/builder/spi-builder-workspace/.dependencies/checkouts/SwiftletUtilities/Sources/SwiftletUtilities/macOS/Extensions/macOS\ StringExtensions.swift (in target 'SwiftletUtilities' from project 'SwiftletUtilities')
SwiftCompile normal arm64_32 /Users/admin/builder/spi-builder-workspace/.dependencies/checkouts/SwiftletUtilities/Sources/SwiftletUtilities/macOS/Extensions/macOS\ ImageExtensions.swift (in target 'SwiftletUtilities' from project 'SwiftletUtilities')
    cd /Users/admin/builder/spi-builder-workspace/.swiftpm/xcode
    builtin-SwiftPerFileCompile macOS\ ImageExtensions.swift
SwiftCompile normal arm64_32 /Users/admin/builder/spi-builder-workspace/.dependencies/checkouts/SwiftletUtilities/Sources/SwiftletUtilities/macOS/Extensions/macOS\ StringExtensions.swift (in target 'SwiftletUtilities' from project 'SwiftletUtilities')
    cd /Users/admin/builder/spi-builder-workspace/.swiftpm/xcode
    builtin-SwiftPerFileCompile macOS\ StringExtensions.swift
SwiftCompile normal arm64_32 Compiling\ PublishedExtensions.swift,\ StringExtensions.swift,\ TitleCase.swift /Users/admin/builder/spi-builder-workspace/.dependencies/checkouts/SwiftletUtilities/Sources/SwiftletUtilities/SharedCode/Extensions/PublishedExtensions.swift /Users/admin/builder/spi-builder-workspace/.dependencies/checkouts/SwiftletUtilities/Sources/SwiftletUtilities/SharedCode/Extensions/StringExtensions.swift /Users/admin/builder/spi-builder-workspace/.dependencies/checkouts/SwiftletUtilities/Sources/SwiftletUtilities/SharedCode/Extensions/TitleCase.swift (in target 'SwiftletUtilities' from project 'SwiftletUtilities')
SwiftCompile normal arm64_32 /Users/admin/builder/spi-builder-workspace/.dependencies/checkouts/SwiftletUtilities/Sources/SwiftletUtilities/SharedCode/Extensions/PublishedExtensions.swift (in target 'SwiftletUtilities' from project 'SwiftletUtilities')
    cd /Users/admin/builder/spi-builder-workspace/.swiftpm/xcode
    builtin-SwiftPerFileCompile PublishedExtensions.swift
SwiftCompile normal arm64_32 /Users/admin/builder/spi-builder-workspace/.dependencies/checkouts/SwiftletUtilities/Sources/SwiftletUtilities/SharedCode/Extensions/StringExtensions.swift (in target 'SwiftletUtilities' from project 'SwiftletUtilities')
    cd /Users/admin/builder/spi-builder-workspace/.swiftpm/xcode
    builtin-SwiftPerFileCompile StringExtensions.swift
SwiftCompile normal arm64_32 /Users/admin/builder/spi-builder-workspace/.dependencies/checkouts/SwiftletUtilities/Sources/SwiftletUtilities/SharedCode/Extensions/TitleCase.swift (in target 'SwiftletUtilities' from project 'SwiftletUtilities')
    cd /Users/admin/builder/spi-builder-workspace/.swiftpm/xcode
    builtin-SwiftPerFileCompile TitleCase.swift
SwiftDriverJobDiscovery normal arm64_32 Compiling macOS ImageExtensions.swift, macOS StringExtensions.swift (in target 'SwiftletUtilities' from project 'SwiftletUtilities')
SwiftDriverJobDiscovery normal arm64_32 Compiling iOS StringExtensions.swift, iOS ViewExtensions.swift (in target 'SwiftletUtilities' from project 'SwiftletUtilities')
SwiftCompile normal arm64_32 Compiling\ ViewExtensions.swift,\ AppleHardwareType.swift,\ HardwareInformation.swift /Users/admin/builder/spi-builder-workspace/.dependencies/checkouts/SwiftletUtilities/Sources/SwiftletUtilities/SharedCode/Extensions/ViewExtensions.swift /Users/admin/builder/spi-builder-workspace/.dependencies/checkouts/SwiftletUtilities/Sources/SwiftletUtilities/SharedCode/Hardware/AppleHardwareType.swift /Users/admin/builder/spi-builder-workspace/.dependencies/checkouts/SwiftletUtilities/Sources/SwiftletUtilities/SharedCode/Hardware/HardwareInformation.swift (in target 'SwiftletUtilities' from project 'SwiftletUtilities')
SwiftCompile normal arm64_32 /Users/admin/builder/spi-builder-workspace/.dependencies/checkouts/SwiftletUtilities/Sources/SwiftletUtilities/SharedCode/Extensions/ViewExtensions.swift (in target 'SwiftletUtilities' from project 'SwiftletUtilities')
    cd /Users/admin/builder/spi-builder-workspace/.swiftpm/xcode
    builtin-SwiftPerFileCompile ViewExtensions.swift
SwiftCompile normal arm64_32 /Users/admin/builder/spi-builder-workspace/.dependencies/checkouts/SwiftletUtilities/Sources/SwiftletUtilities/SharedCode/Hardware/AppleHardwareType.swift (in target 'SwiftletUtilities' from project 'SwiftletUtilities')
    cd /Users/admin/builder/spi-builder-workspace/.swiftpm/xcode
    builtin-SwiftPerFileCompile AppleHardwareType.swift
SwiftCompile normal arm64_32 /Users/admin/builder/spi-builder-workspace/.dependencies/checkouts/SwiftletUtilities/Sources/SwiftletUtilities/SharedCode/Hardware/HardwareInformation.swift (in target 'SwiftletUtilities' from project 'SwiftletUtilities')
    cd /Users/admin/builder/spi-builder-workspace/.swiftpm/xcode
    builtin-SwiftPerFileCompile HardwareInformation.swift
SwiftDriverJobDiscovery normal arm64 Compiling ObfuscationProvider.swift, UIApplicationExtensions.swift, ViewDeviceRotation.swift (in target 'SwiftletUtilities' from project 'SwiftletUtilities')
SwiftCompile normal arm64_32 Compiling\ iOS\ DataExtensions.swift,\ iOS\ ImageExtensions.swift /Users/admin/builder/spi-builder-workspace/.dependencies/checkouts/SwiftletUtilities/Sources/SwiftletUtilities/iOS/Extensions/iOS\ DataExtensions.swift /Users/admin/builder/spi-builder-workspace/.dependencies/checkouts/SwiftletUtilities/Sources/SwiftletUtilities/iOS/Extensions/iOS\ ImageExtensions.swift (in target 'SwiftletUtilities' from project 'SwiftletUtilities')
SwiftCompile normal arm64_32 /Users/admin/builder/spi-builder-workspace/.dependencies/checkouts/SwiftletUtilities/Sources/SwiftletUtilities/iOS/Extensions/iOS\ DataExtensions.swift (in target 'SwiftletUtilities' from project 'SwiftletUtilities')
    cd /Users/admin/builder/spi-builder-workspace/.swiftpm/xcode
    builtin-SwiftPerFileCompile iOS\ DataExtensions.swift
SwiftCompile normal arm64_32 /Users/admin/builder/spi-builder-workspace/.dependencies/checkouts/SwiftletUtilities/Sources/SwiftletUtilities/iOS/Extensions/iOS\ ImageExtensions.swift (in target 'SwiftletUtilities' from project 'SwiftletUtilities')
    cd /Users/admin/builder/spi-builder-workspace/.swiftpm/xcode
    builtin-SwiftPerFileCompile iOS\ ImageExtensions.swift
SwiftCompile normal arm64_32 Compiling\ resource_bundle_accessor.swift,\ ArrayExtensions.swift,\ ColorExtentions.swift /Users/admin/builder/spi-builder-workspace/.derivedData/Build/Intermediates.noindex/SwiftletUtilities.build/Debug-watchos/SwiftletUtilities-t.build/DerivedSources/resource_bundle_accessor.swift /Users/admin/builder/spi-builder-workspace/.dependencies/checkouts/SwiftletUtilities/Sources/SwiftletUtilities/SharedCode/Extensions/ArrayExtensions.swift /Users/admin/builder/spi-builder-workspace/.dependencies/checkouts/SwiftletUtilities/Sources/SwiftletUtilities/SharedCode/Extensions/ColorExtentions.swift (in target 'SwiftletUtilities' from project 'SwiftletUtilities')
SwiftCompile normal arm64_32 /Users/admin/builder/spi-builder-workspace/.derivedData/Build/Intermediates.noindex/SwiftletUtilities.build/Debug-watchos/SwiftletUtilities-t.build/DerivedSources/resource_bundle_accessor.swift (in target 'SwiftletUtilities' from project 'SwiftletUtilities')
    cd /Users/admin/builder/spi-builder-workspace/.swiftpm/xcode
    builtin-SwiftPerFileCompile resource_bundle_accessor.swift
SwiftCompile normal arm64_32 /Users/admin/builder/spi-builder-workspace/.dependencies/checkouts/SwiftletUtilities/Sources/SwiftletUtilities/SharedCode/Extensions/ArrayExtensions.swift (in target 'SwiftletUtilities' from project 'SwiftletUtilities')
    cd /Users/admin/builder/spi-builder-workspace/.swiftpm/xcode
    builtin-SwiftPerFileCompile ArrayExtensions.swift
SwiftCompile normal arm64_32 /Users/admin/builder/spi-builder-workspace/.dependencies/checkouts/SwiftletUtilities/Sources/SwiftletUtilities/SharedCode/Extensions/ColorExtentions.swift (in target 'SwiftletUtilities' from project 'SwiftletUtilities')
    cd /Users/admin/builder/spi-builder-workspace/.swiftpm/xcode
    builtin-SwiftPerFileCompile ColorExtentions.swift
SwiftCompile normal arm64_32 Compiling\ ObfuscationProvider.swift,\ UIApplicationExtensions.swift,\ ViewDeviceRotation.swift /Users/admin/builder/spi-builder-workspace/.dependencies/checkouts/SwiftletUtilities/Sources/SwiftletUtilities/SharedCode/Utilities/ObfuscationProvider.swift /Users/admin/builder/spi-builder-workspace/.dependencies/checkouts/SwiftletUtilities/Sources/SwiftletUtilities/iOS/Extensions/UIApplicationExtensions.swift /Users/admin/builder/spi-builder-workspace/.dependencies/checkouts/SwiftletUtilities/Sources/SwiftletUtilities/iOS/Extensions/ViewDeviceRotation.swift (in target 'SwiftletUtilities' from project 'SwiftletUtilities')
SwiftCompile normal arm64_32 /Users/admin/builder/spi-builder-workspace/.dependencies/checkouts/SwiftletUtilities/Sources/SwiftletUtilities/SharedCode/Utilities/ObfuscationProvider.swift (in target 'SwiftletUtilities' from project 'SwiftletUtilities')
    cd /Users/admin/builder/spi-builder-workspace/.swiftpm/xcode
    builtin-SwiftPerFileCompile ObfuscationProvider.swift
SwiftCompile normal arm64_32 /Users/admin/builder/spi-builder-workspace/.dependencies/checkouts/SwiftletUtilities/Sources/SwiftletUtilities/iOS/Extensions/UIApplicationExtensions.swift (in target 'SwiftletUtilities' from project 'SwiftletUtilities')
    cd /Users/admin/builder/spi-builder-workspace/.swiftpm/xcode
    builtin-SwiftPerFileCompile UIApplicationExtensions.swift
SwiftCompile normal arm64_32 /Users/admin/builder/spi-builder-workspace/.dependencies/checkouts/SwiftletUtilities/Sources/SwiftletUtilities/iOS/Extensions/ViewDeviceRotation.swift (in target 'SwiftletUtilities' from project 'SwiftletUtilities')
    cd /Users/admin/builder/spi-builder-workspace/.swiftpm/xcode
    builtin-SwiftPerFileCompile ViewDeviceRotation.swift
SwiftCompile normal arm64_32 Compiling\ UIDeviceOrientation.swift,\ macOS\ DataExtensions.swift /Users/admin/builder/spi-builder-workspace/.dependencies/checkouts/SwiftletUtilities/Sources/SwiftletUtilities/macOS/Enumerations/UIDeviceOrientation.swift /Users/admin/builder/spi-builder-workspace/.dependencies/checkouts/SwiftletUtilities/Sources/SwiftletUtilities/macOS/Extensions/macOS\ DataExtensions.swift (in target 'SwiftletUtilities' from project 'SwiftletUtilities')
SwiftCompile normal arm64_32 /Users/admin/builder/spi-builder-workspace/.dependencies/checkouts/SwiftletUtilities/Sources/SwiftletUtilities/macOS/Enumerations/UIDeviceOrientation.swift (in target 'SwiftletUtilities' from project 'SwiftletUtilities')
    cd /Users/admin/builder/spi-builder-workspace/.swiftpm/xcode
    builtin-SwiftPerFileCompile UIDeviceOrientation.swift
SwiftCompile normal arm64_32 /Users/admin/builder/spi-builder-workspace/.dependencies/checkouts/SwiftletUtilities/Sources/SwiftletUtilities/macOS/Extensions/macOS\ DataExtensions.swift (in target 'SwiftletUtilities' from project 'SwiftletUtilities')
    cd /Users/admin/builder/spi-builder-workspace/.swiftpm/xcode
    builtin-SwiftPerFileCompile macOS\ DataExtensions.swift
SwiftDriverJobDiscovery normal arm64 Compiling DoubleExtensions.swift, ImageExtensions.swift, IntegerExtensions.swift (in target 'SwiftletUtilities' from project 'SwiftletUtilities')
SwiftDriverJobDiscovery normal arm64 Compiling resource_bundle_accessor.swift, ArrayExtensions.swift, ColorExtentions.swift (in target 'SwiftletUtilities' from project 'SwiftletUtilities')
SwiftDriverJobDiscovery normal arm64_32 Compiling DoubleExtensions.swift, ImageExtensions.swift, IntegerExtensions.swift (in target 'SwiftletUtilities' from project 'SwiftletUtilities')
SwiftCompile normal arm64 Compiling\ iOS\ StringExtensions.swift,\ iOS\ ViewExtensions.swift /Users/admin/builder/spi-builder-workspace/.dependencies/checkouts/SwiftletUtilities/Sources/SwiftletUtilities/iOS/Extensions/iOS\ StringExtensions.swift /Users/admin/builder/spi-builder-workspace/.dependencies/checkouts/SwiftletUtilities/Sources/SwiftletUtilities/iOS/Extensions/iOS\ ViewExtensions.swift (in target 'SwiftletUtilities' from project 'SwiftletUtilities')
SwiftCompile normal arm64 /Users/admin/builder/spi-builder-workspace/.dependencies/checkouts/SwiftletUtilities/Sources/SwiftletUtilities/iOS/Extensions/iOS\ StringExtensions.swift (in target 'SwiftletUtilities' from project 'SwiftletUtilities')
    cd /Users/admin/builder/spi-builder-workspace/.swiftpm/xcode
    builtin-SwiftPerFileCompile iOS\ StringExtensions.swift
SwiftCompile normal arm64 /Users/admin/builder/spi-builder-workspace/.dependencies/checkouts/SwiftletUtilities/Sources/SwiftletUtilities/iOS/Extensions/iOS\ ViewExtensions.swift (in target 'SwiftletUtilities' from project 'SwiftletUtilities')
    cd /Users/admin/builder/spi-builder-workspace/.swiftpm/xcode
    builtin-SwiftPerFileCompile iOS\ ViewExtensions.swift
SwiftDriverJobDiscovery normal arm64 Compiling PublishedExtensions.swift, StringExtensions.swift, TitleCase.swift (in target 'SwiftletUtilities' from project 'SwiftletUtilities')
SwiftDriverJobDiscovery normal arm64 Compiling ViewExtensions.swift, AppleHardwareType.swift, HardwareInformation.swift (in target 'SwiftletUtilities' from project 'SwiftletUtilities')
SwiftDriverJobDiscovery normal arm64_32 Compiling PublishedExtensions.swift, StringExtensions.swift, TitleCase.swift (in target 'SwiftletUtilities' from project 'SwiftletUtilities')
SwiftDriver MultiplatformTabBar normal arm64 com.apple.xcode.tools.swift.compiler (in target 'MultiplatformTabBar' from project 'MultiplatformTabBar')
    cd /Users/admin/builder/spi-builder-workspace/.swiftpm/xcode
    builtin-SwiftDriver -- /Applications/Xcode-27.0.0-Release.Candidate.app/Contents/Developer/Toolchains/XcodeDefault.xctoolchain/usr/bin/swiftc -parse-as-library -module-name MultiplatformTabBar -Onone @/Users/admin/builder/spi-builder-workspace/.derivedData/Build/Intermediates.noindex/MultiplatformTabBar.build/Debug-watchos/MultiplatformTabBar-t.build/Objects-normal/arm64/MultiplatformTabBar.SwiftFileList -DSWIFT_PACKAGE -DDEBUG -DSWIFT_MODULE_RESOURCE_BUNDLE_AVAILABLE -DXcode -plugin-path /Applications/Xcode-27.0.0-Release.Candidate.app/Contents/Developer/Toolchains/XcodeDefault.xctoolchain/usr/lib/swift/host/plugins/testing -enable-experimental-feature DebugDescriptionMacro -sdk /Applications/Xcode-27.0.0-Release.Candidate.app/Contents/Developer/Platforms/WatchOS.platform/Developer/SDKs/WatchOS27.0.sdk -target arm64-apple-watchos26.0 -g -module-cache-path /Users/admin/builder/spi-builder-workspace/.derivedData/ModuleCache.noindex -Xfrontend -serialize-debugging-options -profile-coverage-mapping -profile-generate -enable-testing -index-store-path /Users/admin/builder/spi-builder-workspace/.derivedData/Index.noindex/DataStore -Xcc -D_LIBCPP_HARDENING_MODE\=_LIBCPP_HARDENING_MODE_DEBUG -swift-version 6 -I /Users/admin/builder/spi-builder-workspace/.derivedData/Build/Products/Debug-watchos -Isystem /Applications/Xcode-27.0.0-Release.Candidate.app/Contents/Developer/Platforms/WatchOS.platform/Developer/usr/lib -F /Users/admin/builder/spi-builder-workspace/.derivedData/Build/Products/Debug-watchos/PackageFrameworks -F /Users/admin/builder/spi-builder-workspace/.derivedData/Build/Products/Debug-watchos -F /Applications/Xcode-27.0.0-Release.Candidate.app/Contents/Developer/Platforms/WatchOS.platform/Developer/Library/Frameworks -F /Applications/Xcode-27.0.0-Release.Candidate.app/Contents/Developer/Platforms/WatchOS.platform/Developer/SDKs/WatchOS27.0.sdk/Developer/Library/Frameworks -c -j10 -enable-batch-mode -incremental -Xcc -ivfsstatcache -Xcc /Users/admin/builder/spi-builder-workspace/.derivedData/SDKStatCaches.noindex/watchos27.0-24R360-e829b21a6f8c9b70876ba0858053c04477534ef55a1706bf4c1112bbb242f0a2.sdkstatcache -output-file-map /Users/admin/builder/spi-builder-workspace/.derivedData/Build/Intermediates.noindex/MultiplatformTabBar.build/Debug-watchos/MultiplatformTabBar-t.build/Objects-normal/arm64/MultiplatformTabBar-OutputFileMap.json -save-temps -no-color-diagnostics -explicit-module-build -module-cache-path /Users/admin/builder/spi-builder-workspace/.derivedData/Build/Intermediates.noindex/SwiftExplicitPrecompiledModules -clang-scanner-module-cache-path /Users/admin/builder/spi-builder-workspace/.derivedData/ModuleCache.noindex -sdk-module-cache-path /Users/admin/builder/spi-builder-workspace/.derivedData/SDKExplicitPrecompiledModules -emit-dependencies -emit-module -emit-module-path /Users/admin/builder/spi-builder-workspace/.derivedData/Build/Intermediates.noindex/MultiplatformTabBar.build/Debug-watchos/MultiplatformTabBar-t.build/Objects-normal/arm64/MultiplatformTabBar.swiftmodule -serialize-diagnostics -dependency-scan-serialize-diagnostics-path /Users/admin/builder/spi-builder-workspace/.derivedData/Build/Intermediates.noindex/MultiplatformTabBar.build/Debug-watchos/MultiplatformTabBar-t.build/Objects-normal/arm64/MultiplatformTabBar-dependency-scan.dia -validate-clang-modules-once -clang-build-session-file /Users/admin/builder/spi-builder-workspace/.derivedData/ModuleCache.noindex/Session.modulevalidation -Xcc -fmodules-prune-interval\=86400 -Xcc -fmodules-prune-after\=345600 -package-name spi_builder_workspace -emit-const-values -const-gather-protocols-list /Users/admin/builder/spi-builder-workspace/.derivedData/Build/Intermediates.noindex/MultiplatformTabBar.build/Debug-watchos/MultiplatformTabBar-t.build/Objects-normal/arm64/MultiplatformTabBar_const_extract_protocols.json -Xcc -I/Users/admin/builder/spi-builder-workspace/.derivedData/Build/Products/Debug-watchos/include -Xcc -I/Users/admin/builder/spi-builder-workspace/.derivedData/Build/Intermediates.noindex/MultiplatformTabBar.build/Debug-watchos/MultiplatformTabBar-t.build/DerivedSources-normal/arm64 -Xcc -I/Users/admin/builder/spi-builder-workspace/.derivedData/Build/Intermediates.noindex/MultiplatformTabBar.build/Debug-watchos/MultiplatformTabBar-t.build/DerivedSources/arm64 -Xcc -I/Users/admin/builder/spi-builder-workspace/.derivedData/Build/Intermediates.noindex/MultiplatformTabBar.build/Debug-watchos/MultiplatformTabBar-t.build/DerivedSources -Xcc -DSWIFT_PACKAGE -Xcc -DDEBUG\=1 -emit-objc-header -emit-objc-header-path /Users/admin/builder/spi-builder-workspace/.derivedData/Build/Intermediates.noindex/MultiplatformTabBar.build/Debug-watchos/MultiplatformTabBar-t.build/Objects-normal/arm64/MultiplatformTabBar-Swift.h -working-directory /Users/admin/builder/spi-builder-workspace/.swiftpm/xcode -experimental-emit-module-separately -disable-cmo
SwiftDriver MultiplatformTabBar normal arm64_32 com.apple.xcode.tools.swift.compiler (in target 'MultiplatformTabBar' from project 'MultiplatformTabBar')
    cd /Users/admin/builder/spi-builder-workspace/.swiftpm/xcode
    builtin-SwiftDriver -- /Applications/Xcode-27.0.0-Release.Candidate.app/Contents/Developer/Toolchains/XcodeDefault.xctoolchain/usr/bin/swiftc -parse-as-library -module-name MultiplatformTabBar -Onone @/Users/admin/builder/spi-builder-workspace/.derivedData/Build/Intermediates.noindex/MultiplatformTabBar.build/Debug-watchos/MultiplatformTabBar-t.build/Objects-normal/arm64_32/MultiplatformTabBar.SwiftFileList -DSWIFT_PACKAGE -DDEBUG -DSWIFT_MODULE_RESOURCE_BUNDLE_AVAILABLE -DXcode -plugin-path /Applications/Xcode-27.0.0-Release.Candidate.app/Contents/Developer/Toolchains/XcodeDefault.xctoolchain/usr/lib/swift/host/plugins/testing -enable-experimental-feature DebugDescriptionMacro -sdk /Applications/Xcode-27.0.0-Release.Candidate.app/Contents/Developer/Platforms/WatchOS.platform/Developer/SDKs/WatchOS27.0.sdk -target arm64_32-apple-watchos26.0 -g -module-cache-path /Users/admin/builder/spi-builder-workspace/.derivedData/ModuleCache.noindex -Xfrontend -serialize-debugging-options -profile-coverage-mapping -profile-generate -enable-testing -index-store-path /Users/admin/builder/spi-builder-workspace/.derivedData/Index.noindex/DataStore -Xcc -D_LIBCPP_HARDENING_MODE\=_LIBCPP_HARDENING_MODE_DEBUG -swift-version 6 -I /Users/admin/builder/spi-builder-workspace/.derivedData/Build/Products/Debug-watchos -Isystem /Applications/Xcode-27.0.0-Release.Candidate.app/Contents/Developer/Platforms/WatchOS.platform/Developer/usr/lib -F /Users/admin/builder/spi-builder-workspace/.derivedData/Build/Products/Debug-watchos/PackageFrameworks -F /Users/admin/builder/spi-builder-workspace/.derivedData/Build/Products/Debug-watchos -F /Applications/Xcode-27.0.0-Release.Candidate.app/Contents/Developer/Platforms/WatchOS.platform/Developer/Library/Frameworks -F /Applications/Xcode-27.0.0-Release.Candidate.app/Contents/Developer/Platforms/WatchOS.platform/Developer/SDKs/WatchOS27.0.sdk/Developer/Library/Frameworks -c -j10 -enable-batch-mode -incremental -Xcc -ivfsstatcache -Xcc /Users/admin/builder/spi-builder-workspace/.derivedData/SDKStatCaches.noindex/watchos27.0-24R360-e829b21a6f8c9b70876ba0858053c04477534ef55a1706bf4c1112bbb242f0a2.sdkstatcache -output-file-map /Users/admin/builder/spi-builder-workspace/.derivedData/Build/Intermediates.noindex/MultiplatformTabBar.build/Debug-watchos/MultiplatformTabBar-t.build/Objects-normal/arm64_32/MultiplatformTabBar-OutputFileMap.json -save-temps -no-color-diagnostics -explicit-module-build -module-cache-path /Users/admin/builder/spi-builder-workspace/.derivedData/Build/Intermediates.noindex/SwiftExplicitPrecompiledModules -clang-scanner-module-cache-path /Users/admin/builder/spi-builder-workspace/.derivedData/ModuleCache.noindex -sdk-module-cache-path /Users/admin/builder/spi-builder-workspace/.derivedData/SDKExplicitPrecompiledModules -emit-dependencies -emit-module -emit-module-path /Users/admin/builder/spi-builder-workspace/.derivedData/Build/Intermediates.noindex/MultiplatformTabBar.build/Debug-watchos/MultiplatformTabBar-t.build/Objects-normal/arm64_32/MultiplatformTabBar.swiftmodule -serialize-diagnostics -dependency-scan-serialize-diagnostics-path /Users/admin/builder/spi-builder-workspace/.derivedData/Build/Intermediates.noindex/MultiplatformTabBar.build/Debug-watchos/MultiplatformTabBar-t.build/Objects-normal/arm64_32/MultiplatformTabBar-dependency-scan.dia -validate-clang-modules-once -clang-build-session-file /Users/admin/builder/spi-builder-workspace/.derivedData/ModuleCache.noindex/Session.modulevalidation -Xcc -fmodules-prune-interval\=86400 -Xcc -fmodules-prune-after\=345600 -package-name spi_builder_workspace -emit-const-values -const-gather-protocols-list /Users/admin/builder/spi-builder-workspace/.derivedData/Build/Intermediates.noindex/MultiplatformTabBar.build/Debug-watchos/MultiplatformTabBar-t.build/Objects-normal/arm64_32/MultiplatformTabBar_const_extract_protocols.json -Xcc -I/Users/admin/builder/spi-builder-workspace/.derivedData/Build/Products/Debug-watchos/include -Xcc -I/Users/admin/builder/spi-builder-workspace/.derivedData/Build/Intermediates.noindex/MultiplatformTabBar.build/Debug-watchos/MultiplatformTabBar-t.build/DerivedSources-normal/arm64_32 -Xcc -I/Users/admin/builder/spi-builder-workspace/.derivedData/Build/Intermediates.noindex/MultiplatformTabBar.build/Debug-watchos/MultiplatformTabBar-t.build/DerivedSources/arm64_32 -Xcc -I/Users/admin/builder/spi-builder-workspace/.derivedData/Build/Intermediates.noindex/MultiplatformTabBar.build/Debug-watchos/MultiplatformTabBar-t.build/DerivedSources -Xcc -DSWIFT_PACKAGE -Xcc -DDEBUG\=1 -emit-objc-header -emit-objc-header-path /Users/admin/builder/spi-builder-workspace/.derivedData/Build/Intermediates.noindex/MultiplatformTabBar.build/Debug-watchos/MultiplatformTabBar-t.build/Objects-normal/arm64_32/MultiplatformTabBar-Swift.h -working-directory /Users/admin/builder/spi-builder-workspace/.swiftpm/xcode -experimental-emit-module-separately -disable-cmo
SwiftDriverJobDiscovery normal arm64 Compiling Execute.swift, HTMLEntity.swift, NetworkConnection.swift (in target 'SwiftletUtilities' from project 'SwiftletUtilities')
SwiftDriverJobDiscovery normal arm64_32 Compiling Execute.swift, HTMLEntity.swift, NetworkConnection.swift (in target 'SwiftletUtilities' from project 'SwiftletUtilities')
SwiftDriverJobDiscovery normal arm64_32 Compiling UIDeviceOrientation.swift, macOS DataExtensions.swift (in target 'SwiftletUtilities' from project 'SwiftletUtilities')
SwiftDriverJobDiscovery normal arm64 Compiling iOS StringExtensions.swift, iOS ViewExtensions.swift (in target 'SwiftletUtilities' from project 'SwiftletUtilities')
SwiftDriver\ Compilation SwiftletUtilities normal arm64 com.apple.xcode.tools.swift.compiler (in target 'SwiftletUtilities' from project 'SwiftletUtilities')
    cd /Users/admin/builder/spi-builder-workspace/.swiftpm/xcode
    builtin-Swift-Compilation -- /Applications/Xcode-27.0.0-Release.Candidate.app/Contents/Developer/Toolchains/XcodeDefault.xctoolchain/usr/bin/swiftc -parse-as-library -module-name SwiftletUtilities -Onone @/Users/admin/builder/spi-builder-workspace/.derivedData/Build/Intermediates.noindex/SwiftletUtilities.build/Debug-watchos/SwiftletUtilities-t.build/Objects-normal/arm64/SwiftletUtilities.SwiftFileList -DSWIFT_PACKAGE -DDEBUG -DSWIFT_MODULE_RESOURCE_BUNDLE_AVAILABLE -DXcode -plugin-path /Applications/Xcode-27.0.0-Release.Candidate.app/Contents/Developer/Toolchains/XcodeDefault.xctoolchain/usr/lib/swift/host/plugins/testing -enable-experimental-feature DebugDescriptionMacro -sdk /Applications/Xcode-27.0.0-Release.Candidate.app/Contents/Developer/Platforms/WatchOS.platform/Developer/SDKs/WatchOS27.0.sdk -target arm64-apple-watchos26.0 -g -module-cache-path /Users/admin/builder/spi-builder-workspace/.derivedData/ModuleCache.noindex -Xfrontend -serialize-debugging-options -profile-coverage-mapping -profile-generate -enable-testing -suppress-warnings -index-store-path /Users/admin/builder/spi-builder-workspace/.derivedData/Index.noindex/DataStore -Xcc -D_LIBCPP_HARDENING_MODE\=_LIBCPP_HARDENING_MODE_DEBUG -swift-version 6 -I /Users/admin/builder/spi-builder-workspace/.derivedData/Build/Products/Debug-watchos -Isystem /Applications/Xcode-27.0.0-Release.Candidate.app/Contents/Developer/Platforms/WatchOS.platform/Developer/usr/lib -F /Users/admin/builder/spi-builder-workspace/.derivedData/Build/Products/Debug-watchos/PackageFrameworks -F /Users/admin/builder/spi-builder-workspace/.derivedData/Build/Products/Debug-watchos -F /Applications/Xcode-27.0.0-Release.Candidate.app/Contents/Developer/Platforms/WatchOS.platform/Developer/Library/Frameworks -F /Applications/Xcode-27.0.0-Release.Candidate.app/Contents/Developer/Platforms/WatchOS.platform/Developer/SDKs/WatchOS27.0.sdk/Developer/Library/Frameworks -c -j10 -enable-batch-mode -incremental -Xcc -ivfsstatcache -Xcc /Users/admin/builder/spi-builder-workspace/.derivedData/SDKStatCaches.noindex/watchos27.0-24R360-e829b21a6f8c9b70876ba0858053c04477534ef55a1706bf4c1112bbb242f0a2.sdkstatcache -output-file-map /Users/admin/builder/spi-builder-workspace/.derivedData/Build/Intermediates.noindex/SwiftletUtilities.build/Debug-watchos/SwiftletUtilities-t.build/Objects-normal/arm64/SwiftletUtilities-OutputFileMap.json -save-temps -no-color-diagnostics -explicit-module-build -module-cache-path /Users/admin/builder/spi-builder-workspace/.derivedData/Build/Intermediates.noindex/SwiftExplicitPrecompiledModules -clang-scanner-module-cache-path /Users/admin/builder/spi-builder-workspace/.derivedData/ModuleCache.noindex -sdk-module-cache-path /Users/admin/builder/spi-builder-workspace/.derivedData/SDKExplicitPrecompiledModules -emit-dependencies -emit-module -emit-module-path /Users/admin/builder/spi-builder-workspace/.derivedData/Build/Intermediates.noindex/SwiftletUtilities.build/Debug-watchos/SwiftletUtilities-t.build/Objects-normal/arm64/SwiftletUtilities.swiftmodule -serialize-diagnostics -dependency-scan-serialize-diagnostics-path /Users/admin/builder/spi-builder-workspace/.derivedData/Build/Intermediates.noindex/SwiftletUtilities.build/Debug-watchos/SwiftletUtilities-t.build/Objects-normal/arm64/SwiftletUtilities-dependency-scan.dia -user-module-version 2.1.4 -validate-clang-modules-once -clang-build-session-file /Users/admin/builder/spi-builder-workspace/.derivedData/ModuleCache.noindex/Session.modulevalidation -Xcc -fmodules-prune-interval\=86400 -Xcc -fmodules-prune-after\=345600 -package-name swiftletutilities -emit-const-values -const-gather-protocols-list /Users/admin/builder/spi-builder-workspace/.derivedData/Build/Intermediates.noindex/SwiftletUtilities.build/Debug-watchos/SwiftletUtilities-t.build/Objects-normal/arm64/SwiftletUtilities_const_extract_protocols.json -Xcc -I/Users/admin/builder/spi-builder-workspace/.derivedData/Build/Products/Debug-watchos/include -Xcc -I/Users/admin/builder/spi-builder-workspace/.derivedData/Build/Intermediates.noindex/SwiftletUtilities.build/Debug-watchos/SwiftletUtilities-t.build/DerivedSources-normal/arm64 -Xcc -I/Users/admin/builder/spi-builder-workspace/.derivedData/Build/Intermediates.noindex/SwiftletUtilities.build/Debug-watchos/SwiftletUtilities-t.build/DerivedSources/arm64 -Xcc -I/Users/admin/builder/spi-builder-workspace/.derivedData/Build/Intermediates.noindex/SwiftletUtilities.build/Debug-watchos/SwiftletUtilities-t.build/DerivedSources -Xcc -DSWIFT_PACKAGE -Xcc -DDEBUG\=1 -emit-objc-header -emit-objc-header-path /Users/admin/builder/spi-builder-workspace/.derivedData/Build/Intermediates.noindex/SwiftletUtilities.build/Debug-watchos/SwiftletUtilities-t.build/Objects-normal/arm64/SwiftletUtilities-Swift.h -working-directory /Users/admin/builder/spi-builder-workspace/.swiftpm/xcode -experimental-emit-module-separately -disable-cmo
Ld /Users/admin/builder/spi-builder-workspace/.derivedData/Build/Intermediates.noindex/SwiftletUtilities.build/Debug-watchos/SwiftletUtilities-t.build/Objects-normal/arm64/Binary/SwiftletUtilities.o normal arm64 (in target 'SwiftletUtilities' from project 'SwiftletUtilities')
    cd /Users/admin/builder/spi-builder-workspace/.dependencies/checkouts/SwiftletUtilities
    /Applications/Xcode-27.0.0-Release.Candidate.app/Contents/Developer/Toolchains/XcodeDefault.xctoolchain/usr/bin/clang -Xlinker -reproducible -target arm64-apple-watchos26.0 -r -isysroot /Applications/Xcode-27.0.0-Release.Candidate.app/Contents/Developer/Platforms/WatchOS.platform/Developer/SDKs/WatchOS27.0.sdk -O0 -w -Xlinker -no_warn_duplicate_libraries -F/Users/admin/builder/spi-builder-workspace/.derivedData/Build/Intermediates.noindex/EagerLinkingTBDs/Debug-watchos -F/Users/admin/builder/spi-builder-workspace/.derivedData/Build/Products/Debug-watchos/PackageFrameworks -F/Users/admin/builder/spi-builder-workspace/.derivedData/Build/Products/Debug-watchos -iframework /Applications/Xcode-27.0.0-Release.Candidate.app/Contents/Developer/Platforms/WatchOS.platform/Developer/Library/Frameworks -iframework /Applications/Xcode-27.0.0-Release.Candidate.app/Contents/Developer/Platforms/WatchOS.platform/Developer/SDKs/WatchOS27.0.sdk/Developer/Library/Frameworks -filelist /Users/admin/builder/spi-builder-workspace/.derivedData/Build/Intermediates.noindex/SwiftletUtilities.build/Debug-watchos/SwiftletUtilities-t.build/Objects-normal/arm64/SwiftletUtilities.LinkFileList -nostdlib -Xlinker -object_path_lto -Xlinker /Users/admin/builder/spi-builder-workspace/.derivedData/Build/Intermediates.noindex/SwiftletUtilities.build/Debug-watchos/SwiftletUtilities-t.build/Objects-normal/arm64/SwiftletUtilities_lto.o -Xlinker -no_deduplicate -Xlinker -debug_variant -Xlinker -dependency_info -Xlinker /Users/admin/builder/spi-builder-workspace/.derivedData/Build/Intermediates.noindex/SwiftletUtilities.build/Debug-watchos/SwiftletUtilities-t.build/Objects-normal/arm64/SwiftletUtilities_dependency_info.dat -fobjc-link-runtime -L/Applications/Xcode-27.0.0-Release.Candidate.app/Contents/Developer/Toolchains/XcodeDefault.xctoolchain/usr/lib/swift/watchos -L/usr/lib/swift -Xlinker -add_ast_path -Xlinker /Users/admin/builder/spi-builder-workspace/.derivedData/Build/Intermediates.noindex/SwiftletUtilities.build/Debug-watchos/SwiftletUtilities-t.build/Objects-normal/arm64/SwiftletUtilities.swiftmodule -o /Users/admin/builder/spi-builder-workspace/.derivedData/Build/Intermediates.noindex/SwiftletUtilities.build/Debug-watchos/SwiftletUtilities-t.build/Objects-normal/arm64/Binary/SwiftletUtilities.o
SwiftDriverJobDiscovery normal arm64_32 Compiling iOS DataExtensions.swift, iOS ImageExtensions.swift (in target 'SwiftletUtilities' from project 'SwiftletUtilities')
SwiftDriverJobDiscovery normal arm64_32 Compiling ObfuscationProvider.swift, UIApplicationExtensions.swift, ViewDeviceRotation.swift (in target 'SwiftletUtilities' from project 'SwiftletUtilities')
SwiftCompile normal arm64 Compiling\ MultiplatformTabBar.swift /Users/admin/builder/spi-builder-workspace/Sources/MultiplatformTabBar/MultiplatformTabBar.swift (in target 'MultiplatformTabBar' from project 'MultiplatformTabBar')
SwiftCompile normal arm64 (in target 'MultiplatformTabBar' from project 'MultiplatformTabBar')
    cd /Users/admin/builder/spi-builder-workspace/.swiftpm/xcode

/Users/admin/builder/spi-builder-workspace/Sources/MultiplatformTabBar/MultiplatformTabBar.swift:31:48: error: 'systemBackground' is unavailable in watchOS
 29 |     #else
 30 |     /// Holds the standard window background color.
 31 |     static let backgroundColor = Color(UIColor.systemBackground)
    |                                                `- error: 'systemBackground' is unavailable in watchOS
 32 |
 33 |     /// Holds the standard control background color.
/Applications/Xcode-27.0.0-Release.Candidate.app/Contents/Developer/Platforms/WatchOS.platform/Developer/SDKs/WatchOS27.0.sdk/System/Library/Frameworks/UIKit.framework/Headers/UIInterface.h:208:49: note: 'systemBackground' has been explicitly marked unavailable here
206 |  *    primary background in light mode.
207 |  */
208 | @property (class, nonatomic, readonly) UIColor *systemBackgroundColor                   API_AVAILABLE(ios(13.0)) API_UNAVAILABLE(tvos, watchos);
    |                                                 `- note: 'systemBackground' has been explicitly marked unavailable here
209 | @property (class, nonatomic, readonly) UIColor *secondarySystemBackgroundColor          API_AVAILABLE(ios(13.0)) API_UNAVAILABLE(tvos, watchos);
210 | @property (class, nonatomic, readonly) UIColor *tertiarySystemBackgroundColor           API_AVAILABLE(ios(13.0)) API_UNAVAILABLE(tvos, watchos);
SwiftEmitModule normal arm64 Emitting\ module\ for\ MultiplatformTabBar (in target 'MultiplatformTabBar' from project 'MultiplatformTabBar')
/Users/admin/builder/spi-builder-workspace/Sources/MultiplatformTabBar/MultiplatformTabBar.swift:31:48: error: 'systemBackground' is unavailable in watchOS
 29 |     #else
 30 |     /// Holds the standard window background color.
 31 |     static let backgroundColor = Color(UIColor.systemBackground)
    |                                                `- error: 'systemBackground' is unavailable in watchOS
 32 |
 33 |     /// Holds the standard control background color.
/Applications/Xcode-27.0.0-Release.Candidate.app/Contents/Developer/Platforms/WatchOS.platform/Developer/SDKs/WatchOS27.0.sdk/System/Library/Frameworks/UIKit.framework/Headers/UIInterface.h:208:49: note: 'systemBackground' has been explicitly marked unavailable here
206 |  *    primary background in light mode.
207 |  */
208 | @property (class, nonatomic, readonly) UIColor *systemBackgroundColor                   API_AVAILABLE(ios(13.0)) API_UNAVAILABLE(tvos, watchos);
    |                                                 `- note: 'systemBackground' has been explicitly marked unavailable here
209 | @property (class, nonatomic, readonly) UIColor *secondarySystemBackgroundColor          API_AVAILABLE(ios(13.0)) API_UNAVAILABLE(tvos, watchos);
210 | @property (class, nonatomic, readonly) UIColor *tertiarySystemBackgroundColor           API_AVAILABLE(ios(13.0)) API_UNAVAILABLE(tvos, watchos);
/Users/admin/builder/spi-builder-workspace/Sources/MultiplatformTabBar/MultiplatformTabBar.swift:34:57: error: 'secondarySystemBackground' is unavailable in watchOS
 32 |
 33 |     /// Holds the standard control background color.
 34 |     static let secondaryBackgroundColor = Color(UIColor.secondarySystemBackground)
    |                                                         `- error: 'secondarySystemBackground' is unavailable in watchOS
 35 |     #endif
 36 | }
/Applications/Xcode-27.0.0-Release.Candidate.app/Contents/Developer/Platforms/WatchOS.platform/Developer/SDKs/WatchOS27.0.sdk/System/Library/Frameworks/UIKit.framework/Headers/UIInterface.h:209:49: note: 'secondarySystemBackground' has been explicitly marked unavailable here
207 |  */
208 | @property (class, nonatomic, readonly) UIColor *systemBackgroundColor                   API_AVAILABLE(ios(13.0)) API_UNAVAILABLE(tvos, watchos);
209 | @property (class, nonatomic, readonly) UIColor *secondarySystemBackgroundColor          API_AVAILABLE(ios(13.0)) API_UNAVAILABLE(tvos, watchos);
    |                                                 `- note: 'secondarySystemBackground' has been explicitly marked unavailable here
210 | @property (class, nonatomic, readonly) UIColor *tertiarySystemBackgroundColor           API_AVAILABLE(ios(13.0)) API_UNAVAILABLE(tvos, watchos);
211 |
Failed frontend command:
/Applications/Xcode-27.0.0-Release.Candidate.app/Contents/Developer/Toolchains/XcodeDefault.xctoolchain/usr/bin/swift-frontend -frontend -emit-module -experimental-skip-non-inlinable-function-bodies-without-types /Users/admin/builder/spi-builder-workspace/.derivedData/Build/Intermediates.noindex/MultiplatformTabBar.build/Debug-watchos/MultiplatformTabBar-t.build/DerivedSources/resource_bundle_accessor.swift /Users/admin/builder/spi-builder-workspace/Sources/MultiplatformTabBar/MultiplatformTab.swift /Users/admin/builder/spi-builder-workspace/Sources/MultiplatformTabBar/MultiplatformTabBar.swift /Users/admin/builder/spi-builder-workspace/Sources/MultiplatformTabBar/MultiplatformTabBarHorizontalAlignment.swift /Users/admin/builder/spi-builder-workspace/Sources/MultiplatformTabBar/MultiplatformTabBarVerticalAlignment.swift /Users/admin/builder/spi-builder-workspace/Sources/MultiplatformTabBar/MultiplatformTabCollection.swift /Users/admin/builder/spi-builder-workspace/Sources/MultiplatformTabBar/MultiplatformTabViewPosition.swift -target arm64-apple-watchos26.0 -disable-cross-import-overlay-search -load-resolved-plugin /Applications/Xcode-27.0.0-Release.Candidate.app/Contents/Developer/Platforms/WatchOS.platform/Developer/usr/lib/swift/host/plugins/libFoundationMacros.dylib\#/Applications/Xcode-27.0.0-Release.Candidate.app/Contents/Developer/Platforms/WatchOS.platform/Developer/usr/bin/swift-plugin-server\#FoundationMacros -load-resolved-plugin /Applications/Xcode-27.0.0-Release.Candidate.app/Contents/Developer/Platforms/WatchOS.platform/Developer/usr/lib/swift/host/plugins/libObservationMacros.dylib\#/Applications/Xcode-27.0.0-Release.Candidate.app/Contents/Developer/Platforms/WatchOS.platform/Developer/usr/bin/swift-plugin-server\#ObservationMacros -load-resolved-plugin /Applications/Xcode-27.0.0-Release.Candidate.app/Contents/Developer/Platforms/WatchOS.platform/Developer/usr/lib/swift/host/plugins/libPreviewsMacros.dylib\#/Applications/Xcode-27.0.0-Release.Candidate.app/Contents/Developer/Platforms/WatchOS.platform/Developer/usr/bin/swift-plugin-server\#PreviewsMacros -load-resolved-plugin /Applications/Xcode-27.0.0-Release.Candidate.app/Contents/Developer/Platforms/WatchOS.platform/Developer/usr/lib/swift/host/plugins/libSwiftMacros.dylib\#/Applications/Xcode-27.0.0-Release.Candidate.app/Contents/Developer/Platforms/WatchOS.platform/Developer/usr/bin/swift-plugin-server\#SwiftMacros -load-resolved-plugin /Applications/Xcode-27.0.0-Release.Candidate.app/Contents/Developer/Platforms/WatchOS.platform/Developer/usr/lib/swift/host/plugins/libSwiftUIMacros.dylib\#/Applications/Xcode-27.0.0-Release.Candidate.app/Contents/Developer/Platforms/WatchOS.platform/Developer/usr/bin/swift-plugin-server\#SwiftUIMacros -disable-implicit-swift-modules -Xcc -fno-implicit-modules -Xcc -fno-implicit-module-maps -explicit-swift-module-map-file /Users/admin/builder/spi-builder-workspace/.derivedData/Build/Intermediates.noindex/MultiplatformTabBar.build/Debug-watchos/MultiplatformTabBar-t.build/Objects-normal/arm64/MultiplatformTabBar-dependencies-1.json -Xllvm -aarch64-use-tbi -enable-objc-interop -stack-check -sdk /Applications/Xcode-27.0.0-Release.Candidate.app/Contents/Developer/Platforms/WatchOS.platform/Developer/SDKs/WatchOS27.0.sdk -I /Users/admin/builder/spi-builder-workspace/.derivedData/Build/Products/Debug-watchos -Isystem /Applications/Xcode-27.0.0-Release.Candidate.app/Contents/Developer/Platforms/WatchOS.platform/Developer/usr/lib -F /Users/admin/builder/spi-builder-workspace/.derivedData/Build/Products/Debug-watchos/PackageFrameworks -F /Users/admin/builder/spi-builder-workspace/.derivedData/Build/Products/Debug-watchos -F /Applications/Xcode-27.0.0-Release.Candidate.app/Contents/Developer/Platforms/WatchOS.platform/Developer/Library/Frameworks -F /Applications/Xcode-27.0.0-Release.Candidate.app/Contents/Developer/Platforms/WatchOS.platform/Developer/SDKs/WatchOS27.0.sdk/Developer/Library/Frameworks -module-cache-path /Users/admin/builder/spi-builder-workspace/.derivedData/Build/Intermediates.noindex/SwiftExplicitPrecompiledModules -no-color-diagnostics -Xcc -fno-color-diagnostics -enable-testing -g -debug-info-format\=dwarf -dwarf-version\=5 -profile-generate -profile-coverage-mapping -swift-version 6 -Onone -D SWIFT_PACKAGE -D DEBUG -D SWIFT_MODULE_RESOURCE_BUNDLE_AVAILABLE -D Xcode -serialize-debugging-options -enable-experimental-feature DebugDescriptionMacro -empty-abi-descriptor -validate-clang-modules-once -clang-build-session-file /Users/admin/builder/spi-builder-workspace/.derivedData/ModuleCache.noindex/Session.modulevalidation -Xcc -working-directory -Xcc /Users/admin/builder/spi-builder-workspace/.swiftpm/xcode -enable-anonymous-context-mangled-names -file-compilation-dir /Users/admin/builder/spi-builder-workspace/.swiftpm/xcode -Xcc -D_LIBCPP_HARDENING_MODE\=_LIBCPP_HARDENING_MODE_DEBUG -Xcc -ivfsstatcache -Xcc /Users/admin/builder/spi-builder-workspace/.derivedData/SDKStatCaches.noindex/watchos27.0-24R360-e829b21a6f8c9b70876ba0858053c04477534ef55a1706bf4c1112bbb242f0a2.sdkstatcache -Xcc -fmodules-prune-interval\=86400 -Xcc -fmodules-prune-after\=345600 -Xcc -I/Users/admin/builder/spi-builder-workspace/.derivedData/Build/Products/Debug-watchos/include -Xcc -I/Users/admin/builder/spi-builder-workspace/.derivedData/Build/Intermediates.noindex/MultiplatformTabBar.build/Debug-watchos/MultiplatformTabBar-t.build/DerivedSources-normal/arm64 -Xcc -I/Users/admin/builder/spi-builder-workspace/.derivedData/Build/Intermediates.noindex/MultiplatformTabBar.build/Debug-watchos/MultiplatformTabBar-t.build/DerivedSources/arm64 -Xcc -I/Users/admin/builder/spi-builder-workspace/.derivedData/Build/Intermediates.noindex/MultiplatformTabBar.build/Debug-watchos/MultiplatformTabBar-t.build/DerivedSources -Xcc -DSWIFT_PACKAGE -Xcc -DDEBUG\=1 -no-auto-bridging-header-chaining -module-name MultiplatformTabBar -package-name spi_builder_workspace -const-gather-protocols-file /Users/admin/builder/spi-builder-workspace/.derivedData/Build/Intermediates.noindex/MultiplatformTabBar.build/Debug-watchos/MultiplatformTabBar-t.build/Objects-normal/arm64/MultiplatformTabBar_const_extract_protocols.json -disable-clang-spi -clang-target arm64-apple-watchos27.0 -target-sdk-version 27.0 -target-sdk-name watchos27.0 -in-process-plugin-server-path /Applications/Xcode-27.0.0-Release.Candidate.app/Contents/Developer/Toolchains/XcodeDefault.xctoolchain/usr/lib/swift/host/libSwiftInProcPluginServer.dylib -emit-module-doc-path /Users/admin/builder/spi-builder-workspace/.derivedData/Build/Intermediates.noindex/MultiplatformTabBar.build/Debug-watchos/MultiplatformTabBar-t.build/Objects-normal/arm64/MultiplatformTabBar.swiftdoc -emit-module-source-info-path /Users/admin/builder/spi-builder-workspace/.derivedData/Build/Intermediates.noindex/MultiplatformTabBar.build/Debug-watchos/MultiplatformTabBar-t.build/Objects-normal/arm64/MultiplatformTabBar.swiftsourceinfo -emit-objc-header-path /Users/admin/builder/spi-builder-workspace/.derivedData/Build/Intermediates.noindex/MultiplatformTabBar.build/Debug-watchos/MultiplatformTabBar-t.build/Objects-normal/arm64/MultiplatformTabBar-Swift.h -serialize-diagnostics-path /Users/admin/builder/spi-builder-workspace/.derivedData/Build/Intermediates.noindex/MultiplatformTabBar.build/Debug-watchos/MultiplatformTabBar-t.build/Objects-normal/arm64/MultiplatformTabBar-primary-emit-module.dia -emit-dependencies-path /Users/admin/builder/spi-builder-workspace/.derivedData/Build/Intermediates.noindex/MultiplatformTabBar.build/Debug-watchos/MultiplatformTabBar-t.build/Objects-normal/arm64/MultiplatformTabBar-primary-emit-module.d -parse-as-library -o /Users/admin/builder/spi-builder-workspace/.derivedData/Build/Intermediates.noindex/MultiplatformTabBar.build/Debug-watchos/MultiplatformTabBar-t.build/Objects-normal/arm64/MultiplatformTabBar.swiftmodule -emit-abi-descriptor-path /Users/admin/builder/spi-builder-workspace/.derivedData/Build/Intermediates.noindex/MultiplatformTabBar.build/Debug-watchos/MultiplatformTabBar-t.build/Objects-normal/arm64/MultiplatformTabBar.abi.json
SwiftCompile normal arm64 (in target 'MultiplatformTabBar' from project 'MultiplatformTabBar')
    cd /Users/admin/builder/spi-builder-workspace/.swiftpm/xcode

SwiftCompile normal arm64 Compiling\ resource_bundle_accessor.swift /Users/admin/builder/spi-builder-workspace/.derivedData/Build/Intermediates.noindex/MultiplatformTabBar.build/Debug-watchos/MultiplatformTabBar-t.build/DerivedSources/resource_bundle_accessor.swift (in target 'MultiplatformTabBar' from project 'MultiplatformTabBar')
SwiftCompile normal arm64 /Users/admin/builder/spi-builder-workspace/.derivedData/Build/Intermediates.noindex/MultiplatformTabBar.build/Debug-watchos/MultiplatformTabBar-t.build/DerivedSources/resource_bundle_accessor.swift (in target 'MultiplatformTabBar' from project 'MultiplatformTabBar')
    cd /Users/admin/builder/spi-builder-workspace/.swiftpm/xcode
    builtin-SwiftPerFileCompile resource_bundle_accessor.swift
SwiftCompile normal arm64 Compiling\ MultiplatformTabBarVerticalAlignment.swift /Users/admin/builder/spi-builder-workspace/Sources/MultiplatformTabBar/MultiplatformTabBarVerticalAlignment.swift (in target 'MultiplatformTabBar' from project 'MultiplatformTabBar')
SwiftCompile normal arm64 /Users/admin/builder/spi-builder-workspace/Sources/MultiplatformTabBar/MultiplatformTabBarVerticalAlignment.swift (in target 'MultiplatformTabBar' from project 'MultiplatformTabBar')
    cd /Users/admin/builder/spi-builder-workspace/.swiftpm/xcode
    builtin-SwiftPerFileCompile MultiplatformTabBarVerticalAlignment.swift
SwiftCompile normal arm64 Compiling\ MultiplatformTabBarHorizontalAlignment.swift /Users/admin/builder/spi-builder-workspace/Sources/MultiplatformTabBar/MultiplatformTabBarHorizontalAlignment.swift (in target 'MultiplatformTabBar' from project 'MultiplatformTabBar')
SwiftCompile normal arm64 /Users/admin/builder/spi-builder-workspace/Sources/MultiplatformTabBar/MultiplatformTabBarHorizontalAlignment.swift (in target 'MultiplatformTabBar' from project 'MultiplatformTabBar')
    cd /Users/admin/builder/spi-builder-workspace/.swiftpm/xcode
    builtin-SwiftPerFileCompile MultiplatformTabBarHorizontalAlignment.swift
SwiftCompile normal arm64 Compiling\ MultiplatformTab.swift /Users/admin/builder/spi-builder-workspace/Sources/MultiplatformTabBar/MultiplatformTab.swift (in target 'MultiplatformTabBar' from project 'MultiplatformTabBar')
SwiftCompile normal arm64 /Users/admin/builder/spi-builder-workspace/Sources/MultiplatformTabBar/MultiplatformTab.swift (in target 'MultiplatformTabBar' from project 'MultiplatformTabBar')
    cd /Users/admin/builder/spi-builder-workspace/.swiftpm/xcode
    builtin-SwiftPerFileCompile MultiplatformTab.swift
SwiftCompile normal arm64 Compiling\ MultiplatformTabCollection.swift /Users/admin/builder/spi-builder-workspace/Sources/MultiplatformTabBar/MultiplatformTabCollection.swift (in target 'MultiplatformTabBar' from project 'MultiplatformTabBar')
SwiftCompile normal arm64 /Users/admin/builder/spi-builder-workspace/Sources/MultiplatformTabBar/MultiplatformTabCollection.swift (in target 'MultiplatformTabBar' from project 'MultiplatformTabBar')
    cd /Users/admin/builder/spi-builder-workspace/.swiftpm/xcode
    builtin-SwiftPerFileCompile MultiplatformTabCollection.swift
SwiftCompile normal arm64 Compiling\ MultiplatformTabViewPosition.swift /Users/admin/builder/spi-builder-workspace/Sources/MultiplatformTabBar/MultiplatformTabViewPosition.swift (in target 'MultiplatformTabBar' from project 'MultiplatformTabBar')
SwiftCompile normal arm64 /Users/admin/builder/spi-builder-workspace/Sources/MultiplatformTabBar/MultiplatformTabViewPosition.swift (in target 'MultiplatformTabBar' from project 'MultiplatformTabBar')
    cd /Users/admin/builder/spi-builder-workspace/.swiftpm/xcode
    builtin-SwiftPerFileCompile MultiplatformTabViewPosition.swift
SwiftEmitModule normal arm64_32 Emitting\ module\ for\ MultiplatformTabBar (in target 'MultiplatformTabBar' from project 'MultiplatformTabBar')
/Users/admin/builder/spi-builder-workspace/Sources/MultiplatformTabBar/MultiplatformTabBar.swift:31:48: error: 'systemBackground' is unavailable in watchOS
 29 |     #else
 30 |     /// Holds the standard window background color.
 31 |     static let backgroundColor = Color(UIColor.systemBackground)
    |                                                `- error: 'systemBackground' is unavailable in watchOS
 32 |
 33 |     /// Holds the standard control background color.
/Applications/Xcode-27.0.0-Release.Candidate.app/Contents/Developer/Platforms/WatchOS.platform/Developer/SDKs/WatchOS27.0.sdk/System/Library/Frameworks/UIKit.framework/Headers/UIInterface.h:208:49: note: 'systemBackground' has been explicitly marked unavailable here
206 |  *    primary background in light mode.
207 |  */
208 | @property (class, nonatomic, readonly) UIColor *systemBackgroundColor                   API_AVAILABLE(ios(13.0)) API_UNAVAILABLE(tvos, watchos);
    |                                                 `- note: 'systemBackground' has been explicitly marked unavailable here
209 | @property (class, nonatomic, readonly) UIColor *secondarySystemBackgroundColor          API_AVAILABLE(ios(13.0)) API_UNAVAILABLE(tvos, watchos);
210 | @property (class, nonatomic, readonly) UIColor *tertiarySystemBackgroundColor           API_AVAILABLE(ios(13.0)) API_UNAVAILABLE(tvos, watchos);
SwiftCompile normal arm64_32 (in target 'MultiplatformTabBar' from project 'MultiplatformTabBar')
    cd /Users/admin/builder/spi-builder-workspace/.swiftpm/xcode

SwiftDriverJobDiscovery normal arm64_32 Compiling resource_bundle_accessor.swift, ArrayExtensions.swift, ColorExtentions.swift (in target 'SwiftletUtilities' from project 'SwiftletUtilities')
SwiftCompile normal arm64_32 Compiling\ MultiplatformTabBarHorizontalAlignment.swift /Users/admin/builder/spi-builder-workspace/Sources/MultiplatformTabBar/MultiplatformTabBarHorizontalAlignment.swift (in target 'MultiplatformTabBar' from project 'MultiplatformTabBar')
SwiftCompile normal arm64_32 /Users/admin/builder/spi-builder-workspace/Sources/MultiplatformTabBar/MultiplatformTabBarHorizontalAlignment.swift (in target 'MultiplatformTabBar' from project 'MultiplatformTabBar')
    cd /Users/admin/builder/spi-builder-workspace/.swiftpm/xcode
    builtin-SwiftPerFileCompile MultiplatformTabBarHorizontalAlignment.swift
SwiftDriverJobDiscovery normal arm64 Compiling MultiplatformTabCollection.swift (in target 'MultiplatformTabBar' from project 'MultiplatformTabBar')
SwiftCompile normal arm64_32 Compiling\ MultiplatformTabBarVerticalAlignment.swift /Users/admin/builder/spi-builder-workspace/Sources/MultiplatformTabBar/MultiplatformTabBarVerticalAlignment.swift (in target 'MultiplatformTabBar' from project 'MultiplatformTabBar')
SwiftCompile normal arm64_32 /Users/admin/builder/spi-builder-workspace/Sources/MultiplatformTabBar/MultiplatformTabBarVerticalAlignment.swift (in target 'MultiplatformTabBar' from project 'MultiplatformTabBar')
    cd /Users/admin/builder/spi-builder-workspace/.swiftpm/xcode
    builtin-SwiftPerFileCompile MultiplatformTabBarVerticalAlignment.swift
SwiftDriverJobDiscovery normal arm64 Compiling MultiplatformTabBarVerticalAlignment.swift (in target 'MultiplatformTabBar' from project 'MultiplatformTabBar')
SwiftCompile normal arm64_32 Compiling\ MultiplatformTabViewPosition.swift /Users/admin/builder/spi-builder-workspace/Sources/MultiplatformTabBar/MultiplatformTabViewPosition.swift (in target 'MultiplatformTabBar' from project 'MultiplatformTabBar')
SwiftCompile normal arm64_32 /Users/admin/builder/spi-builder-workspace/Sources/MultiplatformTabBar/MultiplatformTabViewPosition.swift (in target 'MultiplatformTabBar' from project 'MultiplatformTabBar')
    cd /Users/admin/builder/spi-builder-workspace/.swiftpm/xcode
    builtin-SwiftPerFileCompile MultiplatformTabViewPosition.swift
SwiftDriverJobDiscovery normal arm64 Compiling MultiplatformTabViewPosition.swift (in target 'MultiplatformTabBar' from project 'MultiplatformTabBar')
SwiftCompile normal arm64_32 Compiling\ MultiplatformTabBar.swift /Users/admin/builder/spi-builder-workspace/Sources/MultiplatformTabBar/MultiplatformTabBar.swift (in target 'MultiplatformTabBar' from project 'MultiplatformTabBar')
SwiftCompile normal arm64_32 (in target 'MultiplatformTabBar' from project 'MultiplatformTabBar')
    cd /Users/admin/builder/spi-builder-workspace/.swiftpm/xcode

SwiftDriverJobDiscovery normal arm64_32 Compiling ViewExtensions.swift, AppleHardwareType.swift, HardwareInformation.swift (in target 'SwiftletUtilities' from project 'SwiftletUtilities')
SwiftDriver\ Compilation SwiftletUtilities normal arm64_32 com.apple.xcode.tools.swift.compiler (in target 'SwiftletUtilities' from project 'SwiftletUtilities')
    cd /Users/admin/builder/spi-builder-workspace/.swiftpm/xcode
    builtin-Swift-Compilation -- /Applications/Xcode-27.0.0-Release.Candidate.app/Contents/Developer/Toolchains/XcodeDefault.xctoolchain/usr/bin/swiftc -parse-as-library -module-name SwiftletUtilities -Onone @/Users/admin/builder/spi-builder-workspace/.derivedData/Build/Intermediates.noindex/SwiftletUtilities.build/Debug-watchos/SwiftletUtilities-t.build/Objects-normal/arm64_32/SwiftletUtilities.SwiftFileList -DSWIFT_PACKAGE -DDEBUG -DSWIFT_MODULE_RESOURCE_BUNDLE_AVAILABLE -DXcode -plugin-path /Applications/Xcode-27.0.0-Release.Candidate.app/Contents/Developer/Toolchains/XcodeDefault.xctoolchain/usr/lib/swift/host/plugins/testing -enable-experimental-feature DebugDescriptionMacro -sdk /Applications/Xcode-27.0.0-Release.Candidate.app/Contents/Developer/Platforms/WatchOS.platform/Developer/SDKs/WatchOS27.0.sdk -target arm64_32-apple-watchos26.0 -g -module-cache-path /Users/admin/builder/spi-builder-workspace/.derivedData/ModuleCache.noindex -Xfrontend -serialize-debugging-options -profile-coverage-mapping -profile-generate -enable-testing -suppress-warnings -index-store-path /Users/admin/builder/spi-builder-workspace/.derivedData/Index.noindex/DataStore -Xcc -D_LIBCPP_HARDENING_MODE\=_LIBCPP_HARDENING_MODE_DEBUG -swift-version 6 -I /Users/admin/builder/spi-builder-workspace/.derivedData/Build/Products/Debug-watchos -Isystem /Applications/Xcode-27.0.0-Release.Candidate.app/Contents/Developer/Platforms/WatchOS.platform/Developer/usr/lib -F /Users/admin/builder/spi-builder-workspace/.derivedData/Build/Products/Debug-watchos/PackageFrameworks -F /Users/admin/builder/spi-builder-workspace/.derivedData/Build/Products/Debug-watchos -F /Applications/Xcode-27.0.0-Release.Candidate.app/Contents/Developer/Platforms/WatchOS.platform/Developer/Library/Frameworks -F /Applications/Xcode-27.0.0-Release.Candidate.app/Contents/Developer/Platforms/WatchOS.platform/Developer/SDKs/WatchOS27.0.sdk/Developer/Library/Frameworks -c -j10 -enable-batch-mode -incremental -Xcc -ivfsstatcache -Xcc /Users/admin/builder/spi-builder-workspace/.derivedData/SDKStatCaches.noindex/watchos27.0-24R360-e829b21a6f8c9b70876ba0858053c04477534ef55a1706bf4c1112bbb242f0a2.sdkstatcache -output-file-map /Users/admin/builder/spi-builder-workspace/.derivedData/Build/Intermediates.noindex/SwiftletUtilities.build/Debug-watchos/SwiftletUtilities-t.build/Objects-normal/arm64_32/SwiftletUtilities-OutputFileMap.json -save-temps -no-color-diagnostics -explicit-module-build -module-cache-path /Users/admin/builder/spi-builder-workspace/.derivedData/Build/Intermediates.noindex/SwiftExplicitPrecompiledModules -clang-scanner-module-cache-path /Users/admin/builder/spi-builder-workspace/.derivedData/ModuleCache.noindex -sdk-module-cache-path /Users/admin/builder/spi-builder-workspace/.derivedData/SDKExplicitPrecompiledModules -emit-dependencies -emit-module -emit-module-path /Users/admin/builder/spi-builder-workspace/.derivedData/Build/Intermediates.noindex/SwiftletUtilities.build/Debug-watchos/SwiftletUtilities-t.build/Objects-normal/arm64_32/SwiftletUtilities.swiftmodule -serialize-diagnostics -dependency-scan-serialize-diagnostics-path /Users/admin/builder/spi-builder-workspace/.derivedData/Build/Intermediates.noindex/SwiftletUtilities.build/Debug-watchos/SwiftletUtilities-t.build/Objects-normal/arm64_32/SwiftletUtilities-dependency-scan.dia -user-module-version 2.1.4 -validate-clang-modules-once -clang-build-session-file /Users/admin/builder/spi-builder-workspace/.derivedData/ModuleCache.noindex/Session.modulevalidation -Xcc -fmodules-prune-interval\=86400 -Xcc -fmodules-prune-after\=345600 -package-name swiftletutilities -emit-const-values -const-gather-protocols-list /Users/admin/builder/spi-builder-workspace/.derivedData/Build/Intermediates.noindex/SwiftletUtilities.build/Debug-watchos/SwiftletUtilities-t.build/Objects-normal/arm64_32/SwiftletUtilities_const_extract_protocols.json -Xcc -I/Users/admin/builder/spi-builder-workspace/.derivedData/Build/Products/Debug-watchos/include -Xcc -I/Users/admin/builder/spi-builder-workspace/.derivedData/Build/Intermediates.noindex/SwiftletUtilities.build/Debug-watchos/SwiftletUtilities-t.build/DerivedSources-normal/arm64_32 -Xcc -I/Users/admin/builder/spi-builder-workspace/.derivedData/Build/Intermediates.noindex/SwiftletUtilities.build/Debug-watchos/SwiftletUtilities-t.build/DerivedSources/arm64_32 -Xcc -I/Users/admin/builder/spi-builder-workspace/.derivedData/Build/Intermediates.noindex/SwiftletUtilities.build/Debug-watchos/SwiftletUtilities-t.build/DerivedSources -Xcc -DSWIFT_PACKAGE -Xcc -DDEBUG\=1 -emit-objc-header -emit-objc-header-path /Users/admin/builder/spi-builder-workspace/.derivedData/Build/Intermediates.noindex/SwiftletUtilities.build/Debug-watchos/SwiftletUtilities-t.build/Objects-normal/arm64_32/SwiftletUtilities-Swift.h -working-directory /Users/admin/builder/spi-builder-workspace/.swiftpm/xcode -experimental-emit-module-separately -disable-cmo
SwiftDriverJobDiscovery normal arm64 Compiling MultiplatformTabBarHorizontalAlignment.swift (in target 'MultiplatformTabBar' from project 'MultiplatformTabBar')
SwiftCompile normal arm64_32 Compiling\ MultiplatformTab.swift /Users/admin/builder/spi-builder-workspace/Sources/MultiplatformTabBar/MultiplatformTab.swift (in target 'MultiplatformTabBar' from project 'MultiplatformTabBar')
SwiftCompile normal arm64_32 /Users/admin/builder/spi-builder-workspace/Sources/MultiplatformTabBar/MultiplatformTab.swift (in target 'MultiplatformTabBar' from project 'MultiplatformTabBar')
    cd /Users/admin/builder/spi-builder-workspace/.swiftpm/xcode
    builtin-SwiftPerFileCompile MultiplatformTab.swift
Ld /Users/admin/builder/spi-builder-workspace/.derivedData/Build/Intermediates.noindex/SwiftletUtilities.build/Debug-watchos/SwiftletUtilities-t.build/Objects-normal/arm64_32/Binary/SwiftletUtilities.o normal arm64_32 (in target 'SwiftletUtilities' from project 'SwiftletUtilities')
    cd /Users/admin/builder/spi-builder-workspace/.dependencies/checkouts/SwiftletUtilities
    /Applications/Xcode-27.0.0-Release.Candidate.app/Contents/Developer/Toolchains/XcodeDefault.xctoolchain/usr/bin/clang -Xlinker -reproducible -target arm64_32-apple-watchos26.0 -r -isysroot /Applications/Xcode-27.0.0-Release.Candidate.app/Contents/Developer/Platforms/WatchOS.platform/Developer/SDKs/WatchOS27.0.sdk -O0 -w -Xlinker -no_warn_duplicate_libraries -F/Users/admin/builder/spi-builder-workspace/.derivedData/Build/Intermediates.noindex/EagerLinkingTBDs/Debug-watchos -F/Users/admin/builder/spi-builder-workspace/.derivedData/Build/Products/Debug-watchos/PackageFrameworks -F/Users/admin/builder/spi-builder-workspace/.derivedData/Build/Products/Debug-watchos -iframework /Applications/Xcode-27.0.0-Release.Candidate.app/Contents/Developer/Platforms/WatchOS.platform/Developer/Library/Frameworks -iframework /Applications/Xcode-27.0.0-Release.Candidate.app/Contents/Developer/Platforms/WatchOS.platform/Developer/SDKs/WatchOS27.0.sdk/Developer/Library/Frameworks -filelist /Users/admin/builder/spi-builder-workspace/.derivedData/Build/Intermediates.noindex/SwiftletUtilities.build/Debug-watchos/SwiftletUtilities-t.build/Objects-normal/arm64_32/SwiftletUtilities.LinkFileList -nostdlib -Xlinker -object_path_lto -Xlinker /Users/admin/builder/spi-builder-workspace/.derivedData/Build/Intermediates.noindex/SwiftletUtilities.build/Debug-watchos/SwiftletUtilities-t.build/Objects-normal/arm64_32/SwiftletUtilities_lto.o -Xlinker -no_deduplicate -Xlinker -debug_variant -Xlinker -dependency_info -Xlinker /Users/admin/builder/spi-builder-workspace/.derivedData/Build/Intermediates.noindex/SwiftletUtilities.build/Debug-watchos/SwiftletUtilities-t.build/Objects-normal/arm64_32/SwiftletUtilities_dependency_info.dat -fobjc-link-runtime -L/Applications/Xcode-27.0.0-Release.Candidate.app/Contents/Developer/Toolchains/XcodeDefault.xctoolchain/usr/lib/swift/watchos -L/usr/lib/swift -Xlinker -add_ast_path -Xlinker /Users/admin/builder/spi-builder-workspace/.derivedData/Build/Intermediates.noindex/SwiftletUtilities.build/Debug-watchos/SwiftletUtilities-t.build/Objects-normal/arm64_32/SwiftletUtilities.swiftmodule -o /Users/admin/builder/spi-builder-workspace/.derivedData/Build/Intermediates.noindex/SwiftletUtilities.build/Debug-watchos/SwiftletUtilities-t.build/Objects-normal/arm64_32/Binary/SwiftletUtilities.o
SwiftDriverJobDiscovery normal arm64 Compiling resource_bundle_accessor.swift (in target 'MultiplatformTabBar' from project 'MultiplatformTabBar')
SwiftCompile normal arm64_32 Compiling\ resource_bundle_accessor.swift /Users/admin/builder/spi-builder-workspace/.derivedData/Build/Intermediates.noindex/MultiplatformTabBar.build/Debug-watchos/MultiplatformTabBar-t.build/DerivedSources/resource_bundle_accessor.swift (in target 'MultiplatformTabBar' from project 'MultiplatformTabBar')
SwiftCompile normal arm64_32 /Users/admin/builder/spi-builder-workspace/.derivedData/Build/Intermediates.noindex/MultiplatformTabBar.build/Debug-watchos/MultiplatformTabBar-t.build/DerivedSources/resource_bundle_accessor.swift (in target 'MultiplatformTabBar' from project 'MultiplatformTabBar')
    cd /Users/admin/builder/spi-builder-workspace/.swiftpm/xcode
    builtin-SwiftPerFileCompile resource_bundle_accessor.swift
SwiftDriverJobDiscovery normal arm64 Compiling MultiplatformTab.swift (in target 'MultiplatformTabBar' from project 'MultiplatformTabBar')
SwiftCompile normal arm64_32 Compiling\ MultiplatformTabCollection.swift /Users/admin/builder/spi-builder-workspace/Sources/MultiplatformTabBar/MultiplatformTabCollection.swift (in target 'MultiplatformTabBar' from project 'MultiplatformTabBar')
SwiftCompile normal arm64_32 /Users/admin/builder/spi-builder-workspace/Sources/MultiplatformTabBar/MultiplatformTabCollection.swift (in target 'MultiplatformTabBar' from project 'MultiplatformTabBar')
    cd /Users/admin/builder/spi-builder-workspace/.swiftpm/xcode
    builtin-SwiftPerFileCompile MultiplatformTabCollection.swift
CreateUniversalBinary /Users/admin/builder/spi-builder-workspace/.derivedData/Build/Products/Debug-watchos/SwiftletUtilities.o normal arm64\ arm64_32 (in target 'SwiftletUtilities' from project 'SwiftletUtilities')
    cd /Users/admin/builder/spi-builder-workspace/.dependencies/checkouts/SwiftletUtilities
    /Applications/Xcode-27.0.0-Release.Candidate.app/Contents/Developer/Toolchains/XcodeDefault.xctoolchain/usr/bin/lipo -create /Users/admin/builder/spi-builder-workspace/.derivedData/Build/Intermediates.noindex/SwiftletUtilities.build/Debug-watchos/SwiftletUtilities-t.build/Objects-normal/arm64/Binary/SwiftletUtilities.o /Users/admin/builder/spi-builder-workspace/.derivedData/Build/Intermediates.noindex/SwiftletUtilities.build/Debug-watchos/SwiftletUtilities-t.build/Objects-normal/arm64_32/Binary/SwiftletUtilities.o -output /Users/admin/builder/spi-builder-workspace/.derivedData/Build/Products/Debug-watchos/SwiftletUtilities.o
PruneExplicitPrecompiledModules /Users/admin/builder/spi-builder-workspace/.derivedData/SDKExplicitPrecompiledModules
PruneExplicitPrecompiledModules /Users/admin/builder/spi-builder-workspace/.derivedData/Build/Intermediates.noindex/SwiftExplicitPrecompiledModules
PruneExplicitPrecompiledModules /Users/admin/builder/spi-builder-workspace/.derivedData/Build/Intermediates.noindex/ExplicitPrecompiledModules
2026-09-27 11:27:56.173 xcodebuild[759:4470] [MT] IDERunDestination: Supported platforms for the buildables in the current scheme is empty.
** BUILD FAILED **
The following build commands failed:
	SwiftEmitModule normal arm64 Emitting\ module\ for\ MultiplatformTabBar (in target 'MultiplatformTabBar' from project 'MultiplatformTabBar')
	SwiftCompile normal arm64 (in target 'MultiplatformTabBar' from project 'MultiplatformTabBar')
	Building workspace MultiplatformTabBar with scheme MultiplatformTabBar
(3 failures)
Command line invocation:
    /Applications/Xcode-27.0.0-Release.Candidate.app/Contents/Developer/usr/bin/xcodebuild -IDEClonedSourcePackagesDirPathOverride=/Users/admin/builder/spi-builder-workspace/.dependencies -resolvePackageDependencies
Resolve Package Graph
Resolved source packages:
  LogManager: https://github.com/Appracatappra/LogManager @ 2.1.0
  MultiplatformTabBar: /Users/admin/builder/spi-builder-workspace
  SwiftletUtilities: https://github.com/Appracatappra/SwiftletUtilities.git @ 2.1.4
resolved source packages: LogManager, MultiplatformTabBar, SwiftletUtilities
2026-09-27 11:28:07.769 xcodebuild[981:5555] [MT] IDERunDestination: Supported platforms for the buildables in the current scheme is empty.
{
  "dependencies" : [
    {
      "identity" : "swiftletutilities",
      "requirement" : {
        "range" : [
          {
            "lower_bound" : "2.0.0",
            "upper_bound" : "3.0.0"
          }
        ]
      },
      "type" : "sourceControl",
      "url" : "https://github.com/Appracatappra/SwiftletUtilities.git"
    }
  ],
  "manifest_display_name" : "MultiplatformTabBar",
  "name" : "MultiplatformTabBar",
  "path" : "/Users/admin/builder/spi-builder-workspace",
  "platforms" : [
    {
      "name" : "ios",
      "version" : "26.0"
    },
    {
      "name" : "macos",
      "version" : "26.0"
    },
    {
      "name" : "tvos",
      "version" : "26.0"
    }
  ],
  "products" : [
    {
      "name" : "MultiplatformTabBar",
      "targets" : [
        "MultiplatformTabBar"
      ],
      "type" : {
        "library" : [
          "automatic"
        ]
      }
    }
  ],
  "targets" : [
    {
      "c99name" : "MultiplatformTabBarTests",
      "module_type" : "SwiftTarget",
      "name" : "MultiplatformTabBarTests",
      "path" : "Tests/MultiplatformTabBarTests",
      "sources" : [
        "MultiplatformTabBarTests.swift"
      ],
      "target_dependencies" : [
        "MultiplatformTabBar"
      ],
      "type" : "test"
    },
    {
      "c99name" : "MultiplatformTabBar",
      "module_type" : "SwiftTarget",
      "name" : "MultiplatformTabBar",
      "path" : "Sources/MultiplatformTabBar",
      "product_dependencies" : [
        "SwiftletUtilities"
      ],
      "product_memberships" : [
        "MultiplatformTabBar"
      ],
      "resources" : [
        {
          "path" : "/Users/admin/builder/spi-builder-workspace/Sources/MultiplatformTabBar/Resources/PrivacyInfo.xcprivacy",
          "rule" : {
            "process" : {
            }
          }
        }
      ],
      "sources" : [
        "MultiplatformTab.swift",
        "MultiplatformTabBar.swift",
        "MultiplatformTabBarHorizontalAlignment.swift",
        "MultiplatformTabBarVerticalAlignment.swift",
        "MultiplatformTabCollection.swift",
        "MultiplatformTabViewPosition.swift"
      ],
      "type" : "library"
    }
  ],
  "tools_version" : "6.4"
}
{
  "workspace" : {
    "name" : "MultiplatformTabBar",
    "schemes" : [
      "MultiplatformTabBar",
      "SwiftletUtilities"
    ]
  }
}
2026-09-27 11:28:09.070 xcodebuild[989:5628] [MT] IDERunDestination: Supported platforms for the buildables in the current scheme is empty.
{
  "workspace" : {
    "name" : "MultiplatformTabBar",
    "schemes" : [
      "MultiplatformTabBar",
      "SwiftletUtilities"
    ]
  }
}
2026-09-27 11:28:10.156 xcodebuild[991:5660] [MT] IDERunDestination: Supported platforms for the buildables in the current scheme is empty.
Running build ...
env DEVELOPER_DIR=/Applications/Xcode-27.0.0-Release.Candidate.app xcrun xcodebuild -IDEClonedSourcePackagesDirPathOverride=$PWD/.dependencies -skipMacroValidation -skipPackagePluginValidation -derivedDataPath $PWD/.derivedData build -scheme MultiplatformTabBar -destination generic/platform=watchOS
Command line invocation:
    /Applications/Xcode-27.0.0-Release.Candidate.app/Contents/Developer/usr/bin/xcodebuild -IDEClonedSourcePackagesDirPathOverride=/Users/admin/builder/spi-builder-workspace/.dependencies -skipMacroValidation -skipPackagePluginValidation -derivedDataPath /Users/admin/builder/spi-builder-workspace/.derivedData build -scheme MultiplatformTabBar -destination generic/platform=watchOS
Resolve Package Graph
Resolved source packages:
  SwiftletUtilities: https://github.com/Appracatappra/SwiftletUtilities.git @ 2.1.4
  MultiplatformTabBar: /Users/admin/builder/spi-builder-workspace
  LogManager: https://github.com/Appracatappra/LogManager @ 2.1.0
ComputePackagePrebuildTargetDependencyGraph
Prepare packages
CreateBuildRequest
SendProjectDescription
CreateBuildOperation
ComputeTargetDependencyGraph
note: Building targets in dependency order
note: Target dependency graph (9 targets)
    Target 'MultiplatformTabBar-product' in project 'MultiplatformTabBar'
        ➜ Explicit dependency on target 'MultiplatformTabBar' in project 'MultiplatformTabBar'
        ➜ Explicit dependency on target 'MultiplatformTabBar_MultiplatformTabBar' in project 'MultiplatformTabBar'
        ➜ Explicit dependency on target 'SwiftletUtilities-product' in project 'SwiftletUtilities'
    Target 'MultiplatformTabBar' in project 'MultiplatformTabBar'
        ➜ Explicit dependency on target 'MultiplatformTabBar_MultiplatformTabBar' in project 'MultiplatformTabBar'
        ➜ Explicit dependency on target 'SwiftletUtilities-product' in project 'SwiftletUtilities'
    Target 'SwiftletUtilities-product' in project 'SwiftletUtilities'
        ➜ Explicit dependency on target 'SwiftletUtilities' in project 'SwiftletUtilities'
        ➜ Explicit dependency on target 'SwiftletUtilities_SwiftletUtilities' in project 'SwiftletUtilities'
        ➜ Explicit dependency on target 'LogManager-product' in project 'LogManager'
    Target 'SwiftletUtilities' in project 'SwiftletUtilities'
        ➜ Explicit dependency on target 'SwiftletUtilities_SwiftletUtilities' in project 'SwiftletUtilities'
        ➜ Explicit dependency on target 'LogManager-product' in project 'LogManager'
    Target 'LogManager-product' in project 'LogManager'
        ➜ Explicit dependency on target 'LogManager' in project 'LogManager'
        ➜ Explicit dependency on target 'LogManager_LogManager' in project 'LogManager'
    Target 'LogManager' in project 'LogManager'
        ➜ Explicit dependency on target 'LogManager_LogManager' in project 'LogManager'
    Target 'LogManager_LogManager' in project 'LogManager' (no dependencies)
    Target 'SwiftletUtilities_SwiftletUtilities' in project 'SwiftletUtilities' (no dependencies)
    Target 'MultiplatformTabBar_MultiplatformTabBar' in project 'MultiplatformTabBar' (no dependencies)
GatherProvisioningInputs
CreateBuildDescription
ClangStatCache /Applications/Xcode-27.0.0-Release.Candidate.app/Contents/Developer/Toolchains/XcodeDefault.xctoolchain/usr/bin/clang-stat-cache /Applications/Xcode-27.0.0-Release.Candidate.app/Contents/Developer/Platforms/WatchOS.platform/Developer/SDKs/WatchOS27.0.sdk /Users/admin/builder/spi-builder-workspace/.derivedData/SDKStatCaches.noindex/watchos27.0-24R360-e829b21a6f8c9b70876ba0858053c04477534ef55a1706bf4c1112bbb242f0a2.sdkstatcache
    cd /Users/admin/builder/spi-builder-workspace/.swiftpm/xcode
    /Applications/Xcode-27.0.0-Release.Candidate.app/Contents/Developer/Toolchains/XcodeDefault.xctoolchain/usr/bin/clang-stat-cache /Applications/Xcode-27.0.0-Release.Candidate.app/Contents/Developer/Platforms/WatchOS.platform/Developer/SDKs/WatchOS27.0.sdk -o /Users/admin/builder/spi-builder-workspace/.derivedData/SDKStatCaches.noindex/watchos27.0-24R360-e829b21a6f8c9b70876ba0858053c04477534ef55a1706bf4c1112bbb242f0a2.sdkstatcache
CreateUniversalBinary /Users/admin/builder/spi-builder-workspace/.derivedData/Build/Products/Debug-watchos/SwiftletUtilities.o normal arm64\ arm64_32 (in target 'SwiftletUtilities' from project 'SwiftletUtilities')
    cd /Users/admin/builder/spi-builder-workspace/.dependencies/checkouts/SwiftletUtilities
    /Applications/Xcode-27.0.0-Release.Candidate.app/Contents/Developer/Toolchains/XcodeDefault.xctoolchain/usr/bin/lipo -create /Users/admin/builder/spi-builder-workspace/.derivedData/Build/Intermediates.noindex/SwiftletUtilities.build/Debug-watchos/SwiftletUtilities-t.build/Objects-normal/arm64/Binary/SwiftletUtilities.o /Users/admin/builder/spi-builder-workspace/.derivedData/Build/Intermediates.noindex/SwiftletUtilities.build/Debug-watchos/SwiftletUtilities-t.build/Objects-normal/arm64_32/Binary/SwiftletUtilities.o -output /Users/admin/builder/spi-builder-workspace/.derivedData/Build/Products/Debug-watchos/SwiftletUtilities.o
SwiftDriver MultiplatformTabBar normal arm64 com.apple.xcode.tools.swift.compiler (in target 'MultiplatformTabBar' from project 'MultiplatformTabBar')
    cd /Users/admin/builder/spi-builder-workspace/.swiftpm/xcode
    builtin-SwiftDriver -- /Applications/Xcode-27.0.0-Release.Candidate.app/Contents/Developer/Toolchains/XcodeDefault.xctoolchain/usr/bin/swiftc -parse-as-library -module-name MultiplatformTabBar -Onone @/Users/admin/builder/spi-builder-workspace/.derivedData/Build/Intermediates.noindex/MultiplatformTabBar.build/Debug-watchos/MultiplatformTabBar-t.build/Objects-normal/arm64/MultiplatformTabBar.SwiftFileList -DSWIFT_PACKAGE -DDEBUG -DSWIFT_MODULE_RESOURCE_BUNDLE_AVAILABLE -DXcode -plugin-path /Applications/Xcode-27.0.0-Release.Candidate.app/Contents/Developer/Toolchains/XcodeDefault.xctoolchain/usr/lib/swift/host/plugins/testing -enable-experimental-feature DebugDescriptionMacro -sdk /Applications/Xcode-27.0.0-Release.Candidate.app/Contents/Developer/Platforms/WatchOS.platform/Developer/SDKs/WatchOS27.0.sdk -target arm64-apple-watchos26.0 -g -module-cache-path /Users/admin/builder/spi-builder-workspace/.derivedData/ModuleCache.noindex -Xfrontend -serialize-debugging-options -profile-coverage-mapping -profile-generate -enable-testing -index-store-path /Users/admin/builder/spi-builder-workspace/.derivedData/Index.noindex/DataStore -Xcc -D_LIBCPP_HARDENING_MODE\=_LIBCPP_HARDENING_MODE_DEBUG -swift-version 6 -I /Users/admin/builder/spi-builder-workspace/.derivedData/Build/Products/Debug-watchos -Isystem /Applications/Xcode-27.0.0-Release.Candidate.app/Contents/Developer/Platforms/WatchOS.platform/Developer/usr/lib -F /Users/admin/builder/spi-builder-workspace/.derivedData/Build/Products/Debug-watchos/PackageFrameworks -F /Users/admin/builder/spi-builder-workspace/.derivedData/Build/Products/Debug-watchos -F /Applications/Xcode-27.0.0-Release.Candidate.app/Contents/Developer/Platforms/WatchOS.platform/Developer/Library/Frameworks -F /Applications/Xcode-27.0.0-Release.Candidate.app/Contents/Developer/Platforms/WatchOS.platform/Developer/SDKs/WatchOS27.0.sdk/Developer/Library/Frameworks -c -j10 -enable-batch-mode -incremental -Xcc -ivfsstatcache -Xcc /Users/admin/builder/spi-builder-workspace/.derivedData/SDKStatCaches.noindex/watchos27.0-24R360-e829b21a6f8c9b70876ba0858053c04477534ef55a1706bf4c1112bbb242f0a2.sdkstatcache -output-file-map /Users/admin/builder/spi-builder-workspace/.derivedData/Build/Intermediates.noindex/MultiplatformTabBar.build/Debug-watchos/MultiplatformTabBar-t.build/Objects-normal/arm64/MultiplatformTabBar-OutputFileMap.json -save-temps -no-color-diagnostics -explicit-module-build -module-cache-path /Users/admin/builder/spi-builder-workspace/.derivedData/Build/Intermediates.noindex/SwiftExplicitPrecompiledModules -clang-scanner-module-cache-path /Users/admin/builder/spi-builder-workspace/.derivedData/ModuleCache.noindex -sdk-module-cache-path /Users/admin/builder/spi-builder-workspace/.derivedData/SDKExplicitPrecompiledModules -emit-dependencies -emit-module -emit-module-path /Users/admin/builder/spi-builder-workspace/.derivedData/Build/Intermediates.noindex/MultiplatformTabBar.build/Debug-watchos/MultiplatformTabBar-t.build/Objects-normal/arm64/MultiplatformTabBar.swiftmodule -serialize-diagnostics -dependency-scan-serialize-diagnostics-path /Users/admin/builder/spi-builder-workspace/.derivedData/Build/Intermediates.noindex/MultiplatformTabBar.build/Debug-watchos/MultiplatformTabBar-t.build/Objects-normal/arm64/MultiplatformTabBar-dependency-scan.dia -validate-clang-modules-once -clang-build-session-file /Users/admin/builder/spi-builder-workspace/.derivedData/ModuleCache.noindex/Session.modulevalidation -Xcc -fmodules-prune-interval\=86400 -Xcc -fmodules-prune-after\=345600 -package-name spi_builder_workspace -emit-const-values -const-gather-protocols-list /Users/admin/builder/spi-builder-workspace/.derivedData/Build/Intermediates.noindex/MultiplatformTabBar.build/Debug-watchos/MultiplatformTabBar-t.build/Objects-normal/arm64/MultiplatformTabBar_const_extract_protocols.json -Xcc -I/Users/admin/builder/spi-builder-workspace/.derivedData/Build/Products/Debug-watchos/include -Xcc -I/Users/admin/builder/spi-builder-workspace/.derivedData/Build/Intermediates.noindex/MultiplatformTabBar.build/Debug-watchos/MultiplatformTabBar-t.build/DerivedSources-normal/arm64 -Xcc -I/Users/admin/builder/spi-builder-workspace/.derivedData/Build/Intermediates.noindex/MultiplatformTabBar.build/Debug-watchos/MultiplatformTabBar-t.build/DerivedSources/arm64 -Xcc -I/Users/admin/builder/spi-builder-workspace/.derivedData/Build/Intermediates.noindex/MultiplatformTabBar.build/Debug-watchos/MultiplatformTabBar-t.build/DerivedSources -Xcc -DSWIFT_PACKAGE -Xcc -DDEBUG\=1 -emit-objc-header -emit-objc-header-path /Users/admin/builder/spi-builder-workspace/.derivedData/Build/Intermediates.noindex/MultiplatformTabBar.build/Debug-watchos/MultiplatformTabBar-t.build/Objects-normal/arm64/MultiplatformTabBar-Swift.h -working-directory /Users/admin/builder/spi-builder-workspace/.swiftpm/xcode -experimental-emit-module-separately -disable-cmo
SwiftDriver MultiplatformTabBar normal arm64_32 com.apple.xcode.tools.swift.compiler (in target 'MultiplatformTabBar' from project 'MultiplatformTabBar')
    cd /Users/admin/builder/spi-builder-workspace/.swiftpm/xcode
    builtin-SwiftDriver -- /Applications/Xcode-27.0.0-Release.Candidate.app/Contents/Developer/Toolchains/XcodeDefault.xctoolchain/usr/bin/swiftc -parse-as-library -module-name MultiplatformTabBar -Onone @/Users/admin/builder/spi-builder-workspace/.derivedData/Build/Intermediates.noindex/MultiplatformTabBar.build/Debug-watchos/MultiplatformTabBar-t.build/Objects-normal/arm64_32/MultiplatformTabBar.SwiftFileList -DSWIFT_PACKAGE -DDEBUG -DSWIFT_MODULE_RESOURCE_BUNDLE_AVAILABLE -DXcode -plugin-path /Applications/Xcode-27.0.0-Release.Candidate.app/Contents/Developer/Toolchains/XcodeDefault.xctoolchain/usr/lib/swift/host/plugins/testing -enable-experimental-feature DebugDescriptionMacro -sdk /Applications/Xcode-27.0.0-Release.Candidate.app/Contents/Developer/Platforms/WatchOS.platform/Developer/SDKs/WatchOS27.0.sdk -target arm64_32-apple-watchos26.0 -g -module-cache-path /Users/admin/builder/spi-builder-workspace/.derivedData/ModuleCache.noindex -Xfrontend -serialize-debugging-options -profile-coverage-mapping -profile-generate -enable-testing -index-store-path /Users/admin/builder/spi-builder-workspace/.derivedData/Index.noindex/DataStore -Xcc -D_LIBCPP_HARDENING_MODE\=_LIBCPP_HARDENING_MODE_DEBUG -swift-version 6 -I /Users/admin/builder/spi-builder-workspace/.derivedData/Build/Products/Debug-watchos -Isystem /Applications/Xcode-27.0.0-Release.Candidate.app/Contents/Developer/Platforms/WatchOS.platform/Developer/usr/lib -F /Users/admin/builder/spi-builder-workspace/.derivedData/Build/Products/Debug-watchos/PackageFrameworks -F /Users/admin/builder/spi-builder-workspace/.derivedData/Build/Products/Debug-watchos -F /Applications/Xcode-27.0.0-Release.Candidate.app/Contents/Developer/Platforms/WatchOS.platform/Developer/Library/Frameworks -F /Applications/Xcode-27.0.0-Release.Candidate.app/Contents/Developer/Platforms/WatchOS.platform/Developer/SDKs/WatchOS27.0.sdk/Developer/Library/Frameworks -c -j10 -enable-batch-mode -incremental -Xcc -ivfsstatcache -Xcc /Users/admin/builder/spi-builder-workspace/.derivedData/SDKStatCaches.noindex/watchos27.0-24R360-e829b21a6f8c9b70876ba0858053c04477534ef55a1706bf4c1112bbb242f0a2.sdkstatcache -output-file-map /Users/admin/builder/spi-builder-workspace/.derivedData/Build/Intermediates.noindex/MultiplatformTabBar.build/Debug-watchos/MultiplatformTabBar-t.build/Objects-normal/arm64_32/MultiplatformTabBar-OutputFileMap.json -save-temps -no-color-diagnostics -explicit-module-build -module-cache-path /Users/admin/builder/spi-builder-workspace/.derivedData/Build/Intermediates.noindex/SwiftExplicitPrecompiledModules -clang-scanner-module-cache-path /Users/admin/builder/spi-builder-workspace/.derivedData/ModuleCache.noindex -sdk-module-cache-path /Users/admin/builder/spi-builder-workspace/.derivedData/SDKExplicitPrecompiledModules -emit-dependencies -emit-module -emit-module-path /Users/admin/builder/spi-builder-workspace/.derivedData/Build/Intermediates.noindex/MultiplatformTabBar.build/Debug-watchos/MultiplatformTabBar-t.build/Objects-normal/arm64_32/MultiplatformTabBar.swiftmodule -serialize-diagnostics -dependency-scan-serialize-diagnostics-path /Users/admin/builder/spi-builder-workspace/.derivedData/Build/Intermediates.noindex/MultiplatformTabBar.build/Debug-watchos/MultiplatformTabBar-t.build/Objects-normal/arm64_32/MultiplatformTabBar-dependency-scan.dia -validate-clang-modules-once -clang-build-session-file /Users/admin/builder/spi-builder-workspace/.derivedData/ModuleCache.noindex/Session.modulevalidation -Xcc -fmodules-prune-interval\=86400 -Xcc -fmodules-prune-after\=345600 -package-name spi_builder_workspace -emit-const-values -const-gather-protocols-list /Users/admin/builder/spi-builder-workspace/.derivedData/Build/Intermediates.noindex/MultiplatformTabBar.build/Debug-watchos/MultiplatformTabBar-t.build/Objects-normal/arm64_32/MultiplatformTabBar_const_extract_protocols.json -Xcc -I/Users/admin/builder/spi-builder-workspace/.derivedData/Build/Products/Debug-watchos/include -Xcc -I/Users/admin/builder/spi-builder-workspace/.derivedData/Build/Intermediates.noindex/MultiplatformTabBar.build/Debug-watchos/MultiplatformTabBar-t.build/DerivedSources-normal/arm64_32 -Xcc -I/Users/admin/builder/spi-builder-workspace/.derivedData/Build/Intermediates.noindex/MultiplatformTabBar.build/Debug-watchos/MultiplatformTabBar-t.build/DerivedSources/arm64_32 -Xcc -I/Users/admin/builder/spi-builder-workspace/.derivedData/Build/Intermediates.noindex/MultiplatformTabBar.build/Debug-watchos/MultiplatformTabBar-t.build/DerivedSources -Xcc -DSWIFT_PACKAGE -Xcc -DDEBUG\=1 -emit-objc-header -emit-objc-header-path /Users/admin/builder/spi-builder-workspace/.derivedData/Build/Intermediates.noindex/MultiplatformTabBar.build/Debug-watchos/MultiplatformTabBar-t.build/Objects-normal/arm64_32/MultiplatformTabBar-Swift.h -working-directory /Users/admin/builder/spi-builder-workspace/.swiftpm/xcode -experimental-emit-module-separately -disable-cmo
ExtractAppIntentsMetadata (in target 'SwiftletUtilities' from project 'SwiftletUtilities')
    cd /Users/admin/builder/spi-builder-workspace/.dependencies/checkouts/SwiftletUtilities
    /Applications/Xcode-27.0.0-Release.Candidate.app/Contents/Developer/Toolchains/XcodeDefault.xctoolchain/usr/bin/appintentsmetadataprocessor --toolchain-dir /var/run/com.apple.security.cryptexd/mnt/com.apple.MobileAsset.MetalToolchain-v27.1.266.1.rxBCup/Metal.xctoolchain --module-name SwiftletUtilities --sdk-root /Applications/Xcode-27.0.0-Release.Candidate.app/Contents/Developer/Platforms/WatchOS.platform/Developer/SDKs/WatchOS27.0.sdk --xcode-version 27A266a --platform-family watchOS --deployment-target 26.0 --bundle-identifier swiftletutilities.SwiftletUtilities --output /Users/admin/builder/spi-builder-workspace/.derivedData/Build/Products/Debug-watchos/SwiftletUtilities.appintents --target-triple arm64-apple-watchos26.0 --target-triple arm64_32-apple-watchos26.0 --binary-file /Users/admin/builder/spi-builder-workspace/.derivedData/Build/Products/Debug-watchos/SwiftletUtilities.o --dependency-file /Users/admin/builder/spi-builder-workspace/.derivedData/Build/Intermediates.noindex/SwiftletUtilities.build/Debug-watchos/SwiftletUtilities-t.build/Objects-normal/arm64/SwiftletUtilities_dependency_info.dat --dependency-file /Users/admin/builder/spi-builder-workspace/.derivedData/Build/Intermediates.noindex/SwiftletUtilities.build/Debug-watchos/SwiftletUtilities-t.build/Objects-normal/arm64_32/SwiftletUtilities_dependency_info.dat --stringsdata-file /Users/admin/builder/spi-builder-workspace/.derivedData/Build/Intermediates.noindex/SwiftletUtilities.build/Debug-watchos/SwiftletUtilities-t.build/Objects-normal/arm64/ExtractedAppShortcutsMetadata.stringsdata --stringsdata-file /Users/admin/builder/spi-builder-workspace/.derivedData/Build/Intermediates.noindex/SwiftletUtilities.build/Debug-watchos/SwiftletUtilities-t.build/Objects-normal/arm64_32/ExtractedAppShortcutsMetadata.stringsdata --source-file-list /Users/admin/builder/spi-builder-workspace/.derivedData/Build/Intermediates.noindex/SwiftletUtilities.build/Debug-watchos/SwiftletUtilities-t.build/Objects-normal/arm64/SwiftletUtilities.SwiftFileList --source-file-list /Users/admin/builder/spi-builder-workspace/.derivedData/Build/Intermediates.noindex/SwiftletUtilities.build/Debug-watchos/SwiftletUtilities-t.build/Objects-normal/arm64_32/SwiftletUtilities.SwiftFileList --metadata-file-list /Users/admin/builder/spi-builder-workspace/.derivedData/Build/Intermediates.noindex/SwiftletUtilities.build/Debug-watchos/SwiftletUtilities-t.build/SwiftletUtilities.DependencyMetadataFileList --static-metadata-file-list /Users/admin/builder/spi-builder-workspace/.derivedData/Build/Intermediates.noindex/SwiftletUtilities.build/Debug-watchos/SwiftletUtilities-t.build/SwiftletUtilities.DependencyStaticMetadataFileList --swift-const-vals-list /Users/admin/builder/spi-builder-workspace/.derivedData/Build/Intermediates.noindex/SwiftletUtilities.build/Debug-watchos/SwiftletUtilities-t.build/Objects-normal/arm64/SwiftletUtilities.SwiftConstValuesFileList --swift-const-vals-list /Users/admin/builder/spi-builder-workspace/.derivedData/Build/Intermediates.noindex/SwiftletUtilities.build/Debug-watchos/SwiftletUtilities-t.build/Objects-normal/arm64_32/SwiftletUtilities.SwiftConstValuesFileList --force --compile-time-extraction --deployment-aware-processing --no-app-shortcuts-localization
2026-09-27 11:28:11.860 appintentsmetadataprocessor[996:5733] Starting appintentsmetadataprocessor export
2026-09-27 11:28:11.931 appintentsmetadataprocessor[996:5733] Extracted no relevant App Intents symbols, skipping writing output
SwiftEmitModule normal arm64_32 Emitting\ module\ for\ MultiplatformTabBar (in target 'MultiplatformTabBar' from project 'MultiplatformTabBar')
/Users/admin/builder/spi-builder-workspace/Sources/MultiplatformTabBar/MultiplatformTabBar.swift:31:48: error: 'systemBackground' is unavailable in watchOS
 29 |     #else
 30 |     /// Holds the standard window background color.
 31 |     static let backgroundColor = Color(UIColor.systemBackground)
    |                                                `- error: 'systemBackground' is unavailable in watchOS
 32 |
 33 |     /// Holds the standard control background color.
/Applications/Xcode-27.0.0-Release.Candidate.app/Contents/Developer/Platforms/WatchOS.platform/Developer/SDKs/WatchOS27.0.sdk/System/Library/Frameworks/UIKit.framework/Headers/UIInterface.h:208:49: note: 'systemBackground' has been explicitly marked unavailable here
206 |  *    primary background in light mode.
207 |  */
208 | @property (class, nonatomic, readonly) UIColor *systemBackgroundColor                   API_AVAILABLE(ios(13.0)) API_UNAVAILABLE(tvos, watchos);
    |                                                 `- note: 'systemBackground' has been explicitly marked unavailable here
209 | @property (class, nonatomic, readonly) UIColor *secondarySystemBackgroundColor          API_AVAILABLE(ios(13.0)) API_UNAVAILABLE(tvos, watchos);
210 | @property (class, nonatomic, readonly) UIColor *tertiarySystemBackgroundColor           API_AVAILABLE(ios(13.0)) API_UNAVAILABLE(tvos, watchos);
/Users/admin/builder/spi-builder-workspace/Sources/MultiplatformTabBar/MultiplatformTabBar.swift:34:57: error: 'secondarySystemBackground' is unavailable in watchOS
 32 |
 33 |     /// Holds the standard control background color.
 34 |     static let secondaryBackgroundColor = Color(UIColor.secondarySystemBackground)
    |                                                         `- error: 'secondarySystemBackground' is unavailable in watchOS
 35 |     #endif
 36 | }
/Applications/Xcode-27.0.0-Release.Candidate.app/Contents/Developer/Platforms/WatchOS.platform/Developer/SDKs/WatchOS27.0.sdk/System/Library/Frameworks/UIKit.framework/Headers/UIInterface.h:209:49: note: 'secondarySystemBackground' has been explicitly marked unavailable here
207 |  */
208 | @property (class, nonatomic, readonly) UIColor *systemBackgroundColor                   API_AVAILABLE(ios(13.0)) API_UNAVAILABLE(tvos, watchos);
209 | @property (class, nonatomic, readonly) UIColor *secondarySystemBackgroundColor          API_AVAILABLE(ios(13.0)) API_UNAVAILABLE(tvos, watchos);
    |                                                 `- note: 'secondarySystemBackground' has been explicitly marked unavailable here
210 | @property (class, nonatomic, readonly) UIColor *tertiarySystemBackgroundColor           API_AVAILABLE(ios(13.0)) API_UNAVAILABLE(tvos, watchos);
211 |
Failed frontend command:
SwiftCompile normal arm64_32 (in target 'MultiplatformTabBar' from project 'MultiplatformTabBar')
    cd /Users/admin/builder/spi-builder-workspace/.swiftpm/xcode

/Applications/Xcode-27.0.0-Release.Candidate.app/Contents/Developer/Toolchains/XcodeDefault.xctoolchain/usr/bin/swift-frontend -frontend -emit-module -experimental-skip-non-inlinable-function-bodies-without-types /Users/admin/builder/spi-builder-workspace/.derivedData/Build/Intermediates.noindex/MultiplatformTabBar.build/Debug-watchos/MultiplatformTabBar-t.build/DerivedSources/resource_bundle_accessor.swift /Users/admin/builder/spi-builder-workspace/Sources/MultiplatformTabBar/MultiplatformTab.swift /Users/admin/builder/spi-builder-workspace/Sources/MultiplatformTabBar/MultiplatformTabBar.swift /Users/admin/builder/spi-builder-workspace/Sources/MultiplatformTabBar/MultiplatformTabBarHorizontalAlignment.swift /Users/admin/builder/spi-builder-workspace/Sources/MultiplatformTabBar/MultiplatformTabBarVerticalAlignment.swift /Users/admin/builder/spi-builder-workspace/Sources/MultiplatformTabBar/MultiplatformTabCollection.swift /Users/admin/builder/spi-builder-workspace/Sources/MultiplatformTabBar/MultiplatformTabViewPosition.swift -target arm64_32-apple-watchos26.0 -disable-cross-import-overlay-search -load-resolved-plugin /Applications/Xcode-27.0.0-Release.Candidate.app/Contents/Developer/Platforms/WatchOS.platform/Developer/usr/lib/swift/host/plugins/libFoundationMacros.dylib\#/Applications/Xcode-27.0.0-Release.Candidate.app/Contents/Developer/Platforms/WatchOS.platform/Developer/usr/bin/swift-plugin-server\#FoundationMacros -load-resolved-plugin /Applications/Xcode-27.0.0-Release.Candidate.app/Contents/Developer/Platforms/WatchOS.platform/Developer/usr/lib/swift/host/plugins/libObservationMacros.dylib\#/Applications/Xcode-27.0.0-Release.Candidate.app/Contents/Developer/Platforms/WatchOS.platform/Developer/usr/bin/swift-plugin-server\#ObservationMacros -load-resolved-plugin /Applications/Xcode-27.0.0-Release.Candidate.app/Contents/Developer/Platforms/WatchOS.platform/Developer/usr/lib/swift/host/plugins/libPreviewsMacros.dylib\#/Applications/Xcode-27.0.0-Release.Candidate.app/Contents/Developer/Platforms/WatchOS.platform/Developer/usr/bin/swift-plugin-server\#PreviewsMacros -load-resolved-plugin /Applications/Xcode-27.0.0-Release.Candidate.app/Contents/Developer/Platforms/WatchOS.platform/Developer/usr/lib/swift/host/plugins/libSwiftMacros.dylib\#/Applications/Xcode-27.0.0-Release.Candidate.app/Contents/Developer/Platforms/WatchOS.platform/Developer/usr/bin/swift-plugin-server\#SwiftMacros -load-resolved-plugin /Applications/Xcode-27.0.0-Release.Candidate.app/Contents/Developer/Platforms/WatchOS.platform/Developer/usr/lib/swift/host/plugins/libSwiftUIMacros.dylib\#/Applications/Xcode-27.0.0-Release.Candidate.app/Contents/Developer/Platforms/WatchOS.platform/Developer/usr/bin/swift-plugin-server\#SwiftUIMacros -disable-implicit-swift-modules -Xcc -fno-implicit-modules -Xcc -fno-implicit-module-maps -explicit-swift-module-map-file /Users/admin/builder/spi-builder-workspace/.derivedData/Build/Intermediates.noindex/MultiplatformTabBar.build/Debug-watchos/MultiplatformTabBar-t.build/Objects-normal/arm64_32/MultiplatformTabBar-dependencies-1.json -enable-objc-interop -sdk /Applications/Xcode-27.0.0-Release.Candidate.app/Contents/Developer/Platforms/WatchOS.platform/Developer/SDKs/WatchOS27.0.sdk -I /Users/admin/builder/spi-builder-workspace/.derivedData/Build/Products/Debug-watchos -Isystem /Applications/Xcode-27.0.0-Release.Candidate.app/Contents/Developer/Platforms/WatchOS.platform/Developer/usr/lib -F /Users/admin/builder/spi-builder-workspace/.derivedData/Build/Products/Debug-watchos/PackageFrameworks -F /Users/admin/builder/spi-builder-workspace/.derivedData/Build/Products/Debug-watchos -F /Applications/Xcode-27.0.0-Release.Candidate.app/Contents/Developer/Platforms/WatchOS.platform/Developer/Library/Frameworks -F /Applications/Xcode-27.0.0-Release.Candidate.app/Contents/Developer/Platforms/WatchOS.platform/Developer/SDKs/WatchOS27.0.sdk/Developer/Library/Frameworks -module-cache-path /Users/admin/builder/spi-builder-workspace/.derivedData/Build/Intermediates.noindex/SwiftExplicitPrecompiledModules -no-color-diagnostics -Xcc -fno-color-diagnostics -enable-testing -g -debug-info-format\=dwarf -dwarf-version\=5 -profile-generate -profile-coverage-mapping -swift-version 6 -Onone -D SWIFT_PACKAGE -D DEBUG -D SWIFT_MODULE_RESOURCE_BUNDLE_AVAILABLE -D Xcode -serialize-debugging-options -enable-experimental-feature DebugDescriptionMacro -empty-abi-descriptor -validate-clang-modules-once -clang-build-session-file /Users/admin/builder/spi-builder-workspace/.derivedData/ModuleCache.noindex/Session.modulevalidation -Xcc -working-directory -Xcc /Users/admin/builder/spi-builder-workspace/.swiftpm/xcode -enable-anonymous-context-mangled-names -file-compilation-dir /Users/admin/builder/spi-builder-workspace/.swiftpm/xcode -Xcc -D_LIBCPP_HARDENING_MODE\=_LIBCPP_HARDENING_MODE_DEBUG -Xcc -ivfsstatcache -Xcc /Users/admin/builder/spi-builder-workspace/.derivedData/SDKStatCaches.noindex/watchos27.0-24R360-e829b21a6f8c9b70876ba0858053c04477534ef55a1706bf4c1112bbb242f0a2.sdkstatcache -Xcc -fmodules-prune-interval\=86400 -Xcc -fmodules-prune-after\=345600 -Xcc -I/Users/admin/builder/spi-builder-workspace/.derivedData/Build/Products/Debug-watchos/include -Xcc -I/Users/admin/builder/spi-builder-workspace/.derivedData/Build/Intermediates.noindex/MultiplatformTabBar.build/Debug-watchos/MultiplatformTabBar-t.build/DerivedSources-normal/arm64_32 -Xcc -I/Users/admin/builder/spi-builder-workspace/.derivedData/Build/Intermediates.noindex/MultiplatformTabBar.build/Debug-watchos/MultiplatformTabBar-t.build/DerivedSources/arm64_32 -Xcc -I/Users/admin/builder/spi-builder-workspace/.derivedData/Build/Intermediates.noindex/MultiplatformTabBar.build/Debug-watchos/MultiplatformTabBar-t.build/DerivedSources -Xcc -DSWIFT_PACKAGE -Xcc -DDEBUG\=1 -no-auto-bridging-header-chaining -module-name MultiplatformTabBar -package-name spi_builder_workspace -const-gather-protocols-file /Users/admin/builder/spi-builder-workspace/.derivedData/Build/Intermediates.noindex/MultiplatformTabBar.build/Debug-watchos/MultiplatformTabBar-t.build/Objects-normal/arm64_32/MultiplatformTabBar_const_extract_protocols.json -disable-clang-spi -clang-target arm64_32-apple-watchos27.0 -target-sdk-version 27.0 -target-sdk-name watchos27.0 -in-process-plugin-server-path /Applications/Xcode-27.0.0-Release.Candidate.app/Contents/Developer/Toolchains/XcodeDefault.xctoolchain/usr/lib/swift/host/libSwiftInProcPluginServer.dylib -emit-module-doc-path /Users/admin/builder/spi-builder-workspace/.derivedData/Build/Intermediates.noindex/MultiplatformTabBar.build/Debug-watchos/MultiplatformTabBar-t.build/Objects-normal/arm64_32/MultiplatformTabBar.swiftdoc -emit-module-source-info-path /Users/admin/builder/spi-builder-workspace/.derivedData/Build/Intermediates.noindex/MultiplatformTabBar.build/Debug-watchos/MultiplatformTabBar-t.build/Objects-normal/arm64_32/MultiplatformTabBar.swiftsourceinfo -emit-objc-header-path /Users/admin/builder/spi-builder-workspace/.derivedData/Build/Intermediates.noindex/MultiplatformTabBar.build/Debug-watchos/MultiplatformTabBar-t.build/Objects-normal/arm64_32/MultiplatformTabBar-Swift.h -serialize-diagnostics-path /Users/admin/builder/spi-builder-workspace/.derivedData/Build/Intermediates.noindex/MultiplatformTabBar.build/Debug-watchos/MultiplatformTabBar-t.build/Objects-normal/arm64_32/MultiplatformTabBar-primary-emit-module.dia -emit-dependencies-path /Users/admin/builder/spi-builder-workspace/.derivedData/Build/Intermediates.noindex/MultiplatformTabBar.build/Debug-watchos/MultiplatformTabBar-t.build/Objects-normal/arm64_32/MultiplatformTabBar-primary-emit-module.d -parse-as-library -o /Users/admin/builder/spi-builder-workspace/.derivedData/Build/Intermediates.noindex/MultiplatformTabBar.build/Debug-watchos/MultiplatformTabBar-t.build/Objects-normal/arm64_32/MultiplatformTabBar.swiftmodule -emit-abi-descriptor-path /Users/admin/builder/spi-builder-workspace/.derivedData/Build/Intermediates.noindex/MultiplatformTabBar.build/Debug-watchos/MultiplatformTabBar-t.build/Objects-normal/arm64_32/MultiplatformTabBar.abi.json
SwiftCompile normal arm64_32 Compiling\ resource_bundle_accessor.swift /Users/admin/builder/spi-builder-workspace/.derivedData/Build/Intermediates.noindex/MultiplatformTabBar.build/Debug-watchos/MultiplatformTabBar-t.build/DerivedSources/resource_bundle_accessor.swift (in target 'MultiplatformTabBar' from project 'MultiplatformTabBar')
SwiftCompile normal arm64_32 /Users/admin/builder/spi-builder-workspace/.derivedData/Build/Intermediates.noindex/MultiplatformTabBar.build/Debug-watchos/MultiplatformTabBar-t.build/DerivedSources/resource_bundle_accessor.swift (in target 'MultiplatformTabBar' from project 'MultiplatformTabBar')
    cd /Users/admin/builder/spi-builder-workspace/.swiftpm/xcode
    builtin-SwiftPerFileCompile resource_bundle_accessor.swift
SwiftCompile normal arm64_32 Compiling\ MultiplatformTab.swift /Users/admin/builder/spi-builder-workspace/Sources/MultiplatformTabBar/MultiplatformTab.swift (in target 'MultiplatformTabBar' from project 'MultiplatformTabBar')
SwiftCompile normal arm64_32 /Users/admin/builder/spi-builder-workspace/Sources/MultiplatformTabBar/MultiplatformTab.swift (in target 'MultiplatformTabBar' from project 'MultiplatformTabBar')
    cd /Users/admin/builder/spi-builder-workspace/.swiftpm/xcode
    builtin-SwiftPerFileCompile MultiplatformTab.swift
SwiftCompile normal arm64_32 Compiling\ MultiplatformTabCollection.swift /Users/admin/builder/spi-builder-workspace/Sources/MultiplatformTabBar/MultiplatformTabCollection.swift (in target 'MultiplatformTabBar' from project 'MultiplatformTabBar')
SwiftCompile normal arm64_32 /Users/admin/builder/spi-builder-workspace/Sources/MultiplatformTabBar/MultiplatformTabCollection.swift (in target 'MultiplatformTabBar' from project 'MultiplatformTabBar')
    cd /Users/admin/builder/spi-builder-workspace/.swiftpm/xcode
    builtin-SwiftPerFileCompile MultiplatformTabCollection.swift
SwiftCompile normal arm64 Compiling\ MultiplatformTabBar.swift /Users/admin/builder/spi-builder-workspace/Sources/MultiplatformTabBar/MultiplatformTabBar.swift (in target 'MultiplatformTabBar' from project 'MultiplatformTabBar')
SwiftCompile normal arm64 (in target 'MultiplatformTabBar' from project 'MultiplatformTabBar')
    cd /Users/admin/builder/spi-builder-workspace/.swiftpm/xcode

/Users/admin/builder/spi-builder-workspace/Sources/MultiplatformTabBar/MultiplatformTabBar.swift:31:48: error: 'systemBackground' is unavailable in watchOS
 29 |     #else
 30 |     /// Holds the standard window background color.
 31 |     static let backgroundColor = Color(UIColor.systemBackground)
    |                                                `- error: 'systemBackground' is unavailable in watchOS
 32 |
 33 |     /// Holds the standard control background color.
/Applications/Xcode-27.0.0-Release.Candidate.app/Contents/Developer/Platforms/WatchOS.platform/Developer/SDKs/WatchOS27.0.sdk/System/Library/Frameworks/UIKit.framework/Headers/UIInterface.h:208:49: note: 'systemBackground' has been explicitly marked unavailable here
206 |  *    primary background in light mode.
207 |  */
208 | @property (class, nonatomic, readonly) UIColor *systemBackgroundColor                   API_AVAILABLE(ios(13.0)) API_UNAVAILABLE(tvos, watchos);
    |                                                 `- note: 'systemBackground' has been explicitly marked unavailable here
209 | @property (class, nonatomic, readonly) UIColor *secondarySystemBackgroundColor          API_AVAILABLE(ios(13.0)) API_UNAVAILABLE(tvos, watchos);
210 | @property (class, nonatomic, readonly) UIColor *tertiarySystemBackgroundColor           API_AVAILABLE(ios(13.0)) API_UNAVAILABLE(tvos, watchos);
SwiftCompile normal arm64_32 Compiling\ MultiplatformTabBarVerticalAlignment.swift /Users/admin/builder/spi-builder-workspace/Sources/MultiplatformTabBar/MultiplatformTabBarVerticalAlignment.swift (in target 'MultiplatformTabBar' from project 'MultiplatformTabBar')
SwiftCompile normal arm64_32 /Users/admin/builder/spi-builder-workspace/Sources/MultiplatformTabBar/MultiplatformTabBarVerticalAlignment.swift (in target 'MultiplatformTabBar' from project 'MultiplatformTabBar')
    cd /Users/admin/builder/spi-builder-workspace/.swiftpm/xcode
    builtin-SwiftPerFileCompile MultiplatformTabBarVerticalAlignment.swift
SwiftEmitModule normal arm64 Emitting\ module\ for\ MultiplatformTabBar (in target 'MultiplatformTabBar' from project 'MultiplatformTabBar')
/Users/admin/builder/spi-builder-workspace/Sources/MultiplatformTabBar/MultiplatformTabBar.swift:31:48: error: 'systemBackground' is unavailable in watchOS
 29 |     #else
 30 |     /// Holds the standard window background color.
 31 |     static let backgroundColor = Color(UIColor.systemBackground)
    |                                                `- error: 'systemBackground' is unavailable in watchOS
 32 |
 33 |     /// Holds the standard control background color.
/Applications/Xcode-27.0.0-Release.Candidate.app/Contents/Developer/Platforms/WatchOS.platform/Developer/SDKs/WatchOS27.0.sdk/System/Library/Frameworks/UIKit.framework/Headers/UIInterface.h:208:49: note: 'systemBackground' has been explicitly marked unavailable here
206 |  *    primary background in light mode.
207 |  */
208 | @property (class, nonatomic, readonly) UIColor *systemBackgroundColor                   API_AVAILABLE(ios(13.0)) API_UNAVAILABLE(tvos, watchos);
    |                                                 `- note: 'systemBackground' has been explicitly marked unavailable here
209 | @property (class, nonatomic, readonly) UIColor *secondarySystemBackgroundColor          API_AVAILABLE(ios(13.0)) API_UNAVAILABLE(tvos, watchos);
210 | @property (class, nonatomic, readonly) UIColor *tertiarySystemBackgroundColor           API_AVAILABLE(ios(13.0)) API_UNAVAILABLE(tvos, watchos);
/Users/admin/builder/spi-builder-workspace/Sources/MultiplatformTabBar/MultiplatformTabBar.swift:34:57: error: 'secondarySystemBackground' is unavailable in watchOS
 32 |
 33 |     /// Holds the standard control background color.
 34 |     static let secondaryBackgroundColor = Color(UIColor.secondarySystemBackground)
    |                                                         `- error: 'secondarySystemBackground' is unavailable in watchOS
 35 |     #endif
 36 | }
/Applications/Xcode-27.0.0-Release.Candidate.app/Contents/Developer/Platforms/WatchOS.platform/Developer/SDKs/WatchOS27.0.sdk/System/Library/Frameworks/UIKit.framework/Headers/UIInterface.h:209:49: note: 'secondarySystemBackground' has been explicitly marked unavailable here
207 |  */
208 | @property (class, nonatomic, readonly) UIColor *systemBackgroundColor                   API_AVAILABLE(ios(13.0)) API_UNAVAILABLE(tvos, watchos);
209 | @property (class, nonatomic, readonly) UIColor *secondarySystemBackgroundColor          API_AVAILABLE(ios(13.0)) API_UNAVAILABLE(tvos, watchos);
    |                                                 `- note: 'secondarySystemBackground' has been explicitly marked unavailable here
210 | @property (class, nonatomic, readonly) UIColor *tertiarySystemBackgroundColor           API_AVAILABLE(ios(13.0)) API_UNAVAILABLE(tvos, watchos);
211 |
Failed frontend command:
/Applications/Xcode-27.0.0-Release.Candidate.app/Contents/Developer/Toolchains/XcodeDefault.xctoolchain/usr/bin/swift-frontend -frontend -emit-module -experimental-skip-non-inlinable-function-bodies-without-types /Users/admin/builder/spi-builder-workspace/.derivedData/Build/Intermediates.noindex/MultiplatformTabBar.build/Debug-watchos/MultiplatformTabBar-t.build/DerivedSources/resource_bundle_accessor.swift /Users/admin/builder/spi-builder-workspace/Sources/MultiplatformTabBar/MultiplatformTab.swift /Users/admin/builder/spi-builder-workspace/Sources/MultiplatformTabBar/MultiplatformTabBar.swift /Users/admin/builder/spi-builder-workspace/Sources/MultiplatformTabBar/MultiplatformTabBarHorizontalAlignment.swift /Users/admin/builder/spi-builder-workspace/Sources/MultiplatformTabBar/MultiplatformTabBarVerticalAlignment.swift /Users/admin/builder/spi-builder-workspace/Sources/MultiplatformTabBar/MultiplatformTabCollection.swift /Users/admin/builder/spi-builder-workspace/Sources/MultiplatformTabBar/MultiplatformTabViewPosition.swift -target arm64-apple-watchos26.0 -disable-cross-import-overlay-search -load-resolved-plugin /Applications/Xcode-27.0.0-Release.Candidate.app/Contents/Developer/Platforms/WatchOS.platform/Developer/usr/lib/swift/host/plugins/libFoundationMacros.dylib\#/Applications/Xcode-27.0.0-Release.Candidate.app/Contents/Developer/Platforms/WatchOS.platform/Developer/usr/bin/swift-plugin-server\#FoundationMacros -load-resolved-plugin /Applications/Xcode-27.0.0-Release.Candidate.app/Contents/Developer/Platforms/WatchOS.platform/Developer/usr/lib/swift/host/plugins/libObservationMacros.dylib\#/Applications/Xcode-27.0.0-Release.Candidate.app/Contents/Developer/Platforms/WatchOS.platform/Developer/usr/bin/swift-plugin-server\#ObservationMacros -load-resolved-plugin /Applications/Xcode-27.0.0-Release.Candidate.app/Contents/Developer/Platforms/WatchOS.platform/Developer/usr/lib/swift/host/plugins/libPreviewsMacros.dylib\#/Applications/Xcode-27.0.0-Release.Candidate.app/Contents/Developer/Platforms/WatchOS.platform/Developer/usr/bin/swift-plugin-server\#PreviewsMacros -load-resolved-plugin /Applications/Xcode-27.0.0-Release.Candidate.app/Contents/Developer/Platforms/WatchOS.platform/Developer/usr/lib/swift/host/plugins/libSwiftMacros.dylib\#/Applications/Xcode-27.0.0-Release.Candidate.app/Contents/Developer/Platforms/WatchOS.platform/Developer/usr/bin/swift-plugin-server\#SwiftMacros -load-resolved-plugin /Applications/Xcode-27.0.0-Release.Candidate.app/Contents/Developer/Platforms/WatchOS.platform/Developer/usr/lib/swift/host/plugins/libSwiftUIMacros.dylib\#/Applications/Xcode-27.0.0-Release.Candidate.app/Contents/Developer/Platforms/WatchOS.platform/Developer/usr/bin/swift-plugin-server\#SwiftUIMacros -disable-implicit-swift-modules -Xcc -fno-implicit-modules -Xcc -fno-implicit-module-maps -explicit-swift-module-map-file /Users/admin/builder/spi-builder-workspace/.derivedData/Build/Intermediates.noindex/MultiplatformTabBar.build/Debug-watchos/MultiplatformTabBar-t.build/Objects-normal/arm64/MultiplatformTabBar-dependencies-2.json -Xllvm -aarch64-use-tbi -enable-objc-interop -stack-check -sdk /Applications/Xcode-27.0.0-Release.Candidate.app/Contents/Developer/Platforms/WatchOS.platform/Developer/SDKs/WatchOS27.0.sdk -I /Users/admin/builder/spi-builder-workspace/.derivedData/Build/Products/Debug-watchos -Isystem /Applications/Xcode-27.0.0-Release.Candidate.app/Contents/Developer/Platforms/WatchOS.platform/Developer/usr/lib -F /Users/admin/builder/spi-builder-workspace/.derivedData/Build/Products/Debug-watchos/PackageFrameworks -F /Users/admin/builder/spi-builder-workspace/.derivedData/Build/Products/Debug-watchos -F /Applications/Xcode-27.0.0-Release.Candidate.app/Contents/Developer/Platforms/WatchOS.platform/Developer/Library/Frameworks -F /Applications/Xcode-27.0.0-Release.Candidate.app/Contents/Developer/Platforms/WatchOS.platform/Developer/SDKs/WatchOS27.0.sdk/Developer/Library/Frameworks -module-cache-path /Users/admin/builder/spi-builder-workspace/.derivedData/Build/Intermediates.noindex/SwiftExplicitPrecompiledModules -no-color-diagnostics -Xcc -fno-color-diagnostics -enable-testing -g -debug-info-format\=dwarf -dwarf-version\=5 -profile-generate -profile-coverage-mapping -swift-version 6 -Onone -D SWIFT_PACKAGE -D DEBUG -D SWIFT_MODULE_RESOURCE_BUNDLE_AVAILABLE -D Xcode -serialize-debugging-options -enable-experimental-feature DebugDescriptionMacro -empty-abi-descriptor -validate-clang-modules-once -clang-build-session-file /Users/admin/builder/spi-builder-workspace/.derivedData/ModuleCache.noindex/Session.modulevalidation -Xcc -working-directory -Xcc /Users/admin/builder/spi-builder-workspace/.swiftpm/xcode -enable-anonymous-context-mangled-names -file-compilation-dir /Users/admin/builder/spi-builder-workspace/.swiftpm/xcode -Xcc -D_LIBCPP_HARDENING_MODE\=_LIBCPP_HARDENING_MODE_DEBUG -Xcc -ivfsstatcache -Xcc /Users/admin/builder/spi-builder-workspace/.derivedData/SDKStatCaches.noindex/watchos27.0-24R360-e829b21a6f8c9b70876ba0858053c04477534ef55a1706bf4c1112bbb242f0a2.sdkstatcache -Xcc -fmodules-prune-interval\=86400 -Xcc -fmodules-prune-after\=345600 -Xcc -I/Users/admin/builder/spi-builder-workspace/.derivedData/Build/Products/Debug-watchos/include -Xcc -I/Users/admin/builder/spi-builder-workspace/.derivedData/Build/Intermediates.noindex/MultiplatformTabBar.build/Debug-watchos/MultiplatformTabBar-t.build/DerivedSources-normal/arm64 -Xcc -I/Users/admin/builder/spi-builder-workspace/.derivedData/Build/Intermediates.noindex/MultiplatformTabBar.build/Debug-watchos/MultiplatformTabBar-t.build/DerivedSources/arm64 -Xcc -I/Users/admin/builder/spi-builder-workspace/.derivedData/Build/Intermediates.noindex/MultiplatformTabBar.build/Debug-watchos/MultiplatformTabBar-t.build/DerivedSources -Xcc -DSWIFT_PACKAGE -Xcc -DDEBUG\=1 -no-auto-bridging-header-chaining -module-name MultiplatformTabBar -package-name spi_builder_workspace -const-gather-protocols-file /Users/admin/builder/spi-builder-workspace/.derivedData/Build/Intermediates.noindex/MultiplatformTabBar.build/Debug-watchos/MultiplatformTabBar-t.build/Objects-normal/arm64/MultiplatformTabBar_const_extract_protocols.json -disable-clang-spi -clang-target arm64-apple-watchos27.0 -target-sdk-version 27.0 -target-sdk-name watchos27.0 -in-process-plugin-server-path /Applications/Xcode-27.0.0-Release.Candidate.app/Contents/Developer/Toolchains/XcodeDefault.xctoolchain/usr/lib/swift/host/libSwiftInProcPluginServer.dylib -emit-module-doc-path /Users/admin/builder/spi-builder-workspace/.derivedData/Build/Intermediates.noindex/MultiplatformTabBar.build/Debug-watchos/MultiplatformTabBar-t.build/Objects-normal/arm64/MultiplatformTabBar.swiftdoc -emit-module-source-info-path /Users/admin/builder/spi-builder-workspace/.derivedData/Build/Intermediates.noindex/MultiplatformTabBar.build/Debug-watchos/MultiplatformTabBar-t.build/Objects-normal/arm64/MultiplatformTabBar.swiftsourceinfo -emit-objc-header-path /Users/admin/builder/spi-builder-workspace/.derivedData/Build/Intermediates.noindex/MultiplatformTabBar.build/Debug-watchos/MultiplatformTabBar-t.build/Objects-normal/arm64/MultiplatformTabBar-Swift.h -serialize-diagnostics-path /Users/admin/builder/spi-builder-workspace/.derivedData/Build/Intermediates.noindex/MultiplatformTabBar.build/Debug-watchos/MultiplatformTabBar-t.build/Objects-normal/arm64/MultiplatformTabBar-primary-emit-module.dia -emit-dependencies-path /Users/admin/builder/spi-builder-workspace/.derivedData/Build/Intermediates.noindex/MultiplatformTabBar.build/Debug-watchos/MultiplatformTabBar-t.build/Objects-normal/arm64/MultiplatformTabBar-primary-emit-module.d -parse-as-library -o /Users/admin/builder/spi-builder-workspace/.derivedData/Build/Intermediates.noindex/MultiplatformTabBar.build/Debug-watchos/MultiplatformTabBar-t.build/Objects-normal/arm64/MultiplatformTabBar.swiftmodule -emit-abi-descriptor-path /Users/admin/builder/spi-builder-workspace/.derivedData/Build/Intermediates.noindex/MultiplatformTabBar.build/Debug-watchos/MultiplatformTabBar-t.build/Objects-normal/arm64/MultiplatformTabBar.abi.json
SwiftCompile normal arm64 (in target 'MultiplatformTabBar' from project 'MultiplatformTabBar')
    cd /Users/admin/builder/spi-builder-workspace/.swiftpm/xcode

SwiftCompile normal arm64_32 Compiling\ MultiplatformTabViewPosition.swift /Users/admin/builder/spi-builder-workspace/Sources/MultiplatformTabBar/MultiplatformTabViewPosition.swift (in target 'MultiplatformTabBar' from project 'MultiplatformTabBar')
SwiftCompile normal arm64_32 /Users/admin/builder/spi-builder-workspace/Sources/MultiplatformTabBar/MultiplatformTabViewPosition.swift (in target 'MultiplatformTabBar' from project 'MultiplatformTabBar')
    cd /Users/admin/builder/spi-builder-workspace/.swiftpm/xcode
    builtin-SwiftPerFileCompile MultiplatformTabViewPosition.swift
SwiftCompile normal arm64_32 Compiling\ MultiplatformTabBar.swift /Users/admin/builder/spi-builder-workspace/Sources/MultiplatformTabBar/MultiplatformTabBar.swift (in target 'MultiplatformTabBar' from project 'MultiplatformTabBar')
/Users/admin/builder/spi-builder-workspace/Sources/MultiplatformTabBar/MultiplatformTabBar.swift:31:48: error: 'systemBackground' is unavailable in watchOS
 29 |     #else
 30 |     /// Holds the standard window background color.
 31 |     static let backgroundColor = Color(UIColor.systemBackground)
    |                                                `- error: 'systemBackground' is unavailable in watchOS
 32 |
 33 |     /// Holds the standard control background color.
/Applications/Xcode-27.0.0-Release.Candidate.app/Contents/Developer/Platforms/WatchOS.platform/Developer/SDKs/WatchOS27.0.sdk/System/Library/Frameworks/UIKit.framework/Headers/UIInterface.h:208:49: note: 'systemBackground' has been explicitly marked unavailable here
206 |  *    primary background in light mode.
207 |  */
208 | @property (class, nonatomic, readonly) UIColor *systemBackgroundColor                   API_AVAILABLE(ios(13.0)) API_UNAVAILABLE(tvos, watchos);
    |                                                 `- note: 'systemBackground' has been explicitly marked unavailable here
209 | @property (class, nonatomic, readonly) UIColor *secondarySystemBackgroundColor          API_AVAILABLE(ios(13.0)) API_UNAVAILABLE(tvos, watchos);
210 | @property (class, nonatomic, readonly) UIColor *tertiarySystemBackgroundColor           API_AVAILABLE(ios(13.0)) API_UNAVAILABLE(tvos, watchos);
SwiftCompile normal arm64_32 (in target 'MultiplatformTabBar' from project 'MultiplatformTabBar')
    cd /Users/admin/builder/spi-builder-workspace/.swiftpm/xcode

SwiftCompile normal arm64_32 Compiling\ MultiplatformTabBarHorizontalAlignment.swift /Users/admin/builder/spi-builder-workspace/Sources/MultiplatformTabBar/MultiplatformTabBarHorizontalAlignment.swift (in target 'MultiplatformTabBar' from project 'MultiplatformTabBar')
SwiftCompile normal arm64_32 /Users/admin/builder/spi-builder-workspace/Sources/MultiplatformTabBar/MultiplatformTabBarHorizontalAlignment.swift (in target 'MultiplatformTabBar' from project 'MultiplatformTabBar')
    cd /Users/admin/builder/spi-builder-workspace/.swiftpm/xcode
    builtin-SwiftPerFileCompile MultiplatformTabBarHorizontalAlignment.swift
SwiftDriverJobDiscovery normal arm64_32 Compiling MultiplatformTabCollection.swift (in target 'MultiplatformTabBar' from project 'MultiplatformTabBar')
SwiftDriverJobDiscovery normal arm64_32 Compiling MultiplatformTabBarVerticalAlignment.swift (in target 'MultiplatformTabBar' from project 'MultiplatformTabBar')
SwiftDriverJobDiscovery normal arm64_32 Compiling MultiplatformTabBarHorizontalAlignment.swift (in target 'MultiplatformTabBar' from project 'MultiplatformTabBar')
SwiftDriverJobDiscovery normal arm64_32 Compiling MultiplatformTabViewPosition.swift (in target 'MultiplatformTabBar' from project 'MultiplatformTabBar')
SwiftDriverJobDiscovery normal arm64_32 Compiling resource_bundle_accessor.swift (in target 'MultiplatformTabBar' from project 'MultiplatformTabBar')
SwiftDriverJobDiscovery normal arm64_32 Compiling MultiplatformTab.swift (in target 'MultiplatformTabBar' from project 'MultiplatformTabBar')
PruneExplicitPrecompiledModules /Users/admin/builder/spi-builder-workspace/.derivedData/SDKExplicitPrecompiledModules
PruneExplicitPrecompiledModules /Users/admin/builder/spi-builder-workspace/.derivedData/Build/Intermediates.noindex/ExplicitPrecompiledModules
PruneExplicitPrecompiledModules /Users/admin/builder/spi-builder-workspace/.derivedData/Build/Intermediates.noindex/SwiftExplicitPrecompiledModules
2026-09-27 11:28:11.164 xcodebuild[992:5688] [MT] IDERunDestination: Supported platforms for the buildables in the current scheme is empty.
** BUILD FAILED **
The following build commands failed:
	SwiftCompile normal arm64_32 (in target 'MultiplatformTabBar' from project 'MultiplatformTabBar')
	SwiftEmitModule normal arm64_32 Emitting\ module\ for\ MultiplatformTabBar (in target 'MultiplatformTabBar' from project 'MultiplatformTabBar')
	SwiftEmitModule normal arm64 Emitting\ module\ for\ MultiplatformTabBar (in target 'MultiplatformTabBar' from project 'MultiplatformTabBar')
	SwiftCompile normal arm64 (in target 'MultiplatformTabBar' from project 'MultiplatformTabBar')
	Building workspace MultiplatformTabBar with scheme MultiplatformTabBar
(5 failures)
BUILD FAILURE 6.4 watchOS