Build Information
Failed to build CoreResolve, reference main (168537), with Swift 6.4 for visionOS using Xcode 27.0 on 18 Sep 2026 03:46:43 UTC.
Build Command
env DEVELOPER_DIR=/Applications/Xcode-27.0.0-Release.Candidate.app xcrun xcodebuild -IDEClonedSourcePackagesDirPathOverride=$PWD/.dependencies -skipMacroValidation -skipPackagePluginValidation -derivedDataPath $PWD/.derivedData build -scheme CoreResolve -destination generic/platform=xrOSBuild Log
cd /Users/admin/builder/spi-builder-workspace/.swiftpm/xcode
builtin-SwiftPerFileCompile WKInterfaceController-CorePrints.swift
SwiftCompile normal arm64 /Users/admin/builder/spi-builder-workspace/Sources/CoreResolve/Shared/Common/AppIconService.swift (in target 'CoreResolve' from project 'CoreResolve')
cd /Users/admin/builder/spi-builder-workspace/.swiftpm/xcode
builtin-SwiftPerFileCompile AppIconService.swift
SwiftCompile normal arm64 Compiling\ MultiCoordinatorSynchronouslyMergingCoreDataStack.swift,\ PrefetchDataSource.swift,\ SingleCoordinatorAsynchronouslyMergingCoreDataStack.swift,\ SingleCoordinatorSynchronouslyMergingCoreDataStack.swift,\ SynchronouslyMergingCoreDataStack.swift,\ CoreFileStoreManagerUrlProvider.swift,\ CoreFileStoreManagerUrlProviding.swift,\ CoreFileStoreService.swift,\ CoreFileStoreServiceError.swift,\ FileStoreManager.swift,\ BoundingConstraints.swift,\ CoreColumnLayoutAware.swift /Users/admin/builder/spi-builder-workspace/Sources/CoreResolve/Shared/CoreData/MultiCoordinatorSynchronouslyMergingCoreDataStack.swift /Users/admin/builder/spi-builder-workspace/Sources/CoreResolve/Shared/CoreData/PrefetchDataSource.swift /Users/admin/builder/spi-builder-workspace/Sources/CoreResolve/Shared/CoreData/SingleCoordinatorAsynchronouslyMergingCoreDataStack.swift /Users/admin/builder/spi-builder-workspace/Sources/CoreResolve/Shared/CoreData/SingleCoordinatorSynchronouslyMergingCoreDataStack.swift /Users/admin/builder/spi-builder-workspace/Sources/CoreResolve/Shared/CoreData/SynchronouslyMergingCoreDataStack.swift /Users/admin/builder/spi-builder-workspace/Sources/CoreResolve/Shared/CoreFile/CoreFileStoreManagerUrlProvider.swift /Users/admin/builder/spi-builder-workspace/Sources/CoreResolve/Shared/CoreFile/CoreFileStoreManagerUrlProviding.swift /Users/admin/builder/spi-builder-workspace/Sources/CoreResolve/Shared/CoreFile/CoreFileStoreService.swift /Users/admin/builder/spi-builder-workspace/Sources/CoreResolve/Shared/CoreFile/CoreFileStoreServiceError.swift /Users/admin/builder/spi-builder-workspace/Sources/CoreResolve/Shared/CoreFile/FileStoreManager.swift /Users/admin/builder/spi-builder-workspace/Sources/CoreResolve/Shared/CoreLayout/BoundingConstraints.swift /Users/admin/builder/spi-builder-workspace/Sources/CoreResolve/Shared/CoreLayout/CoreColumnLayoutAware.swift (in target 'CoreResolve' from project 'CoreResolve')
/Users/admin/builder/spi-builder-workspace/Sources/CoreResolve/Shared/CoreLayout/BoundingConstraints.swift:84:18: error: cannot find type 'NSLayoutConstraint' in scope
82 |
83 | /// The top layout constraint, where a positive constant increases the padding
84 | public let top: NSLayoutConstraint
| `- error: cannot find type 'NSLayoutConstraint' in scope
85 |
86 | /// The bottom layout constraint, where a positive constant increases the padding
/Users/admin/builder/spi-builder-workspace/Sources/CoreResolve/Shared/CoreLayout/BoundingConstraints.swift:87:21: error: cannot find type 'NSLayoutConstraint' in scope
85 |
86 | /// The bottom layout constraint, where a positive constant increases the padding
87 | public let bottom: NSLayoutConstraint
| `- error: cannot find type 'NSLayoutConstraint' in scope
88 |
89 | /// Creates a new instance of `VerticalBoundingConstraints`
/Users/admin/builder/spi-builder-workspace/Sources/CoreResolve/Shared/CoreLayout/BoundingConstraints.swift:58:22: error: cannot find type 'NSLayoutConstraint' in scope
56 |
57 | /// The leading layout constraint, where a positive constant increases the padding
58 | public let leading: NSLayoutConstraint
| `- error: cannot find type 'NSLayoutConstraint' in scope
59 |
60 | /// The trailing layout constraint, where a positive constant increases the padding
/Users/admin/builder/spi-builder-workspace/Sources/CoreResolve/Shared/CoreLayout/BoundingConstraints.swift:61:23: error: cannot find type 'NSLayoutConstraint' in scope
59 |
60 | /// The trailing layout constraint, where a positive constant increases the padding
61 | public let trailing: NSLayoutConstraint
| `- error: cannot find type 'NSLayoutConstraint' in scope
62 |
63 | /// Creates a new instance of `HorizontalBoundingConstraints`
/Users/admin/builder/spi-builder-workspace/Sources/CoreResolve/Shared/CoreLayout/BoundingConstraints.swift:50:27: error: cannot find type 'NSLayoutConstraint' in scope
48 |
49 | /// Provides an Array of the NSLayoutConstraints in the struct with unspecified order. Primarily useful for activating and deactivating as a collection
50 | public var constraints: [NSLayoutConstraint] {
| `- error: cannot find type 'NSLayoutConstraint' in scope
51 | return horizontal.constraints + vertical.constraints
52 | }
/Users/admin/builder/spi-builder-workspace/Sources/CoreResolve/Shared/CoreLayout/BoundingConstraints.swift:67:23: error: cannot find type 'NSLayoutConstraint' in scope
65 | /// - leading: The leading NSLayoutConstraint
66 | /// - trailing: The trailing NSLayoutConstraint
67 | public init(leading: NSLayoutConstraint, trailing: NSLayoutConstraint) {
| `- error: cannot find type 'NSLayoutConstraint' in scope
68 | self.leading = leading
69 | self.trailing = trailing
/Users/admin/builder/spi-builder-workspace/Sources/CoreResolve/Shared/CoreLayout/BoundingConstraints.swift:67:53: error: cannot find type 'NSLayoutConstraint' in scope
65 | /// - leading: The leading NSLayoutConstraint
66 | /// - trailing: The trailing NSLayoutConstraint
67 | public init(leading: NSLayoutConstraint, trailing: NSLayoutConstraint) {
| `- error: cannot find type 'NSLayoutConstraint' in scope
68 | self.leading = leading
69 | self.trailing = trailing
/Users/admin/builder/spi-builder-workspace/Sources/CoreResolve/Shared/CoreLayout/BoundingConstraints.swift:76:27: error: cannot find type 'NSLayoutConstraint' in scope
74 |
75 | /// Provides an Array of the NSLayoutConstraints in the struct with unspecified order. Primarily useful for activating and deactivating as a collection
76 | public var constraints: [NSLayoutConstraint] {
| `- error: cannot find type 'NSLayoutConstraint' in scope
77 | return [leading, trailing]
78 | }
/Users/admin/builder/spi-builder-workspace/Sources/CoreResolve/Shared/CoreLayout/BoundingConstraints.swift:93:19: error: cannot find type 'NSLayoutConstraint' in scope
91 | /// - top: The top NSLayoutConstraint
92 | /// - bottom: The bottom NSLayoutConstraint
93 | public init(top: NSLayoutConstraint, bottom: NSLayoutConstraint) {
| `- error: cannot find type 'NSLayoutConstraint' in scope
94 | self.top = top
95 | self.bottom = bottom
/Users/admin/builder/spi-builder-workspace/Sources/CoreResolve/Shared/CoreLayout/BoundingConstraints.swift:93:47: error: cannot find type 'NSLayoutConstraint' in scope
91 | /// - top: The top NSLayoutConstraint
92 | /// - bottom: The bottom NSLayoutConstraint
93 | public init(top: NSLayoutConstraint, bottom: NSLayoutConstraint) {
| `- error: cannot find type 'NSLayoutConstraint' in scope
94 | self.top = top
95 | self.bottom = bottom
/Users/admin/builder/spi-builder-workspace/Sources/CoreResolve/Shared/CoreLayout/BoundingConstraints.swift:102:27: error: cannot find type 'NSLayoutConstraint' in scope
100 |
101 | /// Provides an Array of the NSLayoutConstraints in the struct with unspecified order. Primarily useful for activating and deactivating as a collection
102 | public var constraints: [NSLayoutConstraint] {
| `- error: cannot find type 'NSLayoutConstraint' in scope
103 | return [top, bottom]
104 | }
/Users/admin/builder/spi-builder-workspace/Sources/CoreResolve/Shared/CoreLayout/CoreLayoutAnchorable.swift:32:21: error: cannot find type 'NSLayoutXAxisAnchor' in scope
30 | public protocol CoreHorizontalLayoutAnchorable: AnyObject {
31 |
32 | var leadingAnchor: NSLayoutXAxisAnchor { get }
| `- error: cannot find type 'NSLayoutXAxisAnchor' in scope
33 |
34 | var trailingAnchor: NSLayoutXAxisAnchor { get }
/Users/admin/builder/spi-builder-workspace/Sources/CoreResolve/Shared/CoreLayout/CoreLayoutAnchorable.swift:34:22: error: cannot find type 'NSLayoutXAxisAnchor' in scope
32 | var leadingAnchor: NSLayoutXAxisAnchor { get }
33 |
34 | var trailingAnchor: NSLayoutXAxisAnchor { get }
| `- error: cannot find type 'NSLayoutXAxisAnchor' in scope
35 |
36 | var leftAnchor: NSLayoutXAxisAnchor { get }
/Users/admin/builder/spi-builder-workspace/Sources/CoreResolve/Shared/CoreLayout/CoreLayoutAnchorable.swift:36:18: error: cannot find type 'NSLayoutXAxisAnchor' in scope
34 | var trailingAnchor: NSLayoutXAxisAnchor { get }
35 |
36 | var leftAnchor: NSLayoutXAxisAnchor { get }
| `- error: cannot find type 'NSLayoutXAxisAnchor' in scope
37 |
38 | var rightAnchor: NSLayoutXAxisAnchor { get }
/Users/admin/builder/spi-builder-workspace/Sources/CoreResolve/Shared/CoreLayout/CoreLayoutAnchorable.swift:38:19: error: cannot find type 'NSLayoutXAxisAnchor' in scope
36 | var leftAnchor: NSLayoutXAxisAnchor { get }
37 |
38 | var rightAnchor: NSLayoutXAxisAnchor { get }
| `- error: cannot find type 'NSLayoutXAxisAnchor' in scope
39 |
40 | var widthAnchor: NSLayoutDimension { get }
/Users/admin/builder/spi-builder-workspace/Sources/CoreResolve/Shared/CoreLayout/CoreLayoutAnchorable.swift:40:19: error: cannot find type 'NSLayoutDimension' in scope
38 | var rightAnchor: NSLayoutXAxisAnchor { get }
39 |
40 | var widthAnchor: NSLayoutDimension { get }
| `- error: cannot find type 'NSLayoutDimension' in scope
41 |
42 | var centerXAnchor: NSLayoutXAxisAnchor { get }
/Users/admin/builder/spi-builder-workspace/Sources/CoreResolve/Shared/CoreLayout/CoreLayoutAnchorable.swift:42:21: error: cannot find type 'NSLayoutXAxisAnchor' in scope
40 | var widthAnchor: NSLayoutDimension { get }
41 |
42 | var centerXAnchor: NSLayoutXAxisAnchor { get }
| `- error: cannot find type 'NSLayoutXAxisAnchor' in scope
43 | }
44 |
/Users/admin/builder/spi-builder-workspace/Sources/CoreResolve/Shared/CoreLayout/CoreColumnLayoutAware.swift:44:112: error: cannot find type 'LayoutPriority' in scope
42 | /// - layoutProvider: The Layout Provider to attach
43 | /// - column: The column which will attach to the view
44 | func constrainLayoutProvider(_ layoutProvider: CoreHorizontalLayoutAnchorable, to column: Int, with priority: LayoutPriority = .required) throws {
| `- error: cannot find type 'LayoutPriority' in scope
45 | guard let columnLayoutProvider = columnLayoutProvider else { throw CoreColumnLayoutError.columnLayoutProvidingNotAvailable }
46 | guard (0..<columnLayoutProvider.numberOfColumns).contains(column) else { throw CoreColumnLayoutError.invalidColumnSpecified(column, maxAllowed: columnLayoutProvider.numberOfColumns) }
/Users/admin/builder/spi-builder-workspace/Sources/CoreResolve/Shared/CoreLayout/CoreLayoutAnchorable.swift:53:101: error: cannot find type 'LayoutPriority' in scope
51 | /// - priority: The `LayoutPriority` of the leading and trailing constraints
52 | /// - Returns: A structure containing the leading and trailing constraints, which have not yet been activated
53 | public func constrainHorizontally(to layoutAnchors: CoreHorizontalLayoutAnchorable, with priority: LayoutPriority = .required) -> HorizontalBoundingConstraints {
| `- error: cannot find type 'LayoutPriority' in scope
54 | return constrainHorizontally(to: layoutAnchors, leadingPriority: priority, trailingPriority: priority)
55 | }
/Users/admin/builder/spi-builder-workspace/Sources/CoreResolve/Shared/CoreLayout/CoreLayoutAnchorable.swift:63:103: error: cannot find type 'LayoutPriority' in scope
61 | /// - trailingPriority: The `LayoutPriority` of the trailing constraint
62 | /// - Returns: A structure containing the leading and trailing constraints, which have not yet been activated
63 | public func constrainHorizontally(to layoutAnchors: CoreHorizontalLayoutAnchorable, leadingPriority: LayoutPriority = .required, trailingPriority: LayoutPriority = .required) -> HorizontalBoundingConstraints {
| `- error: cannot find type 'LayoutPriority' in scope
64 | let leading = leadingAnchor.constraint(equalTo: layoutAnchors.leadingAnchor)
65 | let trailing = layoutAnchors.trailingAnchor.constraint(equalTo: trailingAnchor)
/Users/admin/builder/spi-builder-workspace/Sources/CoreResolve/Shared/CoreLayout/CoreLayoutAnchorable.swift:63:149: error: cannot find type 'LayoutPriority' in scope
61 | /// - trailingPriority: The `LayoutPriority` of the trailing constraint
62 | /// - Returns: A structure containing the leading and trailing constraints, which have not yet been activated
63 | public func constrainHorizontally(to layoutAnchors: CoreHorizontalLayoutAnchorable, leadingPriority: LayoutPriority = .required, trailingPriority: LayoutPriority = .required) -> HorizontalBoundingConstraints {
| `- error: cannot find type 'LayoutPriority' in scope
64 | let leading = leadingAnchor.constraint(equalTo: layoutAnchors.leadingAnchor)
65 | let trailing = layoutAnchors.trailingAnchor.constraint(equalTo: trailingAnchor)
SwiftCompile normal arm64 /Users/admin/builder/spi-builder-workspace/Sources/CoreResolve/Shared/CoreData/MultiCoordinatorSynchronouslyMergingCoreDataStack.swift (in target 'CoreResolve' from project 'CoreResolve')
cd /Users/admin/builder/spi-builder-workspace/.swiftpm/xcode
builtin-SwiftPerFileCompile MultiCoordinatorSynchronouslyMergingCoreDataStack.swift
SwiftCompile normal arm64 /Users/admin/builder/spi-builder-workspace/Sources/CoreResolve/Shared/CoreData/PrefetchDataSource.swift (in target 'CoreResolve' from project 'CoreResolve')
cd /Users/admin/builder/spi-builder-workspace/.swiftpm/xcode
builtin-SwiftPerFileCompile PrefetchDataSource.swift
SwiftCompile normal arm64 /Users/admin/builder/spi-builder-workspace/Sources/CoreResolve/Shared/CoreData/SingleCoordinatorAsynchronouslyMergingCoreDataStack.swift (in target 'CoreResolve' from project 'CoreResolve')
cd /Users/admin/builder/spi-builder-workspace/.swiftpm/xcode
builtin-SwiftPerFileCompile SingleCoordinatorAsynchronouslyMergingCoreDataStack.swift
SwiftCompile normal arm64 /Users/admin/builder/spi-builder-workspace/Sources/CoreResolve/Shared/CoreData/SingleCoordinatorSynchronouslyMergingCoreDataStack.swift (in target 'CoreResolve' from project 'CoreResolve')
cd /Users/admin/builder/spi-builder-workspace/.swiftpm/xcode
builtin-SwiftPerFileCompile SingleCoordinatorSynchronouslyMergingCoreDataStack.swift
SwiftCompile normal arm64 /Users/admin/builder/spi-builder-workspace/Sources/CoreResolve/Shared/CoreData/SynchronouslyMergingCoreDataStack.swift (in target 'CoreResolve' from project 'CoreResolve')
cd /Users/admin/builder/spi-builder-workspace/.swiftpm/xcode
builtin-SwiftPerFileCompile SynchronouslyMergingCoreDataStack.swift
SwiftCompile normal arm64 /Users/admin/builder/spi-builder-workspace/Sources/CoreResolve/Shared/CoreFile/CoreFileStoreManagerUrlProvider.swift (in target 'CoreResolve' from project 'CoreResolve')
cd /Users/admin/builder/spi-builder-workspace/.swiftpm/xcode
builtin-SwiftPerFileCompile CoreFileStoreManagerUrlProvider.swift
SwiftCompile normal arm64 /Users/admin/builder/spi-builder-workspace/Sources/CoreResolve/Shared/CoreFile/CoreFileStoreManagerUrlProviding.swift (in target 'CoreResolve' from project 'CoreResolve')
cd /Users/admin/builder/spi-builder-workspace/.swiftpm/xcode
builtin-SwiftPerFileCompile CoreFileStoreManagerUrlProviding.swift
SwiftCompile normal arm64 /Users/admin/builder/spi-builder-workspace/Sources/CoreResolve/Shared/CoreFile/CoreFileStoreService.swift (in target 'CoreResolve' from project 'CoreResolve')
cd /Users/admin/builder/spi-builder-workspace/.swiftpm/xcode
builtin-SwiftPerFileCompile CoreFileStoreService.swift
SwiftCompile normal arm64 /Users/admin/builder/spi-builder-workspace/Sources/CoreResolve/Shared/CoreFile/CoreFileStoreServiceError.swift (in target 'CoreResolve' from project 'CoreResolve')
cd /Users/admin/builder/spi-builder-workspace/.swiftpm/xcode
builtin-SwiftPerFileCompile CoreFileStoreServiceError.swift
SwiftCompile normal arm64 /Users/admin/builder/spi-builder-workspace/Sources/CoreResolve/Shared/CoreFile/FileStoreManager.swift (in target 'CoreResolve' from project 'CoreResolve')
cd /Users/admin/builder/spi-builder-workspace/.swiftpm/xcode
builtin-SwiftPerFileCompile FileStoreManager.swift
SwiftCompile normal arm64 /Users/admin/builder/spi-builder-workspace/Sources/CoreResolve/Shared/CoreLayout/BoundingConstraints.swift (in target 'CoreResolve' from project 'CoreResolve')
cd /Users/admin/builder/spi-builder-workspace/.swiftpm/xcode
builtin-SwiftPerFileCompile BoundingConstraints.swift
SwiftCompile normal arm64 /Users/admin/builder/spi-builder-workspace/Sources/CoreResolve/Shared/CoreLayout/CoreColumnLayoutAware.swift (in target 'CoreResolve' from project 'CoreResolve')
cd /Users/admin/builder/spi-builder-workspace/.swiftpm/xcode
builtin-SwiftPerFileCompile CoreColumnLayoutAware.swift
PruneExplicitPrecompiledModules /Users/admin/builder/spi-builder-workspace/.derivedData/Build/Intermediates.noindex/ExplicitPrecompiledModules
PruneExplicitPrecompiledModules /Users/admin/builder/spi-builder-workspace/.derivedData/SDKExplicitPrecompiledModules
PruneExplicitPrecompiledModules /Users/admin/builder/spi-builder-workspace/.derivedData/Build/Intermediates.noindex/SwiftExplicitPrecompiledModules
2026-09-17 23:46:31.546 xcodebuild[643:4131] [MT] IDERunDestination: Supported platforms for the buildables in the current scheme is empty.
** BUILD FAILED **
The following build commands failed:
SwiftCompile normal arm64 (in target 'CoreResolve' from project 'CoreResolve')
SwiftEmitModule normal arm64 Emitting\ module\ for\ CoreResolve (in target 'CoreResolve' from project 'CoreResolve')
Building workspace CoreResolve with scheme CoreResolve
(3 failures)
Command line invocation:
/Applications/Xcode-27.0.0-Release.Candidate.app/Contents/Developer/usr/bin/xcodebuild -IDEClonedSourcePackagesDirPathOverride=/Users/admin/builder/spi-builder-workspace/.dependencies -resolvePackageDependencies
Resolve Package Graph
Invalid Resource 'Resources/CoreAPIError.strings': File not found.Invalid Resource 'Resources/CoreDataStackError.strings': File not found.Invalid Resource 'Resources/CoreFactoryServiceError.strings': File not found.Invalid Resource 'Resources/CoreFileStoreServiceError.strings': File not found.Invalid Resource 'Resources/CoreServiceProvidingError.strings': File not found.Invalid Resource 'Resources/MultipeerMessageManagerError.strings': File not found.
Resolved source packages:
CoreResolve: /Users/admin/builder/spi-builder-workspace
resolved source packages: CoreResolve
2026-09-17 23:46:39.957 xcodebuild[791:4716] [MT] IDERunDestination: Supported platforms for the buildables in the current scheme is empty.
{
"default_localization" : "en",
"dependencies" : [
],
"manifest_display_name" : "CoreResolve",
"name" : "CoreResolve",
"path" : "/Users/admin/builder/spi-builder-workspace",
"platforms" : [
{
"name" : "macos",
"version" : "10.12"
},
{
"name" : "ios",
"version" : "9.0"
},
{
"name" : "tvos",
"version" : "10.0"
},
{
"name" : "watchos",
"version" : "3.0"
}
],
"products" : [
{
"name" : "CoreResolve",
"targets" : [
"CoreResolve"
],
"type" : {
"library" : [
"automatic"
]
}
}
],
"targets" : [
{
"c99name" : "CoreResolve_ObjC",
"module_type" : "ClangTarget",
"name" : "CoreResolve_ObjC",
"path" : "Sources/CoreResolve_ObjC",
"product_memberships" : [
"CoreResolve"
],
"sources" : [
"CRKObjectiveC.m"
],
"type" : "library"
},
{
"c99name" : "CoreResolveTests",
"module_type" : "SwiftTarget",
"name" : "CoreResolveTests",
"path" : "Tests/CoreResolveTests",
"sources" : [
"CollectionChangesTests.swift",
"CoreAPITests.swift",
"CoreAsynchronousOperationTests.swift",
"CoreFileStoreManagerUrlProviderTests.swift",
"FactoryRegistryTests.swift",
"Mocks/MockCoreAPIOperation.swift",
"Mocks/MockCoreDecoding.swift",
"Mocks/MockCoreEncoding.swift",
"Mocks/MockCoreLocationProviding.swift",
"Mocks/MockMultipeerSessionManagerDelegate.swift",
"Mocks/MockMultipeerSessionProviding.swift",
"Mocks/MockURLProtocol.swift",
"MultipeerSessionManagerTests.swift",
"ServiceManagerTests.swift"
],
"target_dependencies" : [
"CoreResolve"
],
"type" : "test"
},
{
"c99name" : "CoreResolve",
"module_type" : "SwiftTarget",
"name" : "CoreResolve",
"path" : "Sources/CoreResolve",
"product_memberships" : [
"CoreResolve"
],
"sources" : [
"Platforms/iOS/LegacyUserNotificationManager-UIKit.swift",
"Platforms/macOS/CoreCollectionViewDataSource-AppKit.swift",
"Platforms/macOS/CoreTableDataSource-AppKit.swift",
"Platforms/macOS/CoreTableViewDataSource-AppKit.swift",
"Platforms/macOS/Extensions-AppKit.swift",
"Platforms/macOS/LegacyUserNotificationManager-AppKit.swift",
"Platforms/macOS/NSViewController-CorePrints.swift",
"Platforms/watchOS/CoreTableDataSource-WatchKit.swift",
"Platforms/watchOS/CoreUserNotificationInterfaceController.swift",
"Platforms/watchOS/Extensions-watchOS.swift",
"Platforms/watchOS/WKInterfaceController-CorePrints.swift",
"Shared/Common/AppIconService.swift",
"Shared/Common/CollectionChanges.swift",
"Shared/Common/CoreAsynchronousOperation.swift",
"Shared/Common/CoreCellDequeuing.swift",
"Shared/Common/CoreCollectionViewCell.swift",
"Shared/Common/CoreCollectionViewController.swift",
"Shared/Common/CoreContainerViewController.swift",
"Shared/Common/CoreContainerViewControllerError.swift",
"Shared/Common/CoreDecoding.swift",
"Shared/Common/CoreEncoding.swift",
"Shared/Common/CoreFactoryService.swift",
"Shared/Common/CoreFactoryServiceError.swift",
"Shared/Common/CorePrints.swift",
"Shared/Common/CoreResettable.swift",
"Shared/Common/CoreSegueHandling.swift",
"Shared/Common/CoreServiceProviding.swift",
"Shared/Common/CoreServiceProvidingError.swift",
"Shared/Common/CoreTableViewController.swift",
"Shared/Common/CoreTransactionProviding.swift",
"Shared/Common/CoreUserActivityService.swift",
"Shared/Common/CoreViewController.swift",
"Shared/Common/Extensions-CoreGraphics.swift",
"Shared/Common/Extensions-SceneKit.swift",
"Shared/Common/Extensions.swift",
"Shared/Common/FactoryRegistry.swift",
"Shared/Common/ParallaxProxyLayer.swift",
"Shared/Common/ResolvedServiceReference.swift",
"Shared/Common/ServiceManager.swift",
"Shared/Common/ShimExtensions.swift",
"Shared/Common/SpringAction.swift",
"Shared/Common/VideoPlayerView.swift",
"Shared/CoreAPI/CoreAPIContainer.swift",
"Shared/CoreAPI/CoreAPIError.swift",
"Shared/CoreAPI/CoreAPILogging.swift",
"Shared/CoreAPI/CoreAPIOperation.swift",
"Shared/CoreAPI/CoreAPIRequest.swift",
"Shared/CoreAPI/CoreAPIRequestTask.swift",
"Shared/CoreData/BasicSQLiteCoreDataStackConfigurationProvider.swift",
"Shared/CoreData/CoreDataContextPool.swift",
"Shared/CoreData/CoreDataManager.swift",
"Shared/CoreData/CoreDataService.swift",
"Shared/CoreData/CoreDataStack.swift",
"Shared/CoreData/CoreDataStackConfigurationProviding.swift",
"Shared/CoreData/CoreDataStackError.swift",
"Shared/CoreData/CoreTableDataSource.swift",
"Shared/CoreData/FetchedResultsControllerDataSource.swift",
"Shared/CoreData/FetchedResultsControllerPrefetchDataSource.swift",
"Shared/CoreData/ManagedObject-Extensions.swift",
"Shared/CoreData/MultiContextCoreDataStack.swift",
"Shared/CoreData/MultiCoordinatorSynchronouslyMergingCoreDataStack.swift",
"Shared/CoreData/PrefetchDataSource.swift",
"Shared/CoreData/SingleCoordinatorAsynchronouslyMergingCoreDataStack.swift",
"Shared/CoreData/SingleCoordinatorSynchronouslyMergingCoreDataStack.swift",
"Shared/CoreData/SynchronouslyMergingCoreDataStack.swift",
"Shared/CoreFile/CoreFileStoreManagerUrlProvider.swift",
"Shared/CoreFile/CoreFileStoreManagerUrlProviding.swift",
"Shared/CoreFile/CoreFileStoreService.swift",
"Shared/CoreFile/CoreFileStoreServiceError.swift",
"Shared/CoreFile/FileStoreManager.swift",
"Shared/CoreLayout/BoundingConstraints.swift",
"Shared/CoreLayout/CoreColumnLayoutAware.swift",
"Shared/CoreLayout/CoreColumnLayoutClient.swift",
"Shared/CoreLayout/CoreColumnLayoutContaining.swift",
"Shared/CoreLayout/CoreColumnLayoutError.swift",
"Shared/CoreLayout/CoreColumnLayoutProvider.swift",
"Shared/CoreLayout/CoreColumnLayoutProviding.swift",
"Shared/CoreLayout/CoreLayoutAnchorable.swift",
"Shared/CoreLayout/CoreLayoutExtensions.swift",
"Shared/CoreLocation/CLLocationManager-CoreLocationProviding.swift",
"Shared/CoreLocation/CoreBeaconIdentity.swift",
"Shared/CoreLocation/CoreBeaconRanging.swift",
"Shared/CoreLocation/CoreLocationProviding.swift",
"Shared/CoreLocation/CoreLocationProvidingDelegate.swift",
"Shared/CoreLocation/Extensions-CoreLocation.swift",
"Shared/Logging/CoreLoggingService.swift",
"Shared/Logging/LogManager.swift",
"Shared/Logging/LogManagerConfigurationProvider.swift",
"Shared/Logging/LogManagerConfigurationProviding.swift",
"Shared/MultipeerConnectivity/MCSession-MultipeerSessionProviding.swift",
"Shared/MultipeerConnectivity/MultipeerMessageManager.swift",
"Shared/MultipeerConnectivity/MultipeerMessageManagerDelegate.swift",
"Shared/MultipeerConnectivity/MultipeerMessageManagerError.swift",
"Shared/MultipeerConnectivity/MultipeerMessagePayload.swift",
"Shared/MultipeerConnectivity/MultipeerSessionManager-Extensions.swift",
"Shared/MultipeerConnectivity/MultipeerSessionManager.swift",
"Shared/MultipeerConnectivity/MultipeerSessionManagerDelegate.swift",
"Shared/MultipeerConnectivity/MultipeerSessionProviding.swift",
"Shared/MultipeerConnectivity/MultipeerSessionProvidingDelegate.swift",
"Shared/UIKit/CoreAnimatedTransition.swift",
"Shared/UIKit/CoreCollectionViewDataSource-UIKit.swift",
"Shared/UIKit/CoreInteractiveTransition.swift",
"Shared/UIKit/CoreNavigationController.swift",
"Shared/UIKit/CoreScalableLabel.swift",
"Shared/UIKit/CoreSplitViewController.swift",
"Shared/UIKit/CoreStoryboardSegue.swift",
"Shared/UIKit/CoreTableDataSource-UIKit.swift",
"Shared/UIKit/CoreTableViewDataSource-UIKit.swift",
"Shared/UIKit/Extensions-UIKit.swift",
"Shared/UIKit/GradientView.swift",
"Shared/UIKit/ParallaxProxyView.swift",
"Shared/UIKit/TouchForwardingView.swift",
"Shared/UIKit/UIViewController-CorePrints.swift",
"Shared/User Notifications/CoreNotification.swift",
"Shared/User Notifications/CoreNotificationProviding.swift",
"Shared/User Notifications/CoreRemoteNotificationAdapter.swift",
"Shared/User Notifications/UserNotificationManager.swift"
],
"target_dependencies" : [
"CoreResolve_ObjC"
],
"type" : "library"
}
],
"tools_version" : "5.3"
}
warning: 'spi-builder-workspace': Invalid Resource 'Resources/CoreAPIError.strings': File not found.
warning: 'spi-builder-workspace': Invalid Resource 'Resources/CoreDataStackError.strings': File not found.
warning: 'spi-builder-workspace': Invalid Resource 'Resources/CoreFactoryServiceError.strings': File not found.
warning: 'spi-builder-workspace': Invalid Resource 'Resources/CoreFileStoreServiceError.strings': File not found.
warning: 'spi-builder-workspace': Invalid Resource 'Resources/CoreServiceProvidingError.strings': File not found.
warning: 'spi-builder-workspace': Invalid Resource 'Resources/MultipeerMessageManagerError.strings': File not found.
{
"workspace" : {
"name" : "CoreResolve",
"schemes" : [
"CoreResolve"
]
}
}
2026-09-17 23:46:41.217 xcodebuild[799:4787] [MT] IDERunDestination: Supported platforms for the buildables in the current scheme is empty.
Running build ...
env DEVELOPER_DIR=/Applications/Xcode-27.0.0-Release.Candidate.app xcrun xcodebuild -IDEClonedSourcePackagesDirPathOverride=$PWD/.dependencies -skipMacroValidation -skipPackagePluginValidation -derivedDataPath $PWD/.derivedData build -scheme CoreResolve -destination generic/platform=xrOS
Command line invocation:
/Applications/Xcode-27.0.0-Release.Candidate.app/Contents/Developer/usr/bin/xcodebuild -IDEClonedSourcePackagesDirPathOverride=/Users/admin/builder/spi-builder-workspace/.dependencies -skipMacroValidation -skipPackagePluginValidation -derivedDataPath /Users/admin/builder/spi-builder-workspace/.derivedData build -scheme CoreResolve -destination generic/platform=xrOS
Resolve Package Graph
Invalid Resource 'Resources/CoreAPIError.strings': File not found.Invalid Resource 'Resources/CoreDataStackError.strings': File not found.Invalid Resource 'Resources/CoreFactoryServiceError.strings': File not found.Invalid Resource 'Resources/CoreFileStoreServiceError.strings': File not found.Invalid Resource 'Resources/CoreServiceProvidingError.strings': File not found.Invalid Resource 'Resources/MultipeerMessageManagerError.strings': File not found.
Resolved source packages:
CoreResolve: /Users/admin/builder/spi-builder-workspace
ComputePackagePrebuildTargetDependencyGraph
Prepare packages
CreateBuildRequest
SendProjectDescription
CreateBuildOperation
ComputeTargetDependencyGraph
note: Building targets in dependency order
note: Target dependency graph (3 targets)
Target 'CoreResolve-product' in project 'CoreResolve'
➜ Explicit dependency on target 'CoreResolve' in project 'CoreResolve'
➜ Explicit dependency on target 'CoreResolve_ObjC' in project 'CoreResolve'
Target 'CoreResolve' in project 'CoreResolve'
➜ Explicit dependency on target 'CoreResolve_ObjC' in project 'CoreResolve'
Target 'CoreResolve_ObjC' in project 'CoreResolve' (no dependencies)
GatherProvisioningInputs
CreateBuildDescription
ClangStatCache /Applications/Xcode-27.0.0-Release.Candidate.app/Contents/Developer/Toolchains/XcodeDefault.xctoolchain/usr/bin/clang-stat-cache /Applications/Xcode-27.0.0-Release.Candidate.app/Contents/Developer/Platforms/XROS.platform/Developer/SDKs/XROS27.0.sdk /Users/admin/builder/spi-builder-workspace/.derivedData/SDKStatCaches.noindex/xros27.0-24M361-e829b21a6f8c9b70876ba0858053c044735bd543db762f57723cac368afd1ce4.sdkstatcache
cd /Users/admin/builder/spi-builder-workspace/.swiftpm/xcode
/Applications/Xcode-27.0.0-Release.Candidate.app/Contents/Developer/Toolchains/XcodeDefault.xctoolchain/usr/bin/clang-stat-cache /Applications/Xcode-27.0.0-Release.Candidate.app/Contents/Developer/Platforms/XROS.platform/Developer/SDKs/XROS27.0.sdk -o /Users/admin/builder/spi-builder-workspace/.derivedData/SDKStatCaches.noindex/xros27.0-24M361-e829b21a6f8c9b70876ba0858053c044735bd543db762f57723cac368afd1ce4.sdkstatcache
SwiftDriver CoreResolve normal arm64 com.apple.xcode.tools.swift.compiler (in target 'CoreResolve' from project 'CoreResolve')
cd /Users/admin/builder/spi-builder-workspace/.swiftpm/xcode
builtin-SwiftDriver -- /Applications/Xcode-27.0.0-Release.Candidate.app/Contents/Developer/Toolchains/XcodeDefault.xctoolchain/usr/bin/swiftc -parse-as-library -module-name CoreResolve -Onone @/Users/admin/builder/spi-builder-workspace/.derivedData/Build/Intermediates.noindex/CoreResolve.build/Debug-xros/CoreResolve-t.build/Objects-normal/arm64/CoreResolve.SwiftFileList -DSWIFT_PACKAGE -DDEBUG -DSWIFT_MODULE_RESOURCE_BUNDLE_UNAVAILABLE -Xcc -fmodule-map-file\=/Users/admin/builder/spi-builder-workspace/.derivedData/Build/Intermediates.noindex/GeneratedModuleMaps-xros/CoreResolve_ObjC.modulemap -DXcode -plugin-path /Applications/Xcode-27.0.0-Release.Candidate.app/Contents/Developer/Toolchains/XcodeDefault.xctoolchain/usr/lib/swift/host/plugins/testing -enable-experimental-feature DebugDescriptionMacro -sdk /Applications/Xcode-27.0.0-Release.Candidate.app/Contents/Developer/Platforms/XROS.platform/Developer/SDKs/XROS27.0.sdk -target arm64-apple-xros1.0 -g -module-cache-path /Users/admin/builder/spi-builder-workspace/.derivedData/ModuleCache.noindex -Xfrontend -serialize-debugging-options -profile-coverage-mapping -profile-generate -enable-testing -index-store-path /Users/admin/builder/spi-builder-workspace/.derivedData/Index.noindex/DataStore -Xcc -D_LIBCPP_HARDENING_MODE\=_LIBCPP_HARDENING_MODE_DEBUG -swift-version 5 -I /Users/admin/builder/spi-builder-workspace/.derivedData/Build/Products/Debug-xros -Isystem /Applications/Xcode-27.0.0-Release.Candidate.app/Contents/Developer/Platforms/XROS.platform/Developer/usr/lib -F /Users/admin/builder/spi-builder-workspace/.derivedData/Build/Products/Debug-xros/PackageFrameworks -F /Users/admin/builder/spi-builder-workspace/.derivedData/Build/Products/Debug-xros -F /Applications/Xcode-27.0.0-Release.Candidate.app/Contents/Developer/Platforms/XROS.platform/Developer/Library/Frameworks -F /Applications/Xcode-27.0.0-Release.Candidate.app/Contents/Developer/Platforms/XROS.platform/Developer/SDKs/XROS27.0.sdk/Developer/Library/Frameworks -emit-localized-strings -emit-localized-strings-path /Users/admin/builder/spi-builder-workspace/.derivedData/Build/Intermediates.noindex/CoreResolve.build/Debug-xros/CoreResolve-t.build/Objects-normal/arm64 -c -j10 -enable-batch-mode -incremental -Xcc -ivfsstatcache -Xcc /Users/admin/builder/spi-builder-workspace/.derivedData/SDKStatCaches.noindex/xros27.0-24M361-e829b21a6f8c9b70876ba0858053c044735bd543db762f57723cac368afd1ce4.sdkstatcache -output-file-map /Users/admin/builder/spi-builder-workspace/.derivedData/Build/Intermediates.noindex/CoreResolve.build/Debug-xros/CoreResolve-t.build/Objects-normal/arm64/CoreResolve-OutputFileMap.json -save-temps -no-color-diagnostics -explicit-module-build -module-cache-path /Users/admin/builder/spi-builder-workspace/.derivedData/Build/Intermediates.noindex/SwiftExplicitPrecompiledModules -clang-scanner-module-cache-path /Users/admin/builder/spi-builder-workspace/.derivedData/ModuleCache.noindex -sdk-module-cache-path /Users/admin/builder/spi-builder-workspace/.derivedData/SDKExplicitPrecompiledModules -emit-dependencies -emit-module -emit-module-path /Users/admin/builder/spi-builder-workspace/.derivedData/Build/Intermediates.noindex/CoreResolve.build/Debug-xros/CoreResolve-t.build/Objects-normal/arm64/CoreResolve.swiftmodule -serialize-diagnostics -dependency-scan-serialize-diagnostics-path /Users/admin/builder/spi-builder-workspace/.derivedData/Build/Intermediates.noindex/CoreResolve.build/Debug-xros/CoreResolve-t.build/Objects-normal/arm64/CoreResolve-dependency-scan.dia -validate-clang-modules-once -clang-build-session-file /Users/admin/builder/spi-builder-workspace/.derivedData/ModuleCache.noindex/Session.modulevalidation -Xcc -fmodules-prune-interval\=86400 -Xcc -fmodules-prune-after\=345600 -emit-const-values -const-gather-protocols-list /Users/admin/builder/spi-builder-workspace/.derivedData/Build/Intermediates.noindex/CoreResolve.build/Debug-xros/CoreResolve-t.build/Objects-normal/arm64/CoreResolve_const_extract_protocols.json -Xcc -I/Users/admin/builder/spi-builder-workspace/Sources/CoreResolve_ObjC/include -Xcc -I/Users/admin/builder/spi-builder-workspace/.derivedData/Build/Products/Debug-xros/include -Xcc -I/Users/admin/builder/spi-builder-workspace/.derivedData/Build/Intermediates.noindex/CoreResolve.build/Debug-xros/CoreResolve-t.build/DerivedSources-normal/arm64 -Xcc -I/Users/admin/builder/spi-builder-workspace/.derivedData/Build/Intermediates.noindex/CoreResolve.build/Debug-xros/CoreResolve-t.build/DerivedSources/arm64 -Xcc -I/Users/admin/builder/spi-builder-workspace/.derivedData/Build/Intermediates.noindex/CoreResolve.build/Debug-xros/CoreResolve-t.build/DerivedSources -Xcc -DSWIFT_PACKAGE -Xcc -DDEBUG\=1 -emit-objc-header -emit-objc-header-path /Users/admin/builder/spi-builder-workspace/.derivedData/Build/Intermediates.noindex/CoreResolve.build/Debug-xros/CoreResolve-t.build/Objects-normal/arm64/CoreResolve-Swift.h -working-directory /Users/admin/builder/spi-builder-workspace/.swiftpm/xcode -experimental-emit-module-separately -disable-cmo
SwiftCompile normal arm64 Compiling\ CoreResettable.swift,\ CoreSegueHandling.swift,\ CoreServiceProviding.swift,\ CoreServiceProvidingError.swift,\ CoreTableViewController.swift,\ CoreTransactionProviding.swift,\ CoreUserActivityService.swift,\ CoreViewController.swift,\ Extensions-CoreGraphics.swift,\ Extensions-SceneKit.swift,\ Extensions.swift,\ FactoryRegistry.swift /Users/admin/builder/spi-builder-workspace/Sources/CoreResolve/Shared/Common/CoreResettable.swift /Users/admin/builder/spi-builder-workspace/Sources/CoreResolve/Shared/Common/CoreSegueHandling.swift /Users/admin/builder/spi-builder-workspace/Sources/CoreResolve/Shared/Common/CoreServiceProviding.swift /Users/admin/builder/spi-builder-workspace/Sources/CoreResolve/Shared/Common/CoreServiceProvidingError.swift /Users/admin/builder/spi-builder-workspace/Sources/CoreResolve/Shared/Common/CoreTableViewController.swift /Users/admin/builder/spi-builder-workspace/Sources/CoreResolve/Shared/Common/CoreTransactionProviding.swift /Users/admin/builder/spi-builder-workspace/Sources/CoreResolve/Shared/Common/CoreUserActivityService.swift /Users/admin/builder/spi-builder-workspace/Sources/CoreResolve/Shared/Common/CoreViewController.swift /Users/admin/builder/spi-builder-workspace/Sources/CoreResolve/Shared/Common/Extensions-CoreGraphics.swift /Users/admin/builder/spi-builder-workspace/Sources/CoreResolve/Shared/Common/Extensions-SceneKit.swift /Users/admin/builder/spi-builder-workspace/Sources/CoreResolve/Shared/Common/Extensions.swift /Users/admin/builder/spi-builder-workspace/Sources/CoreResolve/Shared/Common/FactoryRegistry.swift (in target 'CoreResolve' from project 'CoreResolve')
/Users/admin/builder/spi-builder-workspace/Sources/CoreResolve/Shared/Common/CoreSegueHandling.swift:37:48: error: cannot find type 'ViewController' in scope
35 | }
36 |
37 | public extension CoreSegueHandling where Self: ViewController, SegueIdentifier.RawValue == String {
| `- error: cannot find type 'ViewController' in scope
38 |
39 | /// Performs a segue usinga CoreSegueHandling.SegueIdentifier
/Users/admin/builder/spi-builder-workspace/Sources/CoreResolve/Shared/Common/CoreSegueHandling.swift:52:40: error: cannot find type 'StoryboardSegue' in scope
50 | /// - Parameter segue: The StoryboardSegue for which to get the SegueIdentifier
51 | /// - Returns: Returns a SegueIdentifier if successful, or nil if not
52 | func segueIdentifierForSegue(_ segue: StoryboardSegue) -> SegueIdentifier? {
| `- error: cannot find type 'StoryboardSegue' in scope
53 | guard let identifier = segue.identifier else { return nil }
54 | return SegueIdentifier(rawValue: identifier)
/Users/admin/builder/spi-builder-workspace/Sources/CoreResolve/Shared/Common/CoreSegueHandling.swift:58:58: error: cannot find type 'ViewController' in scope
56 | }
57 |
58 | public extension CoreSegueDefinesIdentifiers where Self: ViewController & CoreSegueHandling, SegueIdentifier.RawValue == String {
| `- error: cannot find type 'ViewController' in scope
59 |
60 | static var definedSegueIdentifiers: Set<String> {
/Users/admin/builder/spi-builder-workspace/Sources/CoreResolve/Shared/Common/CoreSegueHandling.swift:58:110: error: 'RawValue' is not a member type of type 'Self.SegueIdentifier'
56 | }
57 |
58 | public extension CoreSegueDefinesIdentifiers where Self: ViewController & CoreSegueHandling, SegueIdentifier.RawValue == String {
| `- error: 'RawValue' is not a member type of type 'Self.SegueIdentifier'
59 |
60 | static var definedSegueIdentifiers: Set<String> {
/Users/admin/builder/spi-builder-workspace/Sources/CoreResolve/Shared/Common/CoreSegueHandling.swift:67:20: error: cannot find type 'ViewController' in scope
65 | #if DEBUG && !TARGET_INTERFACE_BUILDER && !targetEnvironment(simulator)
66 |
67 | internal extension ViewController {
| `- error: cannot find type 'ViewController' in scope
68 |
69 | func checkSegueSetup(for viewController: ViewController) {
Abort: function getReducedTypeParameter at GenericSignatureQueries.cpp:461
getReducedTypeParameter() was called
with <τ_0_0 where τ_0_0 : CoreSegueDefinesIdentifiers>,
and τ_0_0.SegueIdentifier.
This type parameter's reduced term is τ_0_0.[CoreSegueHandling:SegueIdentifier].
This is not a valid term, because τ_0_0 does not have a member type named [CoreSegueHandling:SegueIdentifier].
This usually indicates the caller passed the wrong type or generic signature to getReducedType().
Requirement machine for <τ_0_0 where τ_0_0 : CoreSegueDefinesIdentifiers>
Rewrite system: {
- [CoreSegueDefinesIdentifiers].[CoreSegueDefinesIdentifiers] => [CoreSegueDefinesIdentifiers] [permanent]
- [CoreSegueDefinesIdentifiers].[Copyable] => [CoreSegueDefinesIdentifiers] [explicit]
- [CoreSegueDefinesIdentifiers].[Escapable] => [CoreSegueDefinesIdentifiers] [explicit]
- [Copyable].[Copyable] => [Copyable] [permanent]
- [Escapable].[Escapable] => [Escapable] [permanent]
- τ_0_0.[CoreSegueDefinesIdentifiers] => τ_0_0 [explicit]
- τ_0_0.[Copyable] => τ_0_0
- τ_0_0.[Escapable] => τ_0_0
}
Property map: {
[CoreSegueDefinesIdentifiers] => { conforms_to: [CoreSegueDefinesIdentifiers Copyable Escapable] }
[Copyable] => { conforms_to: [Copyable] }
[Escapable] => { conforms_to: [Escapable] }
τ_0_0 => { conforms_to: [CoreSegueDefinesIdentifiers Copyable Escapable] }
}
Conformance paths: {
}
Please submit a bug report (https://swift.org/contributing/#reporting-bugs) and include the crash backtrace.
Stack dump:
0. Program arguments: /Applications/Xcode-27.0.0-Release.Candidate.app/Contents/Developer/Toolchains/XcodeDefault.xctoolchain/usr/bin/swift-frontend -frontend -c /Users/admin/builder/spi-builder-workspace/Sources/CoreResolve/Platforms/iOS/LegacyUserNotificationManager-UIKit.swift /Users/admin/builder/spi-builder-workspace/Sources/CoreResolve/Platforms/macOS/CoreCollectionViewDataSource-AppKit.swift /Users/admin/builder/spi-builder-workspace/Sources/CoreResolve/Platforms/macOS/CoreTableDataSource-AppKit.swift /Users/admin/builder/spi-builder-workspace/Sources/CoreResolve/Platforms/macOS/CoreTableViewDataSource-AppKit.swift /Users/admin/builder/spi-builder-workspace/Sources/CoreResolve/Platforms/macOS/Extensions-AppKit.swift /Users/admin/builder/spi-builder-workspace/Sources/CoreResolve/Platforms/macOS/LegacyUserNotificationManager-AppKit.swift /Users/admin/builder/spi-builder-workspace/Sources/CoreResolve/Platforms/macOS/NSViewController-CorePrints.swift /Users/admin/builder/spi-builder-workspace/Sources/CoreResolve/Platforms/watchOS/CoreTableDataSource-WatchKit.swift /Users/admin/builder/spi-builder-workspace/Sources/CoreResolve/Platforms/watchOS/CoreUserNotificationInterfaceController.swift /Users/admin/builder/spi-builder-workspace/Sources/CoreResolve/Platforms/watchOS/Extensions-watchOS.swift /Users/admin/builder/spi-builder-workspace/Sources/CoreResolve/Platforms/watchOS/WKInterfaceController-CorePrints.swift /Users/admin/builder/spi-builder-workspace/Sources/CoreResolve/Shared/Common/AppIconService.swift /Users/admin/builder/spi-builder-workspace/Sources/CoreResolve/Shared/Common/CollectionChanges.swift /Users/admin/builder/spi-builder-workspace/Sources/CoreResolve/Shared/Common/CoreAsynchronousOperation.swift /Users/admin/builder/spi-builder-workspace/Sources/CoreResolve/Shared/Common/CoreCellDequeuing.swift /Users/admin/builder/spi-builder-workspace/Sources/CoreResolve/Shared/Common/CoreCollectionViewCell.swift /Users/admin/builder/spi-builder-workspace/Sources/CoreResolve/Shared/Common/CoreCollectionViewController.swift /Users/admin/builder/spi-builder-workspace/Sources/CoreResolve/Shared/Common/CoreContainerViewController.swift /Users/admin/builder/spi-builder-workspace/Sources/CoreResolve/Shared/Common/CoreContainerViewControllerError.swift /Users/admin/builder/spi-builder-workspace/Sources/CoreResolve/Shared/Common/CoreDecoding.swift /Users/admin/builder/spi-builder-workspace/Sources/CoreResolve/Shared/Common/CoreEncoding.swift /Users/admin/builder/spi-builder-workspace/Sources/CoreResolve/Shared/Common/CoreFactoryService.swift /Users/admin/builder/spi-builder-workspace/Sources/CoreResolve/Shared/Common/CoreFactoryServiceError.swift /Users/admin/builder/spi-builder-workspace/Sources/CoreResolve/Shared/Common/CorePrints.swift -primary-file /Users/admin/builder/spi-builder-workspace/Sources/CoreResolve/Shared/Common/CoreResettable.swift -primary-file /Users/admin/builder/spi-builder-workspace/Sources/CoreResolve/Shared/Common/CoreSegueHandling.swift -primary-file /Users/admin/builder/spi-builder-workspace/Sources/CoreResolve/Shared/Common/CoreServiceProviding.swift -primary-file /Users/admin/builder/spi-builder-workspace/Sources/CoreResolve/Shared/Common/CoreServiceProvidingError.swift -primary-file /Users/admin/builder/spi-builder-workspace/Sources/CoreResolve/Shared/Common/CoreTableViewController.swift -primary-file /Users/admin/builder/spi-builder-workspace/Sources/CoreResolve/Shared/Common/CoreTransactionProviding.swift -primary-file /Users/admin/builder/spi-builder-workspace/Sources/CoreResolve/Shared/Common/CoreUserActivityService.swift -primary-file /Users/admin/builder/spi-builder-workspace/Sources/CoreResolve/Shared/Common/CoreViewController.swift -primary-file /Users/admin/builder/spi-builder-workspace/Sources/CoreResolve/Shared/Common/Extensions-CoreGraphics.swift -primary-file /Users/admin/builder/spi-builder-workspace/Sources/CoreResolve/Shared/Common/Extensions-SceneKit.swift -primary-file /Users/admin/builder/spi-builder-workspace/Sources/CoreResolve/Shared/Common/Extensions.swift -primary-file /Users/admin/builder/spi-builder-workspace/Sources/CoreResolve/Shared/Common/FactoryRegistry.swift /Users/admin/builder/spi-builder-workspace/Sources/CoreResolve/Shared/Common/ParallaxProxyLayer.swift /Users/admin/builder/spi-builder-workspace/Sources/CoreResolve/Shared/Common/ResolvedServiceReference.swift /Users/admin/builder/spi-builder-workspace/Sources/CoreResolve/Shared/Common/ServiceManager.swift /Users/admin/builder/spi-builder-workspace/Sources/CoreResolve/Shared/Common/ShimExtensions.swift /Users/admin/builder/spi-builder-workspace/Sources/CoreResolve/Shared/Common/SpringAction.swift /Users/admin/builder/spi-builder-workspace/Sources/CoreResolve/Shared/Common/VideoPlayerView.swift /Users/admin/builder/spi-builder-workspace/Sources/CoreResolve/Shared/CoreAPI/CoreAPIContainer.swift /Users/admin/builder/spi-builder-workspace/Sources/CoreResolve/Shared/CoreAPI/CoreAPIError.swift /Users/admin/builder/spi-builder-workspace/Sources/CoreResolve/Shared/CoreAPI/CoreAPILogging.swift /Users/admin/builder/spi-builder-workspace/Sources/CoreResolve/Shared/CoreAPI/CoreAPIOperation.swift /Users/admin/builder/spi-builder-workspace/Sources/CoreResolve/Shared/CoreAPI/CoreAPIRequest.swift /Users/admin/builder/spi-builder-workspace/Sources/CoreResolve/Shared/CoreAPI/CoreAPIRequestTask.swift /Users/admin/builder/spi-builder-workspace/Sources/CoreResolve/Shared/CoreData/BasicSQLiteCoreDataStackConfigurationProvider.swift /Users/admin/builder/spi-builder-workspace/Sources/CoreResolve/Shared/CoreData/CoreDataContextPool.swift /Users/admin/builder/spi-builder-workspace/Sources/CoreResolve/Shared/CoreData/CoreDataManager.swift /Users/admin/builder/spi-builder-workspace/Sources/CoreResolve/Shared/CoreData/CoreDataService.swift /Users/admin/builder/spi-builder-workspace/Sources/CoreResolve/Shared/CoreData/CoreDataStack.swift /Users/admin/builder/spi-builder-workspace/Sources/CoreResolve/Shared/CoreData/CoreDataStackConfigurationProviding.swift /Users/admin/builder/spi-builder-workspace/Sources/CoreResolve/Shared/CoreData/CoreDataStackError.swift /Users/admin/builder/spi-builder-workspace/Sources/CoreResolve/Shared/CoreData/CoreTableDataSource.swift /Users/admin/builder/spi-builder-workspace/Sources/CoreResolve/Shared/CoreData/FetchedResultsControllerDataSource.swift /Users/admin/builder/spi-builder-workspace/Sources/CoreResolve/Shared/CoreData/FetchedResultsControllerPrefetchDataSource.swift /Users/admin/builder/spi-builder-workspace/Sources/CoreResolve/Shared/CoreData/ManagedObject-Extensions.swift /Users/admin/builder/spi-builder-workspace/Sources/CoreResolve/Shared/CoreData/MultiContextCoreDataStack.swift /Users/admin/builder/spi-builder-workspace/Sources/CoreResolve/Shared/CoreData/MultiCoordinatorSynchronouslyMergingCoreDataStack.swift /Users/admin/builder/spi-builder-workspace/Sources/CoreResolve/Shared/CoreData/PrefetchDataSource.swift /Users/admin/builder/spi-builder-workspace/Sources/CoreResolve/Shared/CoreData/SingleCoordinatorAsynchronouslyMergingCoreDataStack.swift /Users/admin/builder/spi-builder-workspace/Sources/CoreResolve/Shared/CoreData/SingleCoordinatorSynchronouslyMergingCoreDataStack.swift /Users/admin/builder/spi-builder-workspace/Sources/CoreResolve/Shared/CoreData/SynchronouslyMergingCoreDataStack.swift /Users/admin/builder/spi-builder-workspace/Sources/CoreResolve/Shared/CoreFile/CoreFileStoreManagerUrlProvider.swift /Users/admin/builder/spi-builder-workspace/Sources/CoreResolve/Shared/CoreFile/CoreFileStoreManagerUrlProviding.swift /Users/admin/builder/spi-builder-workspace/Sources/CoreResolve/Shared/CoreFile/CoreFileStoreService.swift /Users/admin/builder/spi-builder-workspace/Sources/CoreResolve/Shared/CoreFile/CoreFileStoreServiceError.swift /Users/admin/builder/spi-builder-workspace/Sources/CoreResolve/Shared/CoreFile/FileStoreManager.swift /Users/admin/builder/spi-builder-workspace/Sources/CoreResolve/Shared/CoreLayout/BoundingConstraints.swift /Users/admin/builder/spi-builder-workspace/Sources/CoreResolve/Shared/CoreLayout/CoreColumnLayoutAware.swift /Users/admin/builder/spi-builder-workspace/Sources/CoreResolve/Shared/CoreLayout/CoreColumnLayoutClient.swift /Users/admin/builder/spi-builder-workspace/Sources/CoreResolve/Shared/CoreLayout/CoreColumnLayoutContaining.swift /Users/admin/builder/spi-builder-workspace/Sources/CoreResolve/Shared/CoreLayout/CoreColumnLayoutError.swift /Users/admin/builder/spi-builder-workspace/Sources/CoreResolve/Shared/CoreLayout/CoreColumnLayoutProvider.swift /Users/admin/builder/spi-builder-workspace/Sources/CoreResolve/Shared/CoreLayout/CoreColumnLayoutProviding.swift /Users/admin/builder/spi-builder-workspace/Sources/CoreResolve/Shared/CoreLayout/CoreLayoutAnchorable.swift /Users/admin/builder/spi-builder-workspace/Sources/CoreResolve/Shared/CoreLayout/CoreLayoutExtensions.swift /Users/admin/builder/spi-builder-workspace/Sources/CoreResolve/Shared/CoreLocation/CLLocationManager-CoreLocationProviding.swift /Users/admin/builder/spi-builder-workspace/Sources/CoreResolve/Shared/CoreLocation/CoreBeaconIdentity.swift /Users/admin/builder/spi-builder-workspace/Sources/CoreResolve/Shared/CoreLocation/CoreBeaconRanging.swift /Users/admin/builder/spi-builder-workspace/Sources/CoreResolve/Shared/CoreLocation/CoreLocationProviding.swift /Users/admin/builder/spi-builder-workspace/Sources/CoreResolve/Shared/CoreLocation/CoreLocationProvidingDelegate.swift /Users/admin/builder/spi-builder-workspace/Sources/CoreResolve/Shared/CoreLocation/Extensions-CoreLocation.swift /Users/admin/builder/spi-builder-workspace/Sources/CoreResolve/Shared/Logging/CoreLoggingService.swift /Users/admin/builder/spi-builder-workspace/Sources/CoreResolve/Shared/Logging/LogManager.swift /Users/admin/builder/spi-builder-workspace/Sources/CoreResolve/Shared/Logging/LogManagerConfigurationProvider.swift /Users/admin/builder/spi-builder-workspace/Sources/CoreResolve/Shared/Logging/LogManagerConfigurationProviding.swift /Users/admin/builder/spi-builder-workspace/Sources/CoreResolve/Shared/MultipeerConnectivity/MCSession-MultipeerSessionProviding.swift /Users/admin/builder/spi-builder-workspace/Sources/CoreResolve/Shared/MultipeerConnectivity/MultipeerMessageManager.swift /Users/admin/builder/spi-builder-workspace/Sources/CoreResolve/Shared/MultipeerConnectivity/MultipeerMessageManagerDelegate.swift /Users/admin/builder/spi-builder-workspace/Sources/CoreResolve/Shared/MultipeerConnectivity/MultipeerMessageManagerError.swift /Users/admin/builder/spi-builder-workspace/Sources/CoreResolve/Shared/MultipeerConnectivity/MultipeerMessagePayload.swift /Users/admin/builder/spi-builder-workspace/Sources/CoreResolve/Shared/MultipeerConnectivity/MultipeerSessionManager-Extensions.swift /Users/admin/builder/spi-builder-workspace/Sources/CoreResolve/Shared/MultipeerConnectivity/MultipeerSessionManager.swift /Users/admin/builder/spi-builder-workspace/Sources/CoreResolve/Shared/MultipeerConnectivity/MultipeerSessionManagerDelegate.swift /Users/admin/builder/spi-builder-workspace/Sources/CoreResolve/Shared/MultipeerConnectivity/MultipeerSessionProviding.swift /Users/admin/builder/spi-builder-workspace/Sources/CoreResolve/Shared/MultipeerConnectivity/MultipeerSessionProvidingDelegate.swift /Users/admin/builder/spi-builder-workspace/Sources/CoreResolve/Shared/UIKit/CoreAnimatedTransition.swift /Users/admin/builder/spi-builder-workspace/Sources/CoreResolve/Shared/UIKit/CoreCollectionViewDataSource-UIKit.swift /Users/admin/builder/spi-builder-workspace/Sources/CoreResolve/Shared/UIKit/CoreInteractiveTransition.swift /Users/admin/builder/spi-builder-workspace/Sources/CoreResolve/Shared/UIKit/CoreNavigationController.swift /Users/admin/builder/spi-builder-workspace/Sources/CoreResolve/Shared/UIKit/CoreScalableLabel.swift /Users/admin/builder/spi-builder-workspace/Sources/CoreResolve/Shared/UIKit/CoreSplitViewController.swift /Users/admin/builder/spi-builder-workspace/Sources/CoreResolve/Shared/UIKit/CoreStoryboardSegue.swift /Users/admin/builder/spi-builder-workspace/Sources/CoreResolve/Shared/UIKit/CoreTableDataSource-UIKit.swift /Users/admin/builder/spi-builder-workspace/Sources/CoreResolve/Shared/UIKit/CoreTableViewDataSource-UIKit.swift /Users/admin/builder/spi-builder-workspace/Sources/CoreResolve/Shared/UIKit/Extensions-UIKit.swift /Users/admin/builder/spi-builder-workspace/Sources/CoreResolve/Shared/UIKit/GradientView.swift /Users/admin/builder/spi-builder-workspace/Sources/CoreResolve/Shared/UIKit/ParallaxProxyView.swift /Users/admin/builder/spi-builder-workspace/Sources/CoreResolve/Shared/UIKit/TouchForwardingView.swift /Users/admin/builder/spi-builder-workspace/Sources/CoreResolve/Shared/UIKit/UIViewController-CorePrints.swift "/Users/admin/builder/spi-builder-workspace/Sources/CoreResolve/Shared/User Notifications/CoreNotification.swift" "/Users/admin/builder/spi-builder-workspace/Sources/CoreResolve/Shared/User Notifications/CoreNotificationProviding.swift" "/Users/admin/builder/spi-builder-workspace/Sources/CoreResolve/Shared/User Notifications/CoreRemoteNotificationAdapter.swift" "/Users/admin/builder/spi-builder-workspace/Sources/CoreResolve/Shared/User Notifications/UserNotificationManager.swift" -supplementary-output-file-map /Users/admin/builder/spi-builder-workspace/.derivedData/Build/Intermediates.noindex/CoreResolve.build/Debug-xros/CoreResolve-t.build/Objects-normal/arm64/supplementaryOutputs-3 -emit-localized-strings -emit-localized-strings-path /Users/admin/builder/spi-builder-workspace/.derivedData/Build/Intermediates.noindex/CoreResolve.build/Debug-xros/CoreResolve-t.build/Objects-normal/arm64 -target arm64-apple-xros1.0 -module-can-import-version MultipeerConnectivity 180.100.1 180.100.1 -module-can-import-version QuartzCore 5 1223.3.1 -module-can-import-version SceneKit 1.2 612.0.0 -module-can-import-version UIKit 9127.0.84.1 9127.0.84 -disable-cross-import-overlay-search -swift-module-cross-import CoreData /Applications/Xcode-27.0.0-Release.Candidate.app/Contents/Developer/Platforms/XROS.platform/Developer/SDKs/XROS.sdk/System/Library/Frameworks/CoreData.framework/Modules/CoreData.swiftcrossimport/CloudKit.swiftoverlay -swift-module-cross-import CoreData /Applications/Xcode-27.0.0-Release.Candidate.app/Contents/Developer/Platforms/XROS.platform/Developer/SDKs/XROS27.0.sdk/System/Library/Frameworks/CoreData.framework/Modules/CoreData.swiftcrossimport/CloudKit.swiftoverlay -swift-module-cross-import SceneKit /Applications/Xcode-27.0.0-Release.Candidate.app/Contents/Developer/Platforms/XROS.platform/Developer/SDKs/XROS.sdk/System/Library/Frameworks/SceneKit.framework/Modules/SceneKit.swiftcrossimport/SwiftUI.swiftoverlay -swift-module-cross-import SpriteKit /Applications/Xcode-27.0.0-Release.Candidate.app/Contents/Developer/Platforms/XROS.platform/Developer/SDKs/XROS.sdk/System/Library/Frameworks/SpriteKit.framework/Modules/SpriteKit.swiftcrossimport/SwiftUI.swiftoverlay -swift-module-cross-import UserNotifications /Applications/Xcode-27.0.0-Release.Candidate.app/Contents/Developer/Platforms/XROS.platform/Developer/SDKs/XROS.sdk/System/Library/Frameworks/UserNotifications.framework/Modules/UserNotifications.swiftcrossimport/AppIntents.swiftoverlay -load-resolved-plugin /Applications/Xcode-27.0.0-Release.Candidate.app/Contents/Developer/Platforms/XROS.platform/Developer/usr/lib/swift/host/plugins/libFoundationMacros.dylib#/Applications/Xcode-27.0.0-Release.Candidate.app/Contents/Developer/Platforms/XROS.platform/Developer/usr/bin/swift-plugin-server#FoundationMacros -load-resolved-plugin /Applications/Xcode-27.0.0-Release.Candidate.app/Contents/Developer/Platforms/XROS.platform/Developer/usr/lib/swift/host/plugins/libObservationMacros.dylib#/Applications/Xcode-27.0.0-Release.Candidate.app/Contents/Developer/Platforms/XROS.platform/Developer/usr/bin/swift-plugin-server#ObservationMacros -load-resolved-plugin /Applications/Xcode-27.0.0-Release.Candidate.app/Contents/Developer/Platforms/XROS.platform/Developer/usr/lib/swift/host/plugins/libPreviewsMacros.dylib#/Applications/Xcode-27.0.0-Release.Candidate.app/Contents/Developer/Platforms/XROS.platform/Developer/usr/bin/swift-plugin-server#PreviewsMacros -load-resolved-plugin /Applications/Xcode-27.0.0-Release.Candidate.app/Contents/Developer/Platforms/XROS.platform/Developer/usr/lib/swift/host/plugins/libSwiftMacros.dylib#/Applications/Xcode-27.0.0-Release.Candidate.app/Contents/Developer/Platforms/XROS.platform/Developer/usr/bin/swift-plugin-server#SwiftMacros -load-resolved-plugin /Applications/Xcode-27.0.0-Release.Candidate.app/Contents/Developer/Platforms/XROS.platform/Developer/usr/lib/swift/host/plugins/libSwiftUIMacros.dylib#/Applications/Xcode-27.0.0-Release.Candidate.app/Contents/Developer/Platforms/XROS.platform/Developer/usr/bin/swift-plugin-server#SwiftUIMacros -disable-implicit-swift-modules -Xcc -fno-implicit-modules -Xcc -fno-implicit-module-maps -explicit-swift-module-map-file /Users/admin/builder/spi-builder-workspace/.derivedData/Build/Intermediates.noindex/CoreResolve.build/Debug-xros/CoreResolve-t.build/Objects-normal/arm64/CoreResolve-dependencies-1.json -Xllvm -aarch64-use-tbi -enable-objc-interop -stack-check -sdk /Applications/Xcode-27.0.0-Release.Candidate.app/Contents/Developer/Platforms/XROS.platform/Developer/SDKs/XROS27.0.sdk -I /Users/admin/builder/spi-builder-workspace/.derivedData/Build/Products/Debug-xros -Isystem /Applications/Xcode-27.0.0-Release.Candidate.app/Contents/Developer/Platforms/XROS.platform/Developer/usr/lib -F /Users/admin/builder/spi-builder-workspace/.derivedData/Build/Products/Debug-xros/PackageFrameworks -F /Users/admin/builder/spi-builder-workspace/.derivedData/Build/Products/Debug-xros -F /Applications/Xcode-27.0.0-Release.Candidate.app/Contents/Developer/Platforms/XROS.platform/Developer/Library/Frameworks -F /Applications/Xcode-27.0.0-Release.Candidate.app/Contents/Developer/Platforms/XROS.platform/Developer/SDKs/XROS27.0.sdk/Developer/Library/Frameworks -module-cache-path /Users/admin/builder/spi-builder-workspace/.derivedData/Build/Intermediates.noindex/SwiftExplicitPrecompiledModules -no-color-diagnostics -Xcc -fno-color-diagnostics -enable-testing -g -debug-info-format=dwarf -dwarf-version=4 -profile-generate -profile-coverage-mapping -swift-version 5 -Onone -D SWIFT_PACKAGE -D DEBUG -D SWIFT_MODULE_RESOURCE_BUNDLE_UNAVAILABLE -D Xcode -serialize-debugging-options -enable-experimental-feature DebugDescriptionMacro -empty-abi-descriptor -validate-clang-modules-once -clang-build-session-file /Users/admin/builder/spi-builder-workspace/.derivedData/ModuleCache.noindex/Session.modulevalidation -Xcc -working-directory -Xcc /Users/admin/builder/spi-builder-workspace/.swiftpm/xcode -enable-anonymous-context-mangled-names -file-compilation-dir /Users/admin/builder/spi-builder-workspace/.swiftpm/xcode -Xcc -fmodule-map-file=/Users/admin/builder/spi-builder-workspace/.derivedData/Build/Intermediates.noindex/GeneratedModuleMaps-xros/CoreResolve_ObjC.modulemap -Xcc -D_LIBCPP_HARDENING_MODE=_LIBCPP_HARDENING_MODE_DEBUG -Xcc -ivfsstatcache -Xcc /Users/admin/builder/spi-builder-workspace/.derivedData/SDKStatCaches.noindex/xros27.0-24M361-e829b21a6f8c9b70876ba0858053c044735bd543db762f57723cac368afd1ce4.sdkstatcache -Xcc -fmodules-prune-interval=86400 -Xcc -fmodules-prune-after=345600 -Xcc -I/Users/admin/builder/spi-builder-workspace/Sources/CoreResolve_ObjC/include -Xcc -I/Users/admin/builder/spi-builder-workspace/.derivedData/Build/Products/Debug-xros/include -Xcc -I/Users/admin/builder/spi-builder-workspace/.derivedData/Build/Intermediates.noindex/CoreResolve.build/Debug-xros/CoreResolve-t.build/DerivedSources-normal/arm64 -Xcc -I/Users/admin/builder/spi-builder-workspace/.derivedData/Build/Intermediates.noindex/CoreResolve.build/Debug-xros/CoreResolve-t.build/DerivedSources/arm64 -Xcc -I/Users/admin/builder/spi-builder-workspace/.derivedData/Build/Intermediates.noindex/CoreResolve.build/Debug-xros/CoreResolve-t.build/DerivedSources -Xcc -DSWIFT_PACKAGE -Xcc -DDEBUG=1 -no-auto-bridging-header-chaining -module-name CoreResolve -const-gather-protocols-file /Users/admin/builder/spi-builder-workspace/.derivedData/Build/Intermediates.noindex/CoreResolve.build/Debug-xros/CoreResolve-t.build/Objects-normal/arm64/CoreResolve_const_extract_protocols.json -disable-clang-spi -clang-target arm64-apple-xros27.0 -target-sdk-version 27.0 -target-sdk-name xros27.0 -in-process-plugin-server-path /Applications/Xcode-27.0.0-Release.Candidate.app/Contents/Developer/Toolchains/XcodeDefault.xctoolchain/usr/lib/swift/host/libSwiftInProcPluginServer.dylib -parse-as-library -o /Users/admin/builder/spi-builder-workspace/.derivedData/Build/Intermediates.noindex/CoreResolve.build/Debug-xros/CoreResolve-t.build/Objects-normal/arm64/CoreResettable.o -o /Users/admin/builder/spi-builder-workspace/.derivedData/Build/Intermediates.noindex/CoreResolve.build/Debug-xros/CoreResolve-t.build/Objects-normal/arm64/CoreSegueHandling.o -o /Users/admin/builder/spi-builder-workspace/.derivedData/Build/Intermediates.noindex/CoreResolve.build/Debug-xros/CoreResolve-t.build/Objects-normal/arm64/CoreServiceProviding.o -o /Users/admin/builder/spi-builder-workspace/.derivedData/Build/Intermediates.noindex/CoreResolve.build/Debug-xros/CoreResolve-t.build/Objects-normal/arm64/CoreServiceProvidingError.o -o /Users/admin/builder/spi-builder-workspace/.derivedData/Build/Intermediates.noindex/CoreResolve.build/Debug-xros/CoreResolve-t.build/Objects-normal/arm64/CoreTableViewController.o -o /Users/admin/builder/spi-builder-workspace/.derivedData/Build/Intermediates.noindex/CoreResolve.build/Debug-xros/CoreResolve-t.build/Objects-normal/arm64/CoreTransactionProviding.o -o /Users/admin/builder/spi-builder-workspace/.derivedData/Build/Intermediates.noindex/CoreResolve.build/Debug-xros/CoreResolve-t.build/Objects-normal/arm64/CoreUserActivityService.o -o /Users/admin/builder/spi-builder-workspace/.derivedData/Build/Intermediates.noindex/CoreResolve.build/Debug-xros/CoreResolve-t.build/Objects-normal/arm64/CoreViewController.o -o /Users/admin/builder/spi-builder-workspace/.derivedData/Build/Intermediates.noindex/CoreResolve.build/Debug-xros/CoreResolve-t.build/Objects-normal/arm64/Extensions-CoreGraphics.o -o /Users/admin/builder/spi-builder-workspace/.derivedData/Build/Intermediates.noindex/CoreResolve.build/Debug-xros/CoreResolve-t.build/Objects-normal/arm64/Extensions-SceneKit.o -o /Users/admin/builder/spi-builder-workspace/.derivedData/Build/Intermediates.noindex/CoreResolve.build/Debug-xros/CoreResolve-t.build/Objects-normal/arm64/Extensions.o -o /Users/admin/builder/spi-builder-workspace/.derivedData/Build/Intermediates.noindex/CoreResolve.build/Debug-xros/CoreResolve-t.build/Objects-normal/arm64/FactoryRegistry.o -debug-module-path /Users/admin/builder/spi-builder-workspace/.derivedData/Build/Intermediates.noindex/CoreResolve.build/Debug-xros/CoreResolve-t.build/Objects-normal/arm64/CoreResolve.swiftmodule -index-unit-output-path /CoreResolve.build/Debug-xros/CoreResolve-t.build/Objects-normal/arm64/CoreResettable.o -index-unit-output-path /CoreResolve.build/Debug-xros/CoreResolve-t.build/Objects-normal/arm64/CoreSegueHandling.o -index-unit-output-path /CoreResolve.build/Debug-xros/CoreResolve-t.build/Objects-normal/arm64/CoreServiceProviding.o -index-unit-output-path /CoreResolve.build/Debug-xros/CoreResolve-t.build/Objects-normal/arm64/CoreServiceProvidingError.o -index-unit-output-path /CoreResolve.build/Debug-xros/CoreResolve-t.build/Objects-normal/arm64/CoreTableViewController.o -index-unit-output-path /CoreResolve.build/Debug-xros/CoreResolve-t.build/Objects-normal/arm64/CoreTransactionProviding.o -index-unit-output-path /CoreResolve.build/Debug-xros/CoreResolve-t.build/Objects-normal/arm64/CoreUserActivityService.o -index-unit-output-path /CoreResolve.build/Debug-xros/CoreResolve-t.build/Objects-normal/arm64/CoreViewController.o -index-unit-output-path /CoreResolve.build/Debug-xros/CoreResolve-t.build/Objects-normal/arm64/Extensions-CoreGraphics.o -index-unit-output-path /CoreResolve.build/Debug-xros/CoreResolve-t.build/Objects-normal/arm64/Extensions-SceneKit.o -index-unit-output-path /CoreResolve.build/Debug-xros/CoreResolve-t.build/Objects-normal/arm64/Extensions.o -index-unit-output-path /CoreResolve.build/Debug-xros/CoreResolve-t.build/Objects-normal/arm64/FactoryRegistry.o -index-store-path /Users/admin/builder/spi-builder-workspace/.derivedData/Index.noindex/DataStore -index-system-modules
1. Apple Swift version 6.4 (swiftlang-6.4.0.34.1 clang-2100.3.34.1)
2. Compiling with effective version 5.10
3. While evaluating request TypeCheckPrimaryFileRequest(source_file "/Users/admin/builder/spi-builder-workspace/Sources/CoreResolve/Shared/Common/CoreSegueHandling.swift")
4. While evaluating request TypeCheckFunctionBodyRequest(CoreResolve.(file).CoreSegueDefinesIdentifiers extension.definedSegueIdentifiers.getter@/Users/admin/builder/spi-builder-workspace/Sources/CoreResolve/Shared/Common/CoreSegueHandling.swift:60:50)
5. While type-checking statement at [/Users/admin/builder/spi-builder-workspace/Sources/CoreResolve/Shared/Common/CoreSegueHandling.swift:60:50 - line:62:2] RangeText="{
return Set(SegueIdentifier.allCases.map { $0.rawValue })
"
6. While type-checking statement at [/Users/admin/builder/spi-builder-workspace/Sources/CoreResolve/Shared/Common/CoreSegueHandling.swift:61:3 - line:61:58] RangeText="return Set(SegueIdentifier.allCases.map { $0.rawValue }"
7. While type-checking-target starting at /Users/admin/builder/spi-builder-workspace/Sources/CoreResolve/Shared/Common/CoreSegueHandling.swift:61:10
8. Abort: function getReducedTypeParameter at GenericSignatureQueries.cpp:461
| getReducedTypeParameter() was called
| with <τ_0_0 where τ_0_0 : CoreSegueDefinesIdentifiers>,
| and τ_0_0.SegueIdentifier.
|
| This type parameter's reduced term is τ_0_0.[CoreSegueHandling:SegueIdentifier].
|
| This is not a valid term, because τ_0_0 does not have a member type named [CoreSegueHandling:SegueIdentifier].
|
| This usually indicates the caller passed the wrong type or generic signature to getReducedType().
|
| Requirement machine for <τ_0_0 where τ_0_0 : CoreSegueDefinesIdentifiers>
| Rewrite system: {
| - [CoreSegueDefinesIdentifiers].[CoreSegueDefinesIdentifiers] => [CoreSegueDefinesIdentifiers] [permanent]
| - [CoreSegueDefinesIdentifiers].[Copyable] => [CoreSegueDefinesIdentifiers] [explicit]
| - [CoreSegueDefinesIdentifiers].[Escapable] => [CoreSegueDefinesIdentifiers] [explicit]
| - [Copyable].[Copyable] => [Copyable] [permanent]
| - [Escapable].[Escapable] => [Escapable] [permanent]
| - τ_0_0.[CoreSegueDefinesIdentifiers] => τ_0_0 [explicit]
| - τ_0_0.[Copyable] => τ_0_0
| - τ_0_0.[Escapable] => τ_0_0
| }
| Property map: {
| [CoreSegueDefinesIdentifiers] => { conforms_to: [CoreSegueDefinesIdentifiers Copyable Escapable] }
| [Copyable] => { conforms_to: [Copyable] }
| [Escapable] => { conforms_to: [Escapable] }
| τ_0_0 => { conforms_to: [CoreSegueDefinesIdentifiers Copyable Escapable] }
| }
| Conformance paths: {
| }
Stack dump without symbol names (ensure you have llvm-symbolizer in your PATH or set the environment var `LLVM_SYMBOLIZER_PATH` to point to it):
0 swift-frontend 0x0000000106987bd0 llvm::sys::PrintStackTrace(llvm::raw_ostream&, int) + 56
1 swift-frontend 0x0000000106985358 llvm::sys::RunSignalHandlers() + 172
2 swift-frontend 0x00000001069881c8 SignalHandler(int, __siginfo*, void*) + 360
3 libsystem_platform.dylib 0x000000018c6a9744 _sigtramp + 56
4 libsystem_pthread.dylib 0x000000018c69f8d8 pthread_kill + 296
5 libsystem_c.dylib 0x000000018c5a5978 abort + 148
6 swift-frontend 0x0000000102136bc4 _ABORT(char const*, int, char const*, llvm::function_ref<void (llvm::raw_ostream&)>) + 0
7 swift-frontend 0x0000000102136c98 _ABORT(char const*, int, char const*, llvm::StringRef) + 0
8 swift-frontend 0x000000010205dab0 substPrefixType(swift::Type, unsigned int, swift::Type, swift::GenericSignature) + 0
9 swift-frontend 0x0000000101f87d60 swift::GenericSignatureImpl::getReducedTypeParameter(swift::CanType) const + 40
10 swift-frontend 0x0000000101f80834 swift::GenericEnvironment::getOrCreateArchetypeFromInterfaceType(swift::Type) + 84
11 swift-frontend 0x0000000101f813f4 swift::TypeTransform<(anonymous namespace)::MapTypeIntoContext>::doIt(swift::Type, swift::TypePosition) + 1292
12 swift-frontend 0x0000000101ab6228 swift::TypeResolution::resolveContextualType(swift::TypeRepr*, swift::DeclContext*, swift::GenericSignature, swift::TypeResolutionOptions, llvm::function_ref<swift::Type (swift::UnboundGenericType*)>, llvm::function_ref<swift::Type (swift::ASTContext&, swift::PlaceholderTypeRepr*)>, llvm::function_ref<swift::Type (swift::Type, swift::PackElementTypeRepr*)>, llvm::function_ref<void (swift::GenericTypeDecl*, llvm::function_ref<swift::Type (swift::SubstitutableType*)>)>, swift::SILTypeResolutionContext*) + 472
13 swift-frontend 0x0000000101888654 (anonymous namespace)::TypeExprSimplifier::simplifyTypeExpr(swift::Expr*) + 2832
14 swift-frontend 0x000000010188bd10 (anonymous namespace)::PreCheckTarget::walkToExprPost(swift::Expr*) + 1656
15 swift-frontend 0x0000000101d80258 (anonymous namespace)::Traversal::visitExtractFunctionIsolationExpr(swift::ExtractFunctionIsolationExpr*) + 116
16 swift-frontend 0x0000000101d7f96c (anonymous namespace)::Traversal::visit(swift::Expr*) + 640
17 swift-frontend 0x0000000101d8211c (anonymous namespace)::Traversal::visitApplyExpr(swift::ApplyExpr*) + 88
18 swift-frontend 0x0000000101d7f740 (anonymous namespace)::Traversal::visit(swift::Expr*) + 84
19 swift-frontend 0x0000000101d857f4 (anonymous namespace)::Traversal::visit(swift::ArgumentList*) + 260
20 swift-frontend 0x0000000101d82188 (anonymous namespace)::Traversal::visitApplyExpr(swift::ApplyExpr*) + 196
21 swift-frontend 0x0000000101d7f740 (anonymous namespace)::Traversal::visit(swift::Expr*) + 84
22 swift-frontend 0x0000000101896cc0 swift::constraints::SyntacticElementTarget::walk(swift::ASTWalker&) const + 1304
23 swift-frontend 0x0000000101885c8c swift::constraints::ConstraintSystem::preCheckTarget(swift::constraints::SyntacticElementTarget&) + 420
24 swift-frontend 0x00000001019716cc swift::TypeChecker::typeCheckTarget(swift::constraints::SyntacticElementTarget&, swift::optionset::OptionSet<swift::TypeCheckExprFlags, unsigned int>, swift::DiagnosticTransaction*) + 300
25 swift-frontend 0x0000000101a86d54 swift::ASTVisitor<(anonymous namespace)::StmtChecker, void, swift::Stmt*, void, void, void, void>::visit(swift::Stmt*) + 4988
26 swift-frontend 0x0000000101a85968 bool (anonymous namespace)::StmtChecker::typeCheckStmt<swift::Stmt>(swift::Stmt*&) + 288
27 swift-frontend 0x0000000101a7cfc8 (anonymous namespace)::StmtChecker::typeCheckASTNode(swift::ASTNode&) + 76
28 swift-frontend 0x0000000101a85b04 swift::ASTVisitor<(anonymous namespace)::StmtChecker, void, swift::Stmt*, void, void, void, void>::visit(swift::Stmt*) + 300
29 swift-frontend 0x0000000101a875fc bool (anonymous namespace)::StmtChecker::typeCheckStmt<swift::BraceStmt>(swift::BraceStmt*&) + 288
30 swift-frontend 0x0000000101a7eba8 swift::TypeCheckFunctionBodyRequest::evaluate(swift::Evaluator&, swift::AbstractFunctionDecl*) const + 2308
31 swift-frontend 0x0000000101ef6838 swift::TypeCheckFunctionBodyRequest::OutputType swift::Evaluator::getResultUncached<swift::TypeCheckFunctionBodyRequest, swift::TypeCheckFunctionBodyRequest::OutputType swift::evaluateOrDefault<swift::TypeCheckFunctionBodyRequest>(swift::Evaluator&, swift::TypeCheckFunctionBodyRequest, swift::TypeCheckFunctionBodyRequest::OutputType)::'lambda'()>(swift::TypeCheckFunctionBodyRequest const&, swift::TypeCheckFunctionBodyRequest::OutputType swift::evaluateOrDefault<swift::TypeCheckFunctionBodyRequest>(swift::Evaluator&, swift::TypeCheckFunctionBodyRequest, swift::TypeCheckFunctionBodyRequest::OutputType)::'lambda'()) + 680
32 swift-frontend 0x0000000101ef6474 swift::TypeCheckFunctionBodyRequest::OutputType swift::Evaluator::getResultCached<swift::TypeCheckFunctionBodyRequest, swift::TypeCheckFunctionBodyRequest::OutputType swift::evaluateOrDefault<swift::TypeCheckFunctionBodyRequest>(swift::Evaluator&, swift::TypeCheckFunctionBodyRequest, swift::TypeCheckFunctionBodyRequest::OutputType)::'lambda'(), (void*)0>(swift::TypeCheckFunctionBodyRequest const&, swift::TypeCheckFunctionBodyRequest::OutputType swift::evaluateOrDefault<swift::TypeCheckFunctionBodyRequest>(swift::Evaluator&, swift::TypeCheckFunctionBodyRequest, swift::TypeCheckFunctionBodyRequest::OutputType)::'lambda'()) + 76
33 swift-frontend 0x0000000101fbb70c swift::SourceFile::typeCheckDelayedFunctions() + 72
34 swift-frontend 0x0000000101ada444 swift::TypeCheckPrimaryFileRequest::evaluate(swift::Evaluator&, swift::SourceFile*) const + 1248
35 swift-frontend 0x0000000101ae3244 swift::TypeCheckPrimaryFileRequest::OutputType swift::Evaluator::getResultUncached<swift::TypeCheckPrimaryFileRequest, swift::TypeCheckPrimaryFileRequest::OutputType swift::evaluateOrDefault<swift::TypeCheckPrimaryFileRequest>(swift::Evaluator&, swift::TypeCheckPrimaryFileRequest, swift::TypeCheckPrimaryFileRequest::OutputType)::'lambda'()>(swift::TypeCheckPrimaryFileRequest const&, swift::TypeCheckPrimaryFileRequest::OutputType swift::evaluateOrDefault<swift::TypeCheckPrimaryFileRequest>(swift::Evaluator&, swift::TypeCheckPrimaryFileRequest, swift::TypeCheckPrimaryFileRequest::OutputType)::'lambda'()) + 648
36 swift-frontend 0x0000000101ae2fa8 swift::TypeCheckPrimaryFileRequest::OutputType swift::Evaluator::getResultCached<swift::TypeCheckPrimaryFileRequest, swift::TypeCheckPrimaryFileRequest::OutputType swift::evaluateOrDefault<swift::TypeCheckPrimaryFileRequest>(swift::Evaluator&, swift::TypeCheckPrimaryFileRequest, swift::TypeCheckPrimaryFileRequest::OutputType)::'lambda'(), (void*)0>(swift::TypeCheckPrimaryFileRequest const&, swift::TypeCheckPrimaryFileRequest::OutputType swift::evaluateOrDefault<swift::TypeCheckPrimaryFileRequest>(swift::Evaluator&, swift::TypeCheckPrimaryFileRequest, swift::TypeCheckPrimaryFileRequest::OutputType)::'lambda'()) + 184
37 swift-frontend 0x00000001008dc1a4 bool llvm::function_ref<bool (swift::SourceFile&)>::callback_fn<swift::CompilerInstance::performSema()::$_0>(long, swift::SourceFile&) + 116
38 swift-frontend 0x00000001008d511c swift::CompilerInstance::forEachFileToTypeCheck(llvm::function_ref<bool (swift::SourceFile&)>) + 176
39 swift-frontend 0x00000001008d503c swift::CompilerInstance::performSema() + 456
40 swift-frontend 0x000000010049c918 performCompile(swift::CompilerInstance&, int&, swift::FrontendObserver*, llvm::ArrayRef<char const*>) + 556
41 swift-frontend 0x0000000100499dc4 swift::performFrontend(llvm::ArrayRef<char const*>, char const*, void*, swift::FrontendObserver*) + 3776
42 swift-frontend 0x0000000100419008 swift::mainEntry(int, char const**) + 5600
43 dyld 0x000000018c2d44e4 start + 6992
Failed frontend command:
SwiftCompile normal arm64 /Users/admin/builder/spi-builder-workspace/Sources/CoreResolve/Shared/Common/CoreResettable.swift (in target 'CoreResolve' from project 'CoreResolve')
cd /Users/admin/builder/spi-builder-workspace/.swiftpm/xcode
builtin-SwiftPerFileCompile CoreResettable.swift
/Users/admin/builder/spi-builder-workspace/.derivedData/Build/Intermediates.noindex/CoreResolve.build/Debug-xros/CoreResolve-t.build/Objects-normal/arm64/CoreResettable.dia:1:1: warning: Could not read serialized diagnostics file: Error Domain=NSCocoaErrorDomain Code=260 "The file “CoreResettable.dia” couldn’t be opened because there is no such file." UserInfo={NSFilePath=/Users/admin/builder/spi-builder-workspace/.derivedData/Build/Intermediates.noindex/CoreResolve.build/Debug-xros/CoreResolve-t.build/Objects-normal/arm64/CoreResettable.dia, NSURL=file:///Users/admin/builder/spi-builder-workspace/.derivedData/Build/Intermediates.noindex/CoreResolve.build/Debug-xros/CoreResolve-t.build/Objects-normal/arm64/CoreResettable.dia, NSUnderlyingError=0x95d00d890 {Error Domain=NSPOSIXErrorDomain Code=2 "No such file or directory"}} (in target 'CoreResolve' from project 'CoreResolve')
SwiftCompile normal arm64 /Users/admin/builder/spi-builder-workspace/Sources/CoreResolve/Shared/Common/CoreSegueHandling.swift (in target 'CoreResolve' from project 'CoreResolve')
cd /Users/admin/builder/spi-builder-workspace/.swiftpm/xcode
builtin-SwiftPerFileCompile CoreSegueHandling.swift
/Users/admin/builder/spi-builder-workspace/.derivedData/Build/Intermediates.noindex/CoreResolve.build/Debug-xros/CoreResolve-t.build/Objects-normal/arm64/CoreSegueHandling.dia:1:1: warning: Could not read serialized diagnostics file: Error Domain=NSCocoaErrorDomain Code=260 "The file “CoreSegueHandling.dia” couldn’t be opened because there is no such file." UserInfo={NSFilePath=/Users/admin/builder/spi-builder-workspace/.derivedData/Build/Intermediates.noindex/CoreResolve.build/Debug-xros/CoreResolve-t.build/Objects-normal/arm64/CoreSegueHandling.dia, NSURL=file:///Users/admin/builder/spi-builder-workspace/.derivedData/Build/Intermediates.noindex/CoreResolve.build/Debug-xros/CoreResolve-t.build/Objects-normal/arm64/CoreSegueHandling.dia, NSUnderlyingError=0x95d00f510 {Error Domain=NSPOSIXErrorDomain Code=2 "No such file or directory"}} (in target 'CoreResolve' from project 'CoreResolve')
SwiftCompile normal arm64 /Users/admin/builder/spi-builder-workspace/Sources/CoreResolve/Shared/Common/CoreServiceProviding.swift (in target 'CoreResolve' from project 'CoreResolve')
cd /Users/admin/builder/spi-builder-workspace/.swiftpm/xcode
builtin-SwiftPerFileCompile CoreServiceProviding.swift
/Users/admin/builder/spi-builder-workspace/.derivedData/Build/Intermediates.noindex/CoreResolve.build/Debug-xros/CoreResolve-t.build/Objects-normal/arm64/CoreServiceProviding.dia:1:1: warning: Could not read serialized diagnostics file: Error Domain=NSCocoaErrorDomain Code=260 "The file “CoreServiceProviding.dia” couldn’t be opened because there is no such file." UserInfo={NSFilePath=/Users/admin/builder/spi-builder-workspace/.derivedData/Build/Intermediates.noindex/CoreResolve.build/Debug-xros/CoreResolve-t.build/Objects-normal/arm64/CoreServiceProviding.dia, NSURL=file:///Users/admin/builder/spi-builder-workspace/.derivedData/Build/Intermediates.noindex/CoreResolve.build/Debug-xros/CoreResolve-t.build/Objects-normal/arm64/CoreServiceProviding.dia, NSUnderlyingError=0x95d00e6d0 {Error Domain=NSPOSIXErrorDomain Code=2 "No such file or directory"}} (in target 'CoreResolve' from project 'CoreResolve')
SwiftCompile normal arm64 /Users/admin/builder/spi-builder-workspace/Sources/CoreResolve/Shared/Common/CoreServiceProvidingError.swift (in target 'CoreResolve' from project 'CoreResolve')
cd /Users/admin/builder/spi-builder-workspace/.swiftpm/xcode
builtin-SwiftPerFileCompile CoreServiceProvidingError.swift
/Users/admin/builder/spi-builder-workspace/.derivedData/Build/Intermediates.noindex/CoreResolve.build/Debug-xros/CoreResolve-t.build/Objects-normal/arm64/CoreServiceProvidingError.dia:1:1: warning: Could not read serialized diagnostics file: Error Domain=NSCocoaErrorDomain Code=260 "The file “CoreServiceProvidingError.dia” couldn’t be opened because there is no such file." UserInfo={NSFilePath=/Users/admin/builder/spi-builder-workspace/.derivedData/Build/Intermediates.noindex/CoreResolve.build/Debug-xros/CoreResolve-t.build/Objects-normal/arm64/CoreServiceProvidingError.dia, NSURL=file:///Users/admin/builder/spi-builder-workspace/.derivedData/Build/Intermediates.noindex/CoreResolve.build/Debug-xros/CoreResolve-t.build/Objects-normal/arm64/CoreServiceProvidingError.dia, NSUnderlyingError=0x95d00f000 {Error Domain=NSPOSIXErrorDomain Code=2 "No such file or directory"}} (in target 'CoreResolve' from project 'CoreResolve')
SwiftCompile normal arm64 /Users/admin/builder/spi-builder-workspace/Sources/CoreResolve/Shared/Common/CoreTableViewController.swift (in target 'CoreResolve' from project 'CoreResolve')
cd /Users/admin/builder/spi-builder-workspace/.swiftpm/xcode
builtin-SwiftPerFileCompile CoreTableViewController.swift
/Users/admin/builder/spi-builder-workspace/.derivedData/Build/Intermediates.noindex/CoreResolve.build/Debug-xros/CoreResolve-t.build/Objects-normal/arm64/CoreTableViewController.dia:1:1: warning: Could not read serialized diagnostics file: Error Domain=NSCocoaErrorDomain Code=260 "The file “CoreTableViewController.dia” couldn’t be opened because there is no such file." UserInfo={NSFilePath=/Users/admin/builder/spi-builder-workspace/.derivedData/Build/Intermediates.noindex/CoreResolve.build/Debug-xros/CoreResolve-t.build/Objects-normal/arm64/CoreTableViewController.dia, NSURL=file:///Users/admin/builder/spi-builder-workspace/.derivedData/Build/Intermediates.noindex/CoreResolve.build/Debug-xros/CoreResolve-t.build/Objects-normal/arm64/CoreTableViewController.dia, NSUnderlyingError=0x95d00df50 {Error Domain=NSPOSIXErrorDomain Code=2 "No such file or directory"}} (in target 'CoreResolve' from project 'CoreResolve')
SwiftCompile normal arm64 /Users/admin/builder/spi-builder-workspace/Sources/CoreResolve/Shared/Common/CoreTransactionProviding.swift (in target 'CoreResolve' from project 'CoreResolve')
cd /Users/admin/builder/spi-builder-workspace/.swiftpm/xcode
builtin-SwiftPerFileCompile CoreTransactionProviding.swift
/Users/admin/builder/spi-builder-workspace/.derivedData/Build/Intermediates.noindex/CoreResolve.build/Debug-xros/CoreResolve-t.build/Objects-normal/arm64/CoreTransactionProviding.dia:1:1: warning: Could not read serialized diagnostics file: Error Domain=NSCocoaErrorDomain Code=260 "The file “CoreTransactionProviding.dia” couldn’t be opened because there is no such file." UserInfo={NSFilePath=/Users/admin/builder/spi-builder-workspace/.derivedData/Build/Intermediates.noindex/CoreResolve.build/Debug-xros/CoreResolve-t.build/Objects-normal/arm64/CoreTransactionProviding.dia, NSURL=file:///Users/admin/builder/spi-builder-workspace/.derivedData/Build/Intermediates.noindex/CoreResolve.build/Debug-xros/CoreResolve-t.build/Objects-normal/arm64/CoreTransactionProviding.dia, NSUnderlyingError=0x95d00c420 {Error Domain=NSPOSIXErrorDomain Code=2 "No such file or directory"}} (in target 'CoreResolve' from project 'CoreResolve')
SwiftCompile normal arm64 /Users/admin/builder/spi-builder-workspace/Sources/CoreResolve/Shared/Common/CoreUserActivityService.swift (in target 'CoreResolve' from project 'CoreResolve')
cd /Users/admin/builder/spi-builder-workspace/.swiftpm/xcode
builtin-SwiftPerFileCompile CoreUserActivityService.swift
/Users/admin/builder/spi-builder-workspace/.derivedData/Build/Intermediates.noindex/CoreResolve.build/Debug-xros/CoreResolve-t.build/Objects-normal/arm64/CoreUserActivityService.dia:1:1: warning: Could not read serialized diagnostics file: Error Domain=NSCocoaErrorDomain Code=260 "The file “CoreUserActivityService.dia” couldn’t be opened because there is no such file." UserInfo={NSFilePath=/Users/admin/builder/spi-builder-workspace/.derivedData/Build/Intermediates.noindex/CoreResolve.build/Debug-xros/CoreResolve-t.build/Objects-normal/arm64/CoreUserActivityService.dia, NSURL=file:///Users/admin/builder/spi-builder-workspace/.derivedData/Build/Intermediates.noindex/CoreResolve.build/Debug-xros/CoreResolve-t.build/Objects-normal/arm64/CoreUserActivityService.dia, NSUnderlyingError=0x95d00d0b0 {Error Domain=NSPOSIXErrorDomain Code=2 "No such file or directory"}} (in target 'CoreResolve' from project 'CoreResolve')
SwiftCompile normal arm64 /Users/admin/builder/spi-builder-workspace/Sources/CoreResolve/Shared/Common/CoreViewController.swift (in target 'CoreResolve' from project 'CoreResolve')
cd /Users/admin/builder/spi-builder-workspace/.swiftpm/xcode
builtin-SwiftPerFileCompile CoreViewController.swift
/Users/admin/builder/spi-builder-workspace/.derivedData/Build/Intermediates.noindex/CoreResolve.build/Debug-xros/CoreResolve-t.build/Objects-normal/arm64/CoreViewController.dia:1:1: warning: Could not read serialized diagnostics file: Error Domain=NSCocoaErrorDomain Code=260 "The file “CoreViewController.dia” couldn’t be opened because there is no such file." UserInfo={NSFilePath=/Users/admin/builder/spi-builder-workspace/.derivedData/Build/Intermediates.noindex/CoreResolve.build/Debug-xros/CoreResolve-t.build/Objects-normal/arm64/CoreViewController.dia, NSURL=file:///Users/admin/builder/spi-builder-workspace/.derivedData/Build/Intermediates.noindex/CoreResolve.build/Debug-xros/CoreResolve-t.build/Objects-normal/arm64/CoreViewController.dia, NSUnderlyingError=0x95d00e4f0 {Error Domain=NSPOSIXErrorDomain Code=2 "No such file or directory"}} (in target 'CoreResolve' from project 'CoreResolve')
SwiftCompile normal arm64 /Users/admin/builder/spi-builder-workspace/Sources/CoreResolve/Shared/Common/Extensions-CoreGraphics.swift (in target 'CoreResolve' from project 'CoreResolve')
cd /Users/admin/builder/spi-builder-workspace/.swiftpm/xcode
builtin-SwiftPerFileCompile Extensions-CoreGraphics.swift
/Users/admin/builder/spi-builder-workspace/.derivedData/Build/Intermediates.noindex/CoreResolve.build/Debug-xros/CoreResolve-t.build/Objects-normal/arm64/Extensions-CoreGraphics.dia:1:1: warning: Could not read serialized diagnostics file: Error Domain=NSCocoaErrorDomain Code=260 "The file “Extensions-CoreGraphics.dia” couldn’t be opened because there is no such file." UserInfo={NSFilePath=/Users/admin/builder/spi-builder-workspace/.derivedData/Build/Intermediates.noindex/CoreResolve.build/Debug-xros/CoreResolve-t.build/Objects-normal/arm64/Extensions-CoreGraphics.dia, NSURL=file:///Users/admin/builder/spi-builder-workspace/.derivedData/Build/Intermediates.noindex/CoreResolve.build/Debug-xros/CoreResolve-t.build/Objects-normal/arm64/Extensions-CoreGraphics.dia, NSUnderlyingError=0x95d00f780 {Error Domain=NSPOSIXErrorDomain Code=2 "No such file or directory"}} (in target 'CoreResolve' from project 'CoreResolve')
SwiftCompile normal arm64 /Users/admin/builder/spi-builder-workspace/Sources/CoreResolve/Shared/Common/Extensions-SceneKit.swift (in target 'CoreResolve' from project 'CoreResolve')
cd /Users/admin/builder/spi-builder-workspace/.swiftpm/xcode
builtin-SwiftPerFileCompile Extensions-SceneKit.swift
/Users/admin/builder/spi-builder-workspace/.derivedData/Build/Intermediates.noindex/CoreResolve.build/Debug-xros/CoreResolve-t.build/Objects-normal/arm64/Extensions-SceneKit.dia:1:1: warning: Could not read serialized diagnostics file: Error Domain=NSCocoaErrorDomain Code=260 "The file “Extensions-SceneKit.dia” couldn’t be opened because there is no such file." UserInfo={NSFilePath=/Users/admin/builder/spi-builder-workspace/.derivedData/Build/Intermediates.noindex/CoreResolve.build/Debug-xros/CoreResolve-t.build/Objects-normal/arm64/Extensions-SceneKit.dia, NSURL=file:///Users/admin/builder/spi-builder-workspace/.derivedData/Build/Intermediates.noindex/CoreResolve.build/Debug-xros/CoreResolve-t.build/Objects-normal/arm64/Extensions-SceneKit.dia, NSUnderlyingError=0x95d00e820 {Error Domain=NSPOSIXErrorDomain Code=2 "No such file or directory"}} (in target 'CoreResolve' from project 'CoreResolve')
SwiftCompile normal arm64 /Users/admin/builder/spi-builder-workspace/Sources/CoreResolve/Shared/Common/Extensions.swift (in target 'CoreResolve' from project 'CoreResolve')
cd /Users/admin/builder/spi-builder-workspace/.swiftpm/xcode
builtin-SwiftPerFileCompile Extensions.swift
/Users/admin/builder/spi-builder-workspace/.derivedData/Build/Intermediates.noindex/CoreResolve.build/Debug-xros/CoreResolve-t.build/Objects-normal/arm64/Extensions.dia:1:1: warning: Could not read serialized diagnostics file: Error Domain=NSCocoaErrorDomain Code=260 "The file “Extensions.dia” couldn’t be opened because there is no such file." UserInfo={NSFilePath=/Users/admin/builder/spi-builder-workspace/.derivedData/Build/Intermediates.noindex/CoreResolve.build/Debug-xros/CoreResolve-t.build/Objects-normal/arm64/Extensions.dia, NSURL=file:///Users/admin/builder/spi-builder-workspace/.derivedData/Build/Intermediates.noindex/CoreResolve.build/Debug-xros/CoreResolve-t.build/Objects-normal/arm64/Extensions.dia, NSUnderlyingError=0x95d00f990 {Error Domain=NSPOSIXErrorDomain Code=2 "No such file or directory"}} (in target 'CoreResolve' from project 'CoreResolve')
SwiftCompile normal arm64 /Users/admin/builder/spi-builder-workspace/Sources/CoreResolve/Shared/Common/FactoryRegistry.swift (in target 'CoreResolve' from project 'CoreResolve')
cd /Users/admin/builder/spi-builder-workspace/.swiftpm/xcode
builtin-SwiftPerFileCompile FactoryRegistry.swift
/Users/admin/builder/spi-builder-workspace/.derivedData/Build/Intermediates.noindex/CoreResolve.build/Debug-xros/CoreResolve-t.build/Objects-normal/arm64/FactoryRegistry.dia:1:1: warning: Could not read serialized diagnostics file: Error Domain=NSCocoaErrorDomain Code=260 "The file “FactoryRegistry.dia” couldn’t be opened because there is no such file." UserInfo={NSFilePath=/Users/admin/builder/spi-builder-workspace/.derivedData/Build/Intermediates.noindex/CoreResolve.build/Debug-xros/CoreResolve-t.build/Objects-normal/arm64/FactoryRegistry.dia, NSURL=file:///Users/admin/builder/spi-builder-workspace/.derivedData/Build/Intermediates.noindex/CoreResolve.build/Debug-xros/CoreResolve-t.build/Objects-normal/arm64/FactoryRegistry.dia, NSUnderlyingError=0x95d00f5a0 {Error Domain=NSPOSIXErrorDomain Code=2 "No such file or directory"}} (in target 'CoreResolve' from project 'CoreResolve')
/Applications/Xcode-27.0.0-Release.Candidate.app/Contents/Developer/Toolchains/XcodeDefault.xctoolchain/usr/bin/swift-frontend -frontend -c /Users/admin/builder/spi-builder-workspace/Sources/CoreResolve/Platforms/iOS/LegacyUserNotificationManager-UIKit.swift /Users/admin/builder/spi-builder-workspace/Sources/CoreResolve/Platforms/macOS/CoreCollectionViewDataSource-AppKit.swift /Users/admin/builder/spi-builder-workspace/Sources/CoreResolve/Platforms/macOS/CoreTableDataSource-AppKit.swift /Users/admin/builder/spi-builder-workspace/Sources/CoreResolve/Platforms/macOS/CoreTableViewDataSource-AppKit.swift /Users/admin/builder/spi-builder-workspace/Sources/CoreResolve/Platforms/macOS/Extensions-AppKit.swift /Users/admin/builder/spi-builder-workspace/Sources/CoreResolve/Platforms/macOS/LegacyUserNotificationManager-AppKit.swift /Users/admin/builder/spi-builder-workspace/Sources/CoreResolve/Platforms/macOS/NSViewController-CorePrints.swift /Users/admin/builder/spi-builder-workspace/Sources/CoreResolve/Platforms/watchOS/CoreTableDataSource-WatchKit.swift /Users/admin/builder/spi-builder-workspace/Sources/CoreResolve/Platforms/watchOS/CoreUserNotificationInterfaceController.swift /Users/admin/builder/spi-builder-workspace/Sources/CoreResolve/Platforms/watchOS/Extensions-watchOS.swift /Users/admin/builder/spi-builder-workspace/Sources/CoreResolve/Platforms/watchOS/WKInterfaceController-CorePrints.swift /Users/admin/builder/spi-builder-workspace/Sources/CoreResolve/Shared/Common/AppIconService.swift /Users/admin/builder/spi-builder-workspace/Sources/CoreResolve/Shared/Common/CollectionChanges.swift /Users/admin/builder/spi-builder-workspace/Sources/CoreResolve/Shared/Common/CoreAsynchronousOperation.swift /Users/admin/builder/spi-builder-workspace/Sources/CoreResolve/Shared/Common/CoreCellDequeuing.swift /Users/admin/builder/spi-builder-workspace/Sources/CoreResolve/Shared/Common/CoreCollectionViewCell.swift /Users/admin/builder/spi-builder-workspace/Sources/CoreResolve/Shared/Common/CoreCollectionViewController.swift /Users/admin/builder/spi-builder-workspace/Sources/CoreResolve/Shared/Common/CoreContainerViewController.swift /Users/admin/builder/spi-builder-workspace/Sources/CoreResolve/Shared/Common/CoreContainerViewControllerError.swift /Users/admin/builder/spi-builder-workspace/Sources/CoreResolve/Shared/Common/CoreDecoding.swift /Users/admin/builder/spi-builder-workspace/Sources/CoreResolve/Shared/Common/CoreEncoding.swift /Users/admin/builder/spi-builder-workspace/Sources/CoreResolve/Shared/Common/CoreFactoryService.swift /Users/admin/builder/spi-builder-workspace/Sources/CoreResolve/Shared/Common/CoreFactoryServiceError.swift /Users/admin/builder/spi-builder-workspace/Sources/CoreResolve/Shared/Common/CorePrints.swift -primary-file /Users/admin/builder/spi-builder-workspace/Sources/CoreResolve/Shared/Common/CoreResettable.swift -primary-file /Users/admin/builder/spi-builder-workspace/Sources/CoreResolve/Shared/Common/CoreSegueHandling.swift -primary-file /Users/admin/builder/spi-builder-workspace/Sources/CoreResolve/Shared/Common/CoreServiceProviding.swift -primary-file /Users/admin/builder/spi-builder-workspace/Sources/CoreResolve/Shared/Common/CoreServiceProvidingError.swift -primary-file /Users/admin/builder/spi-builder-workspace/Sources/CoreResolve/Shared/Common/CoreTableViewController.swift -primary-file /Users/admin/builder/spi-builder-workspace/Sources/CoreResolve/Shared/Common/CoreTransactionProviding.swift -primary-file /Users/admin/builder/spi-builder-workspace/Sources/CoreResolve/Shared/Common/CoreUserActivityService.swift -primary-file /Users/admin/builder/spi-builder-workspace/Sources/CoreResolve/Shared/Common/CoreViewController.swift -primary-file /Users/admin/builder/spi-builder-workspace/Sources/CoreResolve/Shared/Common/Extensions-CoreGraphics.swift -primary-file /Users/admin/builder/spi-builder-workspace/Sources/CoreResolve/Shared/Common/Extensions-SceneKit.swift -primary-file /Users/admin/builder/spi-builder-workspace/Sources/CoreResolve/Shared/Common/Extensions.swift -primary-file /Users/admin/builder/spi-builder-workspace/Sources/CoreResolve/Shared/Common/FactoryRegistry.swift /Users/admin/builder/spi-builder-workspace/Sources/CoreResolve/Shared/Common/ParallaxProxyLayer.swift /Users/admin/builder/spi-builder-workspace/Sources/CoreResolve/Shared/Common/ResolvedServiceReference.swift /Users/admin/builder/spi-builder-workspace/Sources/CoreResolve/Shared/Common/ServiceManager.swift /Users/admin/builder/spi-builder-workspace/Sources/CoreResolve/Shared/Common/ShimExtensions.swift /Users/admin/builder/spi-builder-workspace/Sources/CoreResolve/Shared/Common/SpringAction.swift /Users/admin/builder/spi-builder-workspace/Sources/CoreResolve/Shared/Common/VideoPlayerView.swift /Users/admin/builder/spi-builder-workspace/Sources/CoreResolve/Shared/CoreAPI/CoreAPIContainer.swift /Users/admin/builder/spi-builder-workspace/Sources/CoreResolve/Shared/CoreAPI/CoreAPIError.swift /Users/admin/builder/spi-builder-workspace/Sources/CoreResolve/Shared/CoreAPI/CoreAPILogging.swift /Users/admin/builder/spi-builder-workspace/Sources/CoreResolve/Shared/CoreAPI/CoreAPIOperation.swift /Users/admin/builder/spi-builder-workspace/Sources/CoreResolve/Shared/CoreAPI/CoreAPIRequest.swift /Users/admin/builder/spi-builder-workspace/Sources/CoreResolve/Shared/CoreAPI/CoreAPIRequestTask.swift /Users/admin/builder/spi-builder-workspace/Sources/CoreResolve/Shared/CoreData/BasicSQLiteCoreDataStackConfigurationProvider.swift /Users/admin/builder/spi-builder-workspace/Sources/CoreResolve/Shared/CoreData/CoreDataContextPool.swift /Users/admin/builder/spi-builder-workspace/Sources/CoreResolve/Shared/CoreData/CoreDataManager.swift /Users/admin/builder/spi-builder-workspace/Sources/CoreResolve/Shared/CoreData/CoreDataService.swift /Users/admin/builder/spi-builder-workspace/Sources/CoreResolve/Shared/CoreData/CoreDataStack.swift /Users/admin/builder/spi-builder-workspace/Sources/CoreResolve/Shared/CoreData/CoreDataStackConfigurationProviding.swift /Users/admin/builder/spi-builder-workspace/Sources/CoreResolve/Shared/CoreData/CoreDataStackError.swift /Users/admin/builder/spi-builder-workspace/Sources/CoreResolve/Shared/CoreData/CoreTableDataSource.swift /Users/admin/builder/spi-builder-workspace/Sources/CoreResolve/Shared/CoreData/FetchedResultsControllerDataSource.swift /Users/admin/builder/spi-builder-workspace/Sources/CoreResolve/Shared/CoreData/FetchedResultsControllerPrefetchDataSource.swift /Users/admin/builder/spi-builder-workspace/Sources/CoreResolve/Shared/CoreData/ManagedObject-Extensions.swift /Users/admin/builder/spi-builder-workspace/Sources/CoreResolve/Shared/CoreData/MultiContextCoreDataStack.swift /Users/admin/builder/spi-builder-workspace/Sources/CoreResolve/Shared/CoreData/MultiCoordinatorSynchronouslyMergingCoreDataStack.swift /Users/admin/builder/spi-builder-workspace/Sources/CoreResolve/Shared/CoreData/PrefetchDataSource.swift /Users/admin/builder/spi-builder-workspace/Sources/CoreResolve/Shared/CoreData/SingleCoordinatorAsynchronouslyMergingCoreDataStack.swift /Users/admin/builder/spi-builder-workspace/Sources/CoreResolve/Shared/CoreData/SingleCoordinatorSynchronouslyMergingCoreDataStack.swift /Users/admin/builder/spi-builder-workspace/Sources/CoreResolve/Shared/CoreData/SynchronouslyMergingCoreDataStack.swift /Users/admin/builder/spi-builder-workspace/Sources/CoreResolve/Shared/CoreFile/CoreFileStoreManagerUrlProvider.swift /Users/admin/builder/spi-builder-workspace/Sources/CoreResolve/Shared/CoreFile/CoreFileStoreManagerUrlProviding.swift /Users/admin/builder/spi-builder-workspace/Sources/CoreResolve/Shared/CoreFile/CoreFileStoreService.swift /Users/admin/builder/spi-builder-workspace/Sources/CoreResolve/Shared/CoreFile/CoreFileStoreServiceError.swift /Users/admin/builder/spi-builder-workspace/Sources/CoreResolve/Shared/CoreFile/FileStoreManager.swift /Users/admin/builder/spi-builder-workspace/Sources/CoreResolve/Shared/CoreLayout/BoundingConstraints.swift /Users/admin/builder/spi-builder-workspace/Sources/CoreResolve/Shared/CoreLayout/CoreColumnLayoutAware.swift /Users/admin/builder/spi-builder-workspace/Sources/CoreResolve/Shared/CoreLayout/CoreColumnLayoutClient.swift /Users/admin/builder/spi-builder-workspace/Sources/CoreResolve/Shared/CoreLayout/CoreColumnLayoutContaining.swift /Users/admin/builder/spi-builder-workspace/Sources/CoreResolve/Shared/CoreLayout/CoreColumnLayoutError.swift /Users/admin/builder/spi-builder-workspace/Sources/CoreResolve/Shared/CoreLayout/CoreColumnLayoutProvider.swift /Users/admin/builder/spi-builder-workspace/Sources/CoreResolve/Shared/CoreLayout/CoreColumnLayoutProviding.swift /Users/admin/builder/spi-builder-workspace/Sources/CoreResolve/Shared/CoreLayout/CoreLayoutAnchorable.swift /Users/admin/builder/spi-builder-workspace/Sources/CoreResolve/Shared/CoreLayout/CoreLayoutExtensions.swift /Users/admin/builder/spi-builder-workspace/Sources/CoreResolve/Shared/CoreLocation/CLLocationManager-CoreLocationProviding.swift /Users/admin/builder/spi-builder-workspace/Sources/CoreResolve/Shared/CoreLocation/CoreBeaconIdentity.swift /Users/admin/builder/spi-builder-workspace/Sources/CoreResolve/Shared/CoreLocation/CoreBeaconRanging.swift /Users/admin/builder/spi-builder-workspace/Sources/CoreResolve/Shared/CoreLocation/CoreLocationProviding.swift /Users/admin/builder/spi-builder-workspace/Sources/CoreResolve/Shared/CoreLocation/CoreLocationProvidingDelegate.swift /Users/admin/builder/spi-builder-workspace/Sources/CoreResolve/Shared/CoreLocation/Extensions-CoreLocation.swift /Users/admin/builder/spi-builder-workspace/Sources/CoreResolve/Shared/Logging/CoreLoggingService.swift /Users/admin/builder/spi-builder-workspace/Sources/CoreResolve/Shared/Logging/LogManager.swift /Users/admin/builder/spi-builder-workspace/Sources/CoreResolve/Shared/Logging/LogManagerConfigurationProvider.swift /Users/admin/builder/spi-builder-workspace/Sources/CoreResolve/Shared/Logging/LogManagerConfigurationProviding.swift /Users/admin/builder/spi-builder-workspace/Sources/CoreResolve/Shared/MultipeerConnectivity/MCSession-MultipeerSessionProviding.swift /Users/admin/builder/spi-builder-workspace/Sources/CoreResolve/Shared/MultipeerConnectivity/MultipeerMessageManager.swift /Users/admin/builder/spi-builder-workspace/Sources/CoreResolve/Shared/MultipeerConnectivity/MultipeerMessageManagerDelegate.swift /Users/admin/builder/spi-builder-workspace/Sources/CoreResolve/Shared/MultipeerConnectivity/MultipeerMessageManagerError.swift /Users/admin/builder/spi-builder-workspace/Sources/CoreResolve/Shared/MultipeerConnectivity/MultipeerMessagePayload.swift /Users/admin/builder/spi-builder-workspace/Sources/CoreResolve/Shared/MultipeerConnectivity/MultipeerSessionManager-Extensions.swift /Users/admin/builder/spi-builder-workspace/Sources/CoreResolve/Shared/MultipeerConnectivity/MultipeerSessionManager.swift /Users/admin/builder/spi-builder-workspace/Sources/CoreResolve/Shared/MultipeerConnectivity/MultipeerSessionManagerDelegate.swift /Users/admin/builder/spi-builder-workspace/Sources/CoreResolve/Shared/MultipeerConnectivity/MultipeerSessionProviding.swift /Users/admin/builder/spi-builder-workspace/Sources/CoreResolve/Shared/MultipeerConnectivity/MultipeerSessionProvidingDelegate.swift /Users/admin/builder/spi-builder-workspace/Sources/CoreResolve/Shared/UIKit/CoreAnimatedTransition.swift /Users/admin/builder/spi-builder-workspace/Sources/CoreResolve/Shared/UIKit/CoreCollectionViewDataSource-UIKit.swift /Users/admin/builder/spi-builder-workspace/Sources/CoreResolve/Shared/UIKit/CoreInteractiveTransition.swift /Users/admin/builder/spi-builder-workspace/Sources/CoreResolve/Shared/UIKit/CoreNavigationController.swift /Users/admin/builder/spi-builder-workspace/Sources/CoreResolve/Shared/UIKit/CoreScalableLabel.swift /Users/admin/builder/spi-builder-workspace/Sources/CoreResolve/Shared/UIKit/CoreSplitViewController.swift /Users/admin/builder/spi-builder-workspace/Sources/CoreResolve/Shared/UIKit/CoreStoryboardSegue.swift /Users/admin/builder/spi-builder-workspace/Sources/CoreResolve/Shared/UIKit/CoreTableDataSource-UIKit.swift /Users/admin/builder/spi-builder-workspace/Sources/CoreResolve/Shared/UIKit/CoreTableViewDataSource-UIKit.swift /Users/admin/builder/spi-builder-workspace/Sources/CoreResolve/Shared/UIKit/Extensions-UIKit.swift /Users/admin/builder/spi-builder-workspace/Sources/CoreResolve/Shared/UIKit/GradientView.swift /Users/admin/builder/spi-builder-workspace/Sources/CoreResolve/Shared/UIKit/ParallaxProxyView.swift /Users/admin/builder/spi-builder-workspace/Sources/CoreResolve/Shared/UIKit/TouchForwardingView.swift /Users/admin/builder/spi-builder-workspace/Sources/CoreResolve/Shared/UIKit/UIViewController-CorePrints.swift /Users/admin/builder/spi-builder-workspace/Sources/CoreResolve/Shared/User\ Notifications/CoreNotification.swift /Users/admin/builder/spi-builder-workspace/Sources/CoreResolve/Shared/User\ Notifications/CoreNotificationProviding.swift /Users/admin/builder/spi-builder-workspace/Sources/CoreResolve/Shared/User\ Notifications/CoreRemoteNotificationAdapter.swift /Users/admin/builder/spi-builder-workspace/Sources/CoreResolve/Shared/User\ Notifications/UserNotificationManager.swift -supplementary-output-file-map /Users/admin/builder/spi-builder-workspace/.derivedData/Build/Intermediates.noindex/CoreResolve.build/Debug-xros/CoreResolve-t.build/Objects-normal/arm64/supplementaryOutputs-3 -emit-localized-strings -emit-localized-strings-path /Users/admin/builder/spi-builder-workspace/.derivedData/Build/Intermediates.noindex/CoreResolve.build/Debug-xros/CoreResolve-t.build/Objects-normal/arm64 -target arm64-apple-xros1.0 -module-can-import-version MultipeerConnectivity 180.100.1 180.100.1 -module-can-import-version QuartzCore 5 1223.3.1 -module-can-import-version SceneKit 1.2 612.0.0 -module-can-import-version UIKit 9127.0.84.1 9127.0.84 -disable-cross-import-overlay-search -swift-module-cross-import CoreData /Applications/Xcode-27.0.0-Release.Candidate.app/Contents/Developer/Platforms/XROS.platform/Developer/SDKs/XROS.sdk/System/Library/Frameworks/CoreData.framework/Modules/CoreData.swiftcrossimport/CloudKit.swiftoverlay -swift-module-cross-import CoreData /Applications/Xcode-27.0.0-Release.Candidate.app/Contents/Developer/Platforms/XROS.platform/Developer/SDKs/XROS27.0.sdk/System/Library/Frameworks/CoreData.framework/Modules/CoreData.swiftcrossimport/CloudKit.swiftoverlay -swift-module-cross-import SceneKit /Applications/Xcode-27.0.0-Release.Candidate.app/Contents/Developer/Platforms/XROS.platform/Developer/SDKs/XROS.sdk/System/Library/Frameworks/SceneKit.framework/Modules/SceneKit.swiftcrossimport/SwiftUI.swiftoverlay -swift-module-cross-import SpriteKit /Applications/Xcode-27.0.0-Release.Candidate.app/Contents/Developer/Platforms/XROS.platform/Developer/SDKs/XROS.sdk/System/Library/Frameworks/SpriteKit.framework/Modules/SpriteKit.swiftcrossimport/SwiftUI.swiftoverlay -swift-module-cross-import UserNotifications /Applications/Xcode-27.0.0-Release.Candidate.app/Contents/Developer/Platforms/XROS.platform/Developer/SDKs/XROS.sdk/System/Library/Frameworks/UserNotifications.framework/Modules/UserNotifications.swiftcrossimport/AppIntents.swiftoverlay -load-resolved-plugin /Applications/Xcode-27.0.0-Release.Candidate.app/Contents/Developer/Platforms/XROS.platform/Developer/usr/lib/swift/host/plugins/libFoundationMacros.dylib\#/Applications/Xcode-27.0.0-Release.Candidate.app/Contents/Developer/Platforms/XROS.platform/Developer/usr/bin/swift-plugin-server\#FoundationMacros -load-resolved-plugin /Applications/Xcode-27.0.0-Release.Candidate.app/Contents/Developer/Platforms/XROS.platform/Developer/usr/lib/swift/host/plugins/libObservationMacros.dylib\#/Applications/Xcode-27.0.0-Release.Candidate.app/Contents/Developer/Platforms/XROS.platform/Developer/usr/bin/swift-plugin-server\#ObservationMacros -load-resolved-plugin /Applications/Xcode-27.0.0-Release.Candidate.app/Contents/Developer/Platforms/XROS.platform/Developer/usr/lib/swift/host/plugins/libPreviewsMacros.dylib\#/Applications/Xcode-27.0.0-Release.Candidate.app/Contents/Developer/Platforms/XROS.platform/Developer/usr/bin/swift-plugin-server\#PreviewsMacros -load-resolved-plugin /Applications/Xcode-27.0.0-Release.Candidate.app/Contents/Developer/Platforms/XROS.platform/Developer/usr/lib/swift/host/plugins/libSwiftMacros.dylib\#/Applications/Xcode-27.0.0-Release.Candidate.app/Contents/Developer/Platforms/XROS.platform/Developer/usr/bin/swift-plugin-server\#SwiftMacros -load-resolved-plugin /Applications/Xcode-27.0.0-Release.Candidate.app/Contents/Developer/Platforms/XROS.platform/Developer/usr/lib/swift/host/plugins/libSwiftUIMacros.dylib\#/Applications/Xcode-27.0.0-Release.Candidate.app/Contents/Developer/Platforms/XROS.platform/Developer/usr/bin/swift-plugin-server\#SwiftUIMacros -disable-implicit-swift-modules -Xcc -fno-implicit-modules -Xcc -fno-implicit-module-maps -explicit-swift-module-map-file /Users/admin/builder/spi-builder-workspace/.derivedData/Build/Intermediates.noindex/CoreResolve.build/Debug-xros/CoreResolve-t.build/Objects-normal/arm64/CoreResolve-dependencies-1.json -Xllvm -aarch64-use-tbi -enable-objc-interop -stack-check -sdk /Applications/Xcode-27.0.0-Release.Candidate.app/Contents/Developer/Platforms/XROS.platform/Developer/SDKs/XROS27.0.sdk -I /Users/admin/builder/spi-builder-workspace/.derivedData/Build/Products/Debug-xros -Isystem /Applications/Xcode-27.0.0-Release.Candidate.app/Contents/Developer/Platforms/XROS.platform/Developer/usr/lib -F /Users/admin/builder/spi-builder-workspace/.derivedData/Build/Products/Debug-xros/PackageFrameworks -F /Users/admin/builder/spi-builder-workspace/.derivedData/Build/Products/Debug-xros -F /Applications/Xcode-27.0.0-Release.Candidate.app/Contents/Developer/Platforms/XROS.platform/Developer/Library/Frameworks -F /Applications/Xcode-27.0.0-Release.Candidate.app/Contents/Developer/Platforms/XROS.platform/Developer/SDKs/XROS27.0.sdk/Developer/Library/Frameworks -module-cache-path /Users/admin/builder/spi-builder-workspace/.derivedData/Build/Intermediates.noindex/SwiftExplicitPrecompiledModules -no-color-diagnostics -Xcc -fno-color-diagnostics -enable-testing -g -debug-info-format\=dwarf -dwarf-version\=4 -profile-generate -profile-coverage-mapping -swift-version 5 -Onone -D SWIFT_PACKAGE -D DEBUG -D SWIFT_MODULE_RESOURCE_BUNDLE_UNAVAILABLE -D Xcode -serialize-debugging-options -enable-experimental-feature DebugDescriptionMacro -empty-abi-descriptor -validate-clang-modules-once -clang-build-session-file /Users/admin/builder/spi-builder-workspace/.derivedData/ModuleCache.noindex/Session.modulevalidation -Xcc -working-directory -Xcc /Users/admin/builder/spi-builder-workspace/.swiftpm/xcode -enable-anonymous-context-mangled-names -file-compilation-dir /Users/admin/builder/spi-builder-workspace/.swiftpm/xcode -Xcc -fmodule-map-file\=/Users/admin/builder/spi-builder-workspace/.derivedData/Build/Intermediates.noindex/GeneratedModuleMaps-xros/CoreResolve_ObjC.modulemap -Xcc -D_LIBCPP_HARDENING_MODE\=_LIBCPP_HARDENING_MODE_DEBUG -Xcc -ivfsstatcache -Xcc /Users/admin/builder/spi-builder-workspace/.derivedData/SDKStatCaches.noindex/xros27.0-24M361-e829b21a6f8c9b70876ba0858053c044735bd543db762f57723cac368afd1ce4.sdkstatcache -Xcc -fmodules-prune-interval\=86400 -Xcc -fmodules-prune-after\=345600 -Xcc -I/Users/admin/builder/spi-builder-workspace/Sources/CoreResolve_ObjC/include -Xcc -I/Users/admin/builder/spi-builder-workspace/.derivedData/Build/Products/Debug-xros/include -Xcc -I/Users/admin/builder/spi-builder-workspace/.derivedData/Build/Intermediates.noindex/CoreResolve.build/Debug-xros/CoreResolve-t.build/DerivedSources-normal/arm64 -Xcc -I/Users/admin/builder/spi-builder-workspace/.derivedData/Build/Intermediates.noindex/CoreResolve.build/Debug-xros/CoreResolve-t.build/DerivedSources/arm64 -Xcc -I/Users/admin/builder/spi-builder-workspace/.derivedData/Build/Intermediates.noindex/CoreResolve.build/Debug-xros/CoreResolve-t.build/DerivedSources -Xcc -DSWIFT_PACKAGE -Xcc -DDEBUG\=1 -no-auto-bridging-header-chaining -module-name CoreResolve -const-gather-protocols-file /Users/admin/builder/spi-builder-workspace/.derivedData/Build/Intermediates.noindex/CoreResolve.build/Debug-xros/CoreResolve-t.build/Objects-normal/arm64/CoreResolve_const_extract_protocols.json -disable-clang-spi -clang-target arm64-apple-xros27.0 -target-sdk-version 27.0 -target-sdk-name xros27.0 -in-process-plugin-server-path /Applications/Xcode-27.0.0-Release.Candidate.app/Contents/Developer/Toolchains/XcodeDefault.xctoolchain/usr/lib/swift/host/libSwiftInProcPluginServer.dylib -parse-as-library -o /Users/admin/builder/spi-builder-workspace/.derivedData/Build/Intermediates.noindex/CoreResolve.build/Debug-xros/CoreResolve-t.build/Objects-normal/arm64/CoreResettable.o -o /Users/admin/builder/spi-builder-workspace/.derivedData/Build/Intermediates.noindex/CoreResolve.build/Debug-xros/CoreResolve-t.build/Objects-normal/arm64/CoreSegueHandling.o -o /Users/admin/builder/spi-builder-workspace/.derivedData/Build/Intermediates.noindex/CoreResolve.build/Debug-xros/CoreResolve-t.build/Objects-normal/arm64/CoreServiceProviding.o -o /Users/admin/builder/spi-builder-workspace/.derivedData/Build/Intermediates.noindex/CoreResolve.build/Debug-xros/CoreResolve-t.build/Objects-normal/arm64/CoreServiceProvidingError.o -o /Users/admin/builder/spi-builder-workspace/.derivedData/Build/Intermediates.noindex/CoreResolve.build/Debug-xros/CoreResolve-t.build/Objects-normal/arm64/CoreTableViewController.o -o /Users/admin/builder/spi-builder-workspace/.derivedData/Build/Intermediates.noindex/CoreResolve.build/Debug-xros/CoreResolve-t.build/Objects-normal/arm64/CoreTransactionProviding.o -o /Users/admin/builder/spi-builder-workspace/.derivedData/Build/Intermediates.noindex/CoreResolve.build/Debug-xros/CoreResolve-t.build/Objects-normal/arm64/CoreUserActivityService.o -o /Users/admin/builder/spi-builder-workspace/.derivedData/Build/Intermediates.noindex/CoreResolve.build/Debug-xros/CoreResolve-t.build/Objects-normal/arm64/CoreViewController.o -o /Users/admin/builder/spi-builder-workspace/.derivedData/Build/Intermediates.noindex/CoreResolve.build/Debug-xros/CoreResolve-t.build/Objects-normal/arm64/Extensions-CoreGraphics.o -o /Users/admin/builder/spi-builder-workspace/.derivedData/Build/Intermediates.noindex/CoreResolve.build/Debug-xros/CoreResolve-t.build/Objects-normal/arm64/Extensions-SceneKit.o -o /Users/admin/builder/spi-builder-workspace/.derivedData/Build/Intermediates.noindex/CoreResolve.build/Debug-xros/CoreResolve-t.build/Objects-normal/arm64/Extensions.o -o /Users/admin/builder/spi-builder-workspace/.derivedData/Build/Intermediates.noindex/CoreResolve.build/Debug-xros/CoreResolve-t.build/Objects-normal/arm64/FactoryRegistry.o -debug-module-path /Users/admin/builder/spi-builder-workspace/.derivedData/Build/Intermediates.noindex/CoreResolve.build/Debug-xros/CoreResolve-t.build/Objects-normal/arm64/CoreResolve.swiftmodule -index-unit-output-path /CoreResolve.build/Debug-xros/CoreResolve-t.build/Objects-normal/arm64/CoreResettable.o -index-unit-output-path /CoreResolve.build/Debug-xros/CoreResolve-t.build/Objects-normal/arm64/CoreSegueHandling.o -index-unit-output-path /CoreResolve.build/Debug-xros/CoreResolve-t.build/Objects-normal/arm64/CoreServiceProviding.o -index-unit-output-path /CoreResolve.build/Debug-xros/CoreResolve-t.build/Objects-normal/arm64/CoreServiceProvidingError.o -index-unit-output-path /CoreResolve.build/Debug-xros/CoreResolve-t.build/Objects-normal/arm64/CoreTableViewController.o -index-unit-output-path /CoreResolve.build/Debug-xros/CoreResolve-t.build/Objects-normal/arm64/CoreTransactionProviding.o -index-unit-output-path /CoreResolve.build/Debug-xros/CoreResolve-t.build/Objects-normal/arm64/CoreUserActivityService.o -index-unit-output-path /CoreResolve.build/Debug-xros/CoreResolve-t.build/Objects-normal/arm64/CoreViewController.o -index-unit-output-path /CoreResolve.build/Debug-xros/CoreResolve-t.build/Objects-normal/arm64/Extensions-CoreGraphics.o -index-unit-output-path /CoreResolve.build/Debug-xros/CoreResolve-t.build/Objects-normal/arm64/Extensions-SceneKit.o -index-unit-output-path /CoreResolve.build/Debug-xros/CoreResolve-t.build/Objects-normal/arm64/Extensions.o -index-unit-output-path /CoreResolve.build/Debug-xros/CoreResolve-t.build/Objects-normal/arm64/FactoryRegistry.o -index-store-path /Users/admin/builder/spi-builder-workspace/.derivedData/Index.noindex/DataStore -index-system-modules
Command SwiftCompile failed with a nonzero exit code
SwiftCompile normal arm64 Compiling\ CollectionChanges.swift,\ CoreAsynchronousOperation.swift,\ CoreCellDequeuing.swift,\ CoreCollectionViewCell.swift,\ CoreCollectionViewController.swift,\ CoreContainerViewController.swift,\ CoreContainerViewControllerError.swift,\ CoreDecoding.swift,\ CoreEncoding.swift,\ CoreFactoryService.swift,\ CoreFactoryServiceError.swift,\ CorePrints.swift /Users/admin/builder/spi-builder-workspace/Sources/CoreResolve/Shared/Common/CollectionChanges.swift /Users/admin/builder/spi-builder-workspace/Sources/CoreResolve/Shared/Common/CoreAsynchronousOperation.swift /Users/admin/builder/spi-builder-workspace/Sources/CoreResolve/Shared/Common/CoreCellDequeuing.swift /Users/admin/builder/spi-builder-workspace/Sources/CoreResolve/Shared/Common/CoreCollectionViewCell.swift /Users/admin/builder/spi-builder-workspace/Sources/CoreResolve/Shared/Common/CoreCollectionViewController.swift /Users/admin/builder/spi-builder-workspace/Sources/CoreResolve/Shared/Common/CoreContainerViewController.swift /Users/admin/builder/spi-builder-workspace/Sources/CoreResolve/Shared/Common/CoreContainerViewControllerError.swift /Users/admin/builder/spi-builder-workspace/Sources/CoreResolve/Shared/Common/CoreDecoding.swift /Users/admin/builder/spi-builder-workspace/Sources/CoreResolve/Shared/Common/CoreEncoding.swift /Users/admin/builder/spi-builder-workspace/Sources/CoreResolve/Shared/Common/CoreFactoryService.swift /Users/admin/builder/spi-builder-workspace/Sources/CoreResolve/Shared/Common/CoreFactoryServiceError.swift /Users/admin/builder/spi-builder-workspace/Sources/CoreResolve/Shared/Common/CorePrints.swift (in target 'CoreResolve' from project 'CoreResolve')
SwiftCompile normal arm64 /Users/admin/builder/spi-builder-workspace/Sources/CoreResolve/Shared/Common/CollectionChanges.swift (in target 'CoreResolve' from project 'CoreResolve')
cd /Users/admin/builder/spi-builder-workspace/.swiftpm/xcode
builtin-SwiftPerFileCompile CollectionChanges.swift
SwiftCompile normal arm64 /Users/admin/builder/spi-builder-workspace/Sources/CoreResolve/Shared/Common/CoreAsynchronousOperation.swift (in target 'CoreResolve' from project 'CoreResolve')
cd /Users/admin/builder/spi-builder-workspace/.swiftpm/xcode
builtin-SwiftPerFileCompile CoreAsynchronousOperation.swift
SwiftCompile normal arm64 /Users/admin/builder/spi-builder-workspace/Sources/CoreResolve/Shared/Common/CoreCellDequeuing.swift (in target 'CoreResolve' from project 'CoreResolve')
cd /Users/admin/builder/spi-builder-workspace/.swiftpm/xcode
builtin-SwiftPerFileCompile CoreCellDequeuing.swift
SwiftCompile normal arm64 /Users/admin/builder/spi-builder-workspace/Sources/CoreResolve/Shared/Common/CoreCollectionViewCell.swift (in target 'CoreResolve' from project 'CoreResolve')
cd /Users/admin/builder/spi-builder-workspace/.swiftpm/xcode
builtin-SwiftPerFileCompile CoreCollectionViewCell.swift
SwiftCompile normal arm64 /Users/admin/builder/spi-builder-workspace/Sources/CoreResolve/Shared/Common/CoreCollectionViewController.swift (in target 'CoreResolve' from project 'CoreResolve')
cd /Users/admin/builder/spi-builder-workspace/.swiftpm/xcode
builtin-SwiftPerFileCompile CoreCollectionViewController.swift
SwiftCompile normal arm64 /Users/admin/builder/spi-builder-workspace/Sources/CoreResolve/Shared/Common/CoreContainerViewController.swift (in target 'CoreResolve' from project 'CoreResolve')
cd /Users/admin/builder/spi-builder-workspace/.swiftpm/xcode
builtin-SwiftPerFileCompile CoreContainerViewController.swift
SwiftCompile normal arm64 /Users/admin/builder/spi-builder-workspace/Sources/CoreResolve/Shared/Common/CoreContainerViewControllerError.swift (in target 'CoreResolve' from project 'CoreResolve')
cd /Users/admin/builder/spi-builder-workspace/.swiftpm/xcode
builtin-SwiftPerFileCompile CoreContainerViewControllerError.swift
SwiftCompile normal arm64 /Users/admin/builder/spi-builder-workspace/Sources/CoreResolve/Shared/Common/CoreDecoding.swift (in target 'CoreResolve' from project 'CoreResolve')
cd /Users/admin/builder/spi-builder-workspace/.swiftpm/xcode
builtin-SwiftPerFileCompile CoreDecoding.swift
SwiftCompile normal arm64 /Users/admin/builder/spi-builder-workspace/Sources/CoreResolve/Shared/Common/CoreEncoding.swift (in target 'CoreResolve' from project 'CoreResolve')
cd /Users/admin/builder/spi-builder-workspace/.swiftpm/xcode
builtin-SwiftPerFileCompile CoreEncoding.swift
SwiftCompile normal arm64 /Users/admin/builder/spi-builder-workspace/Sources/CoreResolve/Shared/Common/CoreFactoryService.swift (in target 'CoreResolve' from project 'CoreResolve')
cd /Users/admin/builder/spi-builder-workspace/.swiftpm/xcode
builtin-SwiftPerFileCompile CoreFactoryService.swift
SwiftCompile normal arm64 /Users/admin/builder/spi-builder-workspace/Sources/CoreResolve/Shared/Common/CoreFactoryServiceError.swift (in target 'CoreResolve' from project 'CoreResolve')
cd /Users/admin/builder/spi-builder-workspace/.swiftpm/xcode
builtin-SwiftPerFileCompile CoreFactoryServiceError.swift
SwiftCompile normal arm64 /Users/admin/builder/spi-builder-workspace/Sources/CoreResolve/Shared/Common/CorePrints.swift (in target 'CoreResolve' from project 'CoreResolve')
cd /Users/admin/builder/spi-builder-workspace/.swiftpm/xcode
builtin-SwiftPerFileCompile CorePrints.swift
/Users/admin/builder/spi-builder-workspace/Sources/CoreResolve/Shared/Common/CoreAsynchronousOperation.swift:93:59: warning: 'self' refers to the method 'CoreAsynchronousOperation.self', which may be unexpected
91 |
92 | /// Concurrent queue for synchronizing access to `state` and `finishClosures`
93 | fileprivate let queue = DispatchQueue(label: "\(type(of: self)).queue", attributes: .concurrent)
| |- warning: 'self' refers to the method 'CoreAsynchronousOperation.self', which may be unexpected
| `- note: use 'CoreAsynchronousOperation.self' to silence this warning
94 |
95 | /// Private backing store for `state`
SwiftCompile normal arm64 Compiling\ CoreColumnLayoutClient.swift,\ CoreColumnLayoutContaining.swift,\ CoreColumnLayoutError.swift,\ CoreColumnLayoutProvider.swift,\ CoreColumnLayoutProviding.swift,\ CoreLayoutAnchorable.swift,\ CoreLayoutExtensions.swift,\ CLLocationManager-CoreLocationProviding.swift,\ CoreBeaconIdentity.swift,\ CoreBeaconRanging.swift,\ CoreLocationProviding.swift,\ CoreLocationProvidingDelegate.swift /Users/admin/builder/spi-builder-workspace/Sources/CoreResolve/Shared/CoreLayout/CoreColumnLayoutClient.swift /Users/admin/builder/spi-builder-workspace/Sources/CoreResolve/Shared/CoreLayout/CoreColumnLayoutContaining.swift /Users/admin/builder/spi-builder-workspace/Sources/CoreResolve/Shared/CoreLayout/CoreColumnLayoutError.swift /Users/admin/builder/spi-builder-workspace/Sources/CoreResolve/Shared/CoreLayout/CoreColumnLayoutProvider.swift /Users/admin/builder/spi-builder-workspace/Sources/CoreResolve/Shared/CoreLayout/CoreColumnLayoutProviding.swift /Users/admin/builder/spi-builder-workspace/Sources/CoreResolve/Shared/CoreLayout/CoreLayoutAnchorable.swift /Users/admin/builder/spi-builder-workspace/Sources/CoreResolve/Shared/CoreLayout/CoreLayoutExtensions.swift /Users/admin/builder/spi-builder-workspace/Sources/CoreResolve/Shared/CoreLocation/CLLocationManager-CoreLocationProviding.swift /Users/admin/builder/spi-builder-workspace/Sources/CoreResolve/Shared/CoreLocation/CoreBeaconIdentity.swift /Users/admin/builder/spi-builder-workspace/Sources/CoreResolve/Shared/CoreLocation/CoreBeaconRanging.swift /Users/admin/builder/spi-builder-workspace/Sources/CoreResolve/Shared/CoreLocation/CoreLocationProviding.swift /Users/admin/builder/spi-builder-workspace/Sources/CoreResolve/Shared/CoreLocation/CoreLocationProvidingDelegate.swift (in target 'CoreResolve' from project 'CoreResolve')
/Users/admin/builder/spi-builder-workspace/Sources/CoreResolve/Shared/CoreLayout/CoreLayoutAnchorable.swift:32:21: error: cannot find type 'NSLayoutXAxisAnchor' in scope
30 | public protocol CoreHorizontalLayoutAnchorable: AnyObject {
31 |
32 | var leadingAnchor: NSLayoutXAxisAnchor { get }
| `- error: cannot find type 'NSLayoutXAxisAnchor' in scope
33 |
34 | var trailingAnchor: NSLayoutXAxisAnchor { get }
/Users/admin/builder/spi-builder-workspace/Sources/CoreResolve/Shared/CoreLayout/CoreLayoutAnchorable.swift:34:22: error: cannot find type 'NSLayoutXAxisAnchor' in scope
32 | var leadingAnchor: NSLayoutXAxisAnchor { get }
33 |
34 | var trailingAnchor: NSLayoutXAxisAnchor { get }
| `- error: cannot find type 'NSLayoutXAxisAnchor' in scope
35 |
36 | var leftAnchor: NSLayoutXAxisAnchor { get }
/Users/admin/builder/spi-builder-workspace/Sources/CoreResolve/Shared/CoreLayout/CoreLayoutAnchorable.swift:36:18: error: cannot find type 'NSLayoutXAxisAnchor' in scope
34 | var trailingAnchor: NSLayoutXAxisAnchor { get }
35 |
36 | var leftAnchor: NSLayoutXAxisAnchor { get }
| `- error: cannot find type 'NSLayoutXAxisAnchor' in scope
37 |
38 | var rightAnchor: NSLayoutXAxisAnchor { get }
/Users/admin/builder/spi-builder-workspace/Sources/CoreResolve/Shared/CoreLayout/CoreLayoutAnchorable.swift:38:19: error: cannot find type 'NSLayoutXAxisAnchor' in scope
36 | var leftAnchor: NSLayoutXAxisAnchor { get }
37 |
38 | var rightAnchor: NSLayoutXAxisAnchor { get }
| `- error: cannot find type 'NSLayoutXAxisAnchor' in scope
39 |
40 | var widthAnchor: NSLayoutDimension { get }
/Users/admin/builder/spi-builder-workspace/Sources/CoreResolve/Shared/CoreLayout/CoreLayoutAnchorable.swift:40:19: error: cannot find type 'NSLayoutDimension' in scope
38 | var rightAnchor: NSLayoutXAxisAnchor { get }
39 |
40 | var widthAnchor: NSLayoutDimension { get }
| `- error: cannot find type 'NSLayoutDimension' in scope
41 |
42 | var centerXAnchor: NSLayoutXAxisAnchor { get }
/Users/admin/builder/spi-builder-workspace/Sources/CoreResolve/Shared/CoreLayout/CoreLayoutAnchorable.swift:42:21: error: cannot find type 'NSLayoutXAxisAnchor' in scope
40 | var widthAnchor: NSLayoutDimension { get }
41 |
42 | var centerXAnchor: NSLayoutXAxisAnchor { get }
| `- error: cannot find type 'NSLayoutXAxisAnchor' in scope
43 | }
44 |
/Users/admin/builder/spi-builder-workspace/Sources/CoreResolve/Shared/CoreLayout/CoreColumnLayoutClient.swift:58:100: error: cannot find type 'LayoutPriority' in scope
56 | }
57 |
58 | public func layout(layoutProvider: CoreHorizontalLayoutAnchorable, to column: Int, with priority: LayoutPriority = .required) throws {
| `- error: cannot find type 'LayoutPriority' in scope
59 | guard (0..<columnLayoutProvider.numberOfColumns).contains(column) else { throw CoreColumnLayoutError.invalidColumnSpecified(column, maxAllowed: columnLayoutProvider.numberOfColumns) }
60 | if let horizontalConstraints = columnConstraints[column] {
/Users/admin/builder/spi-builder-workspace/Sources/CoreResolve/Shared/CoreLayout/BoundingConstraints.swift:58:22: error: cannot find type 'NSLayoutConstraint' in scope
56 |
57 | /// The leading layout constraint, where a positive constant increases the padding
58 | public let leading: NSLayoutConstraint
| `- error: cannot find type 'NSLayoutConstraint' in scope
59 |
60 | /// The trailing layout constraint, where a positive constant increases the padding
/Users/admin/builder/spi-builder-workspace/Sources/CoreResolve/Shared/CoreLayout/BoundingConstraints.swift:61:23: error: cannot find type 'NSLayoutConstraint' in scope
59 |
60 | /// The trailing layout constraint, where a positive constant increases the padding
61 | public let trailing: NSLayoutConstraint
| `- error: cannot find type 'NSLayoutConstraint' in scope
62 |
63 | /// Creates a new instance of `HorizontalBoundingConstraints`
/Users/admin/builder/spi-builder-workspace/Sources/CoreResolve/Shared/CoreLayout/CoreColumnLayoutClient.swift:38:55: error: cannot convert value of type 'HorizontalBoundingConstraints?' to closure result type 'ElementOfResult?'
36 |
37 | deinit {
38 | let allConstraints = columnConstraints.compactMap({ $0 }).flatMap { horizontalConstraints in
| `- error: cannot convert value of type 'HorizontalBoundingConstraints?' to closure result type 'ElementOfResult?'
39 | return [horizontalConstraints.leading, horizontalConstraints.trailing]
40 | }
/Users/admin/builder/spi-builder-workspace/Sources/CoreResolve/Shared/CoreLayout/CoreColumnLayoutClient.swift:38:71: error: cannot infer type of closure parameter 'horizontalConstraints' without a type annotation
36 |
37 | deinit {
38 | let allConstraints = columnConstraints.compactMap({ $0 }).flatMap { horizontalConstraints in
| `- error: cannot infer type of closure parameter 'horizontalConstraints' without a type annotation
39 | return [horizontalConstraints.leading, horizontalConstraints.trailing]
40 | }
/Users/admin/builder/spi-builder-workspace/Sources/CoreResolve/Shared/CoreLayout/CoreColumnLayoutClient.swift:41:3: error: cannot find 'NSLayoutConstraint' in scope
39 | return [horizontalConstraints.leading, horizontalConstraints.trailing]
40 | }
41 | NSLayoutConstraint.deactivate(allConstraints)
| `- error: cannot find 'NSLayoutConstraint' in scope
42 | }
43 |
/Users/admin/builder/spi-builder-workspace/Sources/CoreResolve/Shared/CoreLayout/CoreColumnLayoutClient.swift:52:4: error: cannot find 'NSLayoutConstraint' in scope
50 | guard let pair = columnConstraints[column] else { return }
51 | if enabled {
52 | NSLayoutConstraint.activate(pair)
| `- error: cannot find 'NSLayoutConstraint' in scope
53 | } else {
54 | NSLayoutConstraint.deactivate(pair)
/Users/admin/builder/spi-builder-workspace/Sources/CoreResolve/Shared/CoreLayout/CoreColumnLayoutClient.swift:54:4: error: cannot find 'NSLayoutConstraint' in scope
52 | NSLayoutConstraint.activate(pair)
53 | } else {
54 | NSLayoutConstraint.deactivate(pair)
| `- error: cannot find 'NSLayoutConstraint' in scope
55 | }
56 | }
/Users/admin/builder/spi-builder-workspace/Sources/CoreResolve/Shared/CoreLayout/CoreColumnLayoutClient.swift:61:4: error: cannot find 'NSLayoutConstraint' in scope
59 | guard (0..<columnLayoutProvider.numberOfColumns).contains(column) else { throw CoreColumnLayoutError.invalidColumnSpecified(column, maxAllowed: columnLayoutProvider.numberOfColumns) }
60 | if let horizontalConstraints = columnConstraints[column] {
61 | NSLayoutConstraint.deactivate(horizontalConstraints)
| `- error: cannot find 'NSLayoutConstraint' in scope
62 | }
63 | let columnProvider = columnLayoutProvider.layoutProvider(for: column)
/Users/admin/builder/spi-builder-workspace/Sources/CoreResolve/Shared/CoreLayout/CoreLayoutAnchorable.swift:53:101: error: cannot find type 'LayoutPriority' in scope
51 | /// - priority: The `LayoutPriority` of the leading and trailing constraints
52 | /// - Returns: A structure containing the leading and trailing constraints, which have not yet been activated
53 | public func constrainHorizontally(to layoutAnchors: CoreHorizontalLayoutAnchorable, with priority: LayoutPriority = .required) -> HorizontalBoundingConstraints {
| `- error: cannot find type 'LayoutPriority' in scope
54 | return constrainHorizontally(to: layoutAnchors, leadingPriority: priority, trailingPriority: priority)
55 | }
/Users/admin/builder/spi-builder-workspace/Sources/CoreResolve/Shared/CoreLayout/CoreLayoutAnchorable.swift:63:103: error: cannot find type 'LayoutPriority' in scope
61 | /// - trailingPriority: The `LayoutPriority` of the trailing constraint
62 | /// - Returns: A structure containing the leading and trailing constraints, which have not yet been activated
63 | public func constrainHorizontally(to layoutAnchors: CoreHorizontalLayoutAnchorable, leadingPriority: LayoutPriority = .required, trailingPriority: LayoutPriority = .required) -> HorizontalBoundingConstraints {
| `- error: cannot find type 'LayoutPriority' in scope
64 | let leading = leadingAnchor.constraint(equalTo: layoutAnchors.leadingAnchor)
65 | let trailing = layoutAnchors.trailingAnchor.constraint(equalTo: trailingAnchor)
/Users/admin/builder/spi-builder-workspace/Sources/CoreResolve/Shared/CoreLayout/CoreLayoutAnchorable.swift:63:149: error: cannot find type 'LayoutPriority' in scope
61 | /// - trailingPriority: The `LayoutPriority` of the trailing constraint
62 | /// - Returns: A structure containing the leading and trailing constraints, which have not yet been activated
63 | public func constrainHorizontally(to layoutAnchors: CoreHorizontalLayoutAnchorable, leadingPriority: LayoutPriority = .required, trailingPriority: LayoutPriority = .required) -> HorizontalBoundingConstraints {
| `- error: cannot find type 'LayoutPriority' in scope
64 | let leading = leadingAnchor.constraint(equalTo: layoutAnchors.leadingAnchor)
65 | let trailing = layoutAnchors.trailingAnchor.constraint(equalTo: trailingAnchor)
SwiftCompile normal arm64 /Users/admin/builder/spi-builder-workspace/Sources/CoreResolve/Shared/CoreLayout/CoreColumnLayoutClient.swift (in target 'CoreResolve' from project 'CoreResolve')
cd /Users/admin/builder/spi-builder-workspace/.swiftpm/xcode
builtin-SwiftPerFileCompile CoreColumnLayoutClient.swift
SwiftCompile normal arm64 /Users/admin/builder/spi-builder-workspace/Sources/CoreResolve/Shared/CoreLayout/CoreColumnLayoutContaining.swift (in target 'CoreResolve' from project 'CoreResolve')
cd /Users/admin/builder/spi-builder-workspace/.swiftpm/xcode
builtin-SwiftPerFileCompile CoreColumnLayoutContaining.swift
SwiftCompile normal arm64 /Users/admin/builder/spi-builder-workspace/Sources/CoreResolve/Shared/CoreLayout/CoreColumnLayoutError.swift (in target 'CoreResolve' from project 'CoreResolve')
cd /Users/admin/builder/spi-builder-workspace/.swiftpm/xcode
builtin-SwiftPerFileCompile CoreColumnLayoutError.swift
SwiftCompile normal arm64 /Users/admin/builder/spi-builder-workspace/Sources/CoreResolve/Shared/CoreLayout/CoreColumnLayoutProvider.swift (in target 'CoreResolve' from project 'CoreResolve')
cd /Users/admin/builder/spi-builder-workspace/.swiftpm/xcode
builtin-SwiftPerFileCompile CoreColumnLayoutProvider.swift
SwiftCompile normal arm64 /Users/admin/builder/spi-builder-workspace/Sources/CoreResolve/Shared/CoreLayout/CoreColumnLayoutProviding.swift (in target 'CoreResolve' from project 'CoreResolve')
cd /Users/admin/builder/spi-builder-workspace/.swiftpm/xcode
builtin-SwiftPerFileCompile CoreColumnLayoutProviding.swift
SwiftCompile normal arm64 /Users/admin/builder/spi-builder-workspace/Sources/CoreResolve/Shared/CoreLayout/CoreLayoutAnchorable.swift (in target 'CoreResolve' from project 'CoreResolve')
cd /Users/admin/builder/spi-builder-workspace/.swiftpm/xcode
builtin-SwiftPerFileCompile CoreLayoutAnchorable.swift
SwiftCompile normal arm64 /Users/admin/builder/spi-builder-workspace/Sources/CoreResolve/Shared/CoreLayout/CoreLayoutExtensions.swift (in target 'CoreResolve' from project 'CoreResolve')
cd /Users/admin/builder/spi-builder-workspace/.swiftpm/xcode
builtin-SwiftPerFileCompile CoreLayoutExtensions.swift
SwiftCompile normal arm64 /Users/admin/builder/spi-builder-workspace/Sources/CoreResolve/Shared/CoreLocation/CLLocationManager-CoreLocationProviding.swift (in target 'CoreResolve' from project 'CoreResolve')
cd /Users/admin/builder/spi-builder-workspace/.swiftpm/xcode
builtin-SwiftPerFileCompile CLLocationManager-CoreLocationProviding.swift
SwiftCompile normal arm64 /Users/admin/builder/spi-builder-workspace/Sources/CoreResolve/Shared/CoreLocation/CoreBeaconIdentity.swift (in target 'CoreResolve' from project 'CoreResolve')
cd /Users/admin/builder/spi-builder-workspace/.swiftpm/xcode
builtin-SwiftPerFileCompile CoreBeaconIdentity.swift
SwiftCompile normal arm64 /Users/admin/builder/spi-builder-workspace/Sources/CoreResolve/Shared/CoreLocation/CoreBeaconRanging.swift (in target 'CoreResolve' from project 'CoreResolve')
cd /Users/admin/builder/spi-builder-workspace/.swiftpm/xcode
builtin-SwiftPerFileCompile CoreBeaconRanging.swift
SwiftCompile normal arm64 /Users/admin/builder/spi-builder-workspace/Sources/CoreResolve/Shared/CoreLocation/CoreLocationProviding.swift (in target 'CoreResolve' from project 'CoreResolve')
cd /Users/admin/builder/spi-builder-workspace/.swiftpm/xcode
builtin-SwiftPerFileCompile CoreLocationProviding.swift
SwiftCompile normal arm64 /Users/admin/builder/spi-builder-workspace/Sources/CoreResolve/Shared/CoreLocation/CoreLocationProvidingDelegate.swift (in target 'CoreResolve' from project 'CoreResolve')
cd /Users/admin/builder/spi-builder-workspace/.swiftpm/xcode
builtin-SwiftPerFileCompile CoreLocationProvidingDelegate.swift
/Users/admin/builder/spi-builder-workspace/Sources/CoreResolve/Shared/CoreLayout/CoreColumnLayoutClient.swift:65:3: error: cannot find 'NSLayoutConstraint' in scope
63 | let columnProvider = columnLayoutProvider.layoutProvider(for: column)
64 | let pair = columnProvider.constrainHorizontally(to: layoutProvider, with: priority)
65 | NSLayoutConstraint.activate(pair)
| `- error: cannot find 'NSLayoutConstraint' in scope
66 | columnConstraints[column] = pair
67 | }
/Users/admin/builder/spi-builder-workspace/Sources/CoreResolve/Shared/CoreLayout/CoreColumnLayoutContaining.swift:37:57: error: cannot find type 'View' in scope
35 |
36 | // MARK: - Convenience methods for Views that are CoreColumnLayoutContaining
37 | public extension CoreColumnLayoutContaining where Self: View {
| `- error: cannot find type 'View' in scope
38 |
39 | /// Configures the columnLayoutProvider to provide `CoreColumnLayoutProviding` capability to the current View
/Users/admin/builder/spi-builder-workspace/Sources/CoreResolve/Shared/CoreLayout/CoreColumnLayoutContaining.swift:46:33: error: cannot find type 'LayoutGuide' in scope
44 |
45 | switch columnLayoutProvider {
46 | case let columnLayoutGuide as LayoutGuide:
| `- error: cannot find type 'LayoutGuide' in scope
47 | addLayoutGuide(columnLayoutGuide)
48 | case let view as View:
/Users/admin/builder/spi-builder-workspace/Sources/CoreResolve/Shared/CoreLayout/CoreColumnLayoutContaining.swift:48:20: error: cannot find type 'View' in scope
46 | case let columnLayoutGuide as LayoutGuide:
47 | addLayoutGuide(columnLayoutGuide)
48 | case let view as View:
| `- error: cannot find type 'View' in scope
49 | addSubview(view)
50 | default:
/Users/admin/builder/spi-builder-workspace/Sources/CoreResolve/Shared/CoreLayout/CoreColumnLayoutContaining.swift:47:4: error: cannot find 'addLayoutGuide' in scope
45 | switch columnLayoutProvider {
46 | case let columnLayoutGuide as LayoutGuide:
47 | addLayoutGuide(columnLayoutGuide)
| `- error: cannot find 'addLayoutGuide' in scope
48 | case let view as View:
49 | addSubview(view)
/Users/admin/builder/spi-builder-workspace/Sources/CoreResolve/Shared/CoreLayout/CoreColumnLayoutContaining.swift:49:4: error: cannot find 'addSubview' in scope
47 | addLayoutGuide(columnLayoutGuide)
48 | case let view as View:
49 | addSubview(view)
| `- error: cannot find 'addSubview' in scope
50 | default:
51 | break
/Users/admin/builder/spi-builder-workspace/Sources/CoreResolve/Shared/CoreLayout/CoreColumnLayoutProvider.swift:31:40: error: cannot find type 'LayoutGuide' in scope
29 |
30 | /// LayoutGuide subclass that provides `CoreColumnLayoutProviding` capabilities
31 | public class CoreColumnLayoutProvider: LayoutGuide {
| `- error: cannot find type 'LayoutGuide' in scope
32 |
33 | public enum Spacing {
/Users/admin/builder/spi-builder-workspace/Sources/CoreResolve/Shared/CoreLayout/CoreColumnLayoutProvider.swift:93:37: error: cannot find type 'View' in scope
91 | }
92 |
93 | public override var owningView: View? {
| `- error: cannot find type 'View' in scope
94 | didSet { updateOwningView() }
95 | }
/Users/admin/builder/spi-builder-workspace/Sources/CoreResolve/Shared/CoreLayout/CoreLayoutAnchorable.swift:122:22: error: cannot find type 'EdgeInsets' in scope
120 | @available(iOS 11, macOS 11, tvOS 11, *)
121 | /// The insets that you use to determine the safe area for this `CoreLayoutAnchorable`.
122 | var safeAreaInsets: EdgeInsets { get }
| `- error: cannot find type 'EdgeInsets' in scope
123 | }
124 |
/Users/admin/builder/spi-builder-workspace/Sources/CoreResolve/Shared/CoreLayout/CoreLayoutAnchorable.swift:91:17: error: cannot find type 'NSLayoutYAxisAnchor' in scope
89 | public protocol CoreVerticalLayoutAnchorable {
90 |
91 | var topAnchor: NSLayoutYAxisAnchor { get }
| `- error: cannot find type 'NSLayoutYAxisAnchor' in scope
92 |
93 | var bottomAnchor: NSLayoutYAxisAnchor { get }
/Users/admin/builder/spi-builder-workspace/Sources/CoreResolve/Shared/CoreLayout/CoreLayoutAnchorable.swift:93:20: error: cannot find type 'NSLayoutYAxisAnchor' in scope
91 | var topAnchor: NSLayoutYAxisAnchor { get }
92 |
93 | var bottomAnchor: NSLayoutYAxisAnchor { get }
| `- error: cannot find type 'NSLayoutYAxisAnchor' in scope
94 |
95 | var heightAnchor: NSLayoutDimension { get }
/Users/admin/builder/spi-builder-workspace/Sources/CoreResolve/Shared/CoreLayout/CoreLayoutAnchorable.swift:95:20: error: cannot find type 'NSLayoutDimension' in scope
93 | var bottomAnchor: NSLayoutYAxisAnchor { get }
94 |
95 | var heightAnchor: NSLayoutDimension { get }
| `- error: cannot find type 'NSLayoutDimension' in scope
96 |
97 | var centerYAnchor: NSLayoutYAxisAnchor { get }
/Users/admin/builder/spi-builder-workspace/Sources/CoreResolve/Shared/CoreLayout/CoreLayoutAnchorable.swift:97:21: error: cannot find type 'NSLayoutYAxisAnchor' in scope
95 | var heightAnchor: NSLayoutDimension { get }
96 |
97 | var centerYAnchor: NSLayoutYAxisAnchor { get }
| `- error: cannot find type 'NSLayoutYAxisAnchor' in scope
98 | }
99 |
/Users/admin/builder/spi-builder-workspace/Sources/CoreResolve/Shared/CoreLayout/CoreColumnLayoutProvider.swift:99:35: error: cannot find type 'NSLayoutConstraint' in scope
97 | fileprivate let columns: [CoreLayoutAnchorable]
98 |
99 | fileprivate var constraintPair: [NSLayoutConstraint]?
| `- error: cannot find type 'NSLayoutConstraint' in scope
100 |
101 | fileprivate let spacers: [NSLayoutConstraint]
/Users/admin/builder/spi-builder-workspace/Sources/CoreResolve/Shared/CoreLayout/CoreColumnLayoutProvider.swift:101:28: error: cannot find type 'NSLayoutConstraint' in scope
99 | fileprivate var constraintPair: [NSLayoutConstraint]?
100 |
101 | fileprivate let spacers: [NSLayoutConstraint]
| `- error: cannot find type 'NSLayoutConstraint' in scope
102 |
103 | private func updateOwningView() {
SwiftCompile normal arm64 Compiling\ BasicSQLiteCoreDataStackConfigurationProvider.swift,\ CoreDataContextPool.swift,\ CoreDataManager.swift,\ CoreDataService.swift,\ CoreDataStack.swift,\ CoreDataStackConfigurationProviding.swift,\ CoreDataStackError.swift,\ CoreTableDataSource.swift,\ FetchedResultsControllerDataSource.swift,\ FetchedResultsControllerPrefetchDataSource.swift,\ ManagedObject-Extensions.swift,\ MultiContextCoreDataStack.swift /Users/admin/builder/spi-builder-workspace/Sources/CoreResolve/Shared/CoreData/BasicSQLiteCoreDataStackConfigurationProvider.swift /Users/admin/builder/spi-builder-workspace/Sources/CoreResolve/Shared/CoreData/CoreDataContextPool.swift /Users/admin/builder/spi-builder-workspace/Sources/CoreResolve/Shared/CoreData/CoreDataManager.swift /Users/admin/builder/spi-builder-workspace/Sources/CoreResolve/Shared/CoreData/CoreDataService.swift /Users/admin/builder/spi-builder-workspace/Sources/CoreResolve/Shared/CoreData/CoreDataStack.swift /Users/admin/builder/spi-builder-workspace/Sources/CoreResolve/Shared/CoreData/CoreDataStackConfigurationProviding.swift /Users/admin/builder/spi-builder-workspace/Sources/CoreResolve/Shared/CoreData/CoreDataStackError.swift /Users/admin/builder/spi-builder-workspace/Sources/CoreResolve/Shared/CoreData/CoreTableDataSource.swift /Users/admin/builder/spi-builder-workspace/Sources/CoreResolve/Shared/CoreData/FetchedResultsControllerDataSource.swift /Users/admin/builder/spi-builder-workspace/Sources/CoreResolve/Shared/CoreData/FetchedResultsControllerPrefetchDataSource.swift /Users/admin/builder/spi-builder-workspace/Sources/CoreResolve/Shared/CoreData/ManagedObject-Extensions.swift /Users/admin/builder/spi-builder-workspace/Sources/CoreResolve/Shared/CoreData/MultiContextCoreDataStack.swift (in target 'CoreResolve' from project 'CoreResolve')
SwiftCompile normal arm64 /Users/admin/builder/spi-builder-workspace/Sources/CoreResolve/Shared/CoreData/BasicSQLiteCoreDataStackConfigurationProvider.swift (in target 'CoreResolve' from project 'CoreResolve')
cd /Users/admin/builder/spi-builder-workspace/.swiftpm/xcode
builtin-SwiftPerFileCompile BasicSQLiteCoreDataStackConfigurationProvider.swift
SwiftCompile normal arm64 /Users/admin/builder/spi-builder-workspace/Sources/CoreResolve/Shared/CoreData/CoreDataContextPool.swift (in target 'CoreResolve' from project 'CoreResolve')
cd /Users/admin/builder/spi-builder-workspace/.swiftpm/xcode
builtin-SwiftPerFileCompile CoreDataContextPool.swift
SwiftCompile normal arm64 /Users/admin/builder/spi-builder-workspace/Sources/CoreResolve/Shared/CoreData/CoreDataManager.swift (in target 'CoreResolve' from project 'CoreResolve')
cd /Users/admin/builder/spi-builder-workspace/.swiftpm/xcode
builtin-SwiftPerFileCompile CoreDataManager.swift
SwiftCompile normal arm64 /Users/admin/builder/spi-builder-workspace/Sources/CoreResolve/Shared/CoreData/CoreDataService.swift (in target 'CoreResolve' from project 'CoreResolve')
cd /Users/admin/builder/spi-builder-workspace/.swiftpm/xcode
builtin-SwiftPerFileCompile CoreDataService.swift
SwiftCompile normal arm64 /Users/admin/builder/spi-builder-workspace/Sources/CoreResolve/Shared/CoreData/CoreDataStack.swift (in target 'CoreResolve' from project 'CoreResolve')
cd /Users/admin/builder/spi-builder-workspace/.swiftpm/xcode
builtin-SwiftPerFileCompile CoreDataStack.swift
SwiftCompile normal arm64 /Users/admin/builder/spi-builder-workspace/Sources/CoreResolve/Shared/CoreData/CoreDataStackConfigurationProviding.swift (in target 'CoreResolve' from project 'CoreResolve')
cd /Users/admin/builder/spi-builder-workspace/.swiftpm/xcode
builtin-SwiftPerFileCompile CoreDataStackConfigurationProviding.swift
SwiftCompile normal arm64 /Users/admin/builder/spi-builder-workspace/Sources/CoreResolve/Shared/CoreData/CoreDataStackError.swift (in target 'CoreResolve' from project 'CoreResolve')
cd /Users/admin/builder/spi-builder-workspace/.swiftpm/xcode
builtin-SwiftPerFileCompile CoreDataStackError.swift
SwiftCompile normal arm64 /Users/admin/builder/spi-builder-workspace/Sources/CoreResolve/Shared/CoreData/CoreTableDataSource.swift (in target 'CoreResolve' from project 'CoreResolve')
cd /Users/admin/builder/spi-builder-workspace/.swiftpm/xcode
builtin-SwiftPerFileCompile CoreTableDataSource.swift
SwiftCompile normal arm64 /Users/admin/builder/spi-builder-workspace/Sources/CoreResolve/Shared/CoreData/FetchedResultsControllerDataSource.swift (in target 'CoreResolve' from project 'CoreResolve')
cd /Users/admin/builder/spi-builder-workspace/.swiftpm/xcode
builtin-SwiftPerFileCompile FetchedResultsControllerDataSource.swift
SwiftCompile normal arm64 /Users/admin/builder/spi-builder-workspace/Sources/CoreResolve/Shared/CoreData/FetchedResultsControllerPrefetchDataSource.swift (in target 'CoreResolve' from project 'CoreResolve')
cd /Users/admin/builder/spi-builder-workspace/.swiftpm/xcode
builtin-SwiftPerFileCompile FetchedResultsControllerPrefetchDataSource.swift
SwiftCompile normal arm64 /Users/admin/builder/spi-builder-workspace/Sources/CoreResolve/Shared/CoreData/ManagedObject-Extensions.swift (in target 'CoreResolve' from project 'CoreResolve')
cd /Users/admin/builder/spi-builder-workspace/.swiftpm/xcode
builtin-SwiftPerFileCompile ManagedObject-Extensions.swift
SwiftCompile normal arm64 /Users/admin/builder/spi-builder-workspace/Sources/CoreResolve/Shared/CoreData/MultiContextCoreDataStack.swift (in target 'CoreResolve' from project 'CoreResolve')
cd /Users/admin/builder/spi-builder-workspace/.swiftpm/xcode
builtin-SwiftPerFileCompile MultiContextCoreDataStack.swift
SwiftCompile normal arm64 Compiling\ MultiCoordinatorSynchronouslyMergingCoreDataStack.swift,\ PrefetchDataSource.swift,\ SingleCoordinatorAsynchronouslyMergingCoreDataStack.swift,\ SingleCoordinatorSynchronouslyMergingCoreDataStack.swift,\ SynchronouslyMergingCoreDataStack.swift,\ CoreFileStoreManagerUrlProvider.swift,\ CoreFileStoreManagerUrlProviding.swift,\ CoreFileStoreService.swift,\ CoreFileStoreServiceError.swift,\ FileStoreManager.swift,\ BoundingConstraints.swift,\ CoreColumnLayoutAware.swift /Users/admin/builder/spi-builder-workspace/Sources/CoreResolve/Shared/CoreData/MultiCoordinatorSynchronouslyMergingCoreDataStack.swift /Users/admin/builder/spi-builder-workspace/Sources/CoreResolve/Shared/CoreData/PrefetchDataSource.swift /Users/admin/builder/spi-builder-workspace/Sources/CoreResolve/Shared/CoreData/SingleCoordinatorAsynchronouslyMergingCoreDataStack.swift /Users/admin/builder/spi-builder-workspace/Sources/CoreResolve/Shared/CoreData/SingleCoordinatorSynchronouslyMergingCoreDataStack.swift /Users/admin/builder/spi-builder-workspace/Sources/CoreResolve/Shared/CoreData/SynchronouslyMergingCoreDataStack.swift /Users/admin/builder/spi-builder-workspace/Sources/CoreResolve/Shared/CoreFile/CoreFileStoreManagerUrlProvider.swift /Users/admin/builder/spi-builder-workspace/Sources/CoreResolve/Shared/CoreFile/CoreFileStoreManagerUrlProviding.swift /Users/admin/builder/spi-builder-workspace/Sources/CoreResolve/Shared/CoreFile/CoreFileStoreService.swift /Users/admin/builder/spi-builder-workspace/Sources/CoreResolve/Shared/CoreFile/CoreFileStoreServiceError.swift /Users/admin/builder/spi-builder-workspace/Sources/CoreResolve/Shared/CoreFile/FileStoreManager.swift /Users/admin/builder/spi-builder-workspace/Sources/CoreResolve/Shared/CoreLayout/BoundingConstraints.swift /Users/admin/builder/spi-builder-workspace/Sources/CoreResolve/Shared/CoreLayout/CoreColumnLayoutAware.swift (in target 'CoreResolve' from project 'CoreResolve')
SwiftCompile normal arm64 /Users/admin/builder/spi-builder-workspace/Sources/CoreResolve/Shared/CoreData/MultiCoordinatorSynchronouslyMergingCoreDataStack.swift (in target 'CoreResolve' from project 'CoreResolve')
cd /Users/admin/builder/spi-builder-workspace/.swiftpm/xcode
builtin-SwiftPerFileCompile MultiCoordinatorSynchronouslyMergingCoreDataStack.swift
SwiftCompile normal arm64 /Users/admin/builder/spi-builder-workspace/Sources/CoreResolve/Shared/CoreData/PrefetchDataSource.swift (in target 'CoreResolve' from project 'CoreResolve')
cd /Users/admin/builder/spi-builder-workspace/.swiftpm/xcode
builtin-SwiftPerFileCompile PrefetchDataSource.swift
SwiftCompile normal arm64 /Users/admin/builder/spi-builder-workspace/Sources/CoreResolve/Shared/CoreData/SingleCoordinatorAsynchronouslyMergingCoreDataStack.swift (in target 'CoreResolve' from project 'CoreResolve')
cd /Users/admin/builder/spi-builder-workspace/.swiftpm/xcode
builtin-SwiftPerFileCompile SingleCoordinatorAsynchronouslyMergingCoreDataStack.swift
SwiftCompile normal arm64 /Users/admin/builder/spi-builder-workspace/Sources/CoreResolve/Shared/CoreData/SingleCoordinatorSynchronouslyMergingCoreDataStack.swift (in target 'CoreResolve' from project 'CoreResolve')
cd /Users/admin/builder/spi-builder-workspace/.swiftpm/xcode
builtin-SwiftPerFileCompile SingleCoordinatorSynchronouslyMergingCoreDataStack.swift
SwiftCompile normal arm64 /Users/admin/builder/spi-builder-workspace/Sources/CoreResolve/Shared/CoreData/SynchronouslyMergingCoreDataStack.swift (in target 'CoreResolve' from project 'CoreResolve')
cd /Users/admin/builder/spi-builder-workspace/.swiftpm/xcode
builtin-SwiftPerFileCompile SynchronouslyMergingCoreDataStack.swift
SwiftCompile normal arm64 /Users/admin/builder/spi-builder-workspace/Sources/CoreResolve/Shared/CoreFile/CoreFileStoreManagerUrlProvider.swift (in target 'CoreResolve' from project 'CoreResolve')
cd /Users/admin/builder/spi-builder-workspace/.swiftpm/xcode
builtin-SwiftPerFileCompile CoreFileStoreManagerUrlProvider.swift
SwiftCompile normal arm64 /Users/admin/builder/spi-builder-workspace/Sources/CoreResolve/Shared/CoreFile/CoreFileStoreManagerUrlProviding.swift (in target 'CoreResolve' from project 'CoreResolve')
cd /Users/admin/builder/spi-builder-workspace/.swiftpm/xcode
builtin-SwiftPerFileCompile CoreFileStoreManagerUrlProviding.swift
SwiftCompile normal arm64 /Users/admin/builder/spi-builder-workspace/Sources/CoreResolve/Shared/CoreFile/CoreFileStoreService.swift (in target 'CoreResolve' from project 'CoreResolve')
cd /Users/admin/builder/spi-builder-workspace/.swiftpm/xcode
builtin-SwiftPerFileCompile CoreFileStoreService.swift
SwiftCompile normal arm64 /Users/admin/builder/spi-builder-workspace/Sources/CoreResolve/Shared/CoreFile/CoreFileStoreServiceError.swift (in target 'CoreResolve' from project 'CoreResolve')
cd /Users/admin/builder/spi-builder-workspace/.swiftpm/xcode
builtin-SwiftPerFileCompile CoreFileStoreServiceError.swift
SwiftCompile normal arm64 /Users/admin/builder/spi-builder-workspace/Sources/CoreResolve/Shared/CoreFile/FileStoreManager.swift (in target 'CoreResolve' from project 'CoreResolve')
cd /Users/admin/builder/spi-builder-workspace/.swiftpm/xcode
builtin-SwiftPerFileCompile FileStoreManager.swift
SwiftCompile normal arm64 /Users/admin/builder/spi-builder-workspace/Sources/CoreResolve/Shared/CoreLayout/BoundingConstraints.swift (in target 'CoreResolve' from project 'CoreResolve')
cd /Users/admin/builder/spi-builder-workspace/.swiftpm/xcode
builtin-SwiftPerFileCompile BoundingConstraints.swift
SwiftCompile normal arm64 /Users/admin/builder/spi-builder-workspace/Sources/CoreResolve/Shared/CoreLayout/CoreColumnLayoutAware.swift (in target 'CoreResolve' from project 'CoreResolve')
cd /Users/admin/builder/spi-builder-workspace/.swiftpm/xcode
builtin-SwiftPerFileCompile CoreColumnLayoutAware.swift
SwiftCompile normal arm64 Compiling\ Extensions-CoreLocation.swift,\ CoreLoggingService.swift,\ LogManager.swift,\ LogManagerConfigurationProvider.swift,\ LogManagerConfigurationProviding.swift,\ MCSession-MultipeerSessionProviding.swift,\ MultipeerMessageManager.swift,\ MultipeerMessageManagerDelegate.swift,\ MultipeerMessageManagerError.swift,\ MultipeerMessagePayload.swift,\ MultipeerSessionManager-Extensions.swift /Users/admin/builder/spi-builder-workspace/Sources/CoreResolve/Shared/CoreLocation/Extensions-CoreLocation.swift /Users/admin/builder/spi-builder-workspace/Sources/CoreResolve/Shared/Logging/CoreLoggingService.swift /Users/admin/builder/spi-builder-workspace/Sources/CoreResolve/Shared/Logging/LogManager.swift /Users/admin/builder/spi-builder-workspace/Sources/CoreResolve/Shared/Logging/LogManagerConfigurationProvider.swift /Users/admin/builder/spi-builder-workspace/Sources/CoreResolve/Shared/Logging/LogManagerConfigurationProviding.swift /Users/admin/builder/spi-builder-workspace/Sources/CoreResolve/Shared/MultipeerConnectivity/MCSession-MultipeerSessionProviding.swift /Users/admin/builder/spi-builder-workspace/Sources/CoreResolve/Shared/MultipeerConnectivity/MultipeerMessageManager.swift /Users/admin/builder/spi-builder-workspace/Sources/CoreResolve/Shared/MultipeerConnectivity/MultipeerMessageManagerDelegate.swift /Users/admin/builder/spi-builder-workspace/Sources/CoreResolve/Shared/MultipeerConnectivity/MultipeerMessageManagerError.swift /Users/admin/builder/spi-builder-workspace/Sources/CoreResolve/Shared/MultipeerConnectivity/MultipeerMessagePayload.swift /Users/admin/builder/spi-builder-workspace/Sources/CoreResolve/Shared/MultipeerConnectivity/MultipeerSessionManager-Extensions.swift (in target 'CoreResolve' from project 'CoreResolve')
/Users/admin/builder/spi-builder-workspace/Sources/CoreResolve/Shared/CoreLocation/Extensions-CoreLocation.swift:46:1: warning: extension declares a conformance of imported type 'CLLocationCoordinate2D' to imported protocols 'Equatable', 'Hashable'; this will not behave correctly if the owners of '_LocationEssentials' introduce this conformance in the future
44 | }
45 |
46 | extension CLLocationCoordinate2D: Equatable, Hashable { // So that we can use CLLocationCoordinate2D as keys in a Dictionary
| |- warning: extension declares a conformance of imported type 'CLLocationCoordinate2D' to imported protocols 'Equatable', 'Hashable'; this will not behave correctly if the owners of '_LocationEssentials' introduce this conformance in the future
| `- note: add '@retroactive' to silence this warning
47 |
48 | public static func == (left: CLLocationCoordinate2D, right: CLLocationCoordinate2D) -> Bool {
SwiftCompile normal arm64 /Users/admin/builder/spi-builder-workspace/Sources/CoreResolve/Shared/CoreLocation/Extensions-CoreLocation.swift (in target 'CoreResolve' from project 'CoreResolve')
cd /Users/admin/builder/spi-builder-workspace/.swiftpm/xcode
builtin-SwiftPerFileCompile Extensions-CoreLocation.swift
SwiftCompile normal arm64 /Users/admin/builder/spi-builder-workspace/Sources/CoreResolve/Shared/Logging/CoreLoggingService.swift (in target 'CoreResolve' from project 'CoreResolve')
cd /Users/admin/builder/spi-builder-workspace/.swiftpm/xcode
builtin-SwiftPerFileCompile CoreLoggingService.swift
SwiftCompile normal arm64 /Users/admin/builder/spi-builder-workspace/Sources/CoreResolve/Shared/Logging/LogManager.swift (in target 'CoreResolve' from project 'CoreResolve')
cd /Users/admin/builder/spi-builder-workspace/.swiftpm/xcode
builtin-SwiftPerFileCompile LogManager.swift
SwiftCompile normal arm64 /Users/admin/builder/spi-builder-workspace/Sources/CoreResolve/Shared/Logging/LogManagerConfigurationProvider.swift (in target 'CoreResolve' from project 'CoreResolve')
cd /Users/admin/builder/spi-builder-workspace/.swiftpm/xcode
builtin-SwiftPerFileCompile LogManagerConfigurationProvider.swift
SwiftCompile normal arm64 /Users/admin/builder/spi-builder-workspace/Sources/CoreResolve/Shared/Logging/LogManagerConfigurationProviding.swift (in target 'CoreResolve' from project 'CoreResolve')
cd /Users/admin/builder/spi-builder-workspace/.swiftpm/xcode
builtin-SwiftPerFileCompile LogManagerConfigurationProviding.swift
SwiftCompile normal arm64 /Users/admin/builder/spi-builder-workspace/Sources/CoreResolve/Shared/MultipeerConnectivity/MCSession-MultipeerSessionProviding.swift (in target 'CoreResolve' from project 'CoreResolve')
cd /Users/admin/builder/spi-builder-workspace/.swiftpm/xcode
builtin-SwiftPerFileCompile MCSession-MultipeerSessionProviding.swift
SwiftCompile normal arm64 /Users/admin/builder/spi-builder-workspace/Sources/CoreResolve/Shared/MultipeerConnectivity/MultipeerMessageManager.swift (in target 'CoreResolve' from project 'CoreResolve')
cd /Users/admin/builder/spi-builder-workspace/.swiftpm/xcode
builtin-SwiftPerFileCompile MultipeerMessageManager.swift
SwiftCompile normal arm64 /Users/admin/builder/spi-builder-workspace/Sources/CoreResolve/Shared/MultipeerConnectivity/MultipeerMessageManagerDelegate.swift (in target 'CoreResolve' from project 'CoreResolve')
cd /Users/admin/builder/spi-builder-workspace/.swiftpm/xcode
builtin-SwiftPerFileCompile MultipeerMessageManagerDelegate.swift
SwiftCompile normal arm64 /Users/admin/builder/spi-builder-workspace/Sources/CoreResolve/Shared/MultipeerConnectivity/MultipeerMessageManagerError.swift (in target 'CoreResolve' from project 'CoreResolve')
cd /Users/admin/builder/spi-builder-workspace/.swiftpm/xcode
builtin-SwiftPerFileCompile MultipeerMessageManagerError.swift
SwiftCompile normal arm64 /Users/admin/builder/spi-builder-workspace/Sources/CoreResolve/Shared/MultipeerConnectivity/MultipeerMessagePayload.swift (in target 'CoreResolve' from project 'CoreResolve')
cd /Users/admin/builder/spi-builder-workspace/.swiftpm/xcode
builtin-SwiftPerFileCompile MultipeerMessagePayload.swift
SwiftCompile normal arm64 /Users/admin/builder/spi-builder-workspace/Sources/CoreResolve/Shared/MultipeerConnectivity/MultipeerSessionManager-Extensions.swift (in target 'CoreResolve' from project 'CoreResolve')
cd /Users/admin/builder/spi-builder-workspace/.swiftpm/xcode
builtin-SwiftPerFileCompile MultipeerSessionManager-Extensions.swift
SwiftCompile normal arm64 Compiling\ MultipeerSessionManager.swift,\ MultipeerSessionManagerDelegate.swift,\ MultipeerSessionProviding.swift,\ MultipeerSessionProvidingDelegate.swift,\ CoreAnimatedTransition.swift,\ CoreCollectionViewDataSource-UIKit.swift,\ CoreInteractiveTransition.swift,\ CoreNavigationController.swift,\ CoreScalableLabel.swift,\ CoreSplitViewController.swift,\ CoreStoryboardSegue.swift /Users/admin/builder/spi-builder-workspace/Sources/CoreResolve/Shared/MultipeerConnectivity/MultipeerSessionManager.swift /Users/admin/builder/spi-builder-workspace/Sources/CoreResolve/Shared/MultipeerConnectivity/MultipeerSessionManagerDelegate.swift /Users/admin/builder/spi-builder-workspace/Sources/CoreResolve/Shared/MultipeerConnectivity/MultipeerSessionProviding.swift /Users/admin/builder/spi-builder-workspace/Sources/CoreResolve/Shared/MultipeerConnectivity/MultipeerSessionProvidingDelegate.swift /Users/admin/builder/spi-builder-workspace/Sources/CoreResolve/Shared/UIKit/CoreAnimatedTransition.swift /Users/admin/builder/spi-builder-workspace/Sources/CoreResolve/Shared/UIKit/CoreCollectionViewDataSource-UIKit.swift /Users/admin/builder/spi-builder-workspace/Sources/CoreResolve/Shared/UIKit/CoreInteractiveTransition.swift /Users/admin/builder/spi-builder-workspace/Sources/CoreResolve/Shared/UIKit/CoreNavigationController.swift /Users/admin/builder/spi-builder-workspace/Sources/CoreResolve/Shared/UIKit/CoreScalableLabel.swift /Users/admin/builder/spi-builder-workspace/Sources/CoreResolve/Shared/UIKit/CoreSplitViewController.swift /Users/admin/builder/spi-builder-workspace/Sources/CoreResolve/Shared/UIKit/CoreStoryboardSegue.swift (in target 'CoreResolve' from project 'CoreResolve')
SwiftCompile normal arm64 /Users/admin/builder/spi-builder-workspace/Sources/CoreResolve/Shared/MultipeerConnectivity/MultipeerSessionManager.swift (in target 'CoreResolve' from project 'CoreResolve')
cd /Users/admin/builder/spi-builder-workspace/.swiftpm/xcode
builtin-SwiftPerFileCompile MultipeerSessionManager.swift
SwiftCompile normal arm64 /Users/admin/builder/spi-builder-workspace/Sources/CoreResolve/Shared/MultipeerConnectivity/MultipeerSessionManagerDelegate.swift (in target 'CoreResolve' from project 'CoreResolve')
cd /Users/admin/builder/spi-builder-workspace/.swiftpm/xcode
builtin-SwiftPerFileCompile MultipeerSessionManagerDelegate.swift
SwiftCompile normal arm64 /Users/admin/builder/spi-builder-workspace/Sources/CoreResolve/Shared/MultipeerConnectivity/MultipeerSessionProviding.swift (in target 'CoreResolve' from project 'CoreResolve')
cd /Users/admin/builder/spi-builder-workspace/.swiftpm/xcode
builtin-SwiftPerFileCompile MultipeerSessionProviding.swift
SwiftCompile normal arm64 /Users/admin/builder/spi-builder-workspace/Sources/CoreResolve/Shared/MultipeerConnectivity/MultipeerSessionProvidingDelegate.swift (in target 'CoreResolve' from project 'CoreResolve')
cd /Users/admin/builder/spi-builder-workspace/.swiftpm/xcode
builtin-SwiftPerFileCompile MultipeerSessionProvidingDelegate.swift
SwiftCompile normal arm64 /Users/admin/builder/spi-builder-workspace/Sources/CoreResolve/Shared/UIKit/CoreAnimatedTransition.swift (in target 'CoreResolve' from project 'CoreResolve')
cd /Users/admin/builder/spi-builder-workspace/.swiftpm/xcode
builtin-SwiftPerFileCompile CoreAnimatedTransition.swift
SwiftCompile normal arm64 /Users/admin/builder/spi-builder-workspace/Sources/CoreResolve/Shared/UIKit/CoreCollectionViewDataSource-UIKit.swift (in target 'CoreResolve' from project 'CoreResolve')
cd /Users/admin/builder/spi-builder-workspace/.swiftpm/xcode
builtin-SwiftPerFileCompile CoreCollectionViewDataSource-UIKit.swift
SwiftCompile normal arm64 /Users/admin/builder/spi-builder-workspace/Sources/CoreResolve/Shared/UIKit/CoreInteractiveTransition.swift (in target 'CoreResolve' from project 'CoreResolve')
cd /Users/admin/builder/spi-builder-workspace/.swiftpm/xcode
builtin-SwiftPerFileCompile CoreInteractiveTransition.swift
SwiftCompile normal arm64 /Users/admin/builder/spi-builder-workspace/Sources/CoreResolve/Shared/UIKit/CoreNavigationController.swift (in target 'CoreResolve' from project 'CoreResolve')
cd /Users/admin/builder/spi-builder-workspace/.swiftpm/xcode
builtin-SwiftPerFileCompile CoreNavigationController.swift
SwiftCompile normal arm64 /Users/admin/builder/spi-builder-workspace/Sources/CoreResolve/Shared/UIKit/CoreScalableLabel.swift (in target 'CoreResolve' from project 'CoreResolve')
cd /Users/admin/builder/spi-builder-workspace/.swiftpm/xcode
builtin-SwiftPerFileCompile CoreScalableLabel.swift
SwiftCompile normal arm64 /Users/admin/builder/spi-builder-workspace/Sources/CoreResolve/Shared/UIKit/CoreSplitViewController.swift (in target 'CoreResolve' from project 'CoreResolve')
cd /Users/admin/builder/spi-builder-workspace/.swiftpm/xcode
builtin-SwiftPerFileCompile CoreSplitViewController.swift
SwiftCompile normal arm64 /Users/admin/builder/spi-builder-workspace/Sources/CoreResolve/Shared/UIKit/CoreStoryboardSegue.swift (in target 'CoreResolve' from project 'CoreResolve')
cd /Users/admin/builder/spi-builder-workspace/.swiftpm/xcode
builtin-SwiftPerFileCompile CoreStoryboardSegue.swift
SwiftEmitModule normal arm64 Emitting\ module\ for\ CoreResolve (in target 'CoreResolve' from project 'CoreResolve')
/Users/admin/builder/spi-builder-workspace/Sources/CoreResolve/Shared/Common/AppIconService.swift:48:45: error: cannot find type 'Image' in scope
46 | /// Returns the `Image` for the specified `AppIcon`
47 | /// - Parameter appIcon: The `AppIcon` for which the image is desired
48 | func image(for appIcon: AppIcon) throws -> Image
| `- error: cannot find type 'Image' in scope
49 | }
50 |
/Users/admin/builder/spi-builder-workspace/Sources/CoreResolve/Shared/Common/AppIconService.swift:94:52: error: cannot find type 'Image' in scope
92 | }
93 |
94 | public func image(for appIcon: AppIcon) throws -> Image {
| `- error: cannot find type 'Image' in scope
95 | switch appIcon {
96 | case .default:
/Users/admin/builder/spi-builder-workspace/Sources/CoreResolve/Shared/Common/AppIconService.swift:109:32: error: cannot find type 'Application' in scope
107 | }
108 |
109 | public init(with application: Application, in bundle: Bundle = .main) {
| `- error: cannot find type 'Application' in scope
110 | self.application = application
111 | self.bundle = bundle
/Users/admin/builder/spi-builder-workspace/Sources/CoreResolve/Shared/Common/CoreAsynchronousOperation.swift:93:59: warning: 'self' refers to the method 'CoreAsynchronousOperation.self', which may be unexpected
91 |
92 | /// Concurrent queue for synchronizing access to `state` and `finishClosures`
93 | fileprivate let queue = DispatchQueue(label: "\(type(of: self)).queue", attributes: .concurrent)
| |- warning: 'self' refers to the method 'CoreAsynchronousOperation.self', which may be unexpected
| `- note: use 'CoreAsynchronousOperation.self' to silence this warning
94 |
95 | /// Private backing store for `state`
/Users/admin/builder/spi-builder-workspace/Sources/CoreResolve/Shared/Common/CoreAsynchronousOperation.swift:28:12: warning: class 'CoreAsynchronousOperation' must restate inherited '@unchecked Sendable' conformance
26 |
27 | /// Operation subclass that is explicitly asynchronous and supports operation bridging
28 | open class CoreAsynchronousOperation: Operation, CoreAsynchronousOperationLinking {
| `- warning: class 'CoreAsynchronousOperation' must restate inherited '@unchecked Sendable' conformance
29 |
30 | // MARK: - Public methods
/Users/admin/builder/spi-builder-workspace/Sources/CoreResolve/Shared/Common/CoreCellDequeuing.swift:36:48: error: cannot find type 'TableView' in scope
34 | #if !os(watchOS)
35 |
36 | public extension CoreCellDequeuing where Self: TableView, CellIdentifier.RawValue == String {
| `- error: cannot find type 'TableView' in scope
37 |
38 | #if canImport(UIKit)
/Users/admin/builder/spi-builder-workspace/Sources/CoreResolve/Shared/Common/CoreCellDequeuing.swift:40:88: error: cannot find type 'IndexPath' in scope
38 | #if canImport(UIKit)
39 |
40 | func dequeueReusableCell<T>(withIdentifier identifier: CellIdentifier, for indexPath: IndexPath) -> T where T: UITableViewCell {
| `- error: cannot find type 'IndexPath' in scope
41 | return self.dequeueReusableCell(withIdentifier: identifier.rawValue, for: indexPath) as! T
42 | }
/Users/admin/builder/spi-builder-workspace/Sources/CoreResolve/Shared/Common/CoreCellDequeuing.swift:40:113: error: cannot find type 'UITableViewCell' in scope
38 | #if canImport(UIKit)
39 |
40 | func dequeueReusableCell<T>(withIdentifier identifier: CellIdentifier, for indexPath: IndexPath) -> T where T: UITableViewCell {
| `- error: cannot find type 'UITableViewCell' in scope
41 | return self.dequeueReusableCell(withIdentifier: identifier.rawValue, for: indexPath) as! T
42 | }
/Users/admin/builder/spi-builder-workspace/Sources/CoreResolve/Shared/Common/CoreCellDequeuing.swift:44:87: error: cannot find type 'UITableViewCell' in scope
42 | }
43 |
44 | func dequeueReusableCell<T>(withIdentifier identifier: CellIdentifier) -> T where T: UITableViewCell {
| `- error: cannot find type 'UITableViewCell' in scope
45 | return self.dequeueReusableCell(withIdentifier: identifier.rawValue) as! T
46 | }
/Users/admin/builder/spi-builder-workspace/Sources/CoreResolve/Shared/Common/CoreCellDequeuing.swift:63:48: error: cannot find type 'CollectionView' in scope
61 | }
62 |
63 | public extension CoreCellDequeuing where Self: CollectionView, CellIdentifier.RawValue == String {
| `- error: cannot find type 'CollectionView' in scope
64 |
65 | #if canImport(UIKit)
/Users/admin/builder/spi-builder-workspace/Sources/CoreResolve/Shared/Common/CoreCellDequeuing.swift:67:88: error: cannot find type 'IndexPath' in scope
65 | #if canImport(UIKit)
66 |
67 | func dequeueReusableCell<T>(withIdentifier identifier: CellIdentifier, for indexPath: IndexPath) -> T where T: UICollectionViewCell {
| `- error: cannot find type 'IndexPath' in scope
68 | return self.dequeueReusableCell(withReuseIdentifier: identifier.rawValue, for: indexPath) as! T
69 | }
SwiftCompile normal arm64 (in target 'CoreResolve' from project 'CoreResolve')
cd /Users/admin/builder/spi-builder-workspace/.swiftpm/xcode
SwiftCompile normal arm64 Compiling\ ParallaxProxyLayer.swift,\ ResolvedServiceReference.swift,\ ServiceManager.swift,\ ShimExtensions.swift,\ SpringAction.swift,\ VideoPlayerView.swift,\ CoreAPIContainer.swift,\ CoreAPIError.swift,\ CoreAPILogging.swift,\ CoreAPIOperation.swift,\ CoreAPIRequest.swift,\ CoreAPIRequestTask.swift /Users/admin/builder/spi-builder-workspace/Sources/CoreResolve/Shared/Common/ParallaxProxyLayer.swift /Users/admin/builder/spi-builder-workspace/Sources/CoreResolve/Shared/Common/ResolvedServiceReference.swift /Users/admin/builder/spi-builder-workspace/Sources/CoreResolve/Shared/Common/ServiceManager.swift /Users/admin/builder/spi-builder-workspace/Sources/CoreResolve/Shared/Common/ShimExtensions.swift /Users/admin/builder/spi-builder-workspace/Sources/CoreResolve/Shared/Common/SpringAction.swift /Users/admin/builder/spi-builder-workspace/Sources/CoreResolve/Shared/Common/VideoPlayerView.swift /Users/admin/builder/spi-builder-workspace/Sources/CoreResolve/Shared/CoreAPI/CoreAPIContainer.swift /Users/admin/builder/spi-builder-workspace/Sources/CoreResolve/Shared/CoreAPI/CoreAPIError.swift /Users/admin/builder/spi-builder-workspace/Sources/CoreResolve/Shared/CoreAPI/CoreAPILogging.swift /Users/admin/builder/spi-builder-workspace/Sources/CoreResolve/Shared/CoreAPI/CoreAPIOperation.swift /Users/admin/builder/spi-builder-workspace/Sources/CoreResolve/Shared/CoreAPI/CoreAPIRequest.swift /Users/admin/builder/spi-builder-workspace/Sources/CoreResolve/Shared/CoreAPI/CoreAPIRequestTask.swift (in target 'CoreResolve' from project 'CoreResolve')
SwiftCompile normal arm64 /Users/admin/builder/spi-builder-workspace/Sources/CoreResolve/Shared/Common/ParallaxProxyLayer.swift (in target 'CoreResolve' from project 'CoreResolve')
cd /Users/admin/builder/spi-builder-workspace/.swiftpm/xcode
builtin-SwiftPerFileCompile ParallaxProxyLayer.swift
SwiftCompile normal arm64 /Users/admin/builder/spi-builder-workspace/Sources/CoreResolve/Shared/Common/ResolvedServiceReference.swift (in target 'CoreResolve' from project 'CoreResolve')
cd /Users/admin/builder/spi-builder-workspace/.swiftpm/xcode
builtin-SwiftPerFileCompile ResolvedServiceReference.swift
SwiftCompile normal arm64 /Users/admin/builder/spi-builder-workspace/Sources/CoreResolve/Shared/Common/ServiceManager.swift (in target 'CoreResolve' from project 'CoreResolve')
cd /Users/admin/builder/spi-builder-workspace/.swiftpm/xcode
builtin-SwiftPerFileCompile ServiceManager.swift
SwiftCompile normal arm64 /Users/admin/builder/spi-builder-workspace/Sources/CoreResolve/Shared/Common/ShimExtensions.swift (in target 'CoreResolve' from project 'CoreResolve')
cd /Users/admin/builder/spi-builder-workspace/.swiftpm/xcode
builtin-SwiftPerFileCompile ShimExtensions.swift
SwiftCompile normal arm64 /Users/admin/builder/spi-builder-workspace/Sources/CoreResolve/Shared/Common/SpringAction.swift (in target 'CoreResolve' from project 'CoreResolve')
cd /Users/admin/builder/spi-builder-workspace/.swiftpm/xcode
builtin-SwiftPerFileCompile SpringAction.swift
SwiftCompile normal arm64 /Users/admin/builder/spi-builder-workspace/Sources/CoreResolve/Shared/Common/VideoPlayerView.swift (in target 'CoreResolve' from project 'CoreResolve')
cd /Users/admin/builder/spi-builder-workspace/.swiftpm/xcode
builtin-SwiftPerFileCompile VideoPlayerView.swift
SwiftCompile normal arm64 /Users/admin/builder/spi-builder-workspace/Sources/CoreResolve/Shared/CoreAPI/CoreAPIContainer.swift (in target 'CoreResolve' from project 'CoreResolve')
cd /Users/admin/builder/spi-builder-workspace/.swiftpm/xcode
builtin-SwiftPerFileCompile CoreAPIContainer.swift
SwiftCompile normal arm64 /Users/admin/builder/spi-builder-workspace/Sources/CoreResolve/Shared/CoreAPI/CoreAPIError.swift (in target 'CoreResolve' from project 'CoreResolve')
cd /Users/admin/builder/spi-builder-workspace/.swiftpm/xcode
builtin-SwiftPerFileCompile CoreAPIError.swift
SwiftCompile normal arm64 /Users/admin/builder/spi-builder-workspace/Sources/CoreResolve/Shared/CoreAPI/CoreAPILogging.swift (in target 'CoreResolve' from project 'CoreResolve')
cd /Users/admin/builder/spi-builder-workspace/.swiftpm/xcode
builtin-SwiftPerFileCompile CoreAPILogging.swift
SwiftCompile normal arm64 /Users/admin/builder/spi-builder-workspace/Sources/CoreResolve/Shared/CoreAPI/CoreAPIOperation.swift (in target 'CoreResolve' from project 'CoreResolve')
cd /Users/admin/builder/spi-builder-workspace/.swiftpm/xcode
builtin-SwiftPerFileCompile CoreAPIOperation.swift
SwiftCompile normal arm64 /Users/admin/builder/spi-builder-workspace/Sources/CoreResolve/Shared/CoreAPI/CoreAPIRequest.swift (in target 'CoreResolve' from project 'CoreResolve')
cd /Users/admin/builder/spi-builder-workspace/.swiftpm/xcode
builtin-SwiftPerFileCompile CoreAPIRequest.swift
SwiftCompile normal arm64 /Users/admin/builder/spi-builder-workspace/Sources/CoreResolve/Shared/CoreAPI/CoreAPIRequestTask.swift (in target 'CoreResolve' from project 'CoreResolve')
cd /Users/admin/builder/spi-builder-workspace/.swiftpm/xcode
builtin-SwiftPerFileCompile CoreAPIRequestTask.swift
SwiftCompile normal arm64 Compiling\ CoreTableDataSource-UIKit.swift,\ CoreTableViewDataSource-UIKit.swift,\ Extensions-UIKit.swift,\ GradientView.swift,\ ParallaxProxyView.swift,\ TouchForwardingView.swift,\ UIViewController-CorePrints.swift,\ CoreNotification.swift,\ CoreNotificationProviding.swift,\ CoreRemoteNotificationAdapter.swift,\ UserNotificationManager.swift /Users/admin/builder/spi-builder-workspace/Sources/CoreResolve/Shared/UIKit/CoreTableDataSource-UIKit.swift /Users/admin/builder/spi-builder-workspace/Sources/CoreResolve/Shared/UIKit/CoreTableViewDataSource-UIKit.swift /Users/admin/builder/spi-builder-workspace/Sources/CoreResolve/Shared/UIKit/Extensions-UIKit.swift /Users/admin/builder/spi-builder-workspace/Sources/CoreResolve/Shared/UIKit/GradientView.swift /Users/admin/builder/spi-builder-workspace/Sources/CoreResolve/Shared/UIKit/ParallaxProxyView.swift /Users/admin/builder/spi-builder-workspace/Sources/CoreResolve/Shared/UIKit/TouchForwardingView.swift /Users/admin/builder/spi-builder-workspace/Sources/CoreResolve/Shared/UIKit/UIViewController-CorePrints.swift /Users/admin/builder/spi-builder-workspace/Sources/CoreResolve/Shared/User\ Notifications/CoreNotification.swift /Users/admin/builder/spi-builder-workspace/Sources/CoreResolve/Shared/User\ Notifications/CoreNotificationProviding.swift /Users/admin/builder/spi-builder-workspace/Sources/CoreResolve/Shared/User\ Notifications/CoreRemoteNotificationAdapter.swift /Users/admin/builder/spi-builder-workspace/Sources/CoreResolve/Shared/User\ Notifications/UserNotificationManager.swift (in target 'CoreResolve' from project 'CoreResolve')
/Users/admin/builder/spi-builder-workspace/Sources/CoreResolve/Shared/CoreData/CoreTableDataSource.swift:30:28: error: cannot find type 'TableView' in scope
28 | }
29 |
30 | public protocol CoreTable: TableView {
| `- error: cannot find type 'TableView' in scope
31 |
32 | associatedtype CellType: CoreTableCell
/Users/admin/builder/spi-builder-workspace/Sources/CoreResolve/Shared/CoreData/CoreTableDataSource.swift:23:32: error: cannot find type 'TableViewCell' in scope
21 | import CoreData
22 |
23 | public protocol CoreTableCell: TableViewCell {
| `- error: cannot find type 'TableViewCell' in scope
24 |
25 | associatedtype ResultType: NSFetchRequestResult
/Users/admin/builder/spi-builder-workspace/Sources/CoreResolve/Shared/UIKit/CoreTableDataSource-UIKit.swift:26:44: error: 'CoreTableViewDataSource' requires that 'TableView' inherit from 'UITableView'
24 | import UIKit
25 |
26 | open class CoreTableDataSource<TableView>: CoreTableViewDataSource<TableView.CellType.ResultType, TableView> where TableView: CoreTable {
| `- error: 'CoreTableViewDataSource' requires that 'TableView' inherit from 'UITableView'
27 |
28 | public override init(for tableView: TableView, with fetchController: @escaping CoreTableViewDataSource<TableView.CellType.ResultType, TableView>.FetchController) {
/Users/admin/builder/spi-builder-workspace/Sources/CoreResolve/Shared/UIKit/CoreTableViewDataSource-UIKit.swift:26:12: note: requirement specified as 'TableViewType' : 'UITableView' [with TableViewType = TableView]
24 | import UIKit
25 |
26 | open class CoreTableViewDataSource<ResultType, TableViewType>: FetchedResultsControllerDataSource<ResultType>, UITableViewDataSource, UITableViewDataSourcePrefetching where ResultType: NSFetchRequestResult, TableViewType: UITableView {
| `- note: requirement specified as 'TableViewType' : 'UITableView' [with TableViewType = TableView]
27 |
28 | /// Assigns a PrefetchDataSource to the TableView DataSource. Has no effect on iOS or tvOS versions less than 10.0
/Users/admin/builder/spi-builder-workspace/Sources/CoreResolve/Shared/UIKit/CoreTableDataSource-UIKit.swift:28:81: error: 'CoreTableViewDataSource' requires that 'TableView' inherit from 'UITableView'
26 | open class CoreTableDataSource<TableView>: CoreTableViewDataSource<TableView.CellType.ResultType, TableView> where TableView: CoreTable {
27 |
28 | public override init(for tableView: TableView, with fetchController: @escaping CoreTableViewDataSource<TableView.CellType.ResultType, TableView>.FetchController) {
| `- error: 'CoreTableViewDataSource' requires that 'TableView' inherit from 'UITableView'
29 | super.init(for: tableView, with: fetchController)
30 | if let prefetcher = getPrefetchDataSource() {
/Users/admin/builder/spi-builder-workspace/Sources/CoreResolve/Shared/UIKit/CoreTableViewDataSource-UIKit.swift:26:12: note: requirement specified as 'TableViewType' : 'UITableView' [with TableViewType = TableView]
24 | import UIKit
25 |
26 | open class CoreTableViewDataSource<ResultType, TableViewType>: FetchedResultsControllerDataSource<ResultType>, UITableViewDataSource, UITableViewDataSourcePrefetching where ResultType: NSFetchRequestResult, TableViewType: UITableView {
| `- note: requirement specified as 'TableViewType' : 'UITableView' [with TableViewType = TableView]
27 |
28 | /// Assigns a PrefetchDataSource to the TableView DataSource. Has no effect on iOS or tvOS versions less than 10.0
/Users/admin/builder/spi-builder-workspace/Sources/CoreResolve/Shared/UIKit/CoreTableDataSource-UIKit.swift:28:71: error: '@escaping' only applies to function types
26 | open class CoreTableDataSource<TableView>: CoreTableViewDataSource<TableView.CellType.ResultType, TableView> where TableView: CoreTable {
27 |
28 | public override init(for tableView: TableView, with fetchController: @escaping CoreTableViewDataSource<TableView.CellType.ResultType, TableView>.FetchController) {
| `- error: '@escaping' only applies to function types
29 | super.init(for: tableView, with: fetchController)
30 | if let prefetcher = getPrefetchDataSource() {
/Users/admin/builder/spi-builder-workspace/Sources/CoreResolve/Shared/UIKit/CoreTableDataSource-UIKit.swift:39:21: error: method does not override any method from its superclass
37 | }
38 |
39 | open override func tableView(_ tableView: TableView, cellFor result: TableView.CellType.ResultType, at indexPath: IndexPath) -> UITableViewCell {
| `- error: method does not override any method from its superclass
40 | let identifier = tableView.cellIdentifierFor(result: result)
41 | let cell = tableView.dequeueReusableCell(withIdentifier: identifier, for: indexPath)
/Users/admin/builder/spi-builder-workspace/Sources/CoreResolve/Shared/UIKit/CoreTableViewDataSource-UIKit.swift:163:12: note: potential overridden instance method 'tableView(_:cellFor:at:)' here
161 | // MARK: - Required overrides
162 |
163 | open func tableView(_ tableView: TableViewType, cellFor result: ResultType, at indexPath: IndexPath) -> UITableViewCell {
| `- note: potential overridden instance method 'tableView(_:cellFor:at:)' here
164 | fatalError("\(type(of: self)) is expected to implement tableView(_:cellFor:at:)")
165 | }
/Users/admin/builder/spi-builder-workspace/Sources/CoreResolve/Shared/UIKit/CoreTableDataSource-UIKit.swift:31:23: error: failed to produce diagnostic for expression; please submit a bug report (https://swift.org/contributing/#reporting-bugs)
29 | super.init(for: tableView, with: fetchController)
30 | if let prefetcher = getPrefetchDataSource() {
31 | prefetchDataSource = prefetcher
| `- error: failed to produce diagnostic for expression; please submit a bug report (https://swift.org/contributing/#reporting-bugs)
32 | }
33 | }
SwiftCompile normal arm64 /Users/admin/builder/spi-builder-workspace/Sources/CoreResolve/Shared/UIKit/CoreTableDataSource-UIKit.swift (in target 'CoreResolve' from project 'CoreResolve')
cd /Users/admin/builder/spi-builder-workspace/.swiftpm/xcode
builtin-SwiftPerFileCompile CoreTableDataSource-UIKit.swift
SwiftCompile normal arm64 /Users/admin/builder/spi-builder-workspace/Sources/CoreResolve/Shared/UIKit/CoreTableViewDataSource-UIKit.swift (in target 'CoreResolve' from project 'CoreResolve')
cd /Users/admin/builder/spi-builder-workspace/.swiftpm/xcode
builtin-SwiftPerFileCompile CoreTableViewDataSource-UIKit.swift
SwiftCompile normal arm64 /Users/admin/builder/spi-builder-workspace/Sources/CoreResolve/Shared/UIKit/Extensions-UIKit.swift (in target 'CoreResolve' from project 'CoreResolve')
cd /Users/admin/builder/spi-builder-workspace/.swiftpm/xcode
builtin-SwiftPerFileCompile Extensions-UIKit.swift
SwiftCompile normal arm64 /Users/admin/builder/spi-builder-workspace/Sources/CoreResolve/Shared/UIKit/GradientView.swift (in target 'CoreResolve' from project 'CoreResolve')
cd /Users/admin/builder/spi-builder-workspace/.swiftpm/xcode
builtin-SwiftPerFileCompile GradientView.swift
SwiftCompile normal arm64 /Users/admin/builder/spi-builder-workspace/Sources/CoreResolve/Shared/UIKit/ParallaxProxyView.swift (in target 'CoreResolve' from project 'CoreResolve')
cd /Users/admin/builder/spi-builder-workspace/.swiftpm/xcode
builtin-SwiftPerFileCompile ParallaxProxyView.swift
SwiftCompile normal arm64 /Users/admin/builder/spi-builder-workspace/Sources/CoreResolve/Shared/UIKit/TouchForwardingView.swift (in target 'CoreResolve' from project 'CoreResolve')
cd /Users/admin/builder/spi-builder-workspace/.swiftpm/xcode
builtin-SwiftPerFileCompile TouchForwardingView.swift
SwiftCompile normal arm64 /Users/admin/builder/spi-builder-workspace/Sources/CoreResolve/Shared/UIKit/UIViewController-CorePrints.swift (in target 'CoreResolve' from project 'CoreResolve')
cd /Users/admin/builder/spi-builder-workspace/.swiftpm/xcode
builtin-SwiftPerFileCompile UIViewController-CorePrints.swift
SwiftCompile normal arm64 /Users/admin/builder/spi-builder-workspace/Sources/CoreResolve/Shared/User\ Notifications/CoreNotification.swift (in target 'CoreResolve' from project 'CoreResolve')
cd /Users/admin/builder/spi-builder-workspace/.swiftpm/xcode
builtin-SwiftPerFileCompile CoreNotification.swift
SwiftCompile normal arm64 /Users/admin/builder/spi-builder-workspace/Sources/CoreResolve/Shared/User\ Notifications/CoreNotificationProviding.swift (in target 'CoreResolve' from project 'CoreResolve')
cd /Users/admin/builder/spi-builder-workspace/.swiftpm/xcode
builtin-SwiftPerFileCompile CoreNotificationProviding.swift
SwiftCompile normal arm64 /Users/admin/builder/spi-builder-workspace/Sources/CoreResolve/Shared/User\ Notifications/CoreRemoteNotificationAdapter.swift (in target 'CoreResolve' from project 'CoreResolve')
cd /Users/admin/builder/spi-builder-workspace/.swiftpm/xcode
builtin-SwiftPerFileCompile CoreRemoteNotificationAdapter.swift
SwiftCompile normal arm64 /Users/admin/builder/spi-builder-workspace/Sources/CoreResolve/Shared/User\ Notifications/UserNotificationManager.swift (in target 'CoreResolve' from project 'CoreResolve')
cd /Users/admin/builder/spi-builder-workspace/.swiftpm/xcode
builtin-SwiftPerFileCompile UserNotificationManager.swift
SwiftCompile normal arm64 Compiling\ LegacyUserNotificationManager-UIKit.swift,\ CoreCollectionViewDataSource-AppKit.swift,\ CoreTableDataSource-AppKit.swift,\ CoreTableViewDataSource-AppKit.swift,\ Extensions-AppKit.swift,\ LegacyUserNotificationManager-AppKit.swift,\ NSViewController-CorePrints.swift,\ CoreTableDataSource-WatchKit.swift,\ CoreUserNotificationInterfaceController.swift,\ Extensions-watchOS.swift,\ WKInterfaceController-CorePrints.swift,\ AppIconService.swift /Users/admin/builder/spi-builder-workspace/Sources/CoreResolve/Platforms/iOS/LegacyUserNotificationManager-UIKit.swift /Users/admin/builder/spi-builder-workspace/Sources/CoreResolve/Platforms/macOS/CoreCollectionViewDataSource-AppKit.swift /Users/admin/builder/spi-builder-workspace/Sources/CoreResolve/Platforms/macOS/CoreTableDataSource-AppKit.swift /Users/admin/builder/spi-builder-workspace/Sources/CoreResolve/Platforms/macOS/CoreTableViewDataSource-AppKit.swift /Users/admin/builder/spi-builder-workspace/Sources/CoreResolve/Platforms/macOS/Extensions-AppKit.swift /Users/admin/builder/spi-builder-workspace/Sources/CoreResolve/Platforms/macOS/LegacyUserNotificationManager-AppKit.swift /Users/admin/builder/spi-builder-workspace/Sources/CoreResolve/Platforms/macOS/NSViewController-CorePrints.swift /Users/admin/builder/spi-builder-workspace/Sources/CoreResolve/Platforms/watchOS/CoreTableDataSource-WatchKit.swift /Users/admin/builder/spi-builder-workspace/Sources/CoreResolve/Platforms/watchOS/CoreUserNotificationInterfaceController.swift /Users/admin/builder/spi-builder-workspace/Sources/CoreResolve/Platforms/watchOS/Extensions-watchOS.swift /Users/admin/builder/spi-builder-workspace/Sources/CoreResolve/Platforms/watchOS/WKInterfaceController-CorePrints.swift /Users/admin/builder/spi-builder-workspace/Sources/CoreResolve/Shared/Common/AppIconService.swift (in target 'CoreResolve' from project 'CoreResolve')
SwiftCompile normal arm64 /Users/admin/builder/spi-builder-workspace/Sources/CoreResolve/Platforms/iOS/LegacyUserNotificationManager-UIKit.swift (in target 'CoreResolve' from project 'CoreResolve')
cd /Users/admin/builder/spi-builder-workspace/.swiftpm/xcode
builtin-SwiftPerFileCompile LegacyUserNotificationManager-UIKit.swift
SwiftCompile normal arm64 /Users/admin/builder/spi-builder-workspace/Sources/CoreResolve/Platforms/macOS/CoreCollectionViewDataSource-AppKit.swift (in target 'CoreResolve' from project 'CoreResolve')
cd /Users/admin/builder/spi-builder-workspace/.swiftpm/xcode
builtin-SwiftPerFileCompile CoreCollectionViewDataSource-AppKit.swift
SwiftCompile normal arm64 /Users/admin/builder/spi-builder-workspace/Sources/CoreResolve/Platforms/macOS/CoreTableDataSource-AppKit.swift (in target 'CoreResolve' from project 'CoreResolve')
cd /Users/admin/builder/spi-builder-workspace/.swiftpm/xcode
builtin-SwiftPerFileCompile CoreTableDataSource-AppKit.swift
SwiftCompile normal arm64 /Users/admin/builder/spi-builder-workspace/Sources/CoreResolve/Platforms/macOS/CoreTableViewDataSource-AppKit.swift (in target 'CoreResolve' from project 'CoreResolve')
cd /Users/admin/builder/spi-builder-workspace/.swiftpm/xcode
builtin-SwiftPerFileCompile CoreTableViewDataSource-AppKit.swift
SwiftCompile normal arm64 /Users/admin/builder/spi-builder-workspace/Sources/CoreResolve/Platforms/macOS/Extensions-AppKit.swift (in target 'CoreResolve' from project 'CoreResolve')
cd /Users/admin/builder/spi-builder-workspace/.swiftpm/xcode
builtin-SwiftPerFileCompile Extensions-AppKit.swift
SwiftCompile normal arm64 /Users/admin/builder/spi-builder-workspace/Sources/CoreResolve/Platforms/macOS/LegacyUserNotificationManager-AppKit.swift (in target 'CoreResolve' from project 'CoreResolve')
cd /Users/admin/builder/spi-builder-workspace/.swiftpm/xcode
builtin-SwiftPerFileCompile LegacyUserNotificationManager-AppKit.swift
SwiftCompile normal arm64 /Users/admin/builder/spi-builder-workspace/Sources/CoreResolve/Platforms/macOS/NSViewController-CorePrints.swift (in target 'CoreResolve' from project 'CoreResolve')
cd /Users/admin/builder/spi-builder-workspace/.swiftpm/xcode
builtin-SwiftPerFileCompile NSViewController-CorePrints.swift
SwiftCompile normal arm64 /Users/admin/builder/spi-builder-workspace/Sources/CoreResolve/Platforms/watchOS/CoreTableDataSource-WatchKit.swift (in target 'CoreResolve' from project 'CoreResolve')
cd /Users/admin/builder/spi-builder-workspace/.swiftpm/xcode
builtin-SwiftPerFileCompile CoreTableDataSource-WatchKit.swift
SwiftCompile normal arm64 /Users/admin/builder/spi-builder-workspace/Sources/CoreResolve/Platforms/watchOS/CoreUserNotificationInterfaceController.swift (in target 'CoreResolve' from project 'CoreResolve')
cd /Users/admin/builder/spi-builder-workspace/.swiftpm/xcode
builtin-SwiftPerFileCompile CoreUserNotificationInterfaceController.swift
SwiftCompile normal arm64 /Users/admin/builder/spi-builder-workspace/Sources/CoreResolve/Platforms/watchOS/Extensions-watchOS.swift (in target 'CoreResolve' from project 'CoreResolve')
cd /Users/admin/builder/spi-builder-workspace/.swiftpm/xcode
builtin-SwiftPerFileCompile Extensions-watchOS.swift
SwiftCompile normal arm64 /Users/admin/builder/spi-builder-workspace/Sources/CoreResolve/Platforms/watchOS/WKInterfaceController-CorePrints.swift (in target 'CoreResolve' from project 'CoreResolve')
cd /Users/admin/builder/spi-builder-workspace/.swiftpm/xcode
builtin-SwiftPerFileCompile WKInterfaceController-CorePrints.swift
SwiftCompile normal arm64 /Users/admin/builder/spi-builder-workspace/Sources/CoreResolve/Shared/Common/AppIconService.swift (in target 'CoreResolve' from project 'CoreResolve')
cd /Users/admin/builder/spi-builder-workspace/.swiftpm/xcode
builtin-SwiftPerFileCompile AppIconService.swift
PruneExplicitPrecompiledModules /Users/admin/builder/spi-builder-workspace/.derivedData/SDKExplicitPrecompiledModules
PruneExplicitPrecompiledModules /Users/admin/builder/spi-builder-workspace/.derivedData/Build/Intermediates.noindex/ExplicitPrecompiledModules
PruneExplicitPrecompiledModules /Users/admin/builder/spi-builder-workspace/.derivedData/Build/Intermediates.noindex/SwiftExplicitPrecompiledModules
2026-09-17 23:46:42.182 xcodebuild[800:4817] [MT] IDERunDestination: Supported platforms for the buildables in the current scheme is empty.
** BUILD FAILED **
The following build commands failed:
SwiftCompile normal arm64 Compiling\ CoreResettable.swift,\ CoreSegueHandling.swift,\ CoreServiceProviding.swift,\ CoreServiceProvidingError.swift,\ CoreTableViewController.swift,\ CoreTransactionProviding.swift,\ CoreUserActivityService.swift,\ CoreViewController.swift,\ Extensions-CoreGraphics.swift,\ Extensions-SceneKit.swift,\ Extensions.swift,\ FactoryRegistry.swift /Users/admin/builder/spi-builder-workspace/Sources/CoreResolve/Shared/Common/CoreResettable.swift /Users/admin/builder/spi-builder-workspace/Sources/CoreResolve/Shared/Common/CoreSegueHandling.swift /Users/admin/builder/spi-builder-workspace/Sources/CoreResolve/Shared/Common/CoreServiceProviding.swift /Users/admin/builder/spi-builder-workspace/Sources/CoreResolve/Shared/Common/CoreServiceProvidingError.swift /Users/admin/builder/spi-builder-workspace/Sources/CoreResolve/Shared/Common/CoreTableViewController.swift /Users/admin/builder/spi-builder-workspace/Sources/CoreResolve/Shared/Common/CoreTransactionProviding.swift /Users/admin/builder/spi-builder-workspace/Sources/CoreResolve/Shared/Common/CoreUserActivityService.swift /Users/admin/builder/spi-builder-workspace/Sources/CoreResolve/Shared/Common/CoreViewController.swift /Users/admin/builder/spi-builder-workspace/Sources/CoreResolve/Shared/Common/Extensions-CoreGraphics.swift /Users/admin/builder/spi-builder-workspace/Sources/CoreResolve/Shared/Common/Extensions-SceneKit.swift /Users/admin/builder/spi-builder-workspace/Sources/CoreResolve/Shared/Common/Extensions.swift /Users/admin/builder/spi-builder-workspace/Sources/CoreResolve/Shared/Common/FactoryRegistry.swift (in target 'CoreResolve' from project 'CoreResolve')
Building workspace CoreResolve with scheme CoreResolve
(2 failures)
BUILD FAILURE 6.4 visionOS