The Swift Package Index logo.Swift Package Index

Build Information

Failed to build Rosalind, reference main (b00c62), with Swift 6.2 for Wasm on 21 Sep 2026 12:32:16 UTC.

Build Command

bash -c docker run --pull=always --rm -v "checkouts-54344847-0":/host -w "$PWD" -e JAVA_HOME="/root/.sdkman/candidates/java/current" -e SPI_BUILD="1" -e SPI_PROCESSING="1" registry.gitlab.com/saguaro1/spi-images:wasm-6.2-latest swift build --swift-sdk swift-6.2-RELEASE_wasm 2>&1

Build Log

========================================
RunAll
========================================
Builder version: 5.1.0
Interrupt handler set up.
========================================
Checkout
========================================
Clone URL: https://github.com/tuist/Rosalind.git
Reference: main
Initialized empty Git repository in /host/spi-builder-workspace/.git/
hint: Using 'master' as the name for the initial branch. This default branch name
hint: is subject to change. To configure the initial branch name to use in all
hint: of your new repositories, which will suppress this warning, call:
hint:
hint: 	git config --global init.defaultBranch <name>
hint:
hint: Names commonly chosen instead of 'master' are 'main', 'trunk' and
hint: 'development'. The just-created branch can be renamed via this command:
hint:
hint: 	git branch -m <name>
From https://github.com/tuist/Rosalind
 * branch            main       -> FETCH_HEAD
 * [new branch]      main       -> origin/main
HEAD is now at b00c62b docs: point to the monorepo after migration
Cloned https://github.com/tuist/Rosalind.git
Revision (git rev-parse @):
b00c62bb32ef44b5650039af9094a98b0bbac819
SUCCESS checkout https://github.com/tuist/Rosalind.git at main
========================================
Build
========================================
Selected platform:         wasm
Swift version:             6.2
Building package at path:  $PWD
https://github.com/tuist/Rosalind.git
Running build ...
bash -c docker run --pull=always --rm -v "checkouts-54344847-0":/host -w "$PWD" -e JAVA_HOME="/root/.sdkman/candidates/java/current" -e SPI_BUILD="1" -e SPI_PROCESSING="1" registry.gitlab.com/saguaro1/spi-images:wasm-6.2-latest swift build --swift-sdk swift-6.2-RELEASE_wasm 2>&1
wasm-6.2-latest: Pulling from saguaro1/spi-images
Digest: sha256:ff44196b45f83e5a0a99a627b185f548850d9bc1242e3dee2178fb1570812fe8
Status: Image is up to date for registry.gitlab.com/saguaro1/spi-images:wasm-6.2-latest
Fetching https://github.com/p-x9/MachOKit
Fetching https://github.com/Kolos65/Mockable
Fetching https://github.com/apple/swift-crypto.git
Fetching https://github.com/tuist/ZIPFoundation
Fetching https://github.com/apple/swift-log
Fetching https://github.com/apple/swift-protobuf.git
[1/8096] Fetching swift-log
[8097/26645] Fetching swift-log, swift-crypto
[8468/28775] Fetching swift-log, swift-crypto, mockable
[9869/34328] Fetching swift-log, swift-crypto, mockable, zipfoundation
Fetched https://github.com/tuist/ZIPFoundation from cache (0.72s)
Fetching https://github.com/pointfreeco/swift-snapshot-testing
[13009/28775] Fetching swift-log, swift-crypto, mockable
[22655/36322] Fetching swift-log, swift-crypto, mockable, machokit
[26331/90518] Fetching swift-log, swift-crypto, mockable, machokit, swift-protobuf
Fetched https://github.com/Kolos65/Mockable from cache (1.15s)
Fetched https://github.com/p-x9/MachOKit from cache (1.15s)
Fetching https://github.com/tuist/Command.git
[31523/80841] Fetching swift-log, swift-crypto, swift-protobuf
[43989/83330] Fetching swift-log, swift-crypto, swift-protobuf, command
Fetching https://github.com/tuist/FileSystem.git
Fetched https://github.com/tuist/Command.git from cache (0.46s)
[48324/80841] Fetching swift-log, swift-crypto, swift-protobuf
Fetching https://github.com/tuist/Path.git
[60248/97275] Fetching swift-log, swift-crypto, swift-protobuf, swift-snapshot-testing
[72255/97687] Fetching swift-log, swift-crypto, swift-protobuf, swift-snapshot-testing, path
Fetched https://github.com/tuist/Path.git from cache (0.44s)
[72797/102371] Fetching swift-log, swift-crypto, swift-protobuf, swift-snapshot-testing, filesystem
Fetched https://github.com/tuist/FileSystem.git from cache (0.55s)
[76328/97275] Fetching swift-log, swift-crypto, swift-protobuf, swift-snapshot-testing
Fetched https://github.com/pointfreeco/swift-snapshot-testing from cache (2.18s)
Fetched https://github.com/apple/swift-log from cache (3.99s)
Fetched https://github.com/apple/swift-crypto.git from cache (4.00s)
Fetched https://github.com/apple/swift-protobuf.git from cache (4.03s)
Computing version for https://github.com/tuist/ZIPFoundation
Computed https://github.com/tuist/ZIPFoundation at 0.9.22 (4.18s)
Computing version for https://github.com/apple/swift-protobuf.git
Computed https://github.com/apple/swift-protobuf.git at 1.38.1 (0.20s)
Computing version for https://github.com/Kolos65/Mockable
Computed https://github.com/Kolos65/Mockable at 0.6.4 (0.19s)
Fetching https://github.com/swiftlang/swift-syntax.git
Fetching https://github.com/pointfreeco/xctest-dynamic-overlay
[1/2727] Fetching xctest-dynamic-overlay
[2728/82726] Fetching xctest-dynamic-overlay, swift-syntax
Fetched https://github.com/pointfreeco/xctest-dynamic-overlay from cache (3.00s)
Fetched https://github.com/swiftlang/swift-syntax.git from cache (3.02s)
Computing version for https://github.com/p-x9/MachOKit
warning: 'machokit': /Package.swift:139:1: warning: extension declares a conformance of imported type 'SwiftSetting' to imported protocol 'CaseIterable'; this will not behave correctly if the owners of 'PackageDescription' introduce this conformance in the future
137 | }
138 |
139 | extension SwiftSetting: CaseIterable {
    | |- warning: extension declares a conformance of imported type 'SwiftSetting' to imported protocol 'CaseIterable'; this will not behave correctly if the owners of 'PackageDescription' introduce this conformance in the future
    | `- note: add '@retroactive' to silence this warning
140 |     public static var allCases: [Self] {
141 |         [
Computed https://github.com/p-x9/MachOKit at 0.52.2 (3.24s)
Fetching https://github.com/p-x9/swift-binary-parse-support.git
Fetching https://github.com/p-x9/ObjectArchiveKit.git
Fetching https://github.com/p-x9/swift-fileio-extra.git
Fetching https://github.com/p-x9/swift-fileio.git
[1/242] Fetching swift-binary-parse-support
[243/328] Fetching swift-binary-parse-support, swift-fileio-extra
[259/587] Fetching swift-binary-parse-support, swift-fileio-extra, objectarchivekit
Fetched https://github.com/p-x9/swift-fileio-extra.git from cache (0.47s)
[1/655] Fetching swift-fileio
Fetched https://github.com/p-x9/ObjectArchiveKit.git from cache (1.03s)
Fetched https://github.com/p-x9/swift-binary-parse-support.git from cache (1.03s)
Fetched https://github.com/p-x9/swift-fileio.git from cache (1.03s)
Computing version for https://github.com/apple/swift-crypto.git
Computed https://github.com/apple/swift-crypto.git at 3.15.1 (2.14s)
Fetching https://github.com/apple/swift-asn1.git
[1/1983] Fetching swift-asn1
Fetched https://github.com/apple/swift-asn1.git from cache (0.79s)
Computing version for https://github.com/tuist/Path.git
Computed https://github.com/tuist/Path.git at 0.3.8 (0.97s)
Computing version for https://github.com/p-x9/swift-binary-parse-support.git
Computed https://github.com/p-x9/swift-binary-parse-support.git at 0.2.1 (0.14s)
Computing version for https://github.com/p-x9/ObjectArchiveKit.git
Computed https://github.com/p-x9/ObjectArchiveKit.git at 0.5.0 (0.16s)
Computing version for https://github.com/pointfreeco/swift-snapshot-testing
Computed https://github.com/pointfreeco/swift-snapshot-testing at 1.19.5 (0.15s)
Fetching https://github.com/pointfreeco/swift-custom-dump
[1/5666] Fetching swift-custom-dump
Fetched https://github.com/pointfreeco/swift-custom-dump from cache (1.19s)
Computing version for https://github.com/p-x9/swift-fileio-extra.git
Computed https://github.com/p-x9/swift-fileio-extra.git at 0.3.0 (1.36s)
Computing version for https://github.com/p-x9/swift-fileio.git
Computed https://github.com/p-x9/swift-fileio.git at 0.15.1 (0.14s)
Computing version for https://github.com/tuist/FileSystem.git
Computed https://github.com/tuist/FileSystem.git at 0.19.2 (0.19s)
Computing version for https://github.com/pointfreeco/xctest-dynamic-overlay
Computed https://github.com/pointfreeco/xctest-dynamic-overlay at 1.9.0 (0.14s)
Computing version for https://github.com/apple/swift-log
Computed https://github.com/apple/swift-log at 1.15.1 (0.15s)
Computing version for https://github.com/pointfreeco/swift-custom-dump
Computed https://github.com/pointfreeco/swift-custom-dump at 1.7.0 (0.15s)
Computing version for https://github.com/apple/swift-asn1.git
Computed https://github.com/apple/swift-asn1.git at 1.7.3 (0.87s)
Computing version for https://github.com/tuist/Command.git
Computed https://github.com/tuist/Command.git at 0.14.13 (0.14s)
Computing version for https://github.com/swiftlang/swift-syntax.git
Computed https://github.com/swiftlang/swift-syntax.git at 603.0.2 (0.26s)
Creating working copy for https://github.com/swiftlang/swift-syntax.git
Working copy of https://github.com/swiftlang/swift-syntax.git resolved at 603.0.2
Creating working copy for https://github.com/tuist/Command.git
Working copy of https://github.com/tuist/Command.git resolved at 0.14.13
Creating working copy for https://github.com/pointfreeco/swift-snapshot-testing
Working copy of https://github.com/pointfreeco/swift-snapshot-testing resolved at 1.19.5
Creating working copy for https://github.com/Kolos65/Mockable
Working copy of https://github.com/Kolos65/Mockable resolved at 0.6.4
Creating working copy for https://github.com/tuist/FileSystem.git
Working copy of https://github.com/tuist/FileSystem.git resolved at 0.19.2
Creating working copy for https://github.com/apple/swift-asn1.git
Working copy of https://github.com/apple/swift-asn1.git resolved at 1.7.3
Creating working copy for https://github.com/p-x9/MachOKit
Working copy of https://github.com/p-x9/MachOKit resolved at 0.52.2
Creating working copy for https://github.com/tuist/Path.git
Working copy of https://github.com/tuist/Path.git resolved at 0.3.8
Creating working copy for https://github.com/tuist/ZIPFoundation
Working copy of https://github.com/tuist/ZIPFoundation resolved at 0.9.22
Creating working copy for https://github.com/p-x9/swift-binary-parse-support.git
Working copy of https://github.com/p-x9/swift-binary-parse-support.git resolved at 0.2.1
Creating working copy for https://github.com/apple/swift-crypto.git
Working copy of https://github.com/apple/swift-crypto.git resolved at 3.15.1
Creating working copy for https://github.com/p-x9/ObjectArchiveKit.git
Working copy of https://github.com/p-x9/ObjectArchiveKit.git resolved at 0.5.0
Creating working copy for https://github.com/pointfreeco/swift-custom-dump
Working copy of https://github.com/pointfreeco/swift-custom-dump resolved at 1.7.0
Creating working copy for https://github.com/p-x9/swift-fileio.git
Working copy of https://github.com/p-x9/swift-fileio.git resolved at 0.15.1
Creating working copy for https://github.com/p-x9/swift-fileio-extra.git
Working copy of https://github.com/p-x9/swift-fileio-extra.git resolved at 0.3.0
Creating working copy for https://github.com/apple/swift-log
Working copy of https://github.com/apple/swift-log resolved at 1.15.1
Creating working copy for https://github.com/apple/swift-protobuf.git
Working copy of https://github.com/apple/swift-protobuf.git resolved at 1.38.1
Creating working copy for https://github.com/pointfreeco/xctest-dynamic-overlay
Working copy of https://github.com/pointfreeco/xctest-dynamic-overlay resolved at 1.9.0
warning: 'machokit': /host/spi-builder-workspace/.build/checkouts/MachOKit/Package.swift:139:1: warning: extension declares a conformance of imported type 'SwiftSetting' to imported protocol 'CaseIterable'; this will not behave correctly if the owners of 'PackageDescription' introduce this conformance in the future
137 | }
138 |
139 | extension SwiftSetting: CaseIterable {
    | |- warning: extension declares a conformance of imported type 'SwiftSetting' to imported protocol 'CaseIterable'; this will not behave correctly if the owners of 'PackageDescription' introduce this conformance in the future
    | `- note: add '@retroactive' to silence this warning
140 |     public static var allCases: [Self] {
141 |         [
warning: 'spi-builder-workspace': found 2 file(s) which are unhandled; explicitly declare them as resources or exclude from the target
    /host/spi-builder-workspace/Sources/Rosalind/Proto/Configuration.proto
    /host/spi-builder-workspace/Sources/Rosalind/Proto/Resources.proto
[1/1] Compiling plugin SwiftProtobufPlugin
Building for debugging...
[1/461] Write sources
[19/461] Copying PrivacyInfo.xcprivacy
[19/461] Write sources
[40/461] Compiling VendoredCSystem shims.c
[41/461] Compiling p256_beeu-armv8-asm-linux.S
[42/461] Compiling fiat_p256_adx_mul.S
[43/461] Compiling fiat_p256_adx_sqr.S
[44/461] Compiling _SwiftSyntaxCShims PlatformMutex.c
[45/461] Compiling fiat_curve25519_adx_square.S
[46/461] Compiling fiat_curve25519_adx_mul.S
[47/461] Compiling md5-x86_64-linux.S
[48/461] Compiling md5-x86_64-apple.S
[49/461] Compiling CFileSystemShims CFileSystemShims.c
[50/461] Write swift-version-24593BA9C3E375BF.txt
[51/461] Compiling md5-586-linux.S
[52/461] Compiling md5-586-apple.S
[53/461] Compiling chacha20_poly1305_x86_64-linux.S
[54/461] Compiling chacha20_poly1305_armv8-linux.S
[55/461] Compiling chacha20_poly1305_x86_64-apple.S
[56/461] Compiling chacha20_poly1305_armv8-win.S
[58/521] Emitting module SwiftSyntax600
[58/521] Compiling CCryptoBoringSSLShims shims.c
[60/523] Emitting module VendoredSystemPackage
[60/527] Compiling err_data.cc
[62/529] Emitting module SwiftSyntax601
[63/529] Compiling SwiftSyntax601 Empty.swift
[64/530] Emitting module SwiftSyntax510
[65/530] Compiling SwiftSyntax510 Empty.swift
[68/656] Emitting module SwiftSyntax509
[69/656] Compiling SwiftSyntax509 Empty.swift
[71/687] Compiling StandardLibraryExtensions Range.swift
[72/687] Compiling StandardLibraryExtensions RangeReplaceableCollection.swift
[73/687] Compiling StandardLibraryExtensions Repeated.swift
[74/687] Compiling StandardLibraryExtensions Result.Builder.swift
[75/689] Compiling StandardLibraryExtensions ContiguousArray.swift
[76/689] Compiling StandardLibraryExtensions Dictionary.Builder.swift
[77/689] Compiling StandardLibraryExtensions Dictionary.swift
[78/689] Compiling StandardLibraryExtensions Double.swift
[79/689] Compiling StandardLibraryExtensions Duration.swift
[80/689] Compiling SwiftSyntax600 Empty.swift
[81/690] Emitting module SwiftSyntax602
[82/690] Compiling SwiftSyntax602 Empty.swift
[83/691] Compiling StandardLibraryExtensions EmptyCollection.swift
[84/691] Compiling StandardLibraryExtensions EnumeratedSequence.swift
[85/691] Compiling StandardLibraryExtensions FlattenSequence.swift
[86/691] Compiling StandardLibraryExtensions Float.swift
[87/691] Compiling StandardLibraryExtensions AnyIterator.swift
[88/691] Compiling StandardLibraryExtensions AnyRandomAccessCollection.swift
[89/691] Compiling StandardLibraryExtensions AnySequence.swift
[90/691] Compiling StandardLibraryExtensions Array.Builder.swift
[91/691] Compiling StandardLibraryExtensions FloatingPoint.swift
[92/691] Compiling StandardLibraryExtensions AdditiveArithmetic.swift
[93/691] Compiling StandardLibraryExtensions AnyBidirectionalCollection.swift
[94/691] Compiling StandardLibraryExtensions AnyCollection.swift
[95/691] Compiling StandardLibraryExtensions AnyHashable.swift
[108/701] Compiling StandardLibraryExtensions AutoreleasingUnsafeMutablePointer.swift
[109/701] Compiling StandardLibraryExtensions Bool.Builder.swift
[110/701] Compiling StandardLibraryExtensions Bool.swift
[111/701] Compiling StandardLibraryExtensions Character.swift
[112/701] Compiling StandardLibraryExtensions ClosedRange.swift
[113/701] Compiling StandardLibraryExtensions Collection.swift
[114/701] Compiling StandardLibraryExtensions CollectionOfOne.Builder.swift
[115/701] Compiling StandardLibraryExtensions CollectionOfOne.swift
[116/701] Compiling StandardLibraryExtensions CommandLine.swift
[117/701] Compiling StandardLibraryExtensions Comparable.swift
[118/701] Compiling SwiftSyntax603 Empty.swift
[119/701] Emitting module SwiftSyntax603
[128/702] Compiling StandardLibraryExtensions Array.swift
[129/702] Compiling StandardLibraryExtensions ArraySlice.swift
[135/721] Compiling StandardLibraryExtensions Unmanaged.swift
[136/721] Compiling StandardLibraryExtensions UnsafeBufferPointer.swift
[137/721] Compiling StandardLibraryExtensions UnsafeMutableBufferPointer.swift
[138/721] Compiling StandardLibraryExtensions UnsafeMutablePointer.swift
[139/721] Compiling StandardLibraryExtensions UnsafeMutableRawBufferPointer.swift
[140/721] Compiling StandardLibraryExtensions UnsafeMutableRawPointer.swift
[141/721] Compiling StandardLibraryExtensions UnsafePointer.swift
[142/721] Compiling StandardLibraryExtensions UnsafeRawBufferPointer.swift
[143/721] Compiling StandardLibraryExtensions UnsafeRawPointer.swift
[144/721] Compiling StandardLibraryExtensions Zip2Sequence.swift
[145/721] Compiling StandardLibraryExtensions Never.swift
[146/721] Compiling StandardLibraryExtensions Numeric.swift
[147/721] Compiling StandardLibraryExtensions ObjectIdentifier.swift
[148/721] Compiling StandardLibraryExtensions OpaquePointer.swift
[149/721] Compiling StandardLibraryExtensions Optional.Builder.swift
[150/721] Compiling StandardLibraryExtensions Optional.swift
[151/721] Compiling StandardLibraryExtensions PartialRangeFrom.swift
[152/721] Compiling StandardLibraryExtensions PartialRangeThrough.swift
[153/721] Compiling StandardLibraryExtensions PartialRangeUpTo.swift
[154/721] Compiling StandardLibraryExtensions Range.Builder.swift
[155/721] Compiling StandardLibraryExtensions Slice.swift
[156/721] Compiling StandardLibraryExtensions StaticString.swift
[157/721] Compiling StandardLibraryExtensions StrideThrough.swift
[158/721] Compiling StandardLibraryExtensions StrideTo.swift
[159/721] Compiling StandardLibraryExtensions String.Builder.swift
[160/721] Compiling StandardLibraryExtensions String.swift
[161/721] Compiling StandardLibraryExtensions StringProtocol.swift
[162/721] Compiling StandardLibraryExtensions Substring.swift
[163/721] Compiling StandardLibraryExtensions UInt8.swift
[164/721] Compiling StandardLibraryExtensions Unicode.swift
[168/721] Wrapping AST for SwiftSyntax602 for debugging
[178/723] Compiling StandardLibraryExtensions Result.swift
[179/723] Compiling StandardLibraryExtensions ReversedCollection.swift
[180/723] Compiling StandardLibraryExtensions Sequence.swift
[181/723] Compiling StandardLibraryExtensions Set.Builder.swift
[182/723] Compiling StandardLibraryExtensions Set.swift
[183/723] Compiling StandardLibraryExtensions SetString.swift
[184/723] Compiling StandardLibraryExtensions Int.swift
[185/723] Compiling StandardLibraryExtensions JoinedSequence.swift
[186/723] Compiling StandardLibraryExtensions KeyPath.swift
[187/723] Compiling StandardLibraryExtensions LazyCollection.swift
[188/723] Compiling StandardLibraryExtensions LazyDropWhileSequence.swift
[189/723] Compiling StandardLibraryExtensions LazyFilterSequence.swift
[190/723] Compiling StandardLibraryExtensions LazyMapSequence.swift
[191/723] Compiling StandardLibraryExtensions LazyPrefixWhileSequence.swift
[192/723] Compiling StandardLibraryExtensions LazySequence.swift
[193/723] Compiling StandardLibraryExtensions Mirror.swift
[194/746] Emitting module StandardLibraryExtensions
[197/786] Compiling Logging LoggingSystem.swift
[198/786] Compiling SwiftSyntax ArenaAllocatedBuffer.swift
[199/786] Compiling SwiftSyntax Assert.swift
[199/787] Wrapping AST for SwiftSyntax603 for debugging
[201/803] Compiling StandardTime Time.Microsecond.swift
/host/spi-builder-workspace/.build/checkouts/ZIPFoundation/Sources/ZIPFoundation/Data+Compression.swift:166:8: error: no such module 'CZlib'
164 |
165 | #else
166 | import CZlib
    |        `- error: no such module 'CZlib'
167 |
168 | extension Data {
/root/.swiftpm/swift-sdks/swift-6.2-RELEASE_wasm.artifactbundle/swift-6.2-RELEASE_wasm/wasm32-unknown-wasip1/swift.xctoolchain/usr/lib/swift_static/CoreFoundation/CoreFoundation.h:28:10: note: while building module 'wasi_emulated_signal' imported from /root/.swiftpm/swift-sdks/swift-6.2-RELEASE_wasm.artifactbundle/swift-6.2-RELEASE_wasm/wasm32-unknown-wasip1/swift.xctoolchain/usr/lib/swift_static/CoreFoundation/CoreFoundation.h:28:
 26 | #include <setjmp.h>
 27 | #endif
 28 | #include <signal.h>
    |          `- note: while building module 'wasi_emulated_signal' imported from /root/.swiftpm/swift-sdks/swift-6.2-RELEASE_wasm.artifactbundle/swift-6.2-RELEASE_wasm/wasm32-unknown-wasip1/swift.xctoolchain/usr/lib/swift_static/CoreFoundation/CoreFoundation.h:28:
 29 | #include <stddef.h>
 30 | #include <stdio.h>
<module-includes>:1:10: note: in file included from <module-includes>:1:
1 | #include "signal.h"
  |          `- note: in file included from <module-includes>:1:
2 |
[202/803] Compiling StandardTime Time.Millisecond.swift
/host/spi-builder-workspace/.build/checkouts/ZIPFoundation/Sources/ZIPFoundation/Data+Compression.swift:166:8: error: no such module 'CZlib'
164 |
165 | #else
166 | import CZlib
    |        `- error: no such module 'CZlib'
167 |
168 | extension Data {
/root/.swiftpm/swift-sdks/swift-6.2-RELEASE_wasm.artifactbundle/swift-6.2-RELEASE_wasm/wasm32-unknown-wasip1/swift.xctoolchain/usr/lib/swift_static/CoreFoundation/CoreFoundation.h:28:10: note: while building module 'wasi_emulated_signal' imported from /root/.swiftpm/swift-sdks/swift-6.2-RELEASE_wasm.artifactbundle/swift-6.2-RELEASE_wasm/wasm32-unknown-wasip1/swift.xctoolchain/usr/lib/swift_static/CoreFoundation/CoreFoundation.h:28:
 26 | #include <setjmp.h>
 27 | #endif
 28 | #include <signal.h>
    |          `- note: while building module 'wasi_emulated_signal' imported from /root/.swiftpm/swift-sdks/swift-6.2-RELEASE_wasm.artifactbundle/swift-6.2-RELEASE_wasm/wasm32-unknown-wasip1/swift.xctoolchain/usr/lib/swift_static/CoreFoundation/CoreFoundation.h:28:
 29 | #include <stddef.h>
 30 | #include <stdio.h>
<module-includes>:1:10: note: in file included from <module-includes>:1:
1 | #include "signal.h"
  |          `- note: in file included from <module-includes>:1:
2 |
[203/803] Compiling StandardTime Time.Minute.swift
/host/spi-builder-workspace/.build/checkouts/ZIPFoundation/Sources/ZIPFoundation/Data+Compression.swift:166:8: error: no such module 'CZlib'
164 |
165 | #else
166 | import CZlib
    |        `- error: no such module 'CZlib'
167 |
168 | extension Data {
/root/.swiftpm/swift-sdks/swift-6.2-RELEASE_wasm.artifactbundle/swift-6.2-RELEASE_wasm/wasm32-unknown-wasip1/swift.xctoolchain/usr/lib/swift_static/CoreFoundation/CoreFoundation.h:28:10: note: while building module 'wasi_emulated_signal' imported from /root/.swiftpm/swift-sdks/swift-6.2-RELEASE_wasm.artifactbundle/swift-6.2-RELEASE_wasm/wasm32-unknown-wasip1/swift.xctoolchain/usr/lib/swift_static/CoreFoundation/CoreFoundation.h:28:
 26 | #include <setjmp.h>
 27 | #endif
 28 | #include <signal.h>
    |          `- note: while building module 'wasi_emulated_signal' imported from /root/.swiftpm/swift-sdks/swift-6.2-RELEASE_wasm.artifactbundle/swift-6.2-RELEASE_wasm/wasm32-unknown-wasip1/swift.xctoolchain/usr/lib/swift_static/CoreFoundation/CoreFoundation.h:28:
 29 | #include <stddef.h>
 30 | #include <stdio.h>
<module-includes>:1:10: note: in file included from <module-includes>:1:
1 | #include "signal.h"
  |          `- note: in file included from <module-includes>:1:
2 |
[204/803] Compiling StandardTime Time.Calendar.Gregorian.swift
/host/spi-builder-workspace/.build/checkouts/ZIPFoundation/Sources/ZIPFoundation/Data+Compression.swift:166:8: error: no such module 'CZlib'
164 |
165 | #else
166 | import CZlib
    |        `- error: no such module 'CZlib'
167 |
168 | extension Data {
/root/.swiftpm/swift-sdks/swift-6.2-RELEASE_wasm.artifactbundle/swift-6.2-RELEASE_wasm/wasm32-unknown-wasip1/swift.xctoolchain/usr/lib/swift_static/CoreFoundation/CoreFoundation.h:28:10: note: while building module 'wasi_emulated_signal' imported from /root/.swiftpm/swift-sdks/swift-6.2-RELEASE_wasm.artifactbundle/swift-6.2-RELEASE_wasm/wasm32-unknown-wasip1/swift.xctoolchain/usr/lib/swift_static/CoreFoundation/CoreFoundation.h:28:
 26 | #include <setjmp.h>
 27 | #endif
 28 | #include <signal.h>
    |          `- note: while building module 'wasi_emulated_signal' imported from /root/.swiftpm/swift-sdks/swift-6.2-RELEASE_wasm.artifactbundle/swift-6.2-RELEASE_wasm/wasm32-unknown-wasip1/swift.xctoolchain/usr/lib/swift_static/CoreFoundation/CoreFoundation.h:28:
 29 | #include <stddef.h>
 30 | #include <stdio.h>
<module-includes>:1:10: note: in file included from <module-includes>:1:
1 | #include "signal.h"
  |          `- note: in file included from <module-includes>:1:
2 |
[205/803] Compiling StandardTime Time.Calendar.swift
/host/spi-builder-workspace/.build/checkouts/ZIPFoundation/Sources/ZIPFoundation/Data+Compression.swift:166:8: error: no such module 'CZlib'
164 |
165 | #else
166 | import CZlib
    |        `- error: no such module 'CZlib'
167 |
168 | extension Data {
/root/.swiftpm/swift-sdks/swift-6.2-RELEASE_wasm.artifactbundle/swift-6.2-RELEASE_wasm/wasm32-unknown-wasip1/swift.xctoolchain/usr/lib/swift_static/CoreFoundation/CoreFoundation.h:28:10: note: while building module 'wasi_emulated_signal' imported from /root/.swiftpm/swift-sdks/swift-6.2-RELEASE_wasm.artifactbundle/swift-6.2-RELEASE_wasm/wasm32-unknown-wasip1/swift.xctoolchain/usr/lib/swift_static/CoreFoundation/CoreFoundation.h:28:
 26 | #include <setjmp.h>
 27 | #endif
 28 | #include <signal.h>
    |          `- note: while building module 'wasi_emulated_signal' imported from /root/.swiftpm/swift-sdks/swift-6.2-RELEASE_wasm.artifactbundle/swift-6.2-RELEASE_wasm/wasm32-unknown-wasip1/swift.xctoolchain/usr/lib/swift_static/CoreFoundation/CoreFoundation.h:28:
 29 | #include <stddef.h>
 30 | #include <stdio.h>
<module-includes>:1:10: note: in file included from <module-includes>:1:
1 | #include "signal.h"
  |          `- note: in file included from <module-includes>:1:
2 |
[206/803] Compiling StandardTime Time.Epoch.Conversion.swift
/host/spi-builder-workspace/.build/checkouts/ZIPFoundation/Sources/ZIPFoundation/Data+Compression.swift:166:8: error: no such module 'CZlib'
164 |
165 | #else
166 | import CZlib
    |        `- error: no such module 'CZlib'
167 |
168 | extension Data {
/root/.swiftpm/swift-sdks/swift-6.2-RELEASE_wasm.artifactbundle/swift-6.2-RELEASE_wasm/wasm32-unknown-wasip1/swift.xctoolchain/usr/lib/swift_static/CoreFoundation/CoreFoundation.h:28:10: note: while building module 'wasi_emulated_signal' imported from /root/.swiftpm/swift-sdks/swift-6.2-RELEASE_wasm.artifactbundle/swift-6.2-RELEASE_wasm/wasm32-unknown-wasip1/swift.xctoolchain/usr/lib/swift_static/CoreFoundation/CoreFoundation.h:28:
 26 | #include <setjmp.h>
 27 | #endif
 28 | #include <signal.h>
    |          `- note: while building module 'wasi_emulated_signal' imported from /root/.swiftpm/swift-sdks/swift-6.2-RELEASE_wasm.artifactbundle/swift-6.2-RELEASE_wasm/wasm32-unknown-wasip1/swift.xctoolchain/usr/lib/swift_static/CoreFoundation/CoreFoundation.h:28:
 29 | #include <stddef.h>
 30 | #include <stdio.h>
<module-includes>:1:10: note: in file included from <module-includes>:1:
1 | #include "signal.h"
  |          `- note: in file included from <module-includes>:1:
2 |
[207/811] Compiling StandardTime Time.Month.Day.swift
/host/spi-builder-workspace/.build/checkouts/ZIPFoundation/Sources/ZIPFoundation/Data+Compression.swift:166:8: error: no such module 'CZlib'
164 |
165 | #else
166 | import CZlib
    |        `- error: no such module 'CZlib'
167 |
168 | extension Data {
/root/.swiftpm/swift-sdks/swift-6.2-RELEASE_wasm.artifactbundle/swift-6.2-RELEASE_wasm/wasm32-unknown-wasip1/swift.xctoolchain/usr/lib/swift_static/CoreFoundation/CoreFoundation.h:28:10: note: while building module 'wasi_emulated_signal' imported from /root/.swiftpm/swift-sdks/swift-6.2-RELEASE_wasm.artifactbundle/swift-6.2-RELEASE_wasm/wasm32-unknown-wasip1/swift.xctoolchain/usr/lib/swift_static/CoreFoundation/CoreFoundation.h:28:
 26 | #include <setjmp.h>
 27 | #endif
 28 | #include <signal.h>
    |          `- note: while building module 'wasi_emulated_signal' imported from /root/.swiftpm/swift-sdks/swift-6.2-RELEASE_wasm.artifactbundle/swift-6.2-RELEASE_wasm/wasm32-unknown-wasip1/swift.xctoolchain/usr/lib/swift_static/CoreFoundation/CoreFoundation.h:28:
 29 | #include <stddef.h>
 30 | #include <stdio.h>
<module-includes>:1:10: note: in file included from <module-includes>:1:
1 | #include "signal.h"
  |          `- note: in file included from <module-includes>:1:
2 |
[208/811] Compiling StandardTime Time.Month.swift
/host/spi-builder-workspace/.build/checkouts/ZIPFoundation/Sources/ZIPFoundation/Data+Compression.swift:166:8: error: no such module 'CZlib'
164 |
165 | #else
166 | import CZlib
    |        `- error: no such module 'CZlib'
167 |
168 | extension Data {
/root/.swiftpm/swift-sdks/swift-6.2-RELEASE_wasm.artifactbundle/swift-6.2-RELEASE_wasm/wasm32-unknown-wasip1/swift.xctoolchain/usr/lib/swift_static/CoreFoundation/CoreFoundation.h:28:10: note: while building module 'wasi_emulated_signal' imported from /root/.swiftpm/swift-sdks/swift-6.2-RELEASE_wasm.artifactbundle/swift-6.2-RELEASE_wasm/wasm32-unknown-wasip1/swift.xctoolchain/usr/lib/swift_static/CoreFoundation/CoreFoundation.h:28:
 26 | #include <setjmp.h>
 27 | #endif
 28 | #include <signal.h>
    |          `- note: while building module 'wasi_emulated_signal' imported from /root/.swiftpm/swift-sdks/swift-6.2-RELEASE_wasm.artifactbundle/swift-6.2-RELEASE_wasm/wasm32-unknown-wasip1/swift.xctoolchain/usr/lib/swift_static/CoreFoundation/CoreFoundation.h:28:
 29 | #include <stddef.h>
 30 | #include <stdio.h>
<module-includes>:1:10: note: in file included from <module-includes>:1:
1 | #include "signal.h"
  |          `- note: in file included from <module-includes>:1:
2 |
[209/811] Compiling StandardTime Time.Nanosecond.swift
/host/spi-builder-workspace/.build/checkouts/ZIPFoundation/Sources/ZIPFoundation/Data+Compression.swift:166:8: error: no such module 'CZlib'
164 |
165 | #else
166 | import CZlib
    |        `- error: no such module 'CZlib'
167 |
168 | extension Data {
/root/.swiftpm/swift-sdks/swift-6.2-RELEASE_wasm.artifactbundle/swift-6.2-RELEASE_wasm/wasm32-unknown-wasip1/swift.xctoolchain/usr/lib/swift_static/CoreFoundation/CoreFoundation.h:28:10: note: while building module 'wasi_emulated_signal' imported from /root/.swiftpm/swift-sdks/swift-6.2-RELEASE_wasm.artifactbundle/swift-6.2-RELEASE_wasm/wasm32-unknown-wasip1/swift.xctoolchain/usr/lib/swift_static/CoreFoundation/CoreFoundation.h:28:
 26 | #include <setjmp.h>
 27 | #endif
 28 | #include <signal.h>
    |          `- note: while building module 'wasi_emulated_signal' imported from /root/.swiftpm/swift-sdks/swift-6.2-RELEASE_wasm.artifactbundle/swift-6.2-RELEASE_wasm/wasm32-unknown-wasip1/swift.xctoolchain/usr/lib/swift_static/CoreFoundation/CoreFoundation.h:28:
 29 | #include <stddef.h>
 30 | #include <stdio.h>
<module-includes>:1:10: note: in file included from <module-includes>:1:
1 | #include "signal.h"
  |          `- note: in file included from <module-includes>:1:
2 |
[210/811] Compiling Logging MetadataProvider.swift
error: emit-module command failed with exit code 1 (use -v to see invocation)
[211/813] Emitting module ZIPFoundation
/host/spi-builder-workspace/.build/checkouts/ZIPFoundation/Sources/ZIPFoundation/Data+Compression.swift:166:8: error: no such module 'CZlib'
164 |
165 | #else
166 | import CZlib
    |        `- error: no such module 'CZlib'
167 |
168 | extension Data {
/root/.swiftpm/swift-sdks/swift-6.2-RELEASE_wasm.artifactbundle/swift-6.2-RELEASE_wasm/wasm32-unknown-wasip1/swift.xctoolchain/usr/lib/swift_static/CoreFoundation/CoreFoundation.h:28:10: note: while building module 'wasi_emulated_signal' imported from /root/.swiftpm/swift-sdks/swift-6.2-RELEASE_wasm.artifactbundle/swift-6.2-RELEASE_wasm/wasm32-unknown-wasip1/swift.xctoolchain/usr/lib/swift_static/CoreFoundation/CoreFoundation.h:28:
 26 | #include <setjmp.h>
 27 | #endif
 28 | #include <signal.h>
    |          `- note: while building module 'wasi_emulated_signal' imported from /root/.swiftpm/swift-sdks/swift-6.2-RELEASE_wasm.artifactbundle/swift-6.2-RELEASE_wasm/wasm32-unknown-wasip1/swift.xctoolchain/usr/lib/swift_static/CoreFoundation/CoreFoundation.h:28:
 29 | #include <stddef.h>
 30 | #include <stdio.h>
<module-includes>:1:10: note: in file included from <module-includes>:1:
1 | #include "signal.h"
  |          `- note: in file included from <module-includes>:1:
2 |
[212/813] Compiling StandardTime Duration.swift
/host/spi-builder-workspace/.build/checkouts/ZIPFoundation/Sources/ZIPFoundation/Data+Compression.swift:166:8: error: no such module 'CZlib'
164 |
165 | #else
166 | import CZlib
    |        `- error: no such module 'CZlib'
167 |
168 | extension Data {
/root/.swiftpm/swift-sdks/swift-6.2-RELEASE_wasm.artifactbundle/swift-6.2-RELEASE_wasm/wasm32-unknown-wasip1/swift.xctoolchain/usr/lib/swift_static/CoreFoundation/CoreFoundation.h:28:10: note: while building module 'wasi_emulated_signal' imported from /root/.swiftpm/swift-sdks/swift-6.2-RELEASE_wasm.artifactbundle/swift-6.2-RELEASE_wasm/wasm32-unknown-wasip1/swift.xctoolchain/usr/lib/swift_static/CoreFoundation/CoreFoundation.h:28:
 26 | #include <setjmp.h>
 27 | #endif
 28 | #include <signal.h>
    |          `- note: while building module 'wasi_emulated_signal' imported from /root/.swiftpm/swift-sdks/swift-6.2-RELEASE_wasm.artifactbundle/swift-6.2-RELEASE_wasm/wasm32-unknown-wasip1/swift.xctoolchain/usr/lib/swift_static/CoreFoundation/CoreFoundation.h:28:
 29 | #include <stddef.h>
 30 | #include <stdio.h>
<module-includes>:1:10: note: in file included from <module-includes>:1:
1 | #include "signal.h"
  |          `- note: in file included from <module-includes>:1:
2 |
[213/813] Compiling StandardTime Instant.swift
/host/spi-builder-workspace/.build/checkouts/ZIPFoundation/Sources/ZIPFoundation/Data+Compression.swift:166:8: error: no such module 'CZlib'
164 |
165 | #else
166 | import CZlib
    |        `- error: no such module 'CZlib'
167 |
168 | extension Data {
/root/.swiftpm/swift-sdks/swift-6.2-RELEASE_wasm.artifactbundle/swift-6.2-RELEASE_wasm/wasm32-unknown-wasip1/swift.xctoolchain/usr/lib/swift_static/CoreFoundation/CoreFoundation.h:28:10: note: while building module 'wasi_emulated_signal' imported from /root/.swiftpm/swift-sdks/swift-6.2-RELEASE_wasm.artifactbundle/swift-6.2-RELEASE_wasm/wasm32-unknown-wasip1/swift.xctoolchain/usr/lib/swift_static/CoreFoundation/CoreFoundation.h:28:
 26 | #include <setjmp.h>
 27 | #endif
 28 | #include <signal.h>
    |          `- note: while building module 'wasi_emulated_signal' imported from /root/.swiftpm/swift-sdks/swift-6.2-RELEASE_wasm.artifactbundle/swift-6.2-RELEASE_wasm/wasm32-unknown-wasip1/swift.xctoolchain/usr/lib/swift_static/CoreFoundation/CoreFoundation.h:28:
 29 | #include <stddef.h>
 30 | #include <stdio.h>
<module-includes>:1:10: note: in file included from <module-includes>:1:
1 | #include "signal.h"
  |          `- note: in file included from <module-includes>:1:
2 |
[214/813] Compiling StandardTime Time.Attosecond.swift
/host/spi-builder-workspace/.build/checkouts/ZIPFoundation/Sources/ZIPFoundation/Data+Compression.swift:166:8: error: no such module 'CZlib'
164 |
165 | #else
166 | import CZlib
    |        `- error: no such module 'CZlib'
167 |
168 | extension Data {
/root/.swiftpm/swift-sdks/swift-6.2-RELEASE_wasm.artifactbundle/swift-6.2-RELEASE_wasm/wasm32-unknown-wasip1/swift.xctoolchain/usr/lib/swift_static/CoreFoundation/CoreFoundation.h:28:10: note: while building module 'wasi_emulated_signal' imported from /root/.swiftpm/swift-sdks/swift-6.2-RELEASE_wasm.artifactbundle/swift-6.2-RELEASE_wasm/wasm32-unknown-wasip1/swift.xctoolchain/usr/lib/swift_static/CoreFoundation/CoreFoundation.h:28:
 26 | #include <setjmp.h>
 27 | #endif
 28 | #include <signal.h>
    |          `- note: while building module 'wasi_emulated_signal' imported from /root/.swiftpm/swift-sdks/swift-6.2-RELEASE_wasm.artifactbundle/swift-6.2-RELEASE_wasm/wasm32-unknown-wasip1/swift.xctoolchain/usr/lib/swift_static/CoreFoundation/CoreFoundation.h:28:
 29 | #include <stddef.h>
 30 | #include <stdio.h>
<module-includes>:1:10: note: in file included from <module-includes>:1:
1 | #include "signal.h"
  |          `- note: in file included from <module-includes>:1:
2 |
[215/813] Compiling StandardTime Time.Picosecond.swift
/host/spi-builder-workspace/.build/checkouts/ZIPFoundation/Sources/ZIPFoundation/Data+Compression.swift:166:8: error: no such module 'CZlib'
164 |
165 | #else
166 | import CZlib
    |        `- error: no such module 'CZlib'
167 |
168 | extension Data {
/root/.swiftpm/swift-sdks/swift-6.2-RELEASE_wasm.artifactbundle/swift-6.2-RELEASE_wasm/wasm32-unknown-wasip1/swift.xctoolchain/usr/lib/swift_static/CoreFoundation/CoreFoundation.h:28:10: note: while building module 'wasi_emulated_signal' imported from /root/.swiftpm/swift-sdks/swift-6.2-RELEASE_wasm.artifactbundle/swift-6.2-RELEASE_wasm/wasm32-unknown-wasip1/swift.xctoolchain/usr/lib/swift_static/CoreFoundation/CoreFoundation.h:28:
 26 | #include <setjmp.h>
 27 | #endif
 28 | #include <signal.h>
    |          `- note: while building module 'wasi_emulated_signal' imported from /root/.swiftpm/swift-sdks/swift-6.2-RELEASE_wasm.artifactbundle/swift-6.2-RELEASE_wasm/wasm32-unknown-wasip1/swift.xctoolchain/usr/lib/swift_static/CoreFoundation/CoreFoundation.h:28:
 29 | #include <stddef.h>
 30 | #include <stdio.h>
<module-includes>:1:10: note: in file included from <module-includes>:1:
1 | #include "signal.h"
  |          `- note: in file included from <module-includes>:1:
2 |
[216/813] Compiling StandardTime Time.Second.swift
/host/spi-builder-workspace/.build/checkouts/ZIPFoundation/Sources/ZIPFoundation/Data+Compression.swift:166:8: error: no such module 'CZlib'
164 |
165 | #else
166 | import CZlib
    |        `- error: no such module 'CZlib'
167 |
168 | extension Data {
/root/.swiftpm/swift-sdks/swift-6.2-RELEASE_wasm.artifactbundle/swift-6.2-RELEASE_wasm/wasm32-unknown-wasip1/swift.xctoolchain/usr/lib/swift_static/CoreFoundation/CoreFoundation.h:28:10: note: while building module 'wasi_emulated_signal' imported from /root/.swiftpm/swift-sdks/swift-6.2-RELEASE_wasm.artifactbundle/swift-6.2-RELEASE_wasm/wasm32-unknown-wasip1/swift.xctoolchain/usr/lib/swift_static/CoreFoundation/CoreFoundation.h:28:
 26 | #include <setjmp.h>
 27 | #endif
 28 | #include <signal.h>
    |          `- note: while building module 'wasi_emulated_signal' imported from /root/.swiftpm/swift-sdks/swift-6.2-RELEASE_wasm.artifactbundle/swift-6.2-RELEASE_wasm/wasm32-unknown-wasip1/swift.xctoolchain/usr/lib/swift_static/CoreFoundation/CoreFoundation.h:28:
 29 | #include <stddef.h>
 30 | #include <stdio.h>
<module-includes>:1:10: note: in file included from <module-includes>:1:
1 | #include "signal.h"
  |          `- note: in file included from <module-includes>:1:
2 |
[217/813] Emitting module Locale
[218/813] Compiling Locale Locale.swift
[219/814] Compiling Glob Pattern+Parser.swift
[220/814] Compiling StandardTime Time.Week.Day.swift
/host/spi-builder-workspace/.build/checkouts/ZIPFoundation/Sources/ZIPFoundation/Data+Compression.swift:166:8: error: no such module 'CZlib'
164 |
165 | #else
166 | import CZlib
    |        `- error: no such module 'CZlib'
167 |
168 | extension Data {
/root/.swiftpm/swift-sdks/swift-6.2-RELEASE_wasm.artifactbundle/swift-6.2-RELEASE_wasm/wasm32-unknown-wasip1/swift.xctoolchain/usr/lib/swift_static/CoreFoundation/CoreFoundation.h:28:10: note: while building module 'wasi_emulated_signal' imported from /root/.swiftpm/swift-sdks/swift-6.2-RELEASE_wasm.artifactbundle/swift-6.2-RELEASE_wasm/wasm32-unknown-wasip1/swift.xctoolchain/usr/lib/swift_static/CoreFoundation/CoreFoundation.h:28:
 26 | #include <setjmp.h>
 27 | #endif
 28 | #include <signal.h>
    |          `- note: while building module 'wasi_emulated_signal' imported from /root/.swiftpm/swift-sdks/swift-6.2-RELEASE_wasm.artifactbundle/swift-6.2-RELEASE_wasm/wasm32-unknown-wasip1/swift.xctoolchain/usr/lib/swift_static/CoreFoundation/CoreFoundation.h:28:
 29 | #include <stddef.h>
 30 | #include <stdio.h>
<module-includes>:1:10: note: in file included from <module-includes>:1:
1 | #include "signal.h"
  |          `- note: in file included from <module-includes>:1:
2 |
[221/814] Compiling StandardTime Time.Week.swift
/host/spi-builder-workspace/.build/checkouts/ZIPFoundation/Sources/ZIPFoundation/Data+Compression.swift:166:8: error: no such module 'CZlib'
164 |
165 | #else
166 | import CZlib
    |        `- error: no such module 'CZlib'
167 |
168 | extension Data {
/root/.swiftpm/swift-sdks/swift-6.2-RELEASE_wasm.artifactbundle/swift-6.2-RELEASE_wasm/wasm32-unknown-wasip1/swift.xctoolchain/usr/lib/swift_static/CoreFoundation/CoreFoundation.h:28:10: note: while building module 'wasi_emulated_signal' imported from /root/.swiftpm/swift-sdks/swift-6.2-RELEASE_wasm.artifactbundle/swift-6.2-RELEASE_wasm/wasm32-unknown-wasip1/swift.xctoolchain/usr/lib/swift_static/CoreFoundation/CoreFoundation.h:28:
 26 | #include <setjmp.h>
 27 | #endif
 28 | #include <signal.h>
    |          `- note: while building module 'wasi_emulated_signal' imported from /root/.swiftpm/swift-sdks/swift-6.2-RELEASE_wasm.artifactbundle/swift-6.2-RELEASE_wasm/wasm32-unknown-wasip1/swift.xctoolchain/usr/lib/swift_static/CoreFoundation/CoreFoundation.h:28:
 29 | #include <stddef.h>
 30 | #include <stdio.h>
<module-includes>:1:10: note: in file included from <module-includes>:1:
1 | #include "signal.h"
  |          `- note: in file included from <module-includes>:1:
2 |
[222/814] Compiling StandardTime Time.Year.swift
/host/spi-builder-workspace/.build/checkouts/ZIPFoundation/Sources/ZIPFoundation/Data+Compression.swift:166:8: error: no such module 'CZlib'
164 |
165 | #else
166 | import CZlib
    |        `- error: no such module 'CZlib'
167 |
168 | extension Data {
/root/.swiftpm/swift-sdks/swift-6.2-RELEASE_wasm.artifactbundle/swift-6.2-RELEASE_wasm/wasm32-unknown-wasip1/swift.xctoolchain/usr/lib/swift_static/CoreFoundation/CoreFoundation.h:28:10: note: while building module 'wasi_emulated_signal' imported from /root/.swiftpm/swift-sdks/swift-6.2-RELEASE_wasm.artifactbundle/swift-6.2-RELEASE_wasm/wasm32-unknown-wasip1/swift.xctoolchain/usr/lib/swift_static/CoreFoundation/CoreFoundation.h:28:
 26 | #include <setjmp.h>
 27 | #endif
 28 | #include <signal.h>
    |          `- note: while building module 'wasi_emulated_signal' imported from /root/.swiftpm/swift-sdks/swift-6.2-RELEASE_wasm.artifactbundle/swift-6.2-RELEASE_wasm/wasm32-unknown-wasip1/swift.xctoolchain/usr/lib/swift_static/CoreFoundation/CoreFoundation.h:28:
 29 | #include <stddef.h>
 30 | #include <stdio.h>
<module-includes>:1:10: note: in file included from <module-includes>:1:
1 | #include "signal.h"
  |          `- note: in file included from <module-includes>:1:
2 |
[223/814] Compiling StandardTime Time.Epoch.swift
/host/spi-builder-workspace/.build/checkouts/ZIPFoundation/Sources/ZIPFoundation/Data+Compression.swift:166:8: error: no such module 'CZlib'
164 |
165 | #else
166 | import CZlib
    |        `- error: no such module 'CZlib'
167 |
168 | extension Data {
/root/.swiftpm/swift-sdks/swift-6.2-RELEASE_wasm.artifactbundle/swift-6.2-RELEASE_wasm/wasm32-unknown-wasip1/swift.xctoolchain/usr/lib/swift_static/CoreFoundation/CoreFoundation.h:28:10: note: while building module 'wasi_emulated_signal' imported from /root/.swiftpm/swift-sdks/swift-6.2-RELEASE_wasm.artifactbundle/swift-6.2-RELEASE_wasm/wasm32-unknown-wasip1/swift.xctoolchain/usr/lib/swift_static/CoreFoundation/CoreFoundation.h:28:
 26 | #include <setjmp.h>
 27 | #endif
 28 | #include <signal.h>
    |          `- note: while building module 'wasi_emulated_signal' imported from /root/.swiftpm/swift-sdks/swift-6.2-RELEASE_wasm.artifactbundle/swift-6.2-RELEASE_wasm/wasm32-unknown-wasip1/swift.xctoolchain/usr/lib/swift_static/CoreFoundation/CoreFoundation.h:28:
 29 | #include <stddef.h>
 30 | #include <stdio.h>
<module-includes>:1:10: note: in file included from <module-includes>:1:
1 | #include "signal.h"
  |          `- note: in file included from <module-includes>:1:
2 |
[224/814] Compiling StandardTime Time.Femtosecond.swift
/host/spi-builder-workspace/.build/checkouts/ZIPFoundation/Sources/ZIPFoundation/Data+Compression.swift:166:8: error: no such module 'CZlib'
164 |
165 | #else
166 | import CZlib
    |        `- error: no such module 'CZlib'
167 |
168 | extension Data {
/root/.swiftpm/swift-sdks/swift-6.2-RELEASE_wasm.artifactbundle/swift-6.2-RELEASE_wasm/wasm32-unknown-wasip1/swift.xctoolchain/usr/lib/swift_static/CoreFoundation/CoreFoundation.h:28:10: note: while building module 'wasi_emulated_signal' imported from /root/.swiftpm/swift-sdks/swift-6.2-RELEASE_wasm.artifactbundle/swift-6.2-RELEASE_wasm/wasm32-unknown-wasip1/swift.xctoolchain/usr/lib/swift_static/CoreFoundation/CoreFoundation.h:28:
 26 | #include <setjmp.h>
 27 | #endif
 28 | #include <signal.h>
    |          `- note: while building module 'wasi_emulated_signal' imported from /root/.swiftpm/swift-sdks/swift-6.2-RELEASE_wasm.artifactbundle/swift-6.2-RELEASE_wasm/wasm32-unknown-wasip1/swift.xctoolchain/usr/lib/swift_static/CoreFoundation/CoreFoundation.h:28:
 29 | #include <stddef.h>
 30 | #include <stdio.h>
<module-includes>:1:10: note: in file included from <module-includes>:1:
1 | #include "signal.h"
  |          `- note: in file included from <module-includes>:1:
2 |
[225/814] Compiling StandardTime Time.Hour.swift
/host/spi-builder-workspace/.build/checkouts/ZIPFoundation/Sources/ZIPFoundation/Data+Compression.swift:166:8: error: no such module 'CZlib'
164 |
165 | #else
166 | import CZlib
    |        `- error: no such module 'CZlib'
167 |
168 | extension Data {
/root/.swiftpm/swift-sdks/swift-6.2-RELEASE_wasm.artifactbundle/swift-6.2-RELEASE_wasm/wasm32-unknown-wasip1/swift.xctoolchain/usr/lib/swift_static/CoreFoundation/CoreFoundation.h:28:10: note: while building module 'wasi_emulated_signal' imported from /root/.swiftpm/swift-sdks/swift-6.2-RELEASE_wasm.artifactbundle/swift-6.2-RELEASE_wasm/wasm32-unknown-wasip1/swift.xctoolchain/usr/lib/swift_static/CoreFoundation/CoreFoundation.h:28:
 26 | #include <setjmp.h>
 27 | #endif
 28 | #include <signal.h>
    |          `- note: while building module 'wasi_emulated_signal' imported from /root/.swiftpm/swift-sdks/swift-6.2-RELEASE_wasm.artifactbundle/swift-6.2-RELEASE_wasm/wasm32-unknown-wasip1/swift.xctoolchain/usr/lib/swift_static/CoreFoundation/CoreFoundation.h:28:
 29 | #include <stddef.h>
 30 | #include <stdio.h>
<module-includes>:1:10: note: in file included from <module-includes>:1:
1 | #include "signal.h"
  |          `- note: in file included from <module-includes>:1:
2 |
[226/814] Emitting module Path
[227/814] Compiling Path Path.swift
[228/815] Compiling Glob Pattern+Options.swift
[232/815] Compiling Logging Logger+Attributes.swift
[233/815] Compiling Glob Pattern+Match.swift
[234/815] Compiling Glob InvalidPattern.swift
[235/815] Emitting module Logging
[237/815] Compiling StandardTime Time.TimezoneOffset.swift
/host/spi-builder-workspace/.build/checkouts/ZIPFoundation/Sources/ZIPFoundation/Data+Compression.swift:166:8: error: no such module 'CZlib'
164 |
165 | #else
166 | import CZlib
    |        `- error: no such module 'CZlib'
167 |
168 | extension Data {
/root/.swiftpm/swift-sdks/swift-6.2-RELEASE_wasm.artifactbundle/swift-6.2-RELEASE_wasm/wasm32-unknown-wasip1/swift.xctoolchain/usr/lib/swift_static/CoreFoundation/CoreFoundation.h:28:10: note: while building module 'wasi_emulated_signal' imported from /root/.swiftpm/swift-sdks/swift-6.2-RELEASE_wasm.artifactbundle/swift-6.2-RELEASE_wasm/wasm32-unknown-wasip1/swift.xctoolchain/usr/lib/swift_static/CoreFoundation/CoreFoundation.h:28:
 26 | #include <setjmp.h>
 27 | #endif
 28 | #include <signal.h>
    |          `- note: while building module 'wasi_emulated_signal' imported from /root/.swiftpm/swift-sdks/swift-6.2-RELEASE_wasm.artifactbundle/swift-6.2-RELEASE_wasm/wasm32-unknown-wasip1/swift.xctoolchain/usr/lib/swift_static/CoreFoundation/CoreFoundation.h:28:
 29 | #include <stddef.h>
 30 | #include <stdio.h>
<module-includes>:1:10: note: in file included from <module-includes>:1:
1 | #include "signal.h"
  |          `- note: in file included from <module-includes>:1:
2 |
[238/815] Compiling ZIPFoundation resource_bundle_accessor.swift
/host/spi-builder-workspace/.build/checkouts/ZIPFoundation/Sources/ZIPFoundation/Data+Compression.swift:166:8: error: no such module 'CZlib'
164 |
165 | #else
166 | import CZlib
    |        `- error: no such module 'CZlib'
167 |
168 | extension Data {
/root/.swiftpm/swift-sdks/swift-6.2-RELEASE_wasm.artifactbundle/swift-6.2-RELEASE_wasm/wasm32-unknown-wasip1/swift.xctoolchain/usr/lib/swift_static/CoreFoundation/CoreFoundation.h:28:10: note: while building module 'wasi_emulated_signal' imported from /root/.swiftpm/swift-sdks/swift-6.2-RELEASE_wasm.artifactbundle/swift-6.2-RELEASE_wasm/wasm32-unknown-wasip1/swift.xctoolchain/usr/lib/swift_static/CoreFoundation/CoreFoundation.h:28:
 26 | #include <setjmp.h>
 27 | #endif
 28 | #include <signal.h>
    |          `- note: while building module 'wasi_emulated_signal' imported from /root/.swiftpm/swift-sdks/swift-6.2-RELEASE_wasm.artifactbundle/swift-6.2-RELEASE_wasm/wasm32-unknown-wasip1/swift.xctoolchain/usr/lib/swift_static/CoreFoundation/CoreFoundation.h:28:
 29 | #include <stddef.h>
 30 | #include <stdio.h>
<module-includes>:1:10: note: in file included from <module-includes>:1:
1 | #include "signal.h"
  |          `- note: in file included from <module-includes>:1:
2 |
[238/815] Wrapping AST for SwiftSyntax601 for debugging
[239/820] Compiling Glob Unicode.GeneralCategory+Helpers.swift
BUILD FAILURE 6.2 wasm